This is the mail archive of the
gcc-testresults@gcc.gnu.org
mailing list for the GCC project.
Results for 4.6.0 20100614 (experimental) [trunk revision 160766] (GCC) testsuite on hppa2.0w-hp-hpux11.11
- From: John David Anglin <dave at hiauly3 dot hia dot nrc dot ca>
- To: dave at hiauly3 dot hia dot nrc dot ca, gcc-testresults at gcc dot gnu dot org
- Date: Tue, 15 Jun 2010 19:04:53 -0400 (EDT)
- Subject: Results for 4.6.0 20100614 (experimental) [trunk revision 160766] (GCC) testsuite on hppa2.0w-hp-hpux11.11
=== acats tests ===
FAIL: c9a011b
=== acats Summary ===
# of expected passes 2320
# of unexpected failures 1
Native configuration is hppa2.0w-hp-hpux11.11
=== g++ tests ===
Running target unix
WARNING: g++.dg/ext/label13.C compilation failed to produce executable
=== g++ Summary ===
# of expected passes 20628
# of expected failures 149
# of unsupported tests 299
/test/gnu/gcc/objdir/gcc/testsuite/g++/../../g++ version 4.6.0 20100614 (experimental) [trunk revision 160766] (GCC)
=== gcc tests ===
Running target unix
FAIL: gcc.dg/pr34668-1.c (internal compiler error)
FAIL: gcc.dg/pr34668-1.c (test for excess errors)
WARNING: program timed out.
FAIL: gcc.dg/ipa/ipa-pta-10.c scan-ipa-dump pta "ESCAPED = { }"
XPASS: gcc.dg/tree-ssa/20040204-1.c scan-tree-dump-times optimized "link_error" 0
=== gcc Summary ===
# of expected passes 52939
# of unexpected failures 3
# of unexpected successes 1
# of expected failures 88
# of unsupported tests 780
/test/gnu/gcc/objdir/gcc/xgcc version 4.6.0 20100614 (experimental) [trunk revision 160766] (GCC)
=== gfortran tests ===
Running target unix
FAIL: gfortran.dg/pr41928.f90 -O (internal compiler error)
FAIL: gfortran.dg/pr41928.f90 -O (test for excess errors)
=== gfortran Summary ===
# of expected passes 33511
# of unexpected failures 2
# of expected failures 23
# of unsupported tests 306
/test/gnu/gcc/objdir/gcc/testsuite/gfortran/../../gfortran version 4.6.0 20100614 (experimental) [trunk revision 160766] (GCC)
=== gnat tests ===
Running target unix
=== gnat Summary ===
# of expected passes 807
# of expected failures 11
# of unsupported tests 1
=== obj-c++ tests ===
Running target unix
WARNING: obj-c++.dg/lookup-2.mm -fgnu-runtime compilation failed to produce executable
WARNING: obj-c++.dg/try-catch-2.mm -fgnu-runtime compilation failed to produce executable
WARNING: obj-c++.dg/try-catch-9.mm -fgnu-runtime compilation failed to produce executable
=== obj-c++ Summary ===
# of expected passes 532
# of expected failures 3
# of unsupported tests 16
/test/gnu/gcc/objdir/gcc/testsuite/obj-c++/../../g++ version 4.6.0 20100614 (experimental) [trunk revision 160766] (GCC)
=== objc tests ===
Running target unix
=== objc Summary ===
# of expected passes 1961
# of expected failures 15
# of unsupported tests 23
/test/gnu/gcc/objdir/gcc/xgcc version 4.6.0 20100614 (experimental) [trunk revision 160766] (GCC)
=== libffi tests ===
Running target unix
=== libffi Summary ===
# of expected passes 1624
# of expected failures 10
# of unsupported tests 15
=== libgomp tests ===
Running target unix
=== libgomp Summary ===
# of expected passes 2476
# of unsupported tests 9
=== libjava tests ===
Running target unix
FAIL: LargeFile execution - source compiled test
FAIL: LargeFile -findirect-dispatch execution - source compiled test
FAIL: LargeFile -O3 execution - source compiled test
FAIL: LargeFile -O3 -findirect-dispatch execution - source compiled test
=== libjava Summary ===
# of expected passes 2566
# of unexpected failures 4
# of untested testcases 4
=== libstdc++ tests ===
Running target unix
=== libstdc++ Summary ===
# of expected passes 6398
# of expected failures 91
# of unsupported tests 621
Compiler version: 4.6.0 20100614 (experimental) [trunk revision 160766] (GCC)
Platform: hppa2.0w-hp-hpux11.11
configure flags:Test Run By dave on Tue Jun 15 05:47:11 EDT 2010