This is the mail archive of the
gcc-testresults@gcc.gnu.org
mailing list for the GCC project.
Results for 4.5.1 20100527 (prerelease) (Debian 4.5.0-4) testsuite on alpha-unknown-linux-gnu
- From: Matthias Klose <doko at debian dot org>
- To: gcc-testresults at gcc dot gnu dot org
- Cc: debian-gcc at lists dot debian dot org
- Date: Tue, 01 Jun 2010 17:54:21 +0000
- Subject: Results for 4.5.1 20100527 (prerelease) (Debian 4.5.0-4) testsuite on alpha-unknown-linux-gnu
- Reply-to: Matthias Klose <doko at debian dot org>
LAST_UPDATED: Obtained from SVN: tags/gcc_4_5_0_release revision 158339
Native configuration is alpha-unknown-linux-gnu
=== libffi tests ===
Running target unix
=== libffi Summary ===
# of expected passes 1624
# of expected failures 10
# of unsupported tests 15
=== libgomp tests ===
Running target unix
=== libgomp Summary ===
# of expected passes 2540
=== libjava tests ===
Running target unix
FAIL: PR16923.c compilation
=== libjava Summary ===
# of expected passes 2572
# of unexpected failures 1
=== libstdc++ tests ===
Running target unix
=== libstdc++ Summary ===
# of expected passes 6849
# of expected failures 93
# of unsupported tests 352
Target: alpha-linux-gnu
gcc version 4.5.1 20100527 (prerelease) (Debian 4.5.0-4)
=== g++ tests ===
Running target unix
UNRESOLVED: attribute_plugin.c compilation, -I. -I/home/doko/gcc/gcc-4.5-4.5.0/src/gcc/testsuite -I/home/doko/gcc/gcc-4.5-4.5.0/src/gcc/testsuite/../../gcc -I/home/doko/gcc/gcc-4.5-4.5.0/build/gcc/testsuite/g++/../../../gcc -I/home/doko/gcc/gcc-4.5-4.5.0/src/gcc/testsuite/../../include -I/home/doko/gcc/gcc-4.5-4.5.0/src/gcc/testsuite/../../libcpp/include -DIN_GCC -fPIC -shared
UNRESOLVED: pragma_plugin.c compilation, -I. -I/home/doko/gcc/gcc-4.5-4.5.0/src/gcc/testsuite -I/home/doko/gcc/gcc-4.5-4.5.0/src/gcc/testsuite/../../gcc -I/home/doko/gcc/gcc-4.5-4.5.0/build/gcc/testsuite/g++/../../../gcc -I/home/doko/gcc/gcc-4.5-4.5.0/src/gcc/testsuite/../../include -I/home/doko/gcc/gcc-4.5-4.5.0/src/gcc/testsuite/../../libcpp/include -DIN_GCC -fPIC -shared
UNRESOLVED: selfassign.c compilation, -I. -I/home/doko/gcc/gcc-4.5-4.5.0/src/gcc/testsuite -I/home/doko/gcc/gcc-4.5-4.5.0/src/gcc/testsuite/../../gcc -I/home/doko/gcc/gcc-4.5-4.5.0/build/gcc/testsuite/g++/../../../gcc -I/home/doko/gcc/gcc-4.5-4.5.0/src/gcc/testsuite/../../include -I/home/doko/gcc/gcc-4.5-4.5.0/src/gcc/testsuite/../../libcpp/include -O -DIN_GCC -fPIC -shared
UNRESOLVED: dumb_plugin.c compilation, -I. -I/home/doko/gcc/gcc-4.5-4.5.0/src/gcc/testsuite -I/home/doko/gcc/gcc-4.5-4.5.0/src/gcc/testsuite/../../gcc -I/home/doko/gcc/gcc-4.5-4.5.0/build/gcc/testsuite/g++/../../../gcc -I/home/doko/gcc/gcc-4.5-4.5.0/src/gcc/testsuite/../../include -I/home/doko/gcc/gcc-4.5-4.5.0/src/gcc/testsuite/../../libcpp/include -DIN_GCC -fPIC -shared
UNRESOLVED: header_plugin.c compilation, -I. -I/home/doko/gcc/gcc-4.5-4.5.0/src/gcc/testsuite -I/home/doko/gcc/gcc-4.5-4.5.0/src/gcc/testsuite/../../gcc -I/home/doko/gcc/gcc-4.5-4.5.0/build/gcc/testsuite/g++/../../../gcc -I/home/doko/gcc/gcc-4.5-4.5.0/src/gcc/testsuite/../../include -I/home/doko/gcc/gcc-4.5-4.5.0/src/gcc/testsuite/../../libcpp/include -DIN_GCC -fPIC -shared
=== g++ Summary ===
# of expected passes 22051
# of expected failures 151
# of unresolved testcases 5
# of unsupported tests 192
/home/doko/gcc/gcc-4.5-4.5.0/build/gcc/testsuite/g++/../../g++ version 4.5.1 20100527 (prerelease) (Debian 4.5.0-4)
=== gcc tests ===
Running target unix
FAIL: gcc.c-torture/execute/stdarg-1.c execution, -O3 -fomit-frame-pointer
FAIL: gcc.c-torture/execute/stdarg-1.c execution, -O3 -g
FAIL: gcc.dg/pr34668-1.c (internal compiler error)
FAIL: gcc.dg/pr34668-1.c (test for excess errors)
XPASS: gcc.dg/guality/example.c -O0 execution test
XPASS: gcc.dg/guality/guality.c -O0 execution test
XPASS: gcc.dg/guality/guality.c -O1 execution test
XPASS: gcc.dg/guality/guality.c -Os execution test
FAIL: gcc.dg/guality/pr36728-1.c -O1 line 14 *x == (char) 25
XPASS: gcc.dg/guality/pr41353-1.c -O0 line 28 j == 28 + 37
XPASS: gcc.dg/guality/pr41353-1.c -O1 line 28 j == 28 + 37
FAIL: gcc.dg/guality/pr41353-1.c -O1 line 39 i == 12
FAIL: gcc.dg/guality/pr41353-1.c -O1 line 39 i1 == 2 * 12
FAIL: gcc.dg/guality/pr41353-1.c -O1 line 39 i2 == 2 * 12
FAIL: gcc.dg/guality/pr41353-1.c -O1 line 39 i3 == 3 * 12
XPASS: gcc.dg/guality/pr41353-1.c -O2 line 28 j == 28 + 37
FAIL: gcc.dg/guality/pr41353-1.c -O2 line 39 i == 12
FAIL: gcc.dg/guality/pr41353-1.c -O2 line 39 i1 == 2 * 12
FAIL: gcc.dg/guality/pr41353-1.c -O2 line 39 i2 == 2 * 12
FAIL: gcc.dg/guality/pr41353-1.c -O2 line 39 i3 == 3 * 12
XPASS: gcc.dg/guality/pr41353-1.c -O3 -fomit-frame-pointer line 28 j == 28 + 37
FAIL: gcc.dg/guality/pr41353-1.c -O3 -fomit-frame-pointer line 39 i == 12
FAIL: gcc.dg/guality/pr41353-1.c -O3 -fomit-frame-pointer line 39 i1 == 2 * 12
FAIL: gcc.dg/guality/pr41353-1.c -O3 -fomit-frame-pointer line 39 i2 == 2 * 12
FAIL: gcc.dg/guality/pr41353-1.c -O3 -fomit-frame-pointer line 39 i3 == 3 * 12
XPASS: gcc.dg/guality/pr41353-1.c -O3 -g line 28 j == 28 + 37
FAIL: gcc.dg/guality/pr41353-1.c -O3 -g line 39 i == 12
FAIL: gcc.dg/guality/pr41353-1.c -O3 -g line 39 i1 == 2 * 12
FAIL: gcc.dg/guality/pr41353-1.c -O3 -g line 39 i2 == 2 * 12
FAIL: gcc.dg/guality/pr41353-1.c -O3 -g line 39 i3 == 3 * 12
XPASS: gcc.dg/guality/pr41353-1.c -Os line 28 j == 28 + 37
FAIL: gcc.dg/guality/pr41353-1.c -Os line 39 i == 12
FAIL: gcc.dg/guality/pr41353-1.c -Os line 39 i1 == 2 * 12
FAIL: gcc.dg/guality/pr41353-1.c -Os line 39 i2 == 2 * 12
FAIL: gcc.dg/guality/pr41353-1.c -Os line 39 i3 == 3 * 12
FAIL: gcc.dg/guality/pr41353-1.c -O2 -flto line 28 i == 37
FAIL: gcc.dg/guality/pr41353-1.c -O2 -flto line 28 i1 == 2 * 37
FAIL: gcc.dg/guality/pr41353-1.c -O2 -flto line 28 i2 == 3 * 37
FAIL: gcc.dg/guality/pr41353-1.c -O2 -fwhopr line 28 i == 37
FAIL: gcc.dg/guality/pr41353-1.c -O2 -fwhopr line 28 i1 == 2 * 37
FAIL: gcc.dg/guality/pr41353-1.c -O2 -fwhopr line 28 i2 == 3 * 37
FAIL: gcc.dg/guality/pr41404-1.c -O1 line 10 *foo == 'f'
FAIL: gcc.dg/guality/pr41404-1.c -O2 line 10 *foo == 'f'
FAIL: gcc.dg/guality/pr41404-1.c -Os line 10 *foo == 'f'
FAIL: gcc.dg/guality/pr41404-1.c -O2 -flto line 10 *foo == 'f'
FAIL: gcc.dg/guality/pr41404-1.c -O2 -fwhopr line 10 *foo == 'f'
XPASS: gcc.dg/guality/pr41447-1.c -O0 execution test
XPASS: gcc.dg/guality/pr41616-1.c -O0 execution test
XPASS: gcc.dg/guality/pr41616-1.c -O1 execution test
XPASS: gcc.dg/guality/pr41616-1.c -O2 execution test
XPASS: gcc.dg/guality/pr41616-1.c -Os execution test
XPASS: gcc.dg/guality/pr41616-1.c -O2 -flto execution test
XPASS: gcc.dg/guality/pr41616-1.c -O2 -fwhopr execution test
FAIL: gcc.dg/guality/pr43051-1.c -O1 line 40 v == 1
FAIL: gcc.dg/guality/pr43051-1.c -O2 line 40 v == 1
FAIL: gcc.dg/guality/pr43051-1.c -O3 -fomit-frame-pointer line 40 v == 1
FAIL: gcc.dg/guality/pr43051-1.c -O3 -fomit-frame-pointer -funroll-loops line 35 v == 1
FAIL: gcc.dg/guality/pr43051-1.c -O3 -fomit-frame-pointer -funroll-loops line 40 v == 1
FAIL: gcc.dg/guality/pr43051-1.c -O3 -fomit-frame-pointer -funroll-all-loops -finline-functions line 35 v == 1
FAIL: gcc.dg/guality/pr43051-1.c -O3 -fomit-frame-pointer -funroll-all-loops -finline-functions line 40 v == 1
FAIL: gcc.dg/guality/pr43051-1.c -O3 -g line 40 v == 1
FAIL: gcc.dg/guality/pr43051-1.c -Os line 40 v == 1
FAIL: gcc.dg/guality/pr43051-1.c -O2 -flto line 40 v == 1
FAIL: gcc.dg/guality/pr43051-1.c -O2 -fwhopr line 40 v == 1
FAIL: gcc.dg/guality/pr43077-1.c -O1 line 42 a == 1
FAIL: gcc.dg/guality/pr43077-1.c -O1 line 42 vara == 1
FAIL: gcc.dg/guality/pr43077-1.c -O2 line 42 a == 1
FAIL: gcc.dg/guality/pr43077-1.c -O2 line 42 vara == 1
FAIL: gcc.dg/guality/pr43077-1.c -O3 -fomit-frame-pointer line 42 a == 1
FAIL: gcc.dg/guality/pr43077-1.c -O3 -fomit-frame-pointer line 42 vara == 1
FAIL: gcc.dg/guality/pr43077-1.c -O3 -g line 42 a == 1
FAIL: gcc.dg/guality/pr43077-1.c -O3 -g line 42 vara == 1
FAIL: gcc.dg/guality/pr43077-1.c -Os line 42 a == 1
FAIL: gcc.dg/guality/pr43077-1.c -Os line 42 vara == 1
FAIL: gcc.dg/guality/pr43077-1.c -O2 -flto line 42 a == 1
FAIL: gcc.dg/guality/pr43077-1.c -O2 -flto line 42 vara == 1
FAIL: gcc.dg/guality/pr43077-1.c -O2 -fwhopr line 42 a == 1
FAIL: gcc.dg/guality/pr43077-1.c -O2 -fwhopr line 42 vara == 1
FAIL: gcc.dg/guality/pr43177.c -O1 line 24 x == 7
FAIL: gcc.dg/guality/pr43177.c -O2 line 24 x == 7
FAIL: gcc.dg/guality/pr43177.c -O3 -fomit-frame-pointer line 24 x == 7
FAIL: gcc.dg/guality/pr43177.c -O3 -g line 24 x == 7
FAIL: gcc.dg/guality/pr43177.c -Os line 24 x == 7
FAIL: gcc.dg/guality/pr43177.c -O2 -flto line 24 x == 7
FAIL: gcc.dg/guality/pr43177.c -O2 -fwhopr line 24 x == 7
FAIL: gcc.dg/guality/vla-1.c -O0 line 17 sizeof (a) == 6
FAIL: gcc.dg/guality/vla-1.c -O0 line 24 sizeof (a) == 17 * sizeof (short)
FAIL: gcc.dg/guality/vla-1.c -O1 line 17 sizeof (a) == 6
FAIL: gcc.dg/guality/vla-1.c -O1 line 24 sizeof (a) == 17 * sizeof (short)
FAIL: gcc.dg/guality/vla-1.c -O2 line 17 sizeof (a) == 6
FAIL: gcc.dg/guality/vla-1.c -O2 line 24 sizeof (a) == 17 * sizeof (short)
FAIL: gcc.dg/guality/vla-1.c -O3 -fomit-frame-pointer line 17 sizeof (a) == 6
FAIL: gcc.dg/guality/vla-1.c -O3 -fomit-frame-pointer line 24 sizeof (a) == 17 * sizeof (short)
FAIL: gcc.dg/guality/vla-1.c -O3 -g line 17 sizeof (a) == 6
FAIL: gcc.dg/guality/vla-1.c -O3 -g line 24 sizeof (a) == 17 * sizeof (short)
FAIL: gcc.dg/guality/vla-1.c -Os line 17 sizeof (a) == 6
FAIL: gcc.dg/guality/vla-1.c -Os line 24 sizeof (a) == 17 * sizeof (short)
FAIL: gcc.dg/guality/vla-1.c -O2 -flto line 17 sizeof (a) == 6
FAIL: gcc.dg/guality/vla-1.c -O2 -flto line 24 sizeof (a) == 17 * sizeof (short)
FAIL: gcc.dg/guality/vla-1.c -O2 -fwhopr line 17 sizeof (a) == 6
FAIL: gcc.dg/guality/vla-1.c -O2 -fwhopr line 24 sizeof (a) == 17 * sizeof (short)
FAIL: gcc.dg/lto/20090116 c_lto_20090116_0.o-c_lto_20090116_0.o link, (internal compiler error)
UNRESOLVED: gcc.dg/lto/20090116 c_lto_20090116_0.o-c_lto_20090116_0.o execute -O1 -fwhopr -fPIC
FAIL: gcc.dg/lto/20100518 c_lto_20100518_0.o assemble, -O0 -fwhopr
UNRESOLVED: gcc.dg/lto/20100518 c_lto_20100518_0.o-c_lto_20100518_0.o link -O0 -fwhopr
UNRESOLVED: gcc.dg/lto/20100518 c_lto_20100518_0.o-c_lto_20100518_0.o execute -O0 -fwhopr
FAIL: gcc.dg/lto/20100518 c_lto_20100518_0.o assemble, -O2 -fwhopr
UNRESOLVED: gcc.dg/lto/20100518 c_lto_20100518_0.o-c_lto_20100518_0.o link -O2 -fwhopr
UNRESOLVED: gcc.dg/lto/20100518 c_lto_20100518_0.o-c_lto_20100518_0.o execute -O2 -fwhopr
FAIL: gcc.dg/lto/20100518 c_lto_20100518_0.o assemble, -O0 -flto
UNRESOLVED: gcc.dg/lto/20100518 c_lto_20100518_0.o-c_lto_20100518_0.o link -O0 -flto
UNRESOLVED: gcc.dg/lto/20100518 c_lto_20100518_0.o-c_lto_20100518_0.o execute -O0 -flto
FAIL: gcc.dg/lto/20100518 c_lto_20100518_0.o assemble, -O2 -flto
UNRESOLVED: gcc.dg/lto/20100518 c_lto_20100518_0.o-c_lto_20100518_0.o link -O2 -flto
UNRESOLVED: gcc.dg/lto/20100518 c_lto_20100518_0.o-c_lto_20100518_0.o execute -O2 -flto
UNRESOLVED: selfassign.c compilation, -I. -I/home/doko/gcc/gcc-4.5-4.5.0/src/gcc/testsuite -I/home/doko/gcc/gcc-4.5-4.5.0/src/gcc/testsuite/../../gcc -I/home/doko/gcc/gcc-4.5-4.5.0/build/gcc/testsuite/gcc/../../../gcc -I/home/doko/gcc/gcc-4.5-4.5.0/src/gcc/testsuite/../../include -I/home/doko/gcc/gcc-4.5-4.5.0/src/gcc/testsuite/../../libcpp/include -O -DIN_GCC -fPIC -shared
UNRESOLVED: ggcplug.c compilation, -I. -I/home/doko/gcc/gcc-4.5-4.5.0/src/gcc/testsuite -I/home/doko/gcc/gcc-4.5-4.5.0/src/gcc/testsuite/../../gcc -I/home/doko/gcc/gcc-4.5-4.5.0/build/gcc/testsuite/gcc/../../../gcc -I/home/doko/gcc/gcc-4.5-4.5.0/src/gcc/testsuite/../../include -I/home/doko/gcc/gcc-4.5-4.5.0/src/gcc/testsuite/../../libcpp/include -O -DIN_GCC -fPIC -shared
UNRESOLVED: one_time_plugin.c compilation, -I. -I/home/doko/gcc/gcc-4.5-4.5.0/src/gcc/testsuite -I/home/doko/gcc/gcc-4.5-4.5.0/src/gcc/testsuite/../../gcc -I/home/doko/gcc/gcc-4.5-4.5.0/build/gcc/testsuite/gcc/../../../gcc -I/home/doko/gcc/gcc-4.5-4.5.0/src/gcc/testsuite/../../include -I/home/doko/gcc/gcc-4.5-4.5.0/src/gcc/testsuite/../../libcpp/include -DIN_GCC -fPIC -shared
UNRESOLVED: start_unit_plugin.c compilation, -I. -I/home/doko/gcc/gcc-4.5-4.5.0/src/gcc/testsuite -I/home/doko/gcc/gcc-4.5-4.5.0/src/gcc/testsuite/../../gcc -I/home/doko/gcc/gcc-4.5-4.5.0/build/gcc/testsuite/gcc/../../../gcc -I/home/doko/gcc/gcc-4.5-4.5.0/src/gcc/testsuite/../../include -I/home/doko/gcc/gcc-4.5-4.5.0/src/gcc/testsuite/../../libcpp/include -DIN_GCC -fPIC -shared
UNRESOLVED: finish_unit_plugin.c compilation, -I. -I/home/doko/gcc/gcc-4.5-4.5.0/src/gcc/testsuite -I/home/doko/gcc/gcc-4.5-4.5.0/src/gcc/testsuite/../../gcc -I/home/doko/gcc/gcc-4.5-4.5.0/build/gcc/testsuite/gcc/../../../gcc -I/home/doko/gcc/gcc-4.5-4.5.0/src/gcc/testsuite/../../include -I/home/doko/gcc/gcc-4.5-4.5.0/src/gcc/testsuite/../../libcpp/include -DIN_GCC -fPIC -shared
FAIL: gcc.dg/tree-ssa/pr42585.c scan-tree-dump-times optimized "struct _fat_ptr _ans" 0
FAIL: gcc.dg/tree-ssa/pr42585.c scan-tree-dump-times optimized "struct _fat_ptr _T2" 0
=== gcc Summary ===
# of expected passes 64432
# of unexpected failures 91
# of unexpected successes 17
# of expected failures 127
# of unresolved testcases 14
# of unsupported tests 764
/home/doko/gcc/gcc-4.5-4.5.0/build/gcc/xgcc version 4.5.1 20100527 (prerelease) (Debian 4.5.0-4)
=== gfortran tests ===
Running target unix
FAIL: gfortran.dg/default_format_denormal_1.f90 -O0 execution test
FAIL: gfortran.dg/default_format_denormal_1.f90 -O1 execution test
FAIL: gfortran.dg/default_format_denormal_1.f90 -O2 execution test
FAIL: gfortran.dg/default_format_denormal_1.f90 -O3 -fomit-frame-pointer execution test
FAIL: gfortran.dg/default_format_denormal_1.f90 -O3 -fomit-frame-pointer -funroll-loops execution test
FAIL: gfortran.dg/default_format_denormal_1.f90 -O3 -fomit-frame-pointer -funroll-all-loops -finline-functions execution test
FAIL: gfortran.dg/default_format_denormal_1.f90 -O3 -g execution test
FAIL: gfortran.dg/default_format_denormal_1.f90 -Os execution test
=== gfortran Summary ===
# of expected passes 34109
# of unexpected failures 8
# of expected failures 32
# of unsupported tests 65
/home/doko/gcc/gcc-4.5-4.5.0/build/gcc/testsuite/gfortran/../../gfortran version 4.5.1 20100527 (prerelease) (Debian 4.5.0-4)
=== obj-c++ tests ===
Running target unix
UNRESOLVED: obj-c++.dg/lookup-2.mm -fgnu-runtime compilation failed to produce executable
UNRESOLVED: obj-c++.dg/try-catch-2.mm -fgnu-runtime compilation failed to produce executable
UNRESOLVED: obj-c++.dg/try-catch-9.mm -fgnu-runtime compilation failed to produce executable
=== obj-c++ Summary ===
# of expected passes 430
# of expected failures 15
# of unresolved testcases 3
# of unsupported tests 13
/home/doko/gcc/gcc-4.5-4.5.0/build/gcc/testsuite/obj-c++/../../g++ version 4.5.1 20100527 (prerelease) (Debian 4.5.0-4)
=== objc tests ===
Running target unix
=== objc Summary ===
# of expected passes 1866
# of expected failures 15
# of unsupported tests 22
/home/doko/gcc/gcc-4.5-4.5.0/build/gcc/xgcc version 4.5.1 20100527 (prerelease) (Debian 4.5.0-4)
Compiler version: 4.5.1 20100527 (prerelease) (Debian 4.5.0-4)
Platform: alpha-unknown-linux-gnu
configure flags: -v --with-pkgversion='Debian 4.5.0-4' --with-bugurl=file:///usr/share/doc/gcc-4.5/README.Bugs --enable-languages=c,c++,java,fortran,objc,obj-c++ --prefix=/usr --enable-shared --enable-multiarch --enable-linker-build-id --with-system-zlib --libexecdir=/usr/lib --without-included-gettext --enable-threads=posix --with-gxx-include-dir=/usr/include/c++/4.5 --program-suffix=-4.5 --enable-nls --enable-clocale=gnu --enable-libstdcxx-debug --enable-libstdcxx-time=yes --disable-libssp --enable-plugin --disable-browser-plugin --enable-java-awt=gtk --enable-gtk-cairo --with-java-home=/usr/lib/jvm/java-1.5.0-gcj-4.5/jre --enable-java-home --with-jvm-root-dir=/usr/lib/jvm/java-1.5.0-gcj-4.5 --with-jvm-jar-dir=/usr/lib/jvm-exports/java-1.5.0-gcj-4.5 --with-arch-directory=alpha --with-ecj-jar=/usr/share/java/eclipse-ecj.jar --enable-objc-gc --with-long-double-128 --enable-checking=yes --build=alpha-linux-gnu --host=alpha-linux-gnu --target=alpha-linux-gnu
BOOT_CFLAGS=
Build Dependencies:
Desired=Unknown/Install/Remove/Purge/Hold
| Status=Not/Inst/Conf-files/Unpacked/halF-conf/Half-inst/trig-aWait/Trig-pend
|/ Err?=(none)/Reinst-required (Status,Err: uppercase=bad)
||/ Name Version Description
+++-===================================-============================-==============================================
ii binutils 2.20.1-10 The GNU assembler, linker and binary utilities
ii g++-4.2 4.2.4-6 The GNU C++ compiler
ii g++-4.3 4.3.5-1 The GNU C++ compiler
ii g++-4.4 4.4.4-3 The GNU C++ compiler
hi libc6.1 2.10.2-3 Embedded GNU C Library: Shared libraries
ii libcloog-ppl-dev 0.15.9-1 the Chunky Loop Generator (development files)
ii libgmp3-dev 2:4.3.2+dfsg-1 Multiprecision arithmetic library developers t
ii libmpc-dev 0.8.2-1 multiple precision complex floating-point libr
ii libmpfr-dev 2.4.2-3 multiple precision floating-point computation
ii libppl0.10-dev 0.10.2-6 Parma Polyhedra Library (development)
svn-updates:
updates from the 4.5 branch upto 20100527 (r159910).
gcc-textdomain:
Set gettext's domain and textdomain to the versioned package name.
gcc-driver-extra-langs:
Add options and specs for languages that are not built from a source
(but built from separate sources).
gcc-hash-style-both:
Link using --hash-style=both (alpha, amd64, armel, ia64, i386, powerpc, ppc64, s390, sparc)
libstdc++-pic:
Build and install libstdc++_pic.a library.
libstdc++-doclink:
adjust hrefs to point to the local documentation
libstdc++-man-3cxx:
Install libstdc++ man pages with suffix .3cxx instead of .3
libstdc++-test-installed:
Add support to run the libstdc++-v3 testsuite using the
installed shared libraries.
libjava-stacktrace:
libgcj: Lookup source file name and line number in separated
debug files found in /usr/lib/debug
libjava-subdir:
- Set the libjava sublibdir to /usr/lib/gcj-4.5
- Set the default libgcj database dir to /var/lib/gcj-4.5
libjava-jnipath:
- Add /usr/lib/jni to java.library.path.
- When running the i386 binaries on amd64, look in
- /usr/lib32/gcj-x.y and /usr/lib32/jni instead.
libjava-sjlj:
Don't try to use _Unwind_Backtrace on SJLJ targets.
See bug #387875, #388505, GCC PR 29206.
libjava-disable-plugin:
Don't build the gcjwebplugin, even when configured with --enable-plugin
libjava-josm-fixes:
Backport two fixes to let josm run with gcj.
alpha-no-ev4-directive:
never emit .ev4 directive.
boehm-gc-getnprocs:
boehm-gc/pthread_support.c (GC_get_nprocs): Use sysconf as fallback.
note-gnu-stack:
Add .note.GNU-stack sections for gcc's crt files, libffi and boehm-gc
Taken from FC.
m68k-allow-gnu99:
patch to allow gnu99 mode on m68k
libgomp-omp_h-multilib:
Fix up omp.h for multilibs.
sparc-force-cpu:
On sparc default to ultrasparc (v9a) in 32bit mode
pr41848:
Fix PR objc/41848 - workaround ObjC and -fsection-anchors.
gcc-plugindir:
Search for plugins in a default plugin dir, backport from the trunk.
alpha-ieee:
#212912
on alpha-linux, make -mieee default and add -mieee-disable switch
to turn default off
mudflap-nocheck:
Disable running the libmudflap testsuite. Getting killed on alpha.
gcc-ice-hack:
Retry the build on an ice, save the calling options and preprocessed
source when the ice is reproducible.
gcc-ice-apport:
Report an ICE to apport (if apport is available
and the environment variable GCC_NOAPPORT is not set)
libjava-disable-static:
Disable building the static libjava.
libjava-fixed-symlinks:
Remove unneed '..' elements from symlinks in JAVA_HOME
libstdc++-arm-wno-abi:
Temporary work around:
On arm-linux-gnueabi run the libstdc++v3 testsuite with -Wno-abi
libstdc++-arm-ldbl-compat:
On ARM provide the long double versions of "C" math functions in libstdc++
ada-mips:
Improve support for mips.
arm-unbreak-eabi-armv4t:
Fix armv4t build on ARM
gcc-multiarch:
Add multiarch support to GCC.
Convert the multilib option to a target triplet,
add multiarch include directories and libraries path:
/usr/local/include/<arch>-linux-gnu
/usr/include/<arch>-linux-gnu
/usr/lib/<arch>-linux-gnu
to the system paths.
mips-triarch:
Build a tri-arch compiler on mips-linux-gnu.
http://gcc.gnu.org/ml/gcc-patches/2009-03/msg01047.html
libjava-nobiarch-check:
For biarch builds, disable the testsuite for the non-default architecture
for runtime libraries, which are not built by default (libjava).
config-ml:
disable some biarch libraries for biarch builds
s390-biarch:
Build a bi-arch compiler on s390-linux-gnu.
http://gcc.gnu.org/ml/gcc-patches/2009-03/msg01044.html
gcc-powerpc-nof:
Don't build nof multlib on powerpc.
gcc-no-add-needed:
On linux targets pass --no-add-needed to the linker.
mips-fix-loongson2f-nop:
On mips, pass -mfix-loongson2f-nop to as, if -mno-fix-loongson2f-nop
is not passed.
pr40521-sequel:
Sequel to PR40521 -- -g causes GCC to generate .eh_frame
Counting all warnings,
there are 0 warnings in stage3 of this bootstrap.
Number of warnings per file:
Number of warning types: