This is the mail archive of the
gcc-testresults@gcc.gnu.org
mailing list for the GCC project.
Results for 4.6.0 20100517 (experimental) [trunk revision 159471] (GCC) testsuite on x86_64-unknown-linux-gnu
- From: hjl at gnu-1 dot sc dot intel dot com (H.J. Lu (Intel64))
- To: gcc-testresults at gcc dot gnu dot org
- Date: Mon, 17 May 2010 02:55:59 -0700
- Subject: Results for 4.6.0 20100517 (experimental) [trunk revision 159471] (GCC) testsuite on x86_64-unknown-linux-gnu
LAST_UPDATED: Mon May 17 07:11:13 UTC 2010 (revision 159471)
Native configuration is x86_64-unknown-linux-gnu
=== g++ tests ===
Running target unix/-m32
FAIL: g++.dg/lto/20081109 cp_lto_20081109_0.o-cp_lto_20081109_1.o execute -O2 -fwhopr
=== g++ Summary for unix/-m32 ===
# of expected passes 6820
# of expected failures 26
# of unsupported tests 10
Running target unix
=== g++ Summary for unix ===
# of expected passes 6773
# of expected failures 26
# of unsupported tests 20
=== g++ Summary ===
# of expected passes 46944
# of unexpected failures 1
# of expected failures 302
# of unsupported tests 434
/export/gnu/import/svn/gcc-test/bld/gcc/testsuite/g++/../../g++ version 4.6.0 20100517 (experimental) [trunk revision 159471] (GCC)
=== gcc tests ===
Running target unix/-m32
FAIL: gcc.c-torture/compile/limits-exprparen.c -O0 (test for excess errors)
FAIL: gcc.c-torture/compile/limits-exprparen.c -O1 (test for excess errors)
FAIL: gcc.c-torture/compile/limits-exprparen.c -O2 (test for excess errors)
FAIL: gcc.c-torture/compile/limits-exprparen.c -O3 -fomit-frame-pointer (test for excess errors)
FAIL: gcc.c-torture/compile/limits-exprparen.c -O3 -g (test for excess errors)
FAIL: gcc.c-torture/compile/limits-exprparen.c -Os (test for excess errors)
FAIL: gcc.c-torture/compile/limits-exprparen.c -O2 -flto (test for excess errors)
FAIL: gcc.c-torture/compile/limits-exprparen.c -O2 -fwhopr (test for excess errors)
FAIL: gcc.dg/cproj-fails-with-broken-glibc.c execution test
FAIL: gcc.dg/pr34668-1.c (internal compiler error)
FAIL: gcc.dg/pr34668-1.c (test for excess errors)
XPASS: gcc.dg/guality/example.c -O0 execution test
XPASS: gcc.dg/guality/example.c -O1 execution test
XPASS: gcc.dg/guality/example.c -O2 execution test
XPASS: gcc.dg/guality/example.c -O2 -flto execution test
XPASS: gcc.dg/guality/example.c -O2 -fwhopr execution test
XPASS: gcc.dg/guality/guality.c -O0 execution test
XPASS: gcc.dg/guality/guality.c -O1 execution test
XPASS: gcc.dg/guality/guality.c -O2 execution test
XPASS: gcc.dg/guality/guality.c -O3 -fomit-frame-pointer execution test
XPASS: gcc.dg/guality/guality.c -O3 -g execution test
XPASS: gcc.dg/guality/guality.c -Os execution test
XPASS: gcc.dg/guality/guality.c -O2 -flto execution test
XPASS: gcc.dg/guality/guality.c -O2 -fwhopr execution test
FAIL: gcc.dg/guality/inline-params.c -O1 execution test
XPASS: gcc.dg/guality/pr41353-1.c -O0 line 28 j == 28 + 37
XPASS: gcc.dg/guality/pr41353-1.c -O1 line 28 j == 28 + 37
XPASS: gcc.dg/guality/pr41353-1.c -O2 line 28 j == 28 + 37
XPASS: gcc.dg/guality/pr41353-1.c -O3 -fomit-frame-pointer line 28 j == 28 + 37
XPASS: gcc.dg/guality/pr41353-1.c -O3 -g line 28 j == 28 + 37
XPASS: gcc.dg/guality/pr41353-1.c -Os line 28 j == 28 + 37
FAIL: gcc.dg/guality/pr41353-1.c -O2 -flto line 28 i == 37
FAIL: gcc.dg/guality/pr41353-1.c -O2 -flto line 28 i1 == 2 * 37
FAIL: gcc.dg/guality/pr41353-1.c -O2 -flto line 28 i2 == 3 * 37
FAIL: gcc.dg/guality/pr41353-1.c -O2 -fwhopr line 28 i == 37
FAIL: gcc.dg/guality/pr41353-1.c -O2 -fwhopr line 28 i1 == 2 * 37
FAIL: gcc.dg/guality/pr41353-1.c -O2 -fwhopr line 28 i2 == 3 * 37
XPASS: gcc.dg/guality/pr41447-1.c -O0 execution test
XPASS: gcc.dg/guality/pr41447-1.c -O1 execution test
XPASS: gcc.dg/guality/pr41447-1.c -O2 execution test
XPASS: gcc.dg/guality/pr41447-1.c -O3 -g execution test
XPASS: gcc.dg/guality/pr41447-1.c -Os execution test
XPASS: gcc.dg/guality/pr41447-1.c -O2 -flto execution test
XPASS: gcc.dg/guality/pr41616-1.c -O0 execution test
XPASS: gcc.dg/guality/pr41616-1.c -O1 execution test
XPASS: gcc.dg/guality/pr41616-1.c -O2 execution test
XPASS: gcc.dg/guality/pr41616-1.c -O3 -fomit-frame-pointer execution test
XPASS: gcc.dg/guality/pr41616-1.c -O3 -g execution test
XPASS: gcc.dg/guality/pr41616-1.c -Os execution test
XPASS: gcc.dg/guality/pr41616-1.c -O2 -flto execution test
XPASS: gcc.dg/guality/pr41616-1.c -O2 -fwhopr execution test
FAIL: gcc.dg/guality/sra-1.c -O1 line 20 a.j == 14
FAIL: gcc.dg/guality/sra-1.c -O2 line 20 a.j == 14
FAIL: gcc.dg/guality/sra-1.c -O3 -fomit-frame-pointer line 20 a.j == 14
FAIL: gcc.dg/guality/sra-1.c -O3 -g line 20 a.j == 14
FAIL: gcc.dg/guality/sra-1.c -Os line 20 a.j == 14
FAIL: gcc.dg/guality/sra-1.c -O2 -flto line 20 a.i == 4
FAIL: gcc.dg/guality/sra-1.c -O2 -flto line 20 a.j == 14
FAIL: gcc.dg/guality/sra-1.c -O2 -flto line 42 a.i == 4
FAIL: gcc.dg/guality/sra-1.c -O2 -flto line 42 a.j == 14
FAIL: gcc.dg/guality/sra-1.c -O2 -fwhopr line 20 a.i == 4
FAIL: gcc.dg/guality/sra-1.c -O2 -fwhopr line 20 a.j == 14
FAIL: gcc.dg/guality/sra-1.c -O2 -fwhopr line 42 a.i == 4
FAIL: gcc.dg/guality/sra-1.c -O2 -fwhopr line 42 a.j == 14
FAIL: gcc.dg/guality/vla-1.c -O2 -flto line 17 sizeof (a) == 6
FAIL: gcc.dg/guality/vla-1.c -O2 -flto line 24 sizeof (a) == 17 * sizeof (short)
FAIL: gcc.dg/guality/vla-1.c -O2 -fwhopr line 17 sizeof (a) == 6
FAIL: gcc.dg/guality/vla-1.c -O2 -fwhopr line 24 sizeof (a) == 17 * sizeof (short)
FAIL: gcc.dg/lto/20090126-1 c_lto_20090126-1_0.o-c_lto_20090126-1_0.o link, (internal compiler error)
UNRESOLVED: gcc.dg/lto/20090126-1 c_lto_20090126-1_0.o-c_lto_20090126-1_0.o execute -O0 -fwhopr
UNRESOLVED: one_time_plugin.c compilation, -I. -I/export/gnu/import/svn/gcc-test/src-trunk/gcc/testsuite -I/export/gnu/import/svn/gcc-test/src-trunk/gcc/testsuite/../../gcc -I/export/gnu/import/svn/gcc-test/bld/gcc/testsuite/gcc/../../../gcc -I/export/gnu/import/svn/gcc-test/src-trunk/gcc/testsuite/../../include -I/export/gnu/import/svn/gcc-test/src-trunk/gcc/testsuite/../../libcpp/include -DIN_GCC -fPIC -shared
FAIL: gcc.dg/tree-ssa/prefetch-7.c scan-tree-dump-times aprefetch "nontemporal store" 2
=== gcc Summary for unix/-m32 ===
Running target unix
FAIL: gcc.c-torture/compile/limits-exprparen.c -O0 (test for excess errors)
FAIL: gcc.c-torture/compile/limits-exprparen.c -O1 (test for excess errors)
FAIL: gcc.c-torture/compile/limits-exprparen.c -O2 (test for excess errors)
FAIL: gcc.c-torture/compile/limits-exprparen.c -O3 -fomit-frame-pointer (test for excess errors)
FAIL: gcc.c-torture/compile/limits-exprparen.c -O3 -g (test for excess errors)
FAIL: gcc.c-torture/compile/limits-exprparen.c -Os (test for excess errors)
FAIL: gcc.c-torture/compile/limits-exprparen.c -O2 -flto (test for excess errors)
FAIL: gcc.c-torture/compile/limits-exprparen.c -O2 -fwhopr (test for excess errors)
FAIL: gcc.dg/cproj-fails-with-broken-glibc.c execution test
FAIL: gcc.dg/pr34668-1.c (internal compiler error)
FAIL: gcc.dg/pr34668-1.c (test for excess errors)
XPASS: gcc.dg/guality/example.c -O0 execution test
XPASS: gcc.dg/guality/example.c -O1 execution test
XPASS: gcc.dg/guality/example.c -O2 execution test
XPASS: gcc.dg/guality/example.c -O2 -flto execution test
XPASS: gcc.dg/guality/example.c -O2 -fwhopr execution test
XPASS: gcc.dg/guality/guality.c -O0 execution test
XPASS: gcc.dg/guality/guality.c -O1 execution test
XPASS: gcc.dg/guality/guality.c -O2 execution test
XPASS: gcc.dg/guality/guality.c -O3 -fomit-frame-pointer execution test
XPASS: gcc.dg/guality/guality.c -O3 -g execution test
XPASS: gcc.dg/guality/guality.c -Os execution test
XPASS: gcc.dg/guality/guality.c -O2 -flto execution test
XPASS: gcc.dg/guality/guality.c -O2 -fwhopr execution test
FAIL: gcc.dg/guality/inline-params.c -O1 execution test
XPASS: gcc.dg/guality/pr41353-1.c -O0 line 28 j == 28 + 37
XPASS: gcc.dg/guality/pr41353-1.c -O1 line 28 j == 28 + 37
XPASS: gcc.dg/guality/pr41353-1.c -O2 line 28 j == 28 + 37
XPASS: gcc.dg/guality/pr41353-1.c -O3 -fomit-frame-pointer line 28 j == 28 + 37
XPASS: gcc.dg/guality/pr41353-1.c -O3 -g line 28 j == 28 + 37
XPASS: gcc.dg/guality/pr41353-1.c -Os line 28 j == 28 + 37
FAIL: gcc.dg/guality/pr41353-1.c -O2 -flto line 28 i == 37
FAIL: gcc.dg/guality/pr41353-1.c -O2 -flto line 28 i1 == 2 * 37
FAIL: gcc.dg/guality/pr41353-1.c -O2 -flto line 28 i2 == 3 * 37
FAIL: gcc.dg/guality/pr41353-1.c -O2 -fwhopr line 28 i == 37
FAIL: gcc.dg/guality/pr41353-1.c -O2 -fwhopr line 28 i1 == 2 * 37
FAIL: gcc.dg/guality/pr41353-1.c -O2 -fwhopr line 28 i2 == 3 * 37
XPASS: gcc.dg/guality/pr41447-1.c -O0 execution test
XPASS: gcc.dg/guality/pr41616-1.c -O0 execution test
XPASS: gcc.dg/guality/pr41616-1.c -O1 execution test
XPASS: gcc.dg/guality/pr41616-1.c -O2 execution test
XPASS: gcc.dg/guality/pr41616-1.c -O3 -fomit-frame-pointer execution test
XPASS: gcc.dg/guality/pr41616-1.c -O3 -g execution test
XPASS: gcc.dg/guality/pr41616-1.c -Os execution test
XPASS: gcc.dg/guality/pr41616-1.c -O2 -flto execution test
XPASS: gcc.dg/guality/pr41616-1.c -O2 -fwhopr execution test
FAIL: gcc.dg/guality/sra-1.c -O1 line 20 a.j == 14
FAIL: gcc.dg/guality/sra-1.c -O2 line 20 a.j == 14
FAIL: gcc.dg/guality/sra-1.c -O3 -fomit-frame-pointer line 20 a.j == 14
FAIL: gcc.dg/guality/sra-1.c -O3 -g line 20 a.j == 14
FAIL: gcc.dg/guality/sra-1.c -Os line 20 a.j == 14
FAIL: gcc.dg/guality/sra-1.c -O2 -flto line 20 a.i == 4
FAIL: gcc.dg/guality/sra-1.c -O2 -flto line 20 a.j == 14
FAIL: gcc.dg/guality/sra-1.c -O2 -flto line 42 a.i == 4
FAIL: gcc.dg/guality/sra-1.c -O2 -flto line 42 a.j == 14
FAIL: gcc.dg/guality/sra-1.c -O2 -fwhopr line 20 a.i == 4
FAIL: gcc.dg/guality/sra-1.c -O2 -fwhopr line 20 a.j == 14
FAIL: gcc.dg/guality/sra-1.c -O2 -fwhopr line 42 a.i == 4
FAIL: gcc.dg/guality/sra-1.c -O2 -fwhopr line 42 a.j == 14
FAIL: gcc.dg/guality/vla-1.c -O1 line 24 sizeof (a) == 17 * sizeof (short)
FAIL: gcc.dg/guality/vla-1.c -O2 line 17 sizeof (a) == 6
FAIL: gcc.dg/guality/vla-1.c -O2 line 24 sizeof (a) == 17 * sizeof (short)
FAIL: gcc.dg/guality/vla-1.c -O3 -fomit-frame-pointer line 17 sizeof (a) == 6
FAIL: gcc.dg/guality/vla-1.c -O3 -fomit-frame-pointer line 24 sizeof (a) == 17 * sizeof (short)
FAIL: gcc.dg/guality/vla-1.c -O3 -g line 17 sizeof (a) == 6
FAIL: gcc.dg/guality/vla-1.c -O3 -g line 24 sizeof (a) == 17 * sizeof (short)
FAIL: gcc.dg/guality/vla-1.c -Os line 17 sizeof (a) == 6
FAIL: gcc.dg/guality/vla-1.c -Os line 24 sizeof (a) == 17 * sizeof (short)
FAIL: gcc.dg/guality/vla-1.c -O2 -flto line 17 sizeof (a) == 6
FAIL: gcc.dg/guality/vla-1.c -O2 -flto line 24 sizeof (a) == 17 * sizeof (short)
FAIL: gcc.dg/guality/vla-1.c -O2 -fwhopr line 17 sizeof (a) == 6
FAIL: gcc.dg/guality/vla-1.c -O2 -fwhopr line 24 sizeof (a) == 17 * sizeof (short)
FAIL: gcc.dg/lto/20090126-1 c_lto_20090126-1_0.o-c_lto_20090126-1_0.o link, (internal compiler error)
UNRESOLVED: gcc.dg/lto/20090126-1 c_lto_20090126-1_0.o-c_lto_20090126-1_0.o execute -O0 -fwhopr
UNRESOLVED: one_time_plugin.c compilation, -I. -I/export/gnu/import/svn/gcc-test/src-trunk/gcc/testsuite -I/export/gnu/import/svn/gcc-test/src-trunk/gcc/testsuite/../../gcc -I/export/gnu/import/svn/gcc-test/bld/gcc/testsuite/gcc/../../../gcc -I/export/gnu/import/svn/gcc-test/src-trunk/gcc/testsuite/../../include -I/export/gnu/import/svn/gcc-test/src-trunk/gcc/testsuite/../../libcpp/include -DIN_GCC -fPIC -shared
=== gcc Summary for unix ===
=== gcc Summary ===
# of expected passes 147024
# of unexpected failures 82
# of unexpected successes 61
# of expected failures 398
# of unresolved testcases 4
# of unsupported tests 1656
/export/gnu/import/svn/gcc-test/bld/gcc/xgcc version 4.6.0 20100517 (experimental) [trunk revision 159471] (GCC)
=== gfortran tests ===
Running target unix/-m32
FAIL: gfortran.dg/array_constructor_11.f90 -O3 -g (internal compiler error)
FAIL: gfortran.dg/array_constructor_11.f90 -O3 -g (test for excess errors)
WARNING: gfortran.dg/array_constructor_11.f90 -O3 -g compilation failed to produce executable
=== gfortran Summary for unix/-m32 ===
# of expected passes 4014
Running target unix
FAIL: gfortran.dg/array_constructor_11.f90 -O3 -g (internal compiler error)
FAIL: gfortran.dg/array_constructor_11.f90 -O3 -g (test for excess errors)
WARNING: gfortran.dg/array_constructor_11.f90 -O3 -g compilation failed to produce executable
=== gfortran Summary for unix ===
# of expected passes 4014
=== gfortran Summary ===
# of expected passes 69013
# of unexpected failures 4
# of expected failures 66
# of unsupported tests 172
/export/gnu/import/svn/gcc-test/bld/gcc/testsuite/gfortran/../../gfortran version 4.6.0 20100517 (experimental) [trunk revision 159471] (GCC)
=== objc tests ===
Running target unix/-m32
FAIL: objc.dg/torture/tls/thr-init-3.m -O2 -flto (test for excess errors)
WARNING: objc.dg/torture/tls/thr-init-3.m -O2 -flto compilation failed to produce executable
FAIL: objc.dg/torture/tls/thr-init-3.m -O2 -fwhopr (test for excess errors)
WARNING: objc.dg/torture/tls/thr-init-3.m -O2 -fwhopr compilation failed to produce executable
=== objc Summary for unix/-m32 ===
# of expected passes 60
# of unexpected failures 2
Running target unix
FAIL: objc.dg/torture/tls/thr-init-3.m -O2 -flto (test for excess errors)
WARNING: objc.dg/torture/tls/thr-init-3.m -O2 -flto compilation failed to produce executable
FAIL: objc.dg/torture/tls/thr-init-3.m -O2 -fwhopr (test for excess errors)
WARNING: objc.dg/torture/tls/thr-init-3.m -O2 -fwhopr compilation failed to produce executable
=== objc Summary for unix ===
# of expected passes 60
# of unexpected failures 2
=== objc Summary ===
# of expected passes 3974
# of unexpected failures 4
# of expected failures 22
# of unsupported tests 40
/export/gnu/import/svn/gcc-test/bld/gcc/xgcc version 4.6.0 20100517 (experimental) [trunk revision 159471] (GCC)
=== libffi tests ===
Running target unix/-m32
=== libffi Summary for unix/-m32 ===
# of expected passes 24
Running target unix
=== libffi Summary for unix ===
# of expected passes 24
=== libffi Summary ===
# of expected passes 3248
# of expected failures 20
# of unsupported tests 30
=== libgomp tests ===
Running target unix/-m32
FAIL: libgomp.graphite/force-parallel-1.c execution test
=== libgomp Summary for unix/-m32 ===
# of expected passes 45
# of unexpected failures 1
Running target unix
FAIL: libgomp.graphite/force-parallel-1.c execution test
=== libgomp Summary for unix ===
# of expected passes 45
# of unexpected failures 1
=== libgomp Summary ===
# of expected passes 5078
# of unexpected failures 2
=== libjava tests ===
Running target unix/-m32
=== libjava Summary for unix/-m32 ===
Running target unix
FAIL: Thread_Sleep_2 output - source compiled test
=== libjava Summary for unix ===
=== libjava Summary ===
# of expected passes 5147
# of unexpected failures 1
=== libmudflap tests ===
Running target unix/-m32
=== libmudflap Summary for unix/-m32 ===
# of expected passes 264
Running target unix
=== libmudflap Summary for unix ===
# of expected passes 264
=== libmudflap Summary ===
# of expected passes 2854
=== libstdc++ tests ===
Running target unix/-m32
=== libstdc++ Summary for unix/-m32 ===
# of expected passes 7739
# of expected failures 95
# of unsupported tests 11
Running target unix
=== libstdc++ Summary for unix ===
# of expected passes 7739
# of expected failures 95
# of unsupported tests 11
=== libstdc++ Summary ===
# of expected passes 15480
# of expected failures 190
# of unsupported tests 22
Compiler version: 4.6.0 20100517 (experimental) [trunk revision 159471] (GCC)
Platform: x86_64-unknown-linux-gnu
configure flags: --enable-clocale=gnu --with-system-zlib --enable-shared --with-demangler-in-ld -with-plugin-ld=ld.gold --enable-gold --with-fpmath=sse