This is the mail archive of the gcc-testresults@gcc.gnu.org mailing list for the GCC project.


Index Nav: [Date Index] [Subject Index] [Author Index] [Thread Index]
Message Nav: [Date Prev] [Date Next] [Thread Prev] [Thread Next]
Other format: [Raw text]

Results for 4.6.0 20100430 (experimental) [trunk revision 158940] (GCC) testsuite on x86_64-suse-linux-gnu


Bootstrap and regtesting on x86_64-suse-linux-gnu.
SVN sources: mainline.
LAST_UPDATED: Fri Apr 30 18:18:28 UTC 2010 (revision 158940)

		=== acats tests ===

		=== acats Summary ===
# of expected passes		2321
# of unexpected failures	0
Native configuration is x86_64-suse-linux-gnu

		=== gcc tests ===


Running target unix
FAIL: gcc.dg/cproj-fails-with-broken-glibc.c execution test
FAIL: gcc.dg/pr34668-1.c (internal compiler error)
FAIL: gcc.dg/pr34668-1.c (test for excess errors)
XPASS: gcc.dg/guality/example.c  -O0  execution test
XPASS: gcc.dg/guality/example.c  -O1  execution test
XPASS: gcc.dg/guality/example.c  -O2  execution test
XPASS: gcc.dg/guality/example.c  -O2 -flto  execution test
XPASS: gcc.dg/guality/example.c  -O2 -fwhopr  execution test
XPASS: gcc.dg/guality/guality.c  -O0  execution test
XPASS: gcc.dg/guality/guality.c  -O1  execution test
XPASS: gcc.dg/guality/guality.c  -O2  execution test
XPASS: gcc.dg/guality/guality.c  -O3 -fomit-frame-pointer  execution test
XPASS: gcc.dg/guality/guality.c  -O3 -g  execution test
XPASS: gcc.dg/guality/guality.c  -Os  execution test
XPASS: gcc.dg/guality/guality.c  -O2 -flto  execution test
XPASS: gcc.dg/guality/guality.c  -O2 -fwhopr  execution test
FAIL: gcc.dg/guality/inline-params.c  -O1  execution test
XPASS: gcc.dg/guality/pr41353-1.c  -O0  line 28 j == 28 + 37
XPASS: gcc.dg/guality/pr41353-1.c  -O1  line 28 j == 28 + 37
XPASS: gcc.dg/guality/pr41353-1.c  -O2  line 28 j == 28 + 37
XPASS: gcc.dg/guality/pr41353-1.c  -O3 -fomit-frame-pointer  line 28 j == 28 + 37
XPASS: gcc.dg/guality/pr41353-1.c  -O3 -g  line 28 j == 28 + 37
XPASS: gcc.dg/guality/pr41353-1.c  -Os  line 28 j == 28 + 37
FAIL: gcc.dg/guality/pr41353-1.c  -O2 -flto  line 28 i == 37
FAIL: gcc.dg/guality/pr41353-1.c  -O2 -flto  line 28 i1 == 2 * 37
FAIL: gcc.dg/guality/pr41353-1.c  -O2 -flto  line 28 i2 == 3 * 37
FAIL: gcc.dg/guality/pr41353-1.c  -O2 -fwhopr  line 28 i == 37
FAIL: gcc.dg/guality/pr41353-1.c  -O2 -fwhopr  line 28 i1 == 2 * 37
FAIL: gcc.dg/guality/pr41353-1.c  -O2 -fwhopr  line 28 i2 == 3 * 37
XPASS: gcc.dg/guality/pr41447-1.c  -O0  execution test
XPASS: gcc.dg/guality/pr41616-1.c  -O0  execution test
XPASS: gcc.dg/guality/pr41616-1.c  -O1  execution test
XPASS: gcc.dg/guality/pr41616-1.c  -O2  execution test
XPASS: gcc.dg/guality/pr41616-1.c  -O3 -fomit-frame-pointer  execution test
XPASS: gcc.dg/guality/pr41616-1.c  -O3 -g  execution test
XPASS: gcc.dg/guality/pr41616-1.c  -Os  execution test
XPASS: gcc.dg/guality/pr41616-1.c  -O2 -flto  execution test
XPASS: gcc.dg/guality/pr41616-1.c  -O2 -fwhopr  execution test
FAIL: gcc.dg/guality/vla-1.c  -O1  line 24 sizeof (a) == 17 * sizeof (short)
FAIL: gcc.dg/guality/vla-1.c  -O2  line 17 sizeof (a) == 6
FAIL: gcc.dg/guality/vla-1.c  -O2  line 24 sizeof (a) == 17 * sizeof (short)
FAIL: gcc.dg/guality/vla-1.c  -O3 -fomit-frame-pointer  line 17 sizeof (a) == 6
FAIL: gcc.dg/guality/vla-1.c  -O3 -fomit-frame-pointer  line 24 sizeof (a) == 17 * sizeof (short)
FAIL: gcc.dg/guality/vla-1.c  -O3 -g  line 17 sizeof (a) == 6
FAIL: gcc.dg/guality/vla-1.c  -O3 -g  line 24 sizeof (a) == 17 * sizeof (short)
FAIL: gcc.dg/guality/vla-1.c  -Os  line 17 sizeof (a) == 6
FAIL: gcc.dg/guality/vla-1.c  -Os  line 24 sizeof (a) == 17 * sizeof (short)
FAIL: gcc.dg/guality/vla-1.c  -O2 -flto  line 17 sizeof (a) == 6
FAIL: gcc.dg/guality/vla-1.c  -O2 -flto  line 24 sizeof (a) == 17 * sizeof (short)
FAIL: gcc.dg/guality/vla-1.c  -O2 -fwhopr  line 17 sizeof (a) == 6
FAIL: gcc.dg/guality/vla-1.c  -O2 -fwhopr  line 24 sizeof (a) == 17 * sizeof (short)
FAIL: gcc.dg/lto/20090126-1 c_lto_20090126-1_0.o-c_lto_20090126-1_0.o link,  (internal compiler error)
UNRESOLVED: gcc.dg/lto/20090126-1 c_lto_20090126-1_0.o-c_lto_20090126-1_0.o execute -O0 -fwhopr

		=== gcc Summary for unix ===

# of expected passes		72747
# of unexpected failures	24
# of unexpected successes	28
# of expected failures		189
# of unresolved testcases	1
# of unsupported tests		996

Running target unix/-m32
FAIL: gcc.dg/cproj-fails-with-broken-glibc.c execution test
FAIL: gcc.dg/pr34668-1.c (internal compiler error)
FAIL: gcc.dg/pr34668-1.c (test for excess errors)
XPASS: gcc.dg/guality/example.c  -O0  execution test
XPASS: gcc.dg/guality/example.c  -O1  execution test
XPASS: gcc.dg/guality/example.c  -O2  execution test
XPASS: gcc.dg/guality/example.c  -O2 -flto  execution test
XPASS: gcc.dg/guality/example.c  -O2 -fwhopr  execution test
XPASS: gcc.dg/guality/guality.c  -O0  execution test
XPASS: gcc.dg/guality/guality.c  -O1  execution test
XPASS: gcc.dg/guality/guality.c  -O2  execution test
XPASS: gcc.dg/guality/guality.c  -O3 -fomit-frame-pointer  execution test
XPASS: gcc.dg/guality/guality.c  -O3 -g  execution test
XPASS: gcc.dg/guality/guality.c  -Os  execution test
XPASS: gcc.dg/guality/guality.c  -O2 -flto  execution test
XPASS: gcc.dg/guality/guality.c  -O2 -fwhopr  execution test
FAIL: gcc.dg/guality/inline-params.c  -O1  execution test
XPASS: gcc.dg/guality/pr41353-1.c  -O0  line 28 j == 28 + 37
XPASS: gcc.dg/guality/pr41353-1.c  -O1  line 28 j == 28 + 37
XPASS: gcc.dg/guality/pr41353-1.c  -O2  line 28 j == 28 + 37
XPASS: gcc.dg/guality/pr41353-1.c  -O3 -fomit-frame-pointer  line 28 j == 28 + 37
XPASS: gcc.dg/guality/pr41353-1.c  -O3 -g  line 28 j == 28 + 37
XPASS: gcc.dg/guality/pr41353-1.c  -Os  line 28 j == 28 + 37
FAIL: gcc.dg/guality/pr41353-1.c  -O2 -flto  line 28 i == 37
FAIL: gcc.dg/guality/pr41353-1.c  -O2 -flto  line 28 i1 == 2 * 37
FAIL: gcc.dg/guality/pr41353-1.c  -O2 -flto  line 28 i2 == 3 * 37
FAIL: gcc.dg/guality/pr41353-1.c  -O2 -fwhopr  line 28 i == 37
FAIL: gcc.dg/guality/pr41353-1.c  -O2 -fwhopr  line 28 i1 == 2 * 37
FAIL: gcc.dg/guality/pr41353-1.c  -O2 -fwhopr  line 28 i2 == 3 * 37
XPASS: gcc.dg/guality/pr41447-1.c  -O0  execution test
XPASS: gcc.dg/guality/pr41447-1.c  -O1  execution test
XPASS: gcc.dg/guality/pr41447-1.c  -O2  execution test
XPASS: gcc.dg/guality/pr41447-1.c  -O3 -g  execution test
XPASS: gcc.dg/guality/pr41447-1.c  -Os  execution test
XPASS: gcc.dg/guality/pr41447-1.c  -O2 -flto  execution test
XPASS: gcc.dg/guality/pr41616-1.c  -O0  execution test
XPASS: gcc.dg/guality/pr41616-1.c  -O1  execution test
XPASS: gcc.dg/guality/pr41616-1.c  -O2  execution test
XPASS: gcc.dg/guality/pr41616-1.c  -O3 -fomit-frame-pointer  execution test
XPASS: gcc.dg/guality/pr41616-1.c  -O3 -g  execution test
XPASS: gcc.dg/guality/pr41616-1.c  -Os  execution test
XPASS: gcc.dg/guality/pr41616-1.c  -O2 -flto  execution test
XPASS: gcc.dg/guality/pr41616-1.c  -O2 -fwhopr  execution test
FAIL: gcc.dg/guality/vla-1.c  -O2 -flto  line 17 sizeof (a) == 6
FAIL: gcc.dg/guality/vla-1.c  -O2 -flto  line 24 sizeof (a) == 17 * sizeof (short)
FAIL: gcc.dg/guality/vla-1.c  -O2 -fwhopr  line 17 sizeof (a) == 6
FAIL: gcc.dg/guality/vla-1.c  -O2 -fwhopr  line 24 sizeof (a) == 17 * sizeof (short)
FAIL: gcc.dg/lto/20090126-1 c_lto_20090126-1_0.o-c_lto_20090126-1_0.o link,  (internal compiler error)
UNRESOLVED: gcc.dg/lto/20090126-1 c_lto_20090126-1_0.o-c_lto_20090126-1_0.o execute -O0 -fwhopr

		=== gcc Summary for unix/-m32 ===

# of expected passes		73292
# of unexpected failures	15
# of unexpected successes	33
# of expected failures		185
# of unresolved testcases	1
# of unsupported tests		612

		=== gcc Summary ===

# of expected passes		146039
# of unexpected failures	39
# of unexpected successes	61
# of expected failures		374
# of unresolved testcases	2
# of unsupported tests		1608
/build/gcc/gcc/xgcc  version 4.6.0 20100430 (experimental) [trunk revision 158940] (GCC) 

		=== gfortran tests ===


Running target unix
FAIL: gfortran.dg/array_constructor_11.f90  -O3 -g  (internal compiler error)
FAIL: gfortran.dg/array_constructor_11.f90  -O3 -g  (test for excess errors)
WARNING: gfortran.dg/array_constructor_11.f90  -O3 -g  compilation failed to produce executable

		=== gfortran Summary for unix ===

# of expected passes		34380
# of unexpected failures	2
# of expected failures		20
# of unsupported tests		58

Running target unix/-m32
FAIL: gfortran.dg/array_constructor_11.f90  -O3 -g  (internal compiler error)
FAIL: gfortran.dg/array_constructor_11.f90  -O3 -g  (test for excess errors)
WARNING: gfortran.dg/array_constructor_11.f90  -O3 -g  compilation failed to produce executable

		=== gfortran Summary for unix/-m32 ===

# of expected passes		34235
# of unexpected failures	2
# of expected failures		20
# of unsupported tests		126

		=== gfortran Summary ===

# of expected passes		68615
# of unexpected failures	4
# of expected failures		40
# of unsupported tests		184
/build/gcc/gcc/testsuite/gfortran/../../gfortran  version 4.6.0 20100430 (experimental) [trunk revision 158940] (GCC) 

		=== g++ tests ===


Running target unix

		=== g++ Summary for unix ===

# of expected passes		22855
# of expected failures		151
# of unsupported tests		320

Running target unix/-m32

		=== g++ Summary for unix/-m32 ===

# of expected passes		23284
# of expected failures		151
# of unsupported tests		114

		=== g++ Summary ===

# of expected passes		46139
# of expected failures		302
# of unsupported tests		434
/build/gcc/gcc/testsuite/g++/../../g++  version 4.6.0 20100430 (experimental) [trunk revision 158940] (GCC) 

		=== gnat tests ===


Running target unix/-m32

		=== gnat Summary for unix/-m32 ===

# of expected passes		778
# of expected failures		8
# of unsupported tests		1

Running target unix

		=== gnat Summary for unix ===

# of expected passes		778
# of expected failures		8
# of unsupported tests		1

		=== gnat Summary ===

# of expected passes		1556
# of expected failures		16
# of unsupported tests		2
		=== objc tests ===


Running target unix/-m32

		=== objc Summary for unix/-m32 ===

# of expected passes		1907
# of expected failures		7
# of unsupported tests		20

Running target unix

		=== objc Summary for unix ===

# of expected passes		1869
# of expected failures		15
# of unsupported tests		20

		=== objc Summary ===

# of expected passes		3776
# of expected failures		22
# of unsupported tests		40
/build/gcc/gcc/xgcc  version 4.6.0 20100430 (experimental) [trunk revision 158940] (GCC) 

		=== libffi tests ===


Running target unix/-m32

		=== libffi Summary for unix/-m32 ===

# of expected passes		1624
# of expected failures		10
# of unsupported tests		15

Running target unix

		=== libffi Summary for unix ===

# of expected passes		1624
# of expected failures		10
# of unsupported tests		15

		=== libffi Summary ===

# of expected passes		3248
# of expected failures		20
# of unsupported tests		30
		=== libgomp tests ===


Running target unix/-m32

		=== libgomp Summary for unix/-m32 ===

# of expected passes		2494

Running target unix

		=== libgomp Summary for unix ===

# of expected passes		2494

		=== libgomp Summary ===

# of expected passes		4988
		=== libjava tests ===


Running target unix/-m32

		=== libjava Summary for unix/-m32 ===

# of expected passes		2574

Running target unix

		=== libjava Summary for unix ===

# of expected passes		2574

		=== libjava Summary ===

# of expected passes		5148
		=== libmudflap tests ===


Running target unix/-m32
FAIL: libmudflap.c++/pass57-frag.cxx (test for excess errors)
FAIL: libmudflap.c++/pass57-frag.cxx (-static) (test for excess errors)
FAIL: libmudflap.c++/pass57-frag.cxx ( -O) (test for excess errors)
FAIL: libmudflap.c++/pass57-frag.cxx (-O2) (test for excess errors)
FAIL: libmudflap.c++/pass57-frag.cxx (-O3) (test for excess errors)

		=== libmudflap Summary for unix/-m32 ===

# of expected passes		1889
# of unexpected failures	5

Running target unix
FAIL: libmudflap.c++/pass57-frag.cxx (test for excess errors)
FAIL: libmudflap.c++/pass57-frag.cxx (-static) (test for excess errors)
FAIL: libmudflap.c++/pass57-frag.cxx ( -O) (test for excess errors)
FAIL: libmudflap.c++/pass57-frag.cxx (-O2) (test for excess errors)
FAIL: libmudflap.c++/pass57-frag.cxx (-O3) (test for excess errors)

		=== libmudflap Summary for unix ===

# of expected passes		1889
# of unexpected failures	5

		=== libmudflap Summary ===

# of expected passes		3778
# of unexpected failures	10
		=== libstdc++ tests ===


Running target unix

		=== libstdc++ Summary for unix ===

# of expected passes		7726
# of expected failures		95
# of unsupported tests		11

Running target unix/-m32

		=== libstdc++ Summary for unix/-m32 ===

# of expected passes		7726
# of expected failures		95
# of unsupported tests		11

		=== libstdc++ Summary ===

# of expected passes		15452
# of expected failures		190
# of unsupported tests		22

Compiler version: 4.6.0 20100430 (experimental) [trunk revision 158940] (GCC) 
Platform: x86_64-suse-linux-gnu
configure flags: --prefix=/opt/gcc/4.6-devel --enable-checking=yes,rtl --enable-gold --enable-lto --enable-decimal-float --enable-threads=posix --enable-clocale=gnu --enable-ssp --disable-libssp --enable-libstdcxx-allocator=new --enable-__cxa_atexit --enable-shared --enable-languages=c,c++,ada,java,fortran,objc --with-system-zlib x86_64-suse-linux-gnu
Version of binutils: GNU ld (GNU Binutils; devel:gcc / openSUSE_11.2) 2.20.0.20100122-33
Version of glibc (/lib/libc.so.6): 2.10.1 (20090918)
Version of glibc (/lib64/libc.so.6): 2.10.1 (20090918)


Index Nav: [Date Index] [Subject Index] [Author Index] [Thread Index]
Message Nav: [Date Prev] [Date Next] [Thread Prev] [Thread Next]