This is the mail archive of the gcc-testresults@gcc.gnu.org mailing list for the GCC project.


Index Nav: [Date Index] [Subject Index] [Author Index] [Thread Index]
Message Nav: [Date Prev] [Date Next] [Thread Prev] [Thread Next]
Other format: [Raw text]

Results for 4.5.1 20100425 (prerelease) [gcc-4_5-branch revision 158712] (GCC) testsuite on hppa64-hp-hpux11.00


Native configuration is hppa64-hp-hpux11.00

		=== g++ tests ===


Running target unix

		=== g++ Summary ===

# of expected passes		20322
# of expected failures		151
# of unsupported tests		237
/home/gnu/gcc/objdir/gcc/testsuite/g++/../../g++  version 4.5.1 20100425 (prerelease) [gcc-4_5-branch revision 158712] (GCC) 

		=== gcc tests ===


Running target unix
WARNING: program timed out.
FAIL: gcc.c-torture/compile/limits-fnargs.c  -O2  (test for excess errors)
WARNING: program timed out.
FAIL: gcc.c-torture/compile/limits-fnargs.c  -O3 -fomit-frame-pointer  (test for excess errors)
WARNING: program timed out.
FAIL: gcc.c-torture/compile/limits-fnargs.c  -O3 -g  (test for excess errors)
WARNING: program timed out.
FAIL: gcc.c-torture/compile/limits-fndefn.c  -O3 -g  (test for excess errors)
WARNING: program timed out.
FAIL: gcc.c-torture/compile/limits-structnest.c  -O2  (test for excess errors)
WARNING: program timed out.
FAIL: gcc.c-torture/compile/limits-structnest.c  -O3 -fomit-frame-pointer  (test for excess errors)
WARNING: program timed out.
FAIL: gcc.c-torture/compile/limits-structnest.c  -O3 -g  (test for excess errors)
WARNING: program timed out.
FAIL: gcc.c-torture/compile/limits-structnest.c  -Os  (test for excess errors)
WARNING: program timed out.
FAIL: gcc.dg/c99-intconst-1.c (test for excess errors)
XPASS: gcc.dg/funcorder.c scan-assembler-not link_error,%r
WARNING: program timed out.
FAIL: gcc.dg/pr43058.c (test for excess errors)
FAIL: gcc.dg/pr43643.c (test for excess errors)
WARNING: gcc.dg/pr43643.c compilation failed to produce executable
WARNING: program timed out.
WARNING: program timed out.
FAIL: gcc.dg/torture/fp-int-convert-long-double.c  -O3 -g  (test for excess errors)
WARNING: gcc.dg/torture/fp-int-convert-long-double.c  -O3 -g  compilation failed to produce executable
FAIL: gcc.dg/tree-prof/pr34999.c compilation,  -fprofile-use -D_PROFILE_USE
UNRESOLVED: gcc.dg/tree-prof/pr34999.c execution,    -fprofile-use -D_PROFILE_USE
FAIL: gcc.dg/tree-ssa/20031015-1.c (internal compiler error)
FAIL: gcc.dg/tree-ssa/20031015-1.c (test for excess errors)
FAIL: gcc.dg/tree-ssa/asm-1.c (internal compiler error)
FAIL: gcc.dg/tree-ssa/asm-1.c (test for excess errors)
FAIL: gcc.dg/tree-ssa/asm-1.c scan-tree-dump-times optimized "63" 1
FAIL: gcc.dg/tree-ssa/asm-2.c (internal compiler error)
FAIL: gcc.dg/tree-ssa/asm-2.c (test for excess errors)
FAIL: gcc.dg/tree-ssa/asm-2.c scan-tree-dump-times optimized "asm[^\\r\\n]*xyzzy" 1
FAIL: gcc.dg/tree-ssa/asmgoto-1.c (internal compiler error)
FAIL: gcc.dg/tree-ssa/asmgoto-1.c (test for excess errors)
FAIL: gcc.dg/tree-ssa/asmgoto-1.c scan-tree-dump-times optimized "XYZZY" 1
FAIL: gcc.dg/tree-ssa/inline_asm-1.c (internal compiler error)
FAIL: gcc.dg/tree-ssa/inline_asm-1.c (test for excess errors)
FAIL: gcc.dg/tree-ssa/inline_asm-1.c scan-tree-dump-times optimized "test_function" 2: dump file does not exist
FAIL: gcc.dg/tree-ssa/pr23848-4.c (internal compiler error)
FAIL: gcc.dg/tree-ssa/pr23848-4.c (test for excess errors)
FAIL: gcc.dg/tree-ssa/pr38533.c (internal compiler error)
FAIL: gcc.dg/tree-ssa/pr38533.c (test for excess errors)
FAIL: gcc.dg/tree-ssa/pr38533.c scan-tree-dump-times reassoc1 "__asm__[^;
FAIL: gcc.dg/tree-ssa/stdarg-2.c (internal compiler error)
FAIL: gcc.dg/tree-ssa/stdarg-2.c (test for excess errors)

		=== gcc Summary ===

# of expected passes		52157
# of unexpected failures	34
# of unexpected successes	1
# of expected failures		89
# of unresolved testcases	1
# of unsupported tests		688
/home/gnu/gcc/objdir/gcc/xgcc  version 4.5.1 20100425 (prerelease) [gcc-4_5-branch revision 158712] (GCC) 

		=== gfortran tests ===


Running target unix
WARNING: program timed out.
FAIL: gfortran.dg/array_constructor_33.f90  -O  (test for excess errors)

		=== gfortran Summary ===

# of expected passes		32860
# of unexpected failures	1
# of expected failures		21
# of unsupported tests		277
/home/gnu/gcc/objdir/gcc/testsuite/gfortran/../../gfortran  version 4.5.1 20100425 (prerelease) [gcc-4_5-branch revision 158712] (GCC) 

		=== obj-c++ tests ===


Running target unix
XPASS: obj-c++.dg/comp-types-10.mm -fgnu-runtime (test for excess errors)
WARNING: obj-c++.dg/lookup-2.mm -fgnu-runtime compilation failed to produce executable
WARNING: obj-c++.dg/try-catch-2.mm -fgnu-runtime compilation failed to produce executable
WARNING: obj-c++.dg/try-catch-9.mm -fgnu-runtime compilation failed to produce executable

		=== obj-c++ Summary ===

# of expected passes		428
# of unexpected successes	1
# of expected failures		14
# of unsupported tests		13
/home/gnu/gcc/objdir/gcc/testsuite/obj-c++/../../g++  version 4.5.1 20100425 (prerelease) [gcc-4_5-branch revision 158712] (GCC) 

		=== objc tests ===


Running target unix

		=== objc Summary ===

# of expected passes		1866
# of expected failures		15
# of unsupported tests		22
/home/gnu/gcc/objdir/gcc/xgcc  version 4.5.1 20100425 (prerelease) [gcc-4_5-branch revision 158712] (GCC) 

		=== libgomp tests ===


Running target unix

		=== libgomp Summary ===

# of expected passes		2458
# of unsupported tests		9
		=== libstdc++ tests ===


Running target unix
FAIL: 18_support/numeric_limits/lowest.cc execution test
FAIL: 21_strings/basic_string/requirements/typedefs.cc (test for excess errors)
WARNING: program timed out.
FAIL: ext/pb_ds/regression/tree_data_map_rand.cc (test for excess errors)
WARNING: ext/pb_ds/regression/tree_data_map_rand.cc compilation failed to produce executable
WARNING: program timed out.
FAIL: ext/pb_ds/regression/tree_no_data_map_rand.cc (test for excess errors)
WARNING: ext/pb_ds/regression/tree_no_data_map_rand.cc compilation failed to produce executable
FAIL: ext/profile/all.cc (test for excess errors)

		=== libstdc++ Summary ===

# of expected passes		5409
# of unexpected failures	5
# of expected failures		87
# of unsupported tests		464

Compiler version: 4.5.1 20100425 (prerelease) [gcc-4_5-branch revision 158712] (GCC) 
Platform: hppa64-hp-hpux11.00
configure flags:Test Run By dave on Tue Apr 27 14:03:58 2010


Index Nav: [Date Index] [Subject Index] [Author Index] [Thread Index]
Message Nav: [Date Prev] [Date Next] [Thread Prev] [Thread Next]