This is the mail archive of the gcc-testresults@gcc.gnu.org mailing list for the GCC project.


Index Nav: [Date Index] [Subject Index] [Author Index] [Thread Index]
Message Nav: [Date Prev] [Date Next] [Thread Prev] [Thread Next]
Other format: [Raw text]

Results for 4.6.0 20100428 (experimental) [trunk revision 158844] (GCC) testsuite on powerpc-unknown-rtems4.10


LAST_UPDATED: Wed Apr 28 21:27:33 UTC 2010 (revision 158844)

Target is powerpc-unknown-rtems4.10
Host   is x86_64-unknown-linux-gnu

		=== gcc tests ===


Running target rtems-powerpc-psim
FAIL: gcc.c-torture/compile/limits-exprparen.c  -O0  (test for excess errors)
FAIL: gcc.c-torture/compile/limits-exprparen.c  -O1  (test for excess errors)
FAIL: gcc.c-torture/compile/limits-exprparen.c  -O2  (test for excess errors)
FAIL: gcc.c-torture/compile/limits-exprparen.c  -O3 -fomit-frame-pointer  (test for excess errors)
FAIL: gcc.c-torture/compile/limits-exprparen.c  -O3 -g  (test for excess errors)
FAIL: gcc.c-torture/compile/limits-exprparen.c  -Os  (test for excess errors)
FAIL: gcc.c-torture/compile/limits-exprparen.c  -O2 -flto  (test for excess errors)
FAIL: gcc.c-torture/compile/limits-exprparen.c  -O2 -fwhopr  (test for excess errors)
FAIL: gcc.c-torture/execute/builtins/20010124-1.c compilation,  -Os 
UNRESOLVED: gcc.c-torture/execute/builtins/20010124-1.c execution,  -Os 
FAIL: gcc.c-torture/execute/builtins/abs-1.c compilation,  -Os 
UNRESOLVED: gcc.c-torture/execute/builtins/abs-1.c execution,  -Os 
FAIL: gcc.c-torture/execute/builtins/abs-2.c compilation,  -Os 
UNRESOLVED: gcc.c-torture/execute/builtins/abs-2.c execution,  -Os 
FAIL: gcc.c-torture/execute/builtins/abs-3.c compilation,  -Os 
UNRESOLVED: gcc.c-torture/execute/builtins/abs-3.c execution,  -Os 
FAIL: gcc.c-torture/execute/builtins/complex-1.c compilation,  -Os 
UNRESOLVED: gcc.c-torture/execute/builtins/complex-1.c execution,  -Os 
FAIL: gcc.c-torture/execute/builtins/fprintf.c compilation,  -Os 
UNRESOLVED: gcc.c-torture/execute/builtins/fprintf.c execution,  -Os 
FAIL: gcc.c-torture/execute/builtins/fputs.c compilation,  -Os 
UNRESOLVED: gcc.c-torture/execute/builtins/fputs.c execution,  -Os 
FAIL: gcc.c-torture/execute/builtins/memchr.c compilation,  -Os 
UNRESOLVED: gcc.c-torture/execute/builtins/memchr.c execution,  -Os 
FAIL: gcc.c-torture/execute/builtins/memcmp.c compilation,  -Os 
UNRESOLVED: gcc.c-torture/execute/builtins/memcmp.c execution,  -Os 
FAIL: gcc.c-torture/execute/builtins/memcpy-chk.c compilation,  -Os 
UNRESOLVED: gcc.c-torture/execute/builtins/memcpy-chk.c execution,  -Os 
FAIL: gcc.c-torture/execute/builtins/memmove-2.c compilation,  -Os 
UNRESOLVED: gcc.c-torture/execute/builtins/memmove-2.c execution,  -Os 
FAIL: gcc.c-torture/execute/builtins/memmove-2.c execution,  -O2 -fwhopr 
FAIL: gcc.c-torture/execute/builtins/memmove-chk.c compilation,  -Os 
UNRESOLVED: gcc.c-torture/execute/builtins/memmove-chk.c execution,  -Os 
FAIL: gcc.c-torture/execute/builtins/memmove.c compilation,  -Os 
UNRESOLVED: gcc.c-torture/execute/builtins/memmove.c execution,  -Os 
FAIL: gcc.c-torture/execute/builtins/memops-asm.c compilation,  -Os 
UNRESOLVED: gcc.c-torture/execute/builtins/memops-asm.c execution,  -Os 
FAIL: gcc.c-torture/execute/builtins/mempcpy-2.c compilation,  -Os 
UNRESOLVED: gcc.c-torture/execute/builtins/mempcpy-2.c execution,  -Os 
FAIL: gcc.c-torture/execute/builtins/mempcpy-chk.c compilation,  -Os 
UNRESOLVED: gcc.c-torture/execute/builtins/mempcpy-chk.c execution,  -Os 
FAIL: gcc.c-torture/execute/builtins/mempcpy.c compilation,  -Os 
UNRESOLVED: gcc.c-torture/execute/builtins/mempcpy.c execution,  -Os 
FAIL: gcc.c-torture/execute/builtins/memset-chk.c compilation,  -Os 
UNRESOLVED: gcc.c-torture/execute/builtins/memset-chk.c execution,  -Os 
FAIL: gcc.c-torture/execute/builtins/memset.c compilation,  -Os 
UNRESOLVED: gcc.c-torture/execute/builtins/memset.c execution,  -Os 
FAIL: gcc.c-torture/execute/builtins/pr22237.c compilation,  -Os 
UNRESOLVED: gcc.c-torture/execute/builtins/pr22237.c execution,  -Os 
FAIL: gcc.c-torture/execute/builtins/pr23484-chk.c compilation,  -Os 
UNRESOLVED: gcc.c-torture/execute/builtins/pr23484-chk.c execution,  -Os 
FAIL: gcc.c-torture/execute/builtins/printf.c compilation,  -Os 
UNRESOLVED: gcc.c-torture/execute/builtins/printf.c execution,  -Os 
FAIL: gcc.c-torture/execute/builtins/snprintf-chk.c compilation,  -Os 
UNRESOLVED: gcc.c-torture/execute/builtins/snprintf-chk.c execution,  -Os 
FAIL: gcc.c-torture/execute/builtins/sprintf-chk.c compilation,  -Os 
UNRESOLVED: gcc.c-torture/execute/builtins/sprintf-chk.c execution,  -Os 
FAIL: gcc.c-torture/execute/builtins/sprintf.c compilation,  -Os 
UNRESOLVED: gcc.c-torture/execute/builtins/sprintf.c execution,  -Os 
FAIL: gcc.c-torture/execute/builtins/stpcpy-chk.c compilation,  -Os 
UNRESOLVED: gcc.c-torture/execute/builtins/stpcpy-chk.c execution,  -Os 
FAIL: gcc.c-torture/execute/builtins/strcat-chk.c compilation,  -Os 
UNRESOLVED: gcc.c-torture/execute/builtins/strcat-chk.c execution,  -Os 
FAIL: gcc.c-torture/execute/builtins/strcat.c compilation,  -Os 
UNRESOLVED: gcc.c-torture/execute/builtins/strcat.c execution,  -Os 
FAIL: gcc.c-torture/execute/builtins/strchr.c compilation,  -Os 
UNRESOLVED: gcc.c-torture/execute/builtins/strchr.c execution,  -Os 
FAIL: gcc.c-torture/execute/builtins/strcmp.c compilation,  -Os 
UNRESOLVED: gcc.c-torture/execute/builtins/strcmp.c execution,  -Os 
FAIL: gcc.c-torture/execute/builtins/strcpy-2.c compilation,  -Os 
UNRESOLVED: gcc.c-torture/execute/builtins/strcpy-2.c execution,  -Os 
FAIL: gcc.c-torture/execute/builtins/strcpy-chk.c compilation,  -Os 
UNRESOLVED: gcc.c-torture/execute/builtins/strcpy-chk.c execution,  -Os 
FAIL: gcc.c-torture/execute/builtins/strcpy.c compilation,  -Os 
UNRESOLVED: gcc.c-torture/execute/builtins/strcpy.c execution,  -Os 
FAIL: gcc.c-torture/execute/builtins/strcspn.c compilation,  -Os 
UNRESOLVED: gcc.c-torture/execute/builtins/strcspn.c execution,  -Os 
FAIL: gcc.c-torture/execute/builtins/strlen-2.c compilation,  -Os 
UNRESOLVED: gcc.c-torture/execute/builtins/strlen-2.c execution,  -Os 
FAIL: gcc.c-torture/execute/builtins/strlen-3.c compilation,  -Os 
UNRESOLVED: gcc.c-torture/execute/builtins/strlen-3.c execution,  -Os 
FAIL: gcc.c-torture/execute/builtins/strlen.c compilation,  -Os 
UNRESOLVED: gcc.c-torture/execute/builtins/strlen.c execution,  -Os 
FAIL: gcc.c-torture/execute/builtins/strncat-chk.c compilation,  -Os 
UNRESOLVED: gcc.c-torture/execute/builtins/strncat-chk.c execution,  -Os 
FAIL: gcc.c-torture/execute/builtins/strncat.c compilation,  -Os 
UNRESOLVED: gcc.c-torture/execute/builtins/strncat.c execution,  -Os 
FAIL: gcc.c-torture/execute/builtins/strncmp-2.c compilation,  -Os 
UNRESOLVED: gcc.c-torture/execute/builtins/strncmp-2.c execution,  -Os 
FAIL: gcc.c-torture/execute/builtins/strncmp.c compilation,  -Os 
UNRESOLVED: gcc.c-torture/execute/builtins/strncmp.c execution,  -Os 
FAIL: gcc.c-torture/execute/builtins/strncpy-chk.c compilation,  -Os 
UNRESOLVED: gcc.c-torture/execute/builtins/strncpy-chk.c execution,  -Os 
FAIL: gcc.c-torture/execute/builtins/strncpy.c compilation,  -Os 
UNRESOLVED: gcc.c-torture/execute/builtins/strncpy.c execution,  -Os 
FAIL: gcc.c-torture/execute/builtins/strpbrk.c compilation,  -Os 
UNRESOLVED: gcc.c-torture/execute/builtins/strpbrk.c execution,  -Os 
FAIL: gcc.c-torture/execute/builtins/strpcpy-2.c compilation,  -Os 
UNRESOLVED: gcc.c-torture/execute/builtins/strpcpy-2.c execution,  -Os 
FAIL: gcc.c-torture/execute/builtins/strpcpy.c compilation,  -Os 
UNRESOLVED: gcc.c-torture/execute/builtins/strpcpy.c execution,  -Os 
FAIL: gcc.c-torture/execute/builtins/strrchr.c compilation,  -Os 
UNRESOLVED: gcc.c-torture/execute/builtins/strrchr.c execution,  -Os 
FAIL: gcc.c-torture/execute/builtins/strspn.c compilation,  -Os 
UNRESOLVED: gcc.c-torture/execute/builtins/strspn.c execution,  -Os 
FAIL: gcc.c-torture/execute/builtins/strstr-asm.c compilation,  -Os 
UNRESOLVED: gcc.c-torture/execute/builtins/strstr-asm.c execution,  -Os 
FAIL: gcc.c-torture/execute/builtins/strstr.c compilation,  -Os 
UNRESOLVED: gcc.c-torture/execute/builtins/strstr.c execution,  -Os 
FAIL: gcc.c-torture/execute/builtins/vsnprintf-chk.c compilation,  -Os 
UNRESOLVED: gcc.c-torture/execute/builtins/vsnprintf-chk.c execution,  -Os 
FAIL: gcc.c-torture/execute/builtins/vsprintf-chk.c compilation,  -Os 
UNRESOLVED: gcc.c-torture/execute/builtins/vsprintf-chk.c execution,  -Os 
FAIL: gcc.c-torture/execute/20000112-1.c compilation,  -Os 
UNRESOLVED: gcc.c-torture/execute/20000112-1.c execution,  -Os 
FAIL: gcc.c-torture/execute/20000412-4.c compilation,  -Os 
UNRESOLVED: gcc.c-torture/execute/20000412-4.c execution,  -Os 
FAIL: gcc.c-torture/execute/20000703-1.c compilation,  -Os 
UNRESOLVED: gcc.c-torture/execute/20000703-1.c execution,  -Os 
FAIL: gcc.c-torture/execute/20000801-1.c compilation,  -Os 
UNRESOLVED: gcc.c-torture/execute/20000801-1.c execution,  -Os 
FAIL: gcc.c-torture/execute/20000808-1.c compilation,  -Os 
UNRESOLVED: gcc.c-torture/execute/20000808-1.c execution,  -Os 
FAIL: gcc.c-torture/execute/20000815-1.c compilation,  -Os 
UNRESOLVED: gcc.c-torture/execute/20000815-1.c execution,  -Os 
FAIL: gcc.c-torture/execute/20000822-1.c compilation,  -Os 
UNRESOLVED: gcc.c-torture/execute/20000822-1.c execution,  -Os 
FAIL: gcc.c-torture/execute/20000910-2.c compilation,  -Os 
UNRESOLVED: gcc.c-torture/execute/20000910-2.c execution,  -Os 
FAIL: gcc.c-torture/execute/20001130-1.c compilation,  -Os 
UNRESOLVED: gcc.c-torture/execute/20001130-1.c execution,  -Os 
FAIL: gcc.c-torture/execute/20010116-1.c compilation,  -Os 
UNRESOLVED: gcc.c-torture/execute/20010116-1.c execution,  -Os 
FAIL: gcc.c-torture/execute/20010122-1.c compilation,  -Os 
UNRESOLVED: gcc.c-torture/execute/20010122-1.c execution,  -Os 
FAIL: gcc.c-torture/execute/20010209-1.c compilation,  -Os 
UNRESOLVED: gcc.c-torture/execute/20010209-1.c execution,  -Os 
FAIL: gcc.c-torture/execute/20010518-2.c compilation,  -Os 
UNRESOLVED: gcc.c-torture/execute/20010518-2.c execution,  -Os 
FAIL: gcc.c-torture/execute/20010915-1.c compilation,  -Os 
UNRESOLVED: gcc.c-torture/execute/20010915-1.c execution,  -Os 
FAIL: gcc.c-torture/execute/20011024-1.c compilation,  -Os 
UNRESOLVED: gcc.c-torture/execute/20011024-1.c execution,  -Os 
FAIL: gcc.c-torture/execute/20011113-1.c compilation,  -Os 
UNRESOLVED: gcc.c-torture/execute/20011113-1.c execution,  -Os 
FAIL: gcc.c-torture/execute/20020206-1.c compilation,  -Os 
UNRESOLVED: gcc.c-torture/execute/20020206-1.c execution,  -Os 
FAIL: gcc.c-torture/execute/20020314-1.c compilation,  -Os 
UNRESOLVED: gcc.c-torture/execute/20020314-1.c execution,  -Os 
FAIL: gcc.c-torture/execute/20020402-3.c compilation,  -Os 
UNRESOLVED: gcc.c-torture/execute/20020402-3.c execution,  -Os 
FAIL: gcc.c-torture/execute/20020406-1.c compilation,  -Os 
UNRESOLVED: gcc.c-torture/execute/20020406-1.c execution,  -Os 
FAIL: gcc.c-torture/execute/20020412-1.c compilation,  -Os 
UNRESOLVED: gcc.c-torture/execute/20020412-1.c execution,  -Os 
FAIL: gcc.c-torture/execute/20020413-1.c compilation,  -Os 
UNRESOLVED: gcc.c-torture/execute/20020413-1.c execution,  -Os 
FAIL: gcc.c-torture/execute/20020506-1.c compilation,  -Os 
UNRESOLVED: gcc.c-torture/execute/20020506-1.c execution,  -Os 
FAIL: gcc.c-torture/execute/20020529-1.c compilation,  -Os 
UNRESOLVED: gcc.c-torture/execute/20020529-1.c execution,  -Os 
FAIL: gcc.c-torture/execute/20020810-1.c compilation,  -Os 
UNRESOLVED: gcc.c-torture/execute/20020810-1.c execution,  -Os 
FAIL: gcc.c-torture/execute/20021011-1.c compilation,  -Os 
UNRESOLVED: gcc.c-torture/execute/20021011-1.c execution,  -Os 
FAIL: gcc.c-torture/execute/20021113-1.c compilation,  -Os 
UNRESOLVED: gcc.c-torture/execute/20021113-1.c execution,  -Os 
FAIL: gcc.c-torture/execute/20021118-2.c compilation,  -Os 
UNRESOLVED: gcc.c-torture/execute/20021118-2.c execution,  -Os 
FAIL: gcc.c-torture/execute/20021120-1.c compilation,  -Os 
UNRESOLVED: gcc.c-torture/execute/20021120-1.c execution,  -Os 
FAIL: gcc.c-torture/execute/20021120-3.c compilation,  -Os 
UNRESOLVED: gcc.c-torture/execute/20021120-3.c execution,  -Os 
FAIL: gcc.c-torture/execute/20030323-1.c compilation,  -Os 
UNRESOLVED: gcc.c-torture/execute/20030323-1.c execution,  -Os 
FAIL: gcc.c-torture/execute/20030606-1.c compilation,  -Os 
UNRESOLVED: gcc.c-torture/execute/20030606-1.c execution,  -Os 
FAIL: gcc.c-torture/execute/20030714-1.c compilation,  -Os 
UNRESOLVED: gcc.c-torture/execute/20030714-1.c execution,  -Os 
FAIL: gcc.c-torture/execute/20030715-1.c compilation,  -Os 
UNRESOLVED: gcc.c-torture/execute/20030715-1.c execution,  -Os 
FAIL: gcc.c-torture/execute/20030717-1.c compilation,  -Os 
UNRESOLVED: gcc.c-torture/execute/20030717-1.c execution,  -Os 
FAIL: gcc.c-torture/execute/20030916-1.c compilation,  -Os 
UNRESOLVED: gcc.c-torture/execute/20030916-1.c execution,  -Os 
FAIL: gcc.c-torture/execute/20031012-1.c compilation,  -Os 
UNRESOLVED: gcc.c-torture/execute/20031012-1.c execution,  -Os 
FAIL: gcc.c-torture/execute/20031201-1.c compilation,  -Os 
UNRESOLVED: gcc.c-torture/execute/20031201-1.c execution,  -Os 
FAIL: gcc.c-torture/execute/20040218-1.c compilation,  -Os 
UNRESOLVED: gcc.c-torture/execute/20040218-1.c execution,  -Os 
FAIL: gcc.c-torture/execute/20040223-1.c compilation,  -Os 
UNRESOLVED: gcc.c-torture/execute/20040223-1.c execution,  -Os 
FAIL: gcc.c-torture/execute/20040308-1.c compilation,  -Os 
UNRESOLVED: gcc.c-torture/execute/20040308-1.c execution,  -Os 
FAIL: gcc.c-torture/execute/20040409-1.c compilation,  -Os 
UNRESOLVED: gcc.c-torture/execute/20040409-1.c execution,  -Os 
FAIL: gcc.c-torture/execute/20040409-2.c compilation,  -Os 
UNRESOLVED: gcc.c-torture/execute/20040409-2.c execution,  -Os 
FAIL: gcc.c-torture/execute/20040409-3.c compilation,  -Os 
UNRESOLVED: gcc.c-torture/execute/20040409-3.c execution,  -Os 
FAIL: gcc.c-torture/execute/20040625-1.c compilation,  -Os 
UNRESOLVED: gcc.c-torture/execute/20040625-1.c execution,  -Os 
FAIL: gcc.c-torture/execute/20040629-1.c compilation,  -Os 
UNRESOLVED: gcc.c-torture/execute/20040629-1.c execution,  -Os 
FAIL: gcc.c-torture/execute/20040705-1.c compilation,  -Os 
UNRESOLVED: gcc.c-torture/execute/20040705-1.c execution,  -Os 
FAIL: gcc.c-torture/execute/20040705-2.c compilation,  -Os 
UNRESOLVED: gcc.c-torture/execute/20040705-2.c execution,  -Os 
FAIL: gcc.c-torture/execute/20040709-1.c compilation,  -Os 
UNRESOLVED: gcc.c-torture/execute/20040709-1.c execution,  -Os 
FAIL: gcc.c-torture/execute/20040709-2.c compilation,  -Os 
UNRESOLVED: gcc.c-torture/execute/20040709-2.c execution,  -Os 
FAIL: gcc.c-torture/execute/20040811-1.c compilation,  -Os 
UNRESOLVED: gcc.c-torture/execute/20040811-1.c execution,  -Os 
FAIL: gcc.c-torture/execute/20040917-1.c compilation,  -Os 
UNRESOLVED: gcc.c-torture/execute/20040917-1.c execution,  -Os 
FAIL: gcc.c-torture/execute/20041126-1.c compilation,  -Os 
UNRESOLVED: gcc.c-torture/execute/20041126-1.c execution,  -Os 
FAIL: gcc.c-torture/execute/20041214-1.c compilation,  -Os 
UNRESOLVED: gcc.c-torture/execute/20041214-1.c execution,  -Os 
FAIL: gcc.c-torture/execute/20041218-1.c compilation,  -Os 
UNRESOLVED: gcc.c-torture/execute/20041218-1.c execution,  -Os 
FAIL: gcc.c-torture/execute/20050121-1.c compilation,  -Os 
UNRESOLVED: gcc.c-torture/execute/20050121-1.c execution,  -Os 
FAIL: gcc.c-torture/execute/20050218-1.c compilation,  -Os 
UNRESOLVED: gcc.c-torture/execute/20050218-1.c execution,  -Os 
FAIL: gcc.c-torture/execute/20050502-1.c compilation,  -Os 
UNRESOLVED: gcc.c-torture/execute/20050502-1.c execution,  -Os 
FAIL: gcc.c-torture/execute/20050502-2.c compilation,  -Os 
UNRESOLVED: gcc.c-torture/execute/20050502-2.c execution,  -Os 
FAIL: gcc.c-torture/execute/20050613-1.c compilation,  -Os 
UNRESOLVED: gcc.c-torture/execute/20050613-1.c execution,  -Os 
FAIL: gcc.c-torture/execute/20050713-1.c compilation,  -Os 
UNRESOLVED: gcc.c-torture/execute/20050713-1.c execution,  -Os 
FAIL: gcc.c-torture/execute/20050826-1.c compilation,  -Os 
UNRESOLVED: gcc.c-torture/execute/20050826-1.c execution,  -Os 
FAIL: gcc.c-torture/execute/20050826-2.c compilation,  -Os 
UNRESOLVED: gcc.c-torture/execute/20050826-2.c execution,  -Os 
FAIL: gcc.c-torture/execute/20051021-1.c compilation,  -Os 
UNRESOLVED: gcc.c-torture/execute/20051021-1.c execution,  -Os 
FAIL: gcc.c-torture/execute/20051113-1.c compilation,  -Os 
UNRESOLVED: gcc.c-torture/execute/20051113-1.c execution,  -Os 
FAIL: gcc.c-torture/execute/20060420-1.c compilation,  -Os 
UNRESOLVED: gcc.c-torture/execute/20060420-1.c execution,  -Os 
FAIL: gcc.c-torture/execute/20060910-1.c compilation,  -Os 
UNRESOLVED: gcc.c-torture/execute/20060910-1.c execution,  -Os 
FAIL: gcc.c-torture/execute/20060930-1.c compilation,  -Os 
UNRESOLVED: gcc.c-torture/execute/20060930-1.c execution,  -Os 
FAIL: gcc.c-torture/execute/20060930-2.c compilation,  -Os 
UNRESOLVED: gcc.c-torture/execute/20060930-2.c execution,  -Os 
FAIL: gcc.c-torture/execute/20061031-1.c compilation,  -Os 
UNRESOLVED: gcc.c-torture/execute/20061031-1.c execution,  -Os 
FAIL: gcc.c-torture/execute/20070201-1.c compilation,  -Os 
UNRESOLVED: gcc.c-torture/execute/20070201-1.c execution,  -Os 
FAIL: gcc.c-torture/execute/20070517-1.c compilation,  -Os 
UNRESOLVED: gcc.c-torture/execute/20070517-1.c execution,  -Os 
FAIL: gcc.c-torture/execute/20070614-1.c compilation,  -Os 
UNRESOLVED: gcc.c-torture/execute/20070614-1.c execution,  -Os 
FAIL: gcc.c-torture/execute/20070824-1.c compilation,  -Os 
UNRESOLVED: gcc.c-torture/execute/20070824-1.c execution,  -Os 
FAIL: gcc.c-torture/execute/20070919-1.c compilation,  -Os 
UNRESOLVED: gcc.c-torture/execute/20070919-1.c execution,  -Os 
FAIL: gcc.c-torture/execute/20071018-1.c compilation,  -Os 
UNRESOLVED: gcc.c-torture/execute/20071018-1.c execution,  -Os 
FAIL: gcc.c-torture/execute/20071029-1.c compilation,  -Os 
UNRESOLVED: gcc.c-torture/execute/20071029-1.c execution,  -Os 
FAIL: gcc.c-torture/execute/20071030-1.c compilation,  -Os 
UNRESOLVED: gcc.c-torture/execute/20071030-1.c execution,  -Os 
FAIL: gcc.c-torture/execute/20071108-1.c compilation,  -Os 
UNRESOLVED: gcc.c-torture/execute/20071108-1.c execution,  -Os 
FAIL: gcc.c-torture/execute/20071202-1.c compilation,  -Os 
UNRESOLVED: gcc.c-torture/execute/20071202-1.c execution,  -Os 
FAIL: gcc.c-torture/execute/20071210-1.c compilation,  -Os 
UNRESOLVED: gcc.c-torture/execute/20071210-1.c execution,  -Os 
FAIL: gcc.c-torture/execute/20071213-1.c compilation,  -Os 
UNRESOLVED: gcc.c-torture/execute/20071213-1.c execution,  -Os 
FAIL: gcc.c-torture/execute/20071216-1.c compilation,  -Os 
UNRESOLVED: gcc.c-torture/execute/20071216-1.c execution,  -Os 
FAIL: gcc.c-torture/execute/20071219-1.c compilation,  -Os 
UNRESOLVED: gcc.c-torture/execute/20071219-1.c execution,  -Os 
FAIL: gcc.c-torture/execute/20080424-1.c compilation,  -Os 
UNRESOLVED: gcc.c-torture/execute/20080424-1.c execution,  -Os 
FAIL: gcc.c-torture/execute/20080522-1.c compilation,  -Os 
UNRESOLVED: gcc.c-torture/execute/20080522-1.c execution,  -Os 
FAIL: gcc.c-torture/execute/20080604-1.c compilation,  -Os 
UNRESOLVED: gcc.c-torture/execute/20080604-1.c execution,  -Os 
FAIL: gcc.c-torture/execute/20081218-1.c compilation,  -Os 
UNRESOLVED: gcc.c-torture/execute/20081218-1.c execution,  -Os 
FAIL: gcc.c-torture/execute/20090113-1.c compilation,  -Os 
UNRESOLVED: gcc.c-torture/execute/20090113-1.c execution,  -Os 
FAIL: gcc.c-torture/execute/20090113-2.c compilation,  -Os 
UNRESOLVED: gcc.c-torture/execute/20090113-2.c execution,  -Os 
FAIL: gcc.c-torture/execute/920428-2.c compilation,  -Os 
UNRESOLVED: gcc.c-torture/execute/920428-2.c execution,  -Os 
FAIL: gcc.c-torture/execute/920429-1.c compilation,  -Os 
UNRESOLVED: gcc.c-torture/execute/920429-1.c execution,  -Os 
FAIL: gcc.c-torture/execute/920501-2.c compilation,  -Os 
UNRESOLVED: gcc.c-torture/execute/920501-2.c execution,  -Os 
FAIL: gcc.c-torture/execute/920501-6.c compilation,  -Os 
UNRESOLVED: gcc.c-torture/execute/920501-6.c execution,  -Os 
FAIL: gcc.c-torture/execute/920501-7.c compilation,  -Os 
UNRESOLVED: gcc.c-torture/execute/920501-7.c execution,  -Os 
FAIL: gcc.c-torture/execute/920501-8.c compilation,  -Os 
UNRESOLVED: gcc.c-torture/execute/920501-8.c execution,  -Os 
FAIL: gcc.c-torture/execute/920501-9.c compilation,  -Os 
UNRESOLVED: gcc.c-torture/execute/920501-9.c execution,  -Os 
FAIL: gcc.c-torture/execute/920625-1.c compilation,  -Os 
UNRESOLVED: gcc.c-torture/execute/920625-1.c execution,  -Os 
FAIL: gcc.c-torture/execute/920721-2.c compilation,  -Os 
UNRESOLVED: gcc.c-torture/execute/920721-2.c execution,  -Os 
FAIL: gcc.c-torture/execute/920721-4.c compilation,  -Os 
UNRESOLVED: gcc.c-torture/execute/920721-4.c execution,  -Os 
FAIL: gcc.c-torture/execute/920726-1.c compilation,  -Os 
UNRESOLVED: gcc.c-torture/execute/920726-1.c execution,  -Os 
FAIL: gcc.c-torture/execute/920810-1.c compilation,  -Os 
UNRESOLVED: gcc.c-torture/execute/920810-1.c execution,  -Os 
FAIL: gcc.c-torture/execute/920929-1.c compilation,  -Os 
UNRESOLVED: gcc.c-torture/execute/920929-1.c execution,  -Os 
FAIL: gcc.c-torture/execute/921017-1.c compilation,  -Os 
UNRESOLVED: gcc.c-torture/execute/921017-1.c execution,  -Os 
FAIL: gcc.c-torture/execute/921204-1.c compilation,  -Os 
UNRESOLVED: gcc.c-torture/execute/921204-1.c execution,  -Os 
FAIL: gcc.c-torture/execute/930513-2.c compilation,  -Os 
UNRESOLVED: gcc.c-torture/execute/930513-2.c execution,  -Os 
FAIL: gcc.c-torture/execute/930930-2.c compilation,  -Os 
UNRESOLVED: gcc.c-torture/execute/930930-2.c execution,  -Os 
FAIL: gcc.c-torture/execute/941014-2.c compilation,  -Os 
UNRESOLVED: gcc.c-torture/execute/941014-2.c execution,  -Os 
FAIL: gcc.c-torture/execute/941202-1.c compilation,  -Os 
UNRESOLVED: gcc.c-torture/execute/941202-1.c execution,  -Os 
FAIL: gcc.c-torture/execute/950628-1.c compilation,  -Os 
UNRESOLVED: gcc.c-torture/execute/950628-1.c execution,  -Os 
FAIL: gcc.c-torture/execute/950704-1.c compilation,  -Os 
UNRESOLVED: gcc.c-torture/execute/950704-1.c execution,  -Os 
FAIL: gcc.c-torture/execute/960311-1.c compilation,  -Os 
UNRESOLVED: gcc.c-torture/execute/960311-1.c execution,  -Os 
FAIL: gcc.c-torture/execute/960311-2.c compilation,  -Os 
UNRESOLVED: gcc.c-torture/execute/960311-2.c execution,  -Os 
FAIL: gcc.c-torture/execute/960311-3.c compilation,  -Os 
UNRESOLVED: gcc.c-torture/execute/960311-3.c execution,  -Os 
FAIL: gcc.c-torture/execute/960419-2.c compilation,  -Os 
UNRESOLVED: gcc.c-torture/execute/960419-2.c execution,  -Os 
FAIL: gcc.c-torture/execute/960521-1.c compilation,  -Os 
UNRESOLVED: gcc.c-torture/execute/960521-1.c execution,  -Os 
FAIL: gcc.c-torture/execute/980526-2.c compilation,  -Os 
UNRESOLVED: gcc.c-torture/execute/980526-2.c execution,  -Os 
FAIL: gcc.c-torture/execute/980605-1.c compilation,  -Os 
UNRESOLVED: gcc.c-torture/execute/980605-1.c execution,  -Os 
FAIL: gcc.c-torture/execute/980707-1.c compilation,  -Os 
UNRESOLVED: gcc.c-torture/execute/980707-1.c execution,  -Os 
FAIL: gcc.c-torture/execute/981001-1.c compilation,  -Os 
UNRESOLVED: gcc.c-torture/execute/981001-1.c execution,  -Os 
FAIL: gcc.c-torture/execute/990128-1.c compilation,  -Os 
UNRESOLVED: gcc.c-torture/execute/990128-1.c execution,  -Os 
FAIL: gcc.c-torture/execute/990404-1.c compilation,  -Os 
UNRESOLVED: gcc.c-torture/execute/990404-1.c execution,  -Os 
FAIL: gcc.c-torture/execute/990513-1.c compilation,  -Os 
UNRESOLVED: gcc.c-torture/execute/990513-1.c execution,  -Os 
FAIL: gcc.c-torture/execute/990628-1.c compilation,  -Os 
UNRESOLVED: gcc.c-torture/execute/990628-1.c execution,  -Os 
FAIL: gcc.c-torture/execute/991016-1.c compilation,  -Os 
UNRESOLVED: gcc.c-torture/execute/991016-1.c execution,  -Os 
FAIL: gcc.c-torture/execute/align-nest.c compilation,  -Os 
UNRESOLVED: gcc.c-torture/execute/align-nest.c execution,  -Os 
FAIL: gcc.c-torture/execute/alloca-1.c compilation,  -Os 
UNRESOLVED: gcc.c-torture/execute/alloca-1.c execution,  -Os 
FAIL: gcc.c-torture/execute/arith-rand-ll.c compilation,  -Os 
UNRESOLVED: gcc.c-torture/execute/arith-rand-ll.c execution,  -Os 
FAIL: gcc.c-torture/execute/arith-rand.c compilation,  -Os 
UNRESOLVED: gcc.c-torture/execute/arith-rand.c execution,  -Os 
FAIL: gcc.c-torture/execute/bitfld-5.c compilation,  -Os 
UNRESOLVED: gcc.c-torture/execute/bitfld-5.c execution,  -Os 
FAIL: gcc.c-torture/execute/built-in-setjmp.c compilation,  -Os 
UNRESOLVED: gcc.c-torture/execute/built-in-setjmp.c execution,  -Os 
FAIL: gcc.c-torture/execute/builtin-bitops-1.c compilation,  -Os 
UNRESOLVED: gcc.c-torture/execute/builtin-bitops-1.c execution,  -Os 
FAIL: gcc.c-torture/execute/builtin-constant.c compilation,  -Os 
UNRESOLVED: gcc.c-torture/execute/builtin-constant.c execution,  -Os 
FAIL: gcc.c-torture/execute/builtin-prefetch-1.c compilation,  -Os 
UNRESOLVED: gcc.c-torture/execute/builtin-prefetch-1.c execution,  -Os 
FAIL: gcc.c-torture/execute/builtin-prefetch-4.c compilation,  -Os 
UNRESOLVED: gcc.c-torture/execute/builtin-prefetch-4.c execution,  -Os 
FAIL: gcc.c-torture/execute/comp-goto-2.c compilation,  -Os 
UNRESOLVED: gcc.c-torture/execute/comp-goto-2.c execution,  -Os 
FAIL: gcc.c-torture/execute/complex-5.c compilation,  -Os 
UNRESOLVED: gcc.c-torture/execute/complex-5.c execution,  -Os 
FAIL: gcc.c-torture/execute/complex-7.c compilation,  -Os 
UNRESOLVED: gcc.c-torture/execute/complex-7.c execution,  -Os 
FAIL: gcc.c-torture/execute/eeprof-1.c compilation,  -Os 
UNRESOLVED: gcc.c-torture/execute/eeprof-1.c execution,  -Os 
FAIL: gcc.c-torture/execute/fprintf-1.c compilation,  -Os 
UNRESOLVED: gcc.c-torture/execute/fprintf-1.c execution,  -Os 
FAIL: gcc.c-torture/execute/fprintf-chk-1.c compilation,  -Os 
UNRESOLVED: gcc.c-torture/execute/fprintf-chk-1.c execution,  -Os 
FAIL: gcc.c-torture/execute/frame-address.c compilation,  -Os 
UNRESOLVED: gcc.c-torture/execute/frame-address.c execution,  -Os 
FAIL: gcc.c-torture/execute/ipa-sra-1.c compilation,  -Os 
UNRESOLVED: gcc.c-torture/execute/ipa-sra-1.c execution,  -Os 
FAIL: gcc.c-torture/execute/ipa-sra-2.c compilation,  -Os 
UNRESOLVED: gcc.c-torture/execute/ipa-sra-2.c execution,  -Os 
FAIL: gcc.c-torture/execute/longlong.c compilation,  -Os 
UNRESOLVED: gcc.c-torture/execute/longlong.c execution,  -Os 
FAIL: gcc.c-torture/execute/loop-14.c compilation,  -Os 
UNRESOLVED: gcc.c-torture/execute/loop-14.c execution,  -Os 
FAIL: gcc.c-torture/execute/loop-15.c compilation,  -Os 
UNRESOLVED: gcc.c-torture/execute/loop-15.c execution,  -Os 
FAIL: gcc.c-torture/execute/loop-3c.c compilation,  -Os 
UNRESOLVED: gcc.c-torture/execute/loop-3c.c execution,  -Os 
FAIL: gcc.c-torture/execute/memcpy-1.c compilation,  -Os 
UNRESOLVED: gcc.c-torture/execute/memcpy-1.c execution,  -Os 
FAIL: gcc.c-torture/execute/memcpy-bi.c compilation,  -Os 
UNRESOLVED: gcc.c-torture/execute/memcpy-bi.c execution,  -Os 
FAIL: gcc.c-torture/execute/mode-dependent-address.c compilation,  -Os 
UNRESOLVED: gcc.c-torture/execute/mode-dependent-address.c execution,  -Os 
FAIL: gcc.c-torture/execute/multi-ix.c compilation,  -Os 
UNRESOLVED: gcc.c-torture/execute/multi-ix.c execution,  -Os 
FAIL: gcc.c-torture/execute/nest-align-1.c execution,  -O0 
FAIL: gcc.c-torture/execute/nest-align-1.c execution,  -O1 
FAIL: gcc.c-torture/execute/nest-align-1.c execution,  -O2 
FAIL: gcc.c-torture/execute/nest-align-1.c execution,  -Os 
FAIL: gcc.c-torture/execute/nest-align-1.c execution,  -O2 -flto 
FAIL: gcc.c-torture/execute/nest-align-1.c execution,  -O2 -fwhopr 
FAIL: gcc.c-torture/execute/nestfunc-1.c compilation,  -Os 
UNRESOLVED: gcc.c-torture/execute/nestfunc-1.c execution,  -Os 
FAIL: gcc.c-torture/execute/nestfunc-3.c compilation,  -Os 
UNRESOLVED: gcc.c-torture/execute/nestfunc-3.c execution,  -Os 
FAIL: gcc.c-torture/execute/nestfunc-4.c compilation,  -Os 
UNRESOLVED: gcc.c-torture/execute/nestfunc-4.c execution,  -Os 
FAIL: gcc.c-torture/execute/nestfunc-5.c compilation,  -Os 
UNRESOLVED: gcc.c-torture/execute/nestfunc-5.c execution,  -Os 
FAIL: gcc.c-torture/execute/nestfunc-6.c compilation,  -Os 
UNRESOLVED: gcc.c-torture/execute/nestfunc-6.c execution,  -Os 
FAIL: gcc.c-torture/execute/p18298.c compilation,  -Os 
UNRESOLVED: gcc.c-torture/execute/p18298.c execution,  -Os 
FAIL: gcc.c-torture/execute/pr15296.c compilation,  -Os 
UNRESOLVED: gcc.c-torture/execute/pr15296.c execution,  -Os 
FAIL: gcc.c-torture/execute/pr17377.c compilation,  -Os 
UNRESOLVED: gcc.c-torture/execute/pr17377.c execution,  -Os 
FAIL: gcc.c-torture/execute/pr19005.c compilation,  -Os 
UNRESOLVED: gcc.c-torture/execute/pr19005.c execution,  -Os 
FAIL: gcc.c-torture/execute/pr20100-1.c compilation,  -Os 
UNRESOLVED: gcc.c-torture/execute/pr20100-1.c execution,  -Os 
FAIL: gcc.c-torture/execute/pr20466-1.c compilation,  -Os 
UNRESOLVED: gcc.c-torture/execute/pr20466-1.c execution,  -Os 
FAIL: gcc.c-torture/execute/pr22061-4.c compilation,  -Os 
UNRESOLVED: gcc.c-torture/execute/pr22061-4.c execution,  -Os 
FAIL: gcc.c-torture/execute/pr22348.c compilation,  -Os 
UNRESOLVED: gcc.c-torture/execute/pr22348.c execution,  -Os 
FAIL: gcc.c-torture/execute/pr24135.c compilation,  -Os 
UNRESOLVED: gcc.c-torture/execute/pr24135.c execution,  -Os 
FAIL: gcc.c-torture/execute/pr27260.c compilation,  -Os 
UNRESOLVED: gcc.c-torture/execute/pr27260.c execution,  -Os 
FAIL: gcc.c-torture/execute/pr27285.c compilation,  -Os 
UNRESOLVED: gcc.c-torture/execute/pr27285.c execution,  -Os 
FAIL: gcc.c-torture/execute/pr28403.c compilation,  -Os 
UNRESOLVED: gcc.c-torture/execute/pr28403.c execution,  -Os 
FAIL: gcc.c-torture/execute/pr28982a.c compilation,  -Os 
UNRESOLVED: gcc.c-torture/execute/pr28982a.c execution,  -Os 
FAIL: gcc.c-torture/execute/pr30185.c compilation,  -Os 
UNRESOLVED: gcc.c-torture/execute/pr30185.c execution,  -Os 
FAIL: gcc.c-torture/execute/pr31448-2.c compilation,  -Os 
UNRESOLVED: gcc.c-torture/execute/pr31448-2.c execution,  -Os 
FAIL: gcc.c-torture/execute/pr31448.c compilation,  -Os 
UNRESOLVED: gcc.c-torture/execute/pr31448.c execution,  -Os 
FAIL: gcc.c-torture/execute/pr33669.c compilation,  -Os 
UNRESOLVED: gcc.c-torture/execute/pr33669.c execution,  -Os 
FAIL: gcc.c-torture/execute/pr33870-1.c compilation,  -Os 
UNRESOLVED: gcc.c-torture/execute/pr33870-1.c execution,  -Os 
FAIL: gcc.c-torture/execute/pr33870.c compilation,  -Os 
UNRESOLVED: gcc.c-torture/execute/pr33870.c execution,  -Os 
FAIL: gcc.c-torture/execute/pr33992.c compilation,  -Os 
UNRESOLVED: gcc.c-torture/execute/pr33992.c execution,  -Os 
FAIL: gcc.c-torture/execute/pr34176.c compilation,  -Os 
UNRESOLVED: gcc.c-torture/execute/pr34176.c execution,  -Os 
FAIL: gcc.c-torture/execute/pr34415.c compilation,  -Os 
UNRESOLVED: gcc.c-torture/execute/pr34415.c execution,  -Os 
FAIL: gcc.c-torture/execute/pr34456.c compilation,  -Os 
UNRESOLVED: gcc.c-torture/execute/pr34456.c execution,  -Os 
FAIL: gcc.c-torture/execute/pr34768-1.c compilation,  -Os 
UNRESOLVED: gcc.c-torture/execute/pr34768-1.c execution,  -Os 
FAIL: gcc.c-torture/execute/pr34768-2.c compilation,  -Os 
UNRESOLVED: gcc.c-torture/execute/pr34768-2.c execution,  -Os 
FAIL: gcc.c-torture/execute/pr34971.c compilation,  -Os 
UNRESOLVED: gcc.c-torture/execute/pr34971.c execution,  -Os 
FAIL: gcc.c-torture/execute/pr35472.c compilation,  -Os 
UNRESOLVED: gcc.c-torture/execute/pr35472.c execution,  -Os 
FAIL: gcc.c-torture/execute/pr35800.c compilation,  -Os 
UNRESOLVED: gcc.c-torture/execute/pr35800.c execution,  -Os 
FAIL: gcc.c-torture/execute/pr36038.c compilation,  -Os 
UNRESOLVED: gcc.c-torture/execute/pr36038.c execution,  -Os 
FAIL: gcc.c-torture/execute/pr36321.c compilation,  -Os 
UNRESOLVED: gcc.c-torture/execute/pr36321.c execution,  -Os 
FAIL: gcc.c-torture/execute/pr36343.c compilation,  -Os 
UNRESOLVED: gcc.c-torture/execute/pr36343.c execution,  -Os 
FAIL: gcc.c-torture/execute/pr36765.c compilation,  -Os 
UNRESOLVED: gcc.c-torture/execute/pr36765.c execution,  -Os 
FAIL: gcc.c-torture/execute/pr37573.c compilation,  -Os 
UNRESOLVED: gcc.c-torture/execute/pr37573.c execution,  -Os 
FAIL: gcc.c-torture/execute/pr37924.c compilation,  -Os 
UNRESOLVED: gcc.c-torture/execute/pr37924.c execution,  -Os 
FAIL: gcc.c-torture/execute/pr38422.c compilation,  -Os 
UNRESOLVED: gcc.c-torture/execute/pr38422.c execution,  -Os 
FAIL: gcc.c-torture/execute/pr39100.c compilation,  -Os 
UNRESOLVED: gcc.c-torture/execute/pr39100.c execution,  -Os 
FAIL: gcc.c-torture/execute/pr39233.c compilation,  -Os 
UNRESOLVED: gcc.c-torture/execute/pr39233.c execution,  -Os 
FAIL: gcc.c-torture/execute/pr39339.c compilation,  -Os 
UNRESOLVED: gcc.c-torture/execute/pr39339.c execution,  -Os 
FAIL: gcc.c-torture/execute/pr39501.c compilation,  -Os 
UNRESOLVED: gcc.c-torture/execute/pr39501.c execution,  -Os 
FAIL: gcc.c-torture/execute/pr40022.c compilation,  -Os 
UNRESOLVED: gcc.c-torture/execute/pr40022.c execution,  -Os 
FAIL: gcc.c-torture/execute/pr41239.c compilation,  -Os 
UNRESOLVED: gcc.c-torture/execute/pr41239.c execution,  -Os 
FAIL: gcc.c-torture/execute/pr41750.c compilation,  -Os 
UNRESOLVED: gcc.c-torture/execute/pr41750.c execution,  -Os 
FAIL: gcc.c-torture/execute/pr42231.c compilation,  -Os 
UNRESOLVED: gcc.c-torture/execute/pr42231.c execution,  -Os 
FAIL: gcc.c-torture/execute/pr42614.c compilation,  -Os 
UNRESOLVED: gcc.c-torture/execute/pr42614.c execution,  -Os 
FAIL: gcc.c-torture/execute/pr43008.c compilation,  -Os 
UNRESOLVED: gcc.c-torture/execute/pr43008.c execution,  -Os 
FAIL: gcc.c-torture/execute/pr43220.c compilation,  -Os 
UNRESOLVED: gcc.c-torture/execute/pr43220.c execution,  -Os 
FAIL: gcc.c-torture/execute/pr43236.c compilation,  -Os 
UNRESOLVED: gcc.c-torture/execute/pr43236.c execution,  -Os 
FAIL: gcc.c-torture/execute/pr43385.c compilation,  -Os 
UNRESOLVED: gcc.c-torture/execute/pr43385.c execution,  -Os 
FAIL: gcc.c-torture/execute/printf-1.c compilation,  -Os 
UNRESOLVED: gcc.c-torture/execute/printf-1.c execution,  -Os 
FAIL: gcc.c-torture/execute/printf-chk-1.c compilation,  -Os 
UNRESOLVED: gcc.c-torture/execute/printf-chk-1.c execution,  -Os 
FAIL: gcc.c-torture/execute/restrict-1.c compilation,  -Os 
UNRESOLVED: gcc.c-torture/execute/restrict-1.c execution,  -Os 
FAIL: gcc.c-torture/execute/shiftdi.c compilation,  -Os 
UNRESOLVED: gcc.c-torture/execute/shiftdi.c execution,  -Os 
FAIL: gcc.c-torture/execute/simd-5.c compilation,  -Os 
UNRESOLVED: gcc.c-torture/execute/simd-5.c execution,  -Os 
FAIL: gcc.c-torture/execute/stdarg-2.c compilation,  -Os 
UNRESOLVED: gcc.c-torture/execute/stdarg-2.c execution,  -Os 
FAIL: gcc.c-torture/execute/strcmp-1.c compilation,  -Os 
UNRESOLVED: gcc.c-torture/execute/strcmp-1.c execution,  -Os 
FAIL: gcc.c-torture/execute/string-opt-17.c compilation,  -Os 
UNRESOLVED: gcc.c-torture/execute/string-opt-17.c execution,  -Os 
FAIL: gcc.c-torture/execute/string-opt-5.c compilation,  -Os 
UNRESOLVED: gcc.c-torture/execute/string-opt-5.c execution,  -Os 
FAIL: gcc.c-torture/execute/strncmp-1.c compilation,  -Os 
UNRESOLVED: gcc.c-torture/execute/strncmp-1.c execution,  -Os 
FAIL: gcc.c-torture/execute/struct-cpy-1.c compilation,  -Os 
UNRESOLVED: gcc.c-torture/execute/struct-cpy-1.c execution,  -Os 
FAIL: gcc.c-torture/execute/switch-1.c compilation,  -Os 
UNRESOLVED: gcc.c-torture/execute/switch-1.c execution,  -Os 
FAIL: gcc.c-torture/execute/va-arg-10.c compilation,  -Os 
UNRESOLVED: gcc.c-torture/execute/va-arg-10.c execution,  -Os 
FAIL: gcc.c-torture/execute/va-arg-13.c compilation,  -Os 
UNRESOLVED: gcc.c-torture/execute/va-arg-13.c execution,  -Os 
FAIL: gcc.c-torture/execute/va-arg-2.c compilation,  -Os 
UNRESOLVED: gcc.c-torture/execute/va-arg-2.c execution,  -Os 
FAIL: gcc.c-torture/execute/va-arg-21.c compilation,  -Os 
UNRESOLVED: gcc.c-torture/execute/va-arg-21.c execution,  -Os 
FAIL: gcc.c-torture/execute/va-arg-22.c compilation,  -Os 
UNRESOLVED: gcc.c-torture/execute/va-arg-22.c execution,  -Os 
FAIL: gcc.c-torture/execute/va-arg-24.c compilation,  -Os 
UNRESOLVED: gcc.c-torture/execute/va-arg-24.c execution,  -Os 
FAIL: gcc.c-torture/execute/va-arg-5.c compilation,  -Os 
UNRESOLVED: gcc.c-torture/execute/va-arg-5.c execution,  -Os 
FAIL: gcc.c-torture/execute/va-arg-9.c compilation,  -Os 
UNRESOLVED: gcc.c-torture/execute/va-arg-9.c execution,  -Os 
FAIL: gcc.c-torture/execute/va-arg-pack-1.c compilation,  -Os 
UNRESOLVED: gcc.c-torture/execute/va-arg-pack-1.c execution,  -Os 
FAIL: gcc.c-torture/execute/vector-2.c compilation,  -Os 
UNRESOLVED: gcc.c-torture/execute/vector-2.c execution,  -Os 
FAIL: gcc.c-torture/execute/vfprintf-1.c compilation,  -Os 
UNRESOLVED: gcc.c-torture/execute/vfprintf-1.c execution,  -Os 
FAIL: gcc.c-torture/execute/vfprintf-chk-1.c compilation,  -Os 
UNRESOLVED: gcc.c-torture/execute/vfprintf-chk-1.c execution,  -Os 
FAIL: gcc.c-torture/execute/vla-dealloc-1.c compilation,  -Os 
UNRESOLVED: gcc.c-torture/execute/vla-dealloc-1.c execution,  -Os 
FAIL: gcc.c-torture/execute/vprintf-1.c compilation,  -Os 
UNRESOLVED: gcc.c-torture/execute/vprintf-1.c execution,  -Os 
FAIL: gcc.c-torture/execute/vprintf-chk-1.c compilation,  -Os 
UNRESOLVED: gcc.c-torture/execute/vprintf-chk-1.c execution,  -Os 
FAIL: gcc.c-torture/execute/ieee/920810-1.c compilation,  -Os 
UNRESOLVED: gcc.c-torture/execute/ieee/920810-1.c execution,  -Os 
FAIL: gcc.c-torture/execute/ieee/compare-fp-1.c compilation,  -Os 
UNRESOLVED: gcc.c-torture/execute/ieee/compare-fp-1.c execution,  -Os 
FAIL: gcc.c-torture/execute/ieee/compare-fp-4.c compilation,  -Os 
UNRESOLVED: gcc.c-torture/execute/ieee/compare-fp-4.c execution,  -Os 
FAIL: gcc.c-torture/execute/ieee/copysign1.c compilation,  -Os 
UNRESOLVED: gcc.c-torture/execute/ieee/copysign1.c execution,  -Os 
FAIL: gcc.c-torture/execute/ieee/copysign2.c compilation,  -Os 
UNRESOLVED: gcc.c-torture/execute/ieee/copysign2.c execution,  -Os 
FAIL: gcc.c-torture/execute/ieee/fp-cmp-8.c compilation,  -Os 
UNRESOLVED: gcc.c-torture/execute/ieee/fp-cmp-8.c execution,  -Os 
FAIL: gcc.c-torture/execute/ieee/fp-cmp-8f.c compilation,  -Os 
UNRESOLVED: gcc.c-torture/execute/ieee/fp-cmp-8f.c execution,  -Os 
FAIL: gcc.c-torture/execute/ieee/fp-cmp-8l.c compilation,  -Os 
UNRESOLVED: gcc.c-torture/execute/ieee/fp-cmp-8l.c execution,  -Os 
FAIL: gcc.c-torture/execute/ieee/inf-1.c execution,  -O0 
FAIL: gcc.c-torture/execute/ieee/mzero2.c compilation,  -Os 
UNRESOLVED: gcc.c-torture/execute/ieee/mzero2.c execution,  -Os 
FAIL: gcc.c-torture/execute/ieee/mzero5.c compilation,  -Os 
UNRESOLVED: gcc.c-torture/execute/ieee/mzero5.c execution,  -Os 
FAIL: gcc.c-torture/execute/ieee/pr38016.c compilation,  -Os 
UNRESOLVED: gcc.c-torture/execute/ieee/pr38016.c execution,  -Os 
FAIL: gcc.dg/and-1.c scan-assembler-not nand
FAIL: gcc.dg/c99-stdint-5.c (test for excess errors)
FAIL: gcc.dg/c99-stdint-6.c (test for excess errors)
FAIL: gcc.dg/initpri1.c (test for excess errors)
WARNING: gcc.dg/initpri1.c compilation failed to produce executable
FAIL: gcc.dg/pr31507-1.c (test for excess errors)
WARNING: gcc.dg/pr31507-1.c compilation failed to produce executable
FAIL: gcc.dg/pr34668-1.c (internal compiler error)
FAIL: gcc.dg/pr34668-1.c (test for excess errors)
FAIL: gcc.dg/pr42427.c (test for excess errors)
FAIL: gcc.dg/sms-2.c scan-rtl-dump-times sms "SMS succeeded" 1
FAIL: gcc.dg/sms-3.c scan-rtl-dump-times sms "SMS succeeded" 1
FAIL: gcc.dg/sms-4.c scan-rtl-dump-times sms "SMS succeeded" 1
FAIL: gcc.dg/sms-5.c scan-rtl-dump-times sms "SMS succeeded" 1
FAIL: gcc.dg/sms-6.c scan-rtl-dump-times sms "SMS succeeded" 3
FAIL: gcc.dg/sms-7.c scan-rtl-dump-times sms "SMS succeeded" 3
FAIL: gcc.dg/sms-8.c scan-rtl-dump-times sms "SMS succeeded" 1
FAIL: gcc.dg/uninit-pred-9_b.c bogus warning (test for bogus messages, line 24)
WARNING: program timed out.
FAIL: gcc.dg/lto/20090126-1 c_lto_20090126-1_0.o-c_lto_20090126-1_0.o link,  (internal compiler error)
UNRESOLVED: gcc.dg/lto/20090126-1 c_lto_20090126-1_0.o-c_lto_20090126-1_0.o execute -O0 -fwhopr
FAIL: gcc.dg/lto/20090210 c_lto_20090210_0.o-c_lto_20090210_1.o link
UNRESOLVED: gcc.dg/lto/20090210 c_lto_20090210_0.o-c_lto_20090210_1.o execute -O0 -fwhopr
FAIL: gcc.dg/lto/20090210 c_lto_20090210_0.o-c_lto_20090210_1.o link
UNRESOLVED: gcc.dg/lto/20090210 c_lto_20090210_0.o-c_lto_20090210_1.o execute -O2 -fwhopr
FAIL: gcc.dg/lto/20090210 c_lto_20090210_0.o-c_lto_20090210_1.o link
UNRESOLVED: gcc.dg/lto/20090210 c_lto_20090210_0.o-c_lto_20090210_1.o execute -O0 -flto
FAIL: gcc.dg/lto/20090210 c_lto_20090210_0.o-c_lto_20090210_1.o link
UNRESOLVED: gcc.dg/lto/20090210 c_lto_20090210_0.o-c_lto_20090210_1.o execute -O2 -flto
FAIL: gcc.dg/lto/20100423-2 c_lto_20100423-2_0.o-c_lto_20100423-2_1.o link
UNRESOLVED: gcc.dg/lto/20100423-2 c_lto_20100423-2_0.o-c_lto_20100423-2_1.o execute -O2 -flto
FAIL: gcc.dg/lto/20100423-2 c_lto_20100423-2_0.o-c_lto_20100423-2_1.o link
UNRESOLVED: gcc.dg/lto/20100423-2 c_lto_20100423-2_0.o-c_lto_20100423-2_1.o execute -O2 -fwhopr
FAIL: gcc.dg/lto/20100423-2 c_lto_20100423-2_0.o-c_lto_20100423-2_1.o link
UNRESOLVED: gcc.dg/lto/20100423-2 c_lto_20100423-2_0.o-c_lto_20100423-2_1.o execute -O3 -flto
FAIL: gcc.dg/lto/20100423-2 c_lto_20100423-2_0.o-c_lto_20100423-2_1.o link
UNRESOLVED: gcc.dg/lto/20100423-2 c_lto_20100423-2_0.o-c_lto_20100423-2_1.o execute -O3 -fwhopr
WARNING: program timed out.
FAIL: gcc.dg/special/gcsec-1.c execution test
WARNING: program timed out.
FAIL: c-c++-common/torture/complex-sign-mul-minus-one.c  -Os  (test for excess errors)
WARNING: c-c++-common/torture/complex-sign-mul-minus-one.c  -Os  compilation failed to produce executable
FAIL: c-c++-common/torture/complex-sign-mul-one.c  -Os  (test for excess errors)
WARNING: c-c++-common/torture/complex-sign-mul-one.c  -Os  compilation failed to produce executable
FAIL: gcc.dg/torture/builtin-math-7.c  -Os  (test for excess errors)
WARNING: gcc.dg/torture/builtin-math-7.c  -Os  compilation failed to produce executable
FAIL: gcc.dg/torture/calleesave-sse.c  -Os  (test for excess errors)
WARNING: gcc.dg/torture/calleesave-sse.c  -Os  compilation failed to produce executable
FAIL: gcc.dg/torture/pr17526.c  -Os  (test for excess errors)
WARNING: gcc.dg/torture/pr17526.c  -Os  compilation failed to produce executable
FAIL: gcc.dg/torture/pr30375.c  -Os  (test for excess errors)
WARNING: gcc.dg/torture/pr30375.c  -Os  compilation failed to produce executable
FAIL: gcc.dg/torture/pr30665-2.c  -Os  (test for excess errors)
WARNING: gcc.dg/torture/pr30665-2.c  -Os  compilation failed to produce executable
FAIL: gcc.dg/torture/pr33560.c  -Os  (test for excess errors)
WARNING: gcc.dg/torture/pr33560.c  -Os  compilation failed to produce executable
FAIL: gcc.dg/torture/pr33848.c  -Os  (test for excess errors)
FAIL: gcc.dg/torture/pr35833.c  -Os  (test for excess errors)
WARNING: gcc.dg/torture/pr35833.c  -Os  compilation failed to produce executable
FAIL: gcc.dg/torture/pr38405.c  -Os  (test for excess errors)
WARNING: gcc.dg/torture/pr38405.c  -Os  compilation failed to produce executable
FAIL: gcc.dg/torture/pr39074-2.c  -Os  (test for excess errors)
WARNING: gcc.dg/torture/pr39074-2.c  -Os  compilation failed to produce executable
FAIL: gcc.dg/torture/pr39074.c  -Os  (test for excess errors)
WARNING: gcc.dg/torture/pr39074.c  -Os  compilation failed to produce executable
FAIL: gcc.dg/torture/pr39678.c  -Os  (test for excess errors)
WARNING: gcc.dg/torture/pr39678.c  -Os  compilation failed to produce executable
FAIL: gcc.dg/torture/pr39855.c  -Os  (test for excess errors)
WARNING: gcc.dg/torture/pr39855.c  -Os  compilation failed to produce executable
FAIL: gcc.dg/torture/pr41555.c  -Os  (test for excess errors)
WARNING: gcc.dg/torture/pr41555.c  -Os  compilation failed to produce executable
FAIL: gcc.dg/torture/pr43017.c  -Os  (test for excess errors)
WARNING: gcc.dg/torture/pr43017.c  -Os  compilation failed to produce executable
FAIL: gcc.dg/torture/type-generic-1.c  -Os  (test for excess errors)
WARNING: gcc.dg/torture/type-generic-1.c  -Os  compilation failed to produce executable
FAIL: gcc.dg/tree-ssa/pr42585.c scan-tree-dump-times optimized "struct _fat_ptr _ans" 0
FAIL: gcc.dg/tree-ssa/pr42585.c scan-tree-dump-times optimized "struct _fat_ptr _T2" 0
FAIL: gcc.dg/tree-ssa/vrp47.c scan-tree-dump-times vrp1 "[xy][^ ]* !=" 0
FAIL: gcc.dg/tree-ssa/vrp47.c scan-tree-dump-times dom1 "x[^ ]* & y" 1
FAIL: gcc.dg/vect/costmodel/ppc/costmodel-vect-31d.c scan-tree-dump-times vect "vectorization not profitable" 1
FAIL: gcc.dg/vect/costmodel/ppc/costmodel-vect-68d.c scan-tree-dump-times vect "vectorization not profitable" 1
FAIL: gcc.dg/vect/costmodel/ppc/costmodel-vect-76a.c scan-tree-dump-times vect "vectorized 1 loops" 1
FAIL: gcc.dg/vect/costmodel/ppc/costmodel-vect-76b.c scan-tree-dump-times vect "vectorization not profitable" 1
WARNING: program timed out.
FAIL: gcc.dg/vect/pr35821-altivec.c scan-tree-dump-times vect "vectorized 1 loops" 1
FAIL: gcc.target/powerpc/20020118-1.c execution test
FAIL: gcc.target/powerpc/440-dlmzb-strlen-1.c scan-assembler dlmzb\\\\. 
FAIL: gcc.target/powerpc/440-macchw-1.c scan-assembler macchw 
FAIL: gcc.target/powerpc/440-macchw-2.c scan-assembler macchw\\\\. 
FAIL: gcc.target/powerpc/440-macchwu-1.c scan-assembler macchwu 
FAIL: gcc.target/powerpc/440-macchwu-2.c scan-assembler macchwu\\\\. 
FAIL: gcc.target/powerpc/440-machhw-1.c scan-assembler machhw 
FAIL: gcc.target/powerpc/440-machhw-2.c scan-assembler machhw\\\\. 
FAIL: gcc.target/powerpc/440-machhwu-1.c scan-assembler machhwu 
FAIL: gcc.target/powerpc/440-machhwu-2.c scan-assembler machhwu\\\\. 
FAIL: gcc.target/powerpc/440-maclhw-1.c scan-assembler maclhw 
FAIL: gcc.target/powerpc/440-maclhw-2.c scan-assembler maclhw\\\\. 
FAIL: gcc.target/powerpc/440-maclhwu-1.c scan-assembler maclhwu 
FAIL: gcc.target/powerpc/440-maclhwu-2.c scan-assembler maclhwu\\\\. 
FAIL: gcc.target/powerpc/440-mulchw-1.c scan-assembler mulchw 
FAIL: gcc.target/powerpc/440-mulchw-2.c scan-assembler mulchw\\\\. 
FAIL: gcc.target/powerpc/440-mulchwu-1.c scan-assembler mulchwu 
FAIL: gcc.target/powerpc/440-mulchwu-2.c scan-assembler mulchwu\\\\. 
FAIL: gcc.target/powerpc/440-mulhhw-1.c scan-assembler mulhhw 
FAIL: gcc.target/powerpc/440-mulhhw-2.c scan-assembler mulhhw\\\\. 
FAIL: gcc.target/powerpc/440-mulhhwu-1.c scan-assembler mulhhwu 
FAIL: gcc.target/powerpc/440-mulhhwu-2.c scan-assembler mulhhwu\\\\. 
FAIL: gcc.target/powerpc/440-mullhw-1.c scan-assembler mullhw 
FAIL: gcc.target/powerpc/440-mullhw-2.c scan-assembler mullhw\\\\. 
FAIL: gcc.target/powerpc/440-mullhwu-1.c scan-assembler mullhwu 
FAIL: gcc.target/powerpc/440-mullhwu-2.c scan-assembler mullhwu\\\\. 
FAIL: gcc.target/powerpc/440-nmacchw-1.c scan-assembler nmacchw 
FAIL: gcc.target/powerpc/440-nmacchw-2.c scan-assembler nmacchw\\\\. 
FAIL: gcc.target/powerpc/440-nmachhw-1.c scan-assembler nmachhw 
FAIL: gcc.target/powerpc/440-nmachhw-2.c scan-assembler nmachhw\\\\. 
FAIL: gcc.target/powerpc/440-nmaclhw-1.c scan-assembler nmaclhw 
FAIL: gcc.target/powerpc/440-nmaclhw-2.c scan-assembler nmaclhw\\\\. 
FAIL: gcc.target/powerpc/altivec-cell-6.c (test for excess errors)
FAIL: gcc.target/powerpc/altivec-cell-7.c (test for excess errors)
ERROR: gcc.target/powerpc/altivec-cell-7.c: error executing dg-final: couldn't open "altivec-cell-7.s": no such file or directory
UNRESOLVED: gcc.target/powerpc/altivec-cell-7.c: error executing dg-final: couldn't open "altivec-cell-7.s": no such file or directory
WARNING: program timed out.
FAIL: gcc.target/powerpc/altivec-cell-8.c (test for excess errors)
WARNING: program timed out.
FAIL: gcc.target/powerpc/parity-1.c scan-assembler popcntb
FAIL: gcc.target/powerpc/popcount-1.c scan-assembler popcntb
FAIL: gcc.target/powerpc/popcount-2.c scan-assembler popcntw
FAIL: gcc.target/powerpc/ppc-spe.c (internal compiler error)
FAIL: gcc.target/powerpc/ppc-spe.c (test for excess errors)
FAIL: gcc.target/powerpc/ppc-vector-memcpy.c scan-assembler lvx
FAIL: gcc.target/powerpc/ppc64-double-1.c scan-assembler-not stfd
FAIL: gcc.target/powerpc/pr41175.c (test for excess errors)
WARNING: gcc.target/powerpc/pr41175.c compilation failed to produce executable
FAIL: gcc.target/powerpc/pr42747.c scan-assembler xssqrtdp
FAIL: gcc.target/powerpc/pr43154.c (test for excess errors)
ERROR: gcc.target/powerpc/pr43154.c: error executing dg-final: couldn't open "pr43154.s": no such file or directory
UNRESOLVED: gcc.target/powerpc/pr43154.c: error executing dg-final: couldn't open "pr43154.s": no such file or directory
FAIL: gcc.target/powerpc/rs6000-power2-2.c scan-assembler-not lfd
FAIL: gcc.target/powerpc/rs6000-power2-2.c scan-assembler lfq
FAIL: gcc.target/powerpc/rs6000-power2-2.c scan-assembler stfq
FAIL: gcc.target/powerpc/spe-vector-memcpy.c scan-assembler evstdd
FAIL: gcc.target/powerpc/vsx-builtin-1.c (test for excess errors)
ERROR: gcc.target/powerpc/vsx-builtin-1.c: error executing dg-final: couldn't open "vsx-builtin-1.s": no such file or directory
UNRESOLVED: gcc.target/powerpc/vsx-builtin-1.c: error executing dg-final: couldn't open "vsx-builtin-1.s": no such file or directory
FAIL: gcc.target/powerpc/vsx-builtin-2.c (test for excess errors)
ERROR: gcc.target/powerpc/vsx-builtin-2.c: error executing dg-final: couldn't open "vsx-builtin-2.s": no such file or directory
UNRESOLVED: gcc.target/powerpc/vsx-builtin-2.c: error executing dg-final: couldn't open "vsx-builtin-2.s": no such file or directory
FAIL: gcc.target/powerpc/vsx-builtin-6.c (test for excess errors)
ERROR: gcc.target/powerpc/vsx-builtin-6.c: error executing dg-final: couldn't open "vsx-builtin-6.s": no such file or directory
UNRESOLVED: gcc.target/powerpc/vsx-builtin-6.c: error executing dg-final: couldn't open "vsx-builtin-6.s": no such file or directory
FAIL: gcc.target/powerpc/vsx-builtin-7.c (test for excess errors)
FAIL: gcc.target/powerpc/warn-2.c  (test for warnings, line 1)

		=== gcc Summary ===

# of expected passes		65141
# of unexpected failures	418
# of expected failures		162
# of unresolved testcases	309
# of unsupported tests		888
/users/joel/test-gcc/b-gcc1-powerpc/gcc/xgcc  version 4.6.0 20100428 (experimental) [trunk revision 158844] (GCC) 

Host   is x86_64-unknown-linux-gnu

		=== g++ tests ===


Running target rtems-powerpc-psim
FAIL: g++.dg/eh/div.C (test for excess errors)
WARNING: program timed out.
FAIL: g++.dg/eh/gcsec1.C execution test
WARNING: program timed out.
FAIL: g++.dg/eh/simd-2.C (test for excess errors)
WARNING: g++.dg/eh/simd-2.C compilation failed to produce executable
FAIL: g++.dg/ext/altivec-1.C (test for excess errors)
FAIL: g++.dg/ext/altivec-10.C (test for excess errors)
FAIL: g++.dg/ext/altivec-12.C (test for excess errors)
FAIL: g++.dg/ext/altivec-13.C (test for excess errors)
FAIL: g++.dg/ext/altivec-14.C (test for excess errors)
FAIL: g++.dg/ext/altivec-16.C (test for excess errors)
FAIL: g++.dg/ext/altivec-17.C  (test for errors, line 15)
FAIL: g++.dg/ext/altivec-17.C (test for excess errors)
FAIL: g++.dg/ext/altivec-2.C (test for excess errors)
FAIL: g++.dg/ext/altivec-3.C (test for excess errors)
FAIL: g++.dg/ext/altivec-4.C (test for excess errors)
FAIL: g++.dg/ext/altivec-5.C (test for excess errors)
FAIL: g++.dg/ext/altivec-6.C (test for excess errors)
FAIL: g++.dg/ext/altivec-7.C (test for excess errors)
ERROR: g++.dg/ext/altivec-7.C: error executing dg-final: couldn't open "altivec-7.s": no such file or directory
UNRESOLVED: g++.dg/ext/altivec-7.C: error executing dg-final: couldn't open "altivec-7.s": no such file or directory
FAIL: g++.dg/ext/altivec-8.C (test for excess errors)
FAIL: g++.dg/ext/altivec-9.C (test for excess errors)
FAIL: g++.dg/ext/altivec-cell-1.C (test for excess errors)
FAIL: g++.dg/ext/altivec-cell-2.C (test for excess errors)
FAIL: g++.dg/ext/altivec-cell-3.C (test for excess errors)
FAIL: g++.dg/ext/altivec-cell-4.C (test for excess errors)
FAIL: g++.dg/ext/altivec-cell-5.C (test for excess errors)
FAIL: g++.dg/init/struct2.C (internal compiler error)
FAIL: g++.dg/init/struct2.C (test for excess errors)
FAIL: g++.dg/opt/pr22167.C (test for excess errors)
WARNING: g++.dg/opt/pr22167.C compilation failed to produce executable
FAIL: g++.dg/other/opaque-1.C (test for excess errors)
WARNING: program timed out.
FAIL: g++.dg/other/opaque-1.C execution test
FAIL: g++.dg/special/conpr-1.C (test for excess errors)
WARNING: g++.dg/special/conpr-1.C compilation failed to produce executable
FAIL: g++.dg/special/conpr-2.C (test for excess errors)
WARNING: g++.dg/special/conpr-2.C compilation failed to produce executable
FAIL: g++.dg/special/conpr-3.C (test for excess errors)
WARNING: g++.dg/special/conpr-3.C compilation failed to produce executable
FAIL: g++.dg/special/conpr-4.C (test for excess errors)
WARNING: g++.dg/special/conpr-4.C compilation failed to produce executable
FAIL: g++.dg/special/initp1.C (test for excess errors)
WARNING: g++.dg/special/initp1.C compilation failed to produce executable
FAIL: g++.dg/special/initpri1.C (test for excess errors)
WARNING: g++.dg/special/initpri1.C compilation failed to produce executable
WARNING: program timed out.
FAIL: c-c++-common/torture/complex-sign-mul-minus-one.c  -Os  (test for excess errors)
WARNING: c-c++-common/torture/complex-sign-mul-minus-one.c  -Os  compilation failed to produce executable
FAIL: c-c++-common/torture/complex-sign-mul-one.c  -Os  (test for excess errors)
WARNING: c-c++-common/torture/complex-sign-mul-one.c  -Os  compilation failed to produce executable
FAIL: g++.dg/torture/pr30252.C  -Os  (test for excess errors)
WARNING: g++.dg/torture/pr30252.C  -Os  compilation failed to produce executable
FAIL: g++.dg/torture/pr31863.C  -Os  (test for excess errors)
FAIL: g++.dg/torture/pr33572.C  -Os  (test for excess errors)
WARNING: g++.dg/torture/pr33572.C  -Os  compilation failed to produce executable
FAIL: g++.dg/torture/pr33887-1.C  -Os  (test for excess errors)
WARNING: g++.dg/torture/pr33887-1.C  -Os  compilation failed to produce executable
FAIL: g++.dg/torture/pr34099.C  -Os  (test for excess errors)
WARNING: g++.dg/torture/pr34099.C  -Os  compilation failed to produce executable
FAIL: g++.dg/torture/pr37146-1.C  -Os  (test for excess errors)
WARNING: g++.dg/torture/pr37146-1.C  -Os  compilation failed to produce executable
FAIL: g++.dg/torture/pr37922.C  -Os  (test for excess errors)
WARNING: g++.dg/torture/pr37922.C  -Os  compilation failed to produce executable
FAIL: g++.dg/torture/pr39002.C  -Os  (test for excess errors)
WARNING: g++.dg/torture/pr39002.C  -Os  compilation failed to produce executable
FAIL: g++.dg/torture/pr39417.C  -Os  (test for excess errors)
WARNING: g++.dg/torture/pr39417.C  -Os  compilation failed to produce executable
FAIL: g++.dg/torture/pr40389.C  -Os  (test for excess errors)
WARNING: g++.dg/torture/pr40389.C  -Os  compilation failed to produce executable
FAIL: g++.dg/torture/pr40924.C  -Os  (test for excess errors)
WARNING: g++.dg/torture/pr40924.C  -Os  compilation failed to produce executable
FAIL: g++.dg/torture/pr42462.C  -Os  (test for excess errors)
WARNING: g++.dg/torture/pr42462.C  -Os  compilation failed to produce executable
FAIL: g++.dg/torture/type-generic-1.C  -Os  (test for excess errors)
WARNING: g++.dg/torture/type-generic-1.C  -Os  compilation failed to produce executable
WARNING: program timed out.
XPASS: g++.old-deja/g++.other/init19.C execution test

		=== g++ Summary ===

# of expected passes		21933
# of unexpected failures	50
# of unexpected successes	1
# of expected failures		154
# of unresolved testcases	1
# of unsupported tests		198
/users/joel/test-gcc/b-gcc1-powerpc/gcc/testsuite/g++/../../g++  version 4.6.0 20100428 (experimental) [trunk revision 158844] (GCC) 


Compiler version: 4.6.0 20100428 (experimental) [trunk revision 158844] (GCC) 
Platform: powerpc-unknown-rtems4.10
configure flags: --enable-threads=rtems --with-gnu-as --enable-multilib --enable-newlib-mb --enable-newlib-iconv --with-gnu-ld --with-newlib --verbose --with-system-zlib --disable-nls --enable-version-specific-runtime-libs --enable-languages=c,c++ --target=powerpc-rtems4.10 --prefix=/users/joel/test-gcc/install-svn


Index Nav: [Date Index] [Subject Index] [Author Index] [Thread Index]
Message Nav: [Date Prev] [Date Next] [Thread Prev] [Thread Next]