This is the mail archive of the gcc-testresults@gcc.gnu.org mailing list for the GCC project.


Index Nav: [Date Index] [Subject Index] [Author Index] [Thread Index]
Message Nav: [Date Prev] [Date Next] [Thread Prev] [Thread Next]
Other format: [Raw text]

Results for 4.5.0 20090910 (experimental) [trunk revision 151614] (GCC) testsuite on hppa64-hp-hpux11.11


Native configuration is hppa64-hp-hpux11.11

		=== gcc tests ===


Running target unix
FAIL: gcc.c-torture/execute/mayalias-1.c compilation,  -O1  (internal compiler error)
UNRESOLVED: gcc.c-torture/execute/mayalias-1.c execution,  -O1 
FAIL: gcc.c-torture/execute/mayalias-1.c compilation,  -O2  (internal compiler error)
UNRESOLVED: gcc.c-torture/execute/mayalias-1.c execution,  -O2 
FAIL: gcc.c-torture/execute/mayalias-1.c compilation,  -O3 -fomit-frame-pointer  (internal compiler error)
UNRESOLVED: gcc.c-torture/execute/mayalias-1.c execution,  -O3 -fomit-frame-pointer 
FAIL: gcc.c-torture/execute/mayalias-1.c compilation,  -O3 -g  (internal compiler error)
UNRESOLVED: gcc.c-torture/execute/mayalias-1.c execution,  -O3 -g 
FAIL: gcc.c-torture/execute/mayalias-1.c compilation,  -Os  (internal compiler error)
UNRESOLVED: gcc.c-torture/execute/mayalias-1.c execution,  -Os 
XPASS: gcc.dg/Warray-bounds.c  (test for warnings, line 59)
XPASS: gcc.dg/Warray-bounds.c  (test for warnings, line 65)
XPASS: gcc.dg/Wunreachable-8.c  (test for bogus messages, line 7)
XPASS: gcc.dg/funcorder.c scan-assembler-not link_error,%r
WARNING: program timed out.
UNRESOLVED: selfassign.c compilation, -I. -I/mnt/gnu/gcc/gcc/gcc/testsuite -I/mnt/gnu/gcc/gcc/gcc/testsuite/../../gcc -I/mnt/gnu/gcc/objdir-test/gcc/testsuite/gcc/../../../gcc  -I/mnt/gnu/gcc/gcc/gcc/testsuite/../../include -I/mnt/gnu/gcc/gcc/gcc/testsuite/../../libcpp/include  -I/opt/gnu64/gcc/gcc-4.5.0/include  -O -DIN_GCC -fPIC -shared
UNRESOLVED: ggcplug.c compilation, -I. -I/mnt/gnu/gcc/gcc/gcc/testsuite -I/mnt/gnu/gcc/gcc/gcc/testsuite/../../gcc -I/mnt/gnu/gcc/objdir-test/gcc/testsuite/gcc/../../../gcc  -I/mnt/gnu/gcc/gcc/gcc/testsuite/../../include -I/mnt/gnu/gcc/gcc/gcc/testsuite/../../libcpp/include  -I/opt/gnu64/gcc/gcc-4.5.0/include  -O -DIN_GCC -fPIC -shared
UNRESOLVED: one_time_plugin.c compilation, -I. -I/mnt/gnu/gcc/gcc/gcc/testsuite -I/mnt/gnu/gcc/gcc/gcc/testsuite/../../gcc -I/mnt/gnu/gcc/objdir-test/gcc/testsuite/gcc/../../../gcc  -I/mnt/gnu/gcc/gcc/gcc/testsuite/../../include -I/mnt/gnu/gcc/gcc/gcc/testsuite/../../libcpp/include  -I/opt/gnu64/gcc/gcc-4.5.0/include   -DIN_GCC -fPIC -shared
UNRESOLVED: start_unit_plugin.c compilation, -I. -I/mnt/gnu/gcc/gcc/gcc/testsuite -I/mnt/gnu/gcc/gcc/gcc/testsuite/../../gcc -I/mnt/gnu/gcc/objdir-test/gcc/testsuite/gcc/../../../gcc  -I/mnt/gnu/gcc/gcc/gcc/testsuite/../../include -I/mnt/gnu/gcc/gcc/gcc/testsuite/../../libcpp/include  -I/opt/gnu64/gcc/gcc-4.5.0/include   -DIN_GCC -fPIC -shared
UNRESOLVED: finish_unit_plugin.c compilation, -I. -I/mnt/gnu/gcc/gcc/gcc/testsuite -I/mnt/gnu/gcc/gcc/gcc/testsuite/../../gcc -I/mnt/gnu/gcc/objdir-test/gcc/testsuite/gcc/../../../gcc  -I/mnt/gnu/gcc/gcc/gcc/testsuite/../../include -I/mnt/gnu/gcc/gcc/gcc/testsuite/../../libcpp/include  -I/opt/gnu64/gcc/gcc-4.5.0/include   -DIN_GCC -fPIC -shared
XPASS: gcc.dg/struct/wo_prof_array_through_pointer.c scan-ipa-dump ipa_struct_reorg "Number of structures to transform is 1"
FAIL: gcc.dg/torture/pr26565.c  -O1  execution test
FAIL: gcc.dg/torture/pr26565.c  -O2  execution test
FAIL: gcc.dg/torture/pr26565.c  -Os  execution test
FAIL: gcc.dg/tree-prof/pr34999.c compilation,  -fprofile-use -D_PROFILE_USE
UNRESOLVED: gcc.dg/tree-prof/pr34999.c execution,    -fprofile-use -D_PROFILE_USE

		=== gcc Summary ===

# of expected passes		50613
# of unexpected failures	9
# of unexpected successes	5
# of expected failures		85
# of unresolved testcases	11
# of unsupported tests		673
/mnt/gnu/gcc/objdir-test/gcc/xgcc  version 4.5.0 20090910 (experimental) [trunk revision 151614] (GCC) 

		=== libgomp tests ===


Running target unix

		=== libgomp Summary ===

# of expected passes		242
# of unsupported tests		9

Compiler version: 4.5.0 20090910 (experimental) [trunk revision 151614] (GCC) 
Platform: hppa64-hp-hpux11.11
configure flags:Test Run By dave on Thu Apr 29 12:33:28 2010


Index Nav: [Date Index] [Subject Index] [Author Index] [Thread Index]
Message Nav: [Date Prev] [Date Next] [Thread Prev] [Thread Next]