This is the mail archive of the
gcc-testresults@gcc.gnu.org
mailing list for the GCC project.
Results for 4.6.0 20100430 (experimental) (GCC) testsuite on ia64-hp-hpux11.23
- From: Steve Ellcey <sje at cup dot hp dot com>
- To: gcc-testresults at gcc dot gnu dot org
- Date: Fri, 30 Apr 2010 08:03:08 -0700 (PDT)
- Subject: Results for 4.6.0 20100430 (experimental) (GCC) testsuite on ia64-hp-hpux11.23
Native configuration is ia64-hp-hpux11.23
=== g++ tests ===
Running target unix/-milp32
=== g++ Summary for unix/-milp32 ===
# of expected passes 21385
# of expected failures 157
# of unsupported tests 217
Running target unix/-mlp64
=== g++ Summary for unix/-mlp64 ===
# of expected passes 21346
# of expected failures 157
# of unsupported tests 218
=== g++ Summary ===
# of expected passes 42731
# of expected failures 314
# of unsupported tests 435
/proj/opensrc_nobackup/nightly2/build-ia64-hp-hpux11.23-trunk/obj_gcc/gcc/testsuite/g++/../../g++ version 4.6.0 20100430 (experimental) (GCC)
=== gcc tests ===
Running target unix/-milp32
FAIL: gcc.c-torture/compile/limits-structnest.c -O2 (test for excess errors)
FAIL: gcc.c-torture/compile/limits-structnest.c -O3 -fomit-frame-pointer (test for excess errors)
FAIL: gcc.c-torture/compile/limits-structnest.c -O3 -g (test for excess errors)
FAIL: gcc.c-torture/compile/limits-structnest.c -Os (test for excess errors)
FAIL: gcc.c-torture/compile/limits-structnest.c -O2 -flto (test for excess errors)
FAIL: gcc.c-torture/compile/limits-structnest.c -O2 -fwhopr (test for excess errors)
FAIL: gcc.c-torture/compile/pr42196-2.c -O3 -fomit-frame-pointer (internal compiler error)
FAIL: gcc.c-torture/compile/pr42196-2.c -O3 -fomit-frame-pointer (test for excess errors)
FAIL: gcc.c-torture/compile/pr42196-2.c -O3 -g (internal compiler error)
FAIL: gcc.c-torture/compile/pr42196-2.c -O3 -g (test for excess errors)
FAIL: gcc.c-torture/execute/vector-2.c execution, -O2 -flto
FAIL: gcc.c-torture/execute/vector-2.c execution, -O2 -fwhopr
FAIL: gcc.dg/builtin-apply4.c execution test
FAIL: gcc.dg/pr34668-1.c (internal compiler error)
FAIL: gcc.dg/pr34668-1.c (test for excess errors)
WARNING: program timed out.
FAIL: gcc.dg/pr43058.c (test for excess errors)
FAIL: gcc.dg/lto/20090126-1 c_lto_20090126-1_0.o-c_lto_20090126-1_0.o link, (internal compiler error)
UNRESOLVED: gcc.dg/lto/20090126-1 c_lto_20090126-1_0.o-c_lto_20090126-1_0.o execute -O0 -fwhopr
FAIL: gcc.dg/lto/20091216-1 c_lto_20091216-1_0.o assemble, -O0 -fwhopr
UNRESOLVED: gcc.dg/lto/20091216-1 c_lto_20091216-1_0.o-c_lto_20091216-1_0.o link -O0 -fwhopr
UNRESOLVED: gcc.dg/lto/20091216-1 c_lto_20091216-1_0.o-c_lto_20091216-1_0.o execute -O0 -fwhopr
FAIL: gcc.dg/lto/20091216-1 c_lto_20091216-1_0.o assemble, -O2 -fwhopr
UNRESOLVED: gcc.dg/lto/20091216-1 c_lto_20091216-1_0.o-c_lto_20091216-1_0.o link -O2 -fwhopr
UNRESOLVED: gcc.dg/lto/20091216-1 c_lto_20091216-1_0.o-c_lto_20091216-1_0.o execute -O2 -fwhopr
FAIL: gcc.dg/lto/20091216-1 c_lto_20091216-1_0.o assemble, -O0 -flto
UNRESOLVED: gcc.dg/lto/20091216-1 c_lto_20091216-1_0.o-c_lto_20091216-1_0.o link -O0 -flto
UNRESOLVED: gcc.dg/lto/20091216-1 c_lto_20091216-1_0.o-c_lto_20091216-1_0.o execute -O0 -flto
FAIL: gcc.dg/lto/20091216-1 c_lto_20091216-1_0.o assemble, -O2 -flto
UNRESOLVED: gcc.dg/lto/20091216-1 c_lto_20091216-1_0.o-c_lto_20091216-1_0.o link -O2 -flto
UNRESOLVED: gcc.dg/lto/20091216-1 c_lto_20091216-1_0.o-c_lto_20091216-1_0.o execute -O2 -flto
FAIL: gcc.dg/lto/20100423-2 c_lto_20100423-2_0.o-c_lto_20100423-2_1.o link
UNRESOLVED: gcc.dg/lto/20100423-2 c_lto_20100423-2_0.o-c_lto_20100423-2_1.o execute -O2 -flto
FAIL: gcc.dg/lto/20100423-2 c_lto_20100423-2_0.o-c_lto_20100423-2_1.o link
UNRESOLVED: gcc.dg/lto/20100423-2 c_lto_20100423-2_0.o-c_lto_20100423-2_1.o execute -O2 -fwhopr
FAIL: gcc.dg/lto/20100423-2 c_lto_20100423-2_0.o-c_lto_20100423-2_1.o link
UNRESOLVED: gcc.dg/lto/20100423-2 c_lto_20100423-2_0.o-c_lto_20100423-2_1.o execute -O3 -flto
FAIL: gcc.dg/lto/20100423-2 c_lto_20100423-2_0.o-c_lto_20100423-2_1.o link
UNRESOLVED: gcc.dg/lto/20100423-2 c_lto_20100423-2_0.o-c_lto_20100423-2_1.o execute -O3 -fwhopr
FAIL: gcc.dg/lto/const-uniq c_lto_const-uniq_0.o-c_lto_const-uniq_1.o link
UNRESOLVED: gcc.dg/lto/const-uniq c_lto_const-uniq_0.o-c_lto_const-uniq_1.o execute -Os -fwhopr
FAIL: gcc.dg/vect/slp-reduc-3.c scan-tree-dump-times vect "vectorized 1 loops" 2
FAIL: gcc.dg/vect/slp-reduc-3.c scan-tree-dump-times vect "vectorizing stmts using SLP" 1
FAIL: gcc.dg/vect/slp-reduc-6.c scan-tree-dump-times vect "vectorized 1 loops" 2
=== gcc Summary for unix/-milp32 ===
# of expected passes 63767
# of unexpected failures 29
# of expected failures 225
# of unresolved testcases 14
# of unsupported tests 765
Running target unix/-mlp64
FAIL: gcc.c-torture/compile/limits-structnest.c -O2 (test for excess errors)
FAIL: gcc.c-torture/compile/limits-structnest.c -O3 -fomit-frame-pointer (test for excess errors)
FAIL: gcc.c-torture/compile/limits-structnest.c -O3 -g (test for excess errors)
FAIL: gcc.c-torture/compile/limits-structnest.c -Os (test for excess errors)
FAIL: gcc.c-torture/compile/limits-structnest.c -O2 -flto (test for excess errors)
FAIL: gcc.c-torture/compile/limits-structnest.c -O2 -fwhopr (test for excess errors)
FAIL: gcc.c-torture/compile/pr42196-2.c -O3 -fomit-frame-pointer (internal compiler error)
FAIL: gcc.c-torture/compile/pr42196-2.c -O3 -fomit-frame-pointer (test for excess errors)
FAIL: gcc.c-torture/compile/pr42196-2.c -O3 -g (internal compiler error)
FAIL: gcc.c-torture/compile/pr42196-2.c -O3 -g (test for excess errors)
FAIL: gcc.c-torture/execute/vector-2.c execution, -O2 -flto
FAIL: gcc.c-torture/execute/vector-2.c execution, -O2 -fwhopr
FAIL: gcc.dg/builtin-apply4.c execution test
FAIL: gcc.dg/pr34668-1.c (internal compiler error)
FAIL: gcc.dg/pr34668-1.c (test for excess errors)
WARNING: program timed out.
FAIL: gcc.dg/pr43058.c (test for excess errors)
FAIL: gcc.dg/lto/20090126-1 c_lto_20090126-1_0.o-c_lto_20090126-1_0.o link, (internal compiler error)
UNRESOLVED: gcc.dg/lto/20090126-1 c_lto_20090126-1_0.o-c_lto_20090126-1_0.o execute -O0 -fwhopr
FAIL: gcc.dg/lto/20091216-1 c_lto_20091216-1_0.o assemble, -O0 -fwhopr
UNRESOLVED: gcc.dg/lto/20091216-1 c_lto_20091216-1_0.o-c_lto_20091216-1_0.o link -O0 -fwhopr
UNRESOLVED: gcc.dg/lto/20091216-1 c_lto_20091216-1_0.o-c_lto_20091216-1_0.o execute -O0 -fwhopr
FAIL: gcc.dg/lto/20091216-1 c_lto_20091216-1_0.o assemble, -O2 -fwhopr
UNRESOLVED: gcc.dg/lto/20091216-1 c_lto_20091216-1_0.o-c_lto_20091216-1_0.o link -O2 -fwhopr
UNRESOLVED: gcc.dg/lto/20091216-1 c_lto_20091216-1_0.o-c_lto_20091216-1_0.o execute -O2 -fwhopr
FAIL: gcc.dg/lto/20091216-1 c_lto_20091216-1_0.o assemble, -O0 -flto
UNRESOLVED: gcc.dg/lto/20091216-1 c_lto_20091216-1_0.o-c_lto_20091216-1_0.o link -O0 -flto
UNRESOLVED: gcc.dg/lto/20091216-1 c_lto_20091216-1_0.o-c_lto_20091216-1_0.o execute -O0 -flto
FAIL: gcc.dg/lto/20091216-1 c_lto_20091216-1_0.o assemble, -O2 -flto
UNRESOLVED: gcc.dg/lto/20091216-1 c_lto_20091216-1_0.o-c_lto_20091216-1_0.o link -O2 -flto
UNRESOLVED: gcc.dg/lto/20091216-1 c_lto_20091216-1_0.o-c_lto_20091216-1_0.o execute -O2 -flto
FAIL: gcc.dg/lto/20100423-2 c_lto_20100423-2_0.o-c_lto_20100423-2_1.o link
UNRESOLVED: gcc.dg/lto/20100423-2 c_lto_20100423-2_0.o-c_lto_20100423-2_1.o execute -O2 -flto
FAIL: gcc.dg/lto/20100423-2 c_lto_20100423-2_0.o-c_lto_20100423-2_1.o link
UNRESOLVED: gcc.dg/lto/20100423-2 c_lto_20100423-2_0.o-c_lto_20100423-2_1.o execute -O2 -fwhopr
FAIL: gcc.dg/lto/20100423-2 c_lto_20100423-2_0.o-c_lto_20100423-2_1.o link
UNRESOLVED: gcc.dg/lto/20100423-2 c_lto_20100423-2_0.o-c_lto_20100423-2_1.o execute -O3 -flto
FAIL: gcc.dg/lto/20100423-2 c_lto_20100423-2_0.o-c_lto_20100423-2_1.o link
UNRESOLVED: gcc.dg/lto/20100423-2 c_lto_20100423-2_0.o-c_lto_20100423-2_1.o execute -O3 -fwhopr
FAIL: gcc.dg/lto/const-uniq c_lto_const-uniq_0.o-c_lto_const-uniq_1.o link
UNRESOLVED: gcc.dg/lto/const-uniq c_lto_const-uniq_0.o-c_lto_const-uniq_1.o execute -Os -fwhopr
FAIL: gcc.dg/vect/slp-reduc-3.c scan-tree-dump-times vect "vectorized 1 loops" 2
FAIL: gcc.dg/vect/slp-reduc-3.c scan-tree-dump-times vect "vectorizing stmts using SLP" 1
FAIL: gcc.dg/vect/slp-reduc-6.c scan-tree-dump-times vect "vectorized 1 loops" 2
=== gcc Summary for unix/-mlp64 ===
# of expected passes 63785
# of unexpected failures 29
# of expected failures 226
# of unresolved testcases 14
# of unsupported tests 753
=== gcc Summary ===
# of expected passes 127552
# of unexpected failures 58
# of expected failures 451
# of unresolved testcases 28
# of unsupported tests 1518
/proj/opensrc_nobackup/nightly2/build-ia64-hp-hpux11.23-trunk/obj_gcc/gcc/xgcc version 4.6.0 20100430 (experimental) (GCC)
=== gfortran tests ===
Running target unix/-milp32
FAIL: gfortran.dg/array_constructor_11.f90 -O3 -g (internal compiler error)
FAIL: gfortran.dg/array_constructor_11.f90 -O3 -g (test for excess errors)
WARNING: gfortran.dg/array_constructor_11.f90 -O3 -g compilation failed to produce executable
FAIL: gfortran.dg/array_constructor_23.f -O2 (test for excess errors)
FAIL: gfortran.dg/array_constructor_24.f -O2 (test for excess errors)
FAIL: gfortran.dg/dynamic_dispatch_4.f03 -O3 -fomit-frame-pointer -funroll-loops execution test
FAIL: gfortran.dg/dynamic_dispatch_4.f03 -O3 -fomit-frame-pointer -funroll-all-loops -finline-functions execution test
=== gfortran Summary for unix/-milp32 ===
# of expected passes 34295
# of unexpected failures 6
# of expected failures 29
# of unsupported tests 71
Running target unix/-mlp64
FAIL: gfortran.dg/array_constructor_11.f90 -O3 -g (internal compiler error)
FAIL: gfortran.dg/array_constructor_11.f90 -O3 -g (test for excess errors)
WARNING: gfortran.dg/array_constructor_11.f90 -O3 -g compilation failed to produce executable
FAIL: gfortran.dg/array_constructor_23.f -O2 (test for excess errors)
FAIL: gfortran.dg/array_constructor_24.f -O2 (test for excess errors)
FAIL: gfortran.dg/dynamic_dispatch_4.f03 -O3 -fomit-frame-pointer -funroll-loops execution test
FAIL: gfortran.dg/dynamic_dispatch_4.f03 -O3 -fomit-frame-pointer -funroll-all-loops -finline-functions execution test
WARNING: program timed out.
FAIL: gfortran.dg/vect/fast-math-pr38968.f90 execution test
=== gfortran Summary for unix/-mlp64 ===
# of expected passes 34294
# of unexpected failures 7
# of expected failures 29
# of unsupported tests 71
=== gfortran Summary ===
# of expected passes 68589
# of unexpected failures 13
# of expected failures 58
# of unsupported tests 142
/proj/opensrc_nobackup/nightly2/build-ia64-hp-hpux11.23-trunk/obj_gcc/gcc/testsuite/gfortran/../../gfortran version 4.6.0 20100430 (experimental) (GCC)
=== libgomp tests ===
Running target unix/-mlp64
=== libgomp Summary for unix/-mlp64 ===
# of expected passes 2490
# of unsupported tests 2
Running target unix/-milp32
=== libgomp Summary for unix/-milp32 ===
# of expected passes 2490
# of unsupported tests 2
=== libgomp Summary ===
# of expected passes 4980
# of unsupported tests 4
=== libstdc++ tests ===
Running target unix/-milp32
XPASS: 22_locale/collate/hash/char/1.cc (test for excess errors)
XPASS: 22_locale/collate/requirements/base_classes.cc (test for excess errors)
XPASS: 22_locale/collate/transform/wchar_t/28277.cc (test for excess errors)
XPASS: 22_locale/collate_byname/requirements/base_classes.cc (test for excess errors)
FAIL: 23_containers/deque/operators/1.cc (test for excess errors)
FAIL: 27_io/objects/wchar_t/7.cc execution test
FAIL: 27_io/objects/wchar_t/9661-1.cc execution test
FAIL: ext/codecvt/wchar_t.cc execution test
FAIL: ext/profile/all.cc (test for excess errors)
WARNING: program timed out.
WARNING: program timed out.
=== libstdc++ Summary for unix/-milp32 ===
# of expected passes 6281
# of unexpected failures 5
# of unexpected successes 4
# of expected failures 88
# of unsupported tests 642
Running target unix/-mlp64
XPASS: 22_locale/collate/hash/char/1.cc (test for excess errors)
XPASS: 22_locale/collate/requirements/base_classes.cc (test for excess errors)
XPASS: 22_locale/collate/transform/wchar_t/28277.cc (test for excess errors)
XPASS: 22_locale/collate_byname/requirements/base_classes.cc (test for excess errors)
FAIL: 23_containers/deque/operators/1.cc (test for excess errors)
FAIL: 27_io/objects/wchar_t/7.cc execution test
FAIL: 27_io/objects/wchar_t/9661-1.cc execution test
FAIL: ext/codecvt/wchar_t.cc execution test
FAIL: ext/pb_ds/regression/priority_queue_rand.cc execution test
FAIL: ext/profile/all.cc (test for excess errors)
WARNING: program timed out.
WARNING: program timed out.
=== libstdc++ Summary for unix/-mlp64 ===
# of expected passes 6280
# of unexpected failures 6
# of unexpected successes 4
# of expected failures 88
# of unsupported tests 642
=== libstdc++ Summary ===
# of expected passes 12561
# of unexpected failures 11
# of unexpected successes 8
# of expected failures 176
# of unsupported tests 1284
=== libstdc++ Summary ===
Compiler version: 4.6.0 20100430 (experimental) (GCC)
Platform: ia64-hp-hpux11.23
configure flags: --host=ia64-hp-hpux11.23 --build=ia64-hp-hpux11.23 --prefix=/proj/opensrc_nobackup/nightly2/gcc-ia64-hp-hpux11.23-trunk --with-local-prefix=/proj/opensrc_nobackup/nightly2/gcc-ia64-hp-hpux11.23-trunk --disable-nls --with-gmp=/proj/opensrc/be/ia64-hp-hpux11.23 --with-mpfr=/proj/opensrc/be/ia64-hp-hpux11.23 --with-libelf=/proj/opensrc/be/ia64-hp-hpux11.23 --disable-libmudflap --enable-libunwind-exceptions SED=/usr/bin/sed --enable-languages=c,c++,fortran