This is the mail archive of the gcc-testresults@gcc.gnu.org mailing list for the GCC project.


Index Nav: [Date Index] [Subject Index] [Author Index] [Thread Index]
Message Nav: [Date Prev] [Date Next] [Thread Prev] [Thread Next]
Other format: [Raw text]

Results for 4.6.0 20100428 (experimental) [trunk revision 158844] (GCC) testsuite on mips-unknown-rtems4.10


LAST_UPDATED: Wed Apr 28 21:27:33 UTC 2010 (revision 158844)

Target is mips-unknown-rtems4.10
Host   is x86_64-unknown-linux-gnu

		=== gcc tests ===


Running target rtems-mips-jmr3904
FAIL: gcc.c-torture/compile/limits-exprparen.c  -O0  (test for excess errors)
FAIL: gcc.c-torture/compile/limits-exprparen.c  -O1  (test for excess errors)
FAIL: gcc.c-torture/compile/limits-exprparen.c  -O2  (test for excess errors)
FAIL: gcc.c-torture/compile/limits-exprparen.c  -O3 -fomit-frame-pointer  (test for excess errors)
FAIL: gcc.c-torture/compile/limits-exprparen.c  -O3 -g  (test for excess errors)
FAIL: gcc.c-torture/compile/limits-exprparen.c  -Os  (test for excess errors)
FAIL: gcc.c-torture/compile/limits-exprparen.c  -O2 -flto  (test for excess errors)
FAIL: gcc.c-torture/compile/limits-exprparen.c  -O2 -fwhopr  (test for excess errors)
FAIL: gcc.c-torture/execute/pr23135.c compilation,  -O1  (internal compiler error)
UNRESOLVED: gcc.c-torture/execute/pr23135.c execution,  -O1 
FAIL: gcc.c-torture/execute/pr23135.c compilation,  -O2  (internal compiler error)
UNRESOLVED: gcc.c-torture/execute/pr23135.c execution,  -O2 
FAIL: gcc.c-torture/execute/pr23135.c compilation,  -O3 -fomit-frame-pointer  (internal compiler error)
UNRESOLVED: gcc.c-torture/execute/pr23135.c execution,  -O3 -fomit-frame-pointer 
FAIL: gcc.c-torture/execute/pr23135.c compilation,  -O3 -g  (internal compiler error)
UNRESOLVED: gcc.c-torture/execute/pr23135.c execution,  -O3 -g 
FAIL: gcc.c-torture/execute/pr23135.c compilation,  -Os  (internal compiler error)
UNRESOLVED: gcc.c-torture/execute/pr23135.c execution,  -Os 
FAIL: gcc.c-torture/execute/pr23135.c compilation,  -O2 -flto  (internal compiler error)
UNRESOLVED: gcc.c-torture/execute/pr23135.c execution,  -O2 -flto 
FAIL: gcc.c-torture/execute/pr23135.c compilation,  -O2 -fwhopr  (internal compiler error)
UNRESOLVED: gcc.c-torture/execute/pr23135.c execution,  -O2 -fwhopr 
FAIL: gcc.c-torture/execute/pr42248.c compilation,  -O0 
UNRESOLVED: gcc.c-torture/execute/pr42248.c execution,  -O0 
FAIL: gcc.c-torture/execute/pr42248.c compilation,  -O1 
UNRESOLVED: gcc.c-torture/execute/pr42248.c execution,  -O1 
FAIL: gcc.c-torture/execute/pr42248.c compilation,  -O2 
UNRESOLVED: gcc.c-torture/execute/pr42248.c execution,  -O2 
FAIL: gcc.c-torture/execute/pr42248.c compilation,  -O3 -fomit-frame-pointer 
UNRESOLVED: gcc.c-torture/execute/pr42248.c execution,  -O3 -fomit-frame-pointer 
FAIL: gcc.c-torture/execute/pr42248.c compilation,  -O3 -g 
UNRESOLVED: gcc.c-torture/execute/pr42248.c execution,  -O3 -g 
FAIL: gcc.c-torture/execute/pr42248.c compilation,  -Os 
UNRESOLVED: gcc.c-torture/execute/pr42248.c execution,  -Os 
FAIL: gcc.c-torture/execute/pr42248.c compilation,  -O2 -flto 
UNRESOLVED: gcc.c-torture/execute/pr42248.c execution,  -O2 -flto 
FAIL: gcc.c-torture/execute/pr42248.c compilation,  -O2 -fwhopr 
UNRESOLVED: gcc.c-torture/execute/pr42248.c execution,  -O2 -fwhopr 
FAIL: gcc.c-torture/execute/pr42614.c compilation,  -O0 
UNRESOLVED: gcc.c-torture/execute/pr42614.c execution,  -O0 
FAIL: gcc.c-torture/execute/pr42614.c compilation,  -O1 
UNRESOLVED: gcc.c-torture/execute/pr42614.c execution,  -O1 
FAIL: gcc.c-torture/execute/pr42614.c compilation,  -O2 
UNRESOLVED: gcc.c-torture/execute/pr42614.c execution,  -O2 
FAIL: gcc.c-torture/execute/pr42614.c compilation,  -O3 -fomit-frame-pointer 
UNRESOLVED: gcc.c-torture/execute/pr42614.c execution,  -O3 -fomit-frame-pointer 
FAIL: gcc.c-torture/execute/pr42614.c compilation,  -O3 -fomit-frame-pointer -funroll-loops 
UNRESOLVED: gcc.c-torture/execute/pr42614.c execution,  -O3 -fomit-frame-pointer -funroll-loops 
FAIL: gcc.c-torture/execute/pr42614.c compilation,  -O3 -fomit-frame-pointer -funroll-all-loops -finline-functions 
UNRESOLVED: gcc.c-torture/execute/pr42614.c execution,  -O3 -fomit-frame-pointer -funroll-all-loops -finline-functions 
FAIL: gcc.c-torture/execute/pr42614.c compilation,  -O3 -g 
UNRESOLVED: gcc.c-torture/execute/pr42614.c execution,  -O3 -g 
FAIL: gcc.c-torture/execute/pr42614.c compilation,  -Os 
UNRESOLVED: gcc.c-torture/execute/pr42614.c execution,  -Os 
FAIL: gcc.c-torture/execute/pr42614.c compilation,  -O2 -flto 
UNRESOLVED: gcc.c-torture/execute/pr42614.c execution,  -O2 -flto 
FAIL: gcc.c-torture/execute/pr42614.c compilation,  -O2 -fwhopr 
UNRESOLVED: gcc.c-torture/execute/pr42614.c execution,  -O2 -fwhopr 
FAIL: gcc.c-torture/execute/ieee/20000320-1.c execution,  -O0 
FAIL: gcc.c-torture/execute/ieee/20000320-1.c execution,  -O1 
FAIL: gcc.c-torture/execute/ieee/20000320-1.c execution,  -O2 
FAIL: gcc.c-torture/execute/ieee/20000320-1.c execution,  -O3 -fomit-frame-pointer 
FAIL: gcc.c-torture/execute/ieee/20000320-1.c execution,  -O3 -g 
FAIL: gcc.c-torture/execute/ieee/20000320-1.c execution,  -Os 
FAIL: gcc.c-torture/execute/ieee/20000320-1.c execution,  -O2 -flto 
FAIL: gcc.c-torture/execute/ieee/20000320-1.c execution,  -O2 -fwhopr 
FAIL: gcc.c-torture/execute/ieee/mul-subnormal-single-1.c execution,  -O0 
FAIL: gcc.c-torture/execute/ieee/mul-subnormal-single-1.c execution,  -O1 
FAIL: gcc.c-torture/execute/ieee/mul-subnormal-single-1.c execution,  -O2 
FAIL: gcc.c-torture/execute/ieee/mul-subnormal-single-1.c execution,  -O3 -fomit-frame-pointer 
FAIL: gcc.c-torture/execute/ieee/mul-subnormal-single-1.c execution,  -O3 -fomit-frame-pointer -funroll-loops 
FAIL: gcc.c-torture/execute/ieee/mul-subnormal-single-1.c execution,  -O3 -fomit-frame-pointer -funroll-all-loops -finline-functions 
FAIL: gcc.c-torture/execute/ieee/mul-subnormal-single-1.c execution,  -O3 -g 
FAIL: gcc.c-torture/execute/ieee/mul-subnormal-single-1.c execution,  -Os 
FAIL: gcc.c-torture/execute/ieee/mul-subnormal-single-1.c execution,  -O2 -flto 
FAIL: gcc.c-torture/execute/ieee/mul-subnormal-single-1.c execution,  -O2 -fwhopr 
FAIL: gcc.dg/20061124-1.c (test for excess errors)
WARNING: gcc.dg/20061124-1.c compilation failed to produce executable
FAIL: gcc.dg/c99-stdint-5.c (test for excess errors)
FAIL: gcc.dg/c99-stdint-6.c (test for excess errors)
FAIL: gcc.dg/ia64-sync-1.c (test for excess errors)
WARNING: gcc.dg/ia64-sync-1.c compilation failed to produce executable
FAIL: gcc.dg/ia64-sync-2.c (test for excess errors)
WARNING: gcc.dg/ia64-sync-2.c compilation failed to produce executable
FAIL: gcc.dg/ia64-sync-3.c (test for excess errors)
WARNING: gcc.dg/ia64-sync-3.c compilation failed to produce executable
FAIL: gcc.dg/pr34668-1.c (internal compiler error)
FAIL: gcc.dg/pr34668-1.c (test for excess errors)
FAIL: gcc.dg/pr37908.c (test for excess errors)
WARNING: gcc.dg/pr37908.c compilation failed to produce executable
FAIL: gcc.dg/pr42427.c (test for excess errors)
FAIL: gcc.dg/sync-2.c (test for excess errors)
WARNING: gcc.dg/sync-2.c compilation failed to produce executable
FAIL: gcc.dg/sync-3.c (test for excess errors)
WARNING: gcc.dg/sync-3.c compilation failed to produce executable
FAIL: gcc.dg/uninit-pred-7_a.c bogus warning (test for bogus messages, line 26)
FAIL: gcc.dg/uninit-pred-8_a.c bogus warning (test for bogus messages, line 26)
FAIL: gcc.dg/uninit-pred-9_b.c bogus warning (test for bogus messages, line 24)
FAIL: gcc.dg/fixed-point/composite-type.c (test for excess errors)
FAIL: gcc.dg/lto/20090126-1 c_lto_20090126-1_0.o-c_lto_20090126-1_0.o link,  (internal compiler error)
UNRESOLVED: gcc.dg/lto/20090126-1 c_lto_20090126-1_0.o-c_lto_20090126-1_0.o execute -O0 -fwhopr
FAIL: gcc.dg/lto/20090210 c_lto_20090210_0.o-c_lto_20090210_1.o execute -O0 -fwhopr
FAIL: gcc.dg/lto/20090210 c_lto_20090210_0.o-c_lto_20090210_1.o execute -O2 -fwhopr
FAIL: gcc.dg/lto/20090210 c_lto_20090210_0.o-c_lto_20090210_1.o execute -O0 -flto
FAIL: gcc.dg/lto/20090210 c_lto_20090210_0.o-c_lto_20090210_1.o execute -O2 -flto
FAIL: gcc.dg/lto/20090313 c_lto_20090313_0.o-c_lto_20090313_0.o link
UNRESOLVED: gcc.dg/lto/20090313 c_lto_20090313_0.o-c_lto_20090313_0.o execute -O0 -fwhopr
FAIL: gcc.dg/lto/20090313 c_lto_20090313_0.o-c_lto_20090313_0.o link
UNRESOLVED: gcc.dg/lto/20090313 c_lto_20090313_0.o-c_lto_20090313_0.o execute -O2 -fwhopr
FAIL: gcc.dg/lto/20090313 c_lto_20090313_0.o-c_lto_20090313_0.o link
UNRESOLVED: gcc.dg/lto/20090313 c_lto_20090313_0.o-c_lto_20090313_0.o execute -O0 -flto
FAIL: gcc.dg/lto/20090313 c_lto_20090313_0.o-c_lto_20090313_0.o link
UNRESOLVED: gcc.dg/lto/20090313 c_lto_20090313_0.o-c_lto_20090313_0.o execute -O2 -flto
FAIL: gcc.dg/lto/20100423-2 c_lto_20100423-2_0.o-c_lto_20100423-2_1.o link
UNRESOLVED: gcc.dg/lto/20100423-2 c_lto_20100423-2_0.o-c_lto_20100423-2_1.o execute -O2 -flto
FAIL: gcc.dg/lto/20100423-2 c_lto_20100423-2_0.o-c_lto_20100423-2_1.o link
UNRESOLVED: gcc.dg/lto/20100423-2 c_lto_20100423-2_0.o-c_lto_20100423-2_1.o execute -O2 -fwhopr
FAIL: gcc.dg/lto/20100423-2 c_lto_20100423-2_0.o-c_lto_20100423-2_1.o link
UNRESOLVED: gcc.dg/lto/20100423-2 c_lto_20100423-2_0.o-c_lto_20100423-2_1.o execute -O3 -flto
FAIL: gcc.dg/lto/20100423-2 c_lto_20100423-2_0.o-c_lto_20100423-2_1.o link
UNRESOLVED: gcc.dg/lto/20100423-2 c_lto_20100423-2_0.o-c_lto_20100423-2_1.o execute -O3 -fwhopr
FAIL: gcc.dg/torture/mips-hilo-2.c  -O1  (internal compiler error)
FAIL: gcc.dg/torture/mips-hilo-2.c  -O1  (test for excess errors)
WARNING: gcc.dg/torture/mips-hilo-2.c  -O1  compilation failed to produce executable
FAIL: gcc.dg/torture/mips-hilo-2.c  -O2  (internal compiler error)
FAIL: gcc.dg/torture/mips-hilo-2.c  -O2  (test for excess errors)
WARNING: gcc.dg/torture/mips-hilo-2.c  -O2  compilation failed to produce executable
FAIL: gcc.dg/torture/mips-hilo-2.c  -O3 -fomit-frame-pointer  (internal compiler error)
FAIL: gcc.dg/torture/mips-hilo-2.c  -O3 -fomit-frame-pointer  (test for excess errors)
WARNING: gcc.dg/torture/mips-hilo-2.c  -O3 -fomit-frame-pointer  compilation failed to produce executable
FAIL: gcc.dg/torture/mips-hilo-2.c  -O3 -g  (internal compiler error)
FAIL: gcc.dg/torture/mips-hilo-2.c  -O3 -g  (test for excess errors)
WARNING: gcc.dg/torture/mips-hilo-2.c  -O3 -g  compilation failed to produce executable
FAIL: gcc.dg/torture/mips-hilo-2.c  -Os  (internal compiler error)
FAIL: gcc.dg/torture/mips-hilo-2.c  -Os  (test for excess errors)
WARNING: gcc.dg/torture/mips-hilo-2.c  -Os  compilation failed to produce executable
FAIL: gcc.dg/torture/mips-hilo-2.c  -O2 -flto  (internal compiler error)
FAIL: gcc.dg/torture/mips-hilo-2.c  -O2 -flto  (test for excess errors)
WARNING: gcc.dg/torture/mips-hilo-2.c  -O2 -flto  compilation failed to produce executable
FAIL: gcc.dg/torture/mips-hilo-2.c  -O2 -fwhopr  (internal compiler error)
FAIL: gcc.dg/torture/mips-hilo-2.c  -O2 -fwhopr  (test for excess errors)
WARNING: gcc.dg/torture/mips-hilo-2.c  -O2 -fwhopr  compilation failed to produce executable
FAIL: gcc.target/mips/atomic-memory-1.c  (test for warnings, line )
FAIL: gcc.target/mips/atomic-memory-2.c (test for excess errors)
ERROR: gcc.target/mips/atomic-memory-2.c: error executing dg-final: couldn't open "atomic-memory-2.s": no such file or directory
UNRESOLVED: gcc.target/mips/atomic-memory-2.c: error executing dg-final: couldn't open "atomic-memory-2.s": no such file or directory
FAIL: gcc.target/mips/branch-10.c (test for excess errors)
ERROR: gcc.target/mips/branch-10.c: error executing dg-final: couldn't open "branch-10.s": no such file or directory
UNRESOLVED: gcc.target/mips/branch-10.c: error executing dg-final: couldn't open "branch-10.s": no such file or directory
FAIL: gcc.target/mips/branch-11.c (test for excess errors)
ERROR: gcc.target/mips/branch-11.c: error executing dg-final: couldn't open "branch-11.s": no such file or directory
UNRESOLVED: gcc.target/mips/branch-11.c: error executing dg-final: couldn't open "branch-11.s": no such file or directory
FAIL: gcc.target/mips/branch-12.c (test for excess errors)
ERROR: gcc.target/mips/branch-12.c: error executing dg-final: couldn't open "branch-12.s": no such file or directory
UNRESOLVED: gcc.target/mips/branch-12.c: error executing dg-final: couldn't open "branch-12.s": no such file or directory
FAIL: gcc.target/mips/branch-13.c (test for excess errors)
ERROR: gcc.target/mips/branch-13.c: error executing dg-final: couldn't open "branch-13.s": no such file or directory
UNRESOLVED: gcc.target/mips/branch-13.c: error executing dg-final: couldn't open "branch-13.s": no such file or directory
FAIL: gcc.target/mips/branch-4.c (test for excess errors)
ERROR: gcc.target/mips/branch-4.c: error executing dg-final: couldn't open "branch-4.s": no such file or directory
UNRESOLVED: gcc.target/mips/branch-4.c: error executing dg-final: couldn't open "branch-4.s": no such file or directory
FAIL: gcc.target/mips/branch-5.c (test for excess errors)
ERROR: gcc.target/mips/branch-5.c: error executing dg-final: couldn't open "branch-5.s": no such file or directory
UNRESOLVED: gcc.target/mips/branch-5.c: error executing dg-final: couldn't open "branch-5.s": no such file or directory
FAIL: gcc.target/mips/branch-6.c (test for excess errors)
ERROR: gcc.target/mips/branch-6.c: error executing dg-final: couldn't open "branch-6.s": no such file or directory
UNRESOLVED: gcc.target/mips/branch-6.c: error executing dg-final: couldn't open "branch-6.s": no such file or directory
FAIL: gcc.target/mips/branch-7.c (test for excess errors)
ERROR: gcc.target/mips/branch-7.c: error executing dg-final: couldn't open "branch-7.s": no such file or directory
UNRESOLVED: gcc.target/mips/branch-7.c: error executing dg-final: couldn't open "branch-7.s": no such file or directory
FAIL: gcc.target/mips/branch-cost-1.c (test for excess errors)
ERROR: gcc.target/mips/branch-cost-1.c: error executing dg-final: couldn't open "branch-cost-1.s": no such file or directory
UNRESOLVED: gcc.target/mips/branch-cost-1.c: error executing dg-final: couldn't open "branch-cost-1.s": no such file or directory
FAIL: gcc.target/mips/branch-cost-2.c (test for excess errors)
ERROR: gcc.target/mips/branch-cost-2.c: error executing dg-final: couldn't open "branch-cost-2.s": no such file or directory
UNRESOLVED: gcc.target/mips/branch-cost-2.c: error executing dg-final: couldn't open "branch-cost-2.s": no such file or directory
FAIL: gcc.target/mips/cache-1.c (test for excess errors)
ERROR: gcc.target/mips/cache-1.c: error executing dg-final: couldn't open "cache-1.s": no such file or directory
UNRESOLVED: gcc.target/mips/cache-1.c: error executing dg-final: couldn't open "cache-1.s": no such file or directory
FAIL: gcc.target/mips/clear-cache-1.c (test for excess errors)
ERROR: gcc.target/mips/clear-cache-1.c: error executing dg-final: couldn't open "clear-cache-1.s": no such file or directory
UNRESOLVED: gcc.target/mips/clear-cache-1.c: error executing dg-final: couldn't open "clear-cache-1.s": no such file or directory
FAIL: gcc.target/mips/clear-cache-2.c (test for excess errors)
ERROR: gcc.target/mips/clear-cache-2.c: error executing dg-final: couldn't open "clear-cache-2.s": no such file or directory
UNRESOLVED: gcc.target/mips/clear-cache-2.c: error executing dg-final: couldn't open "clear-cache-2.s": no such file or directory
FAIL: gcc.target/mips/dmult-1.c (test for excess errors)
ERROR: gcc.target/mips/dmult-1.c: error executing dg-final: couldn't open "dmult-1.s": no such file or directory
UNRESOLVED: gcc.target/mips/dmult-1.c: error executing dg-final: couldn't open "dmult-1.s": no such file or directory
FAIL: gcc.target/mips/dpaq_sa_l_w.c (test for excess errors)
ERROR: gcc.target/mips/dpaq_sa_l_w.c: error executing dg-final: couldn't open "dpaq_sa_l_w.s": no such file or directory
UNRESOLVED: gcc.target/mips/dpaq_sa_l_w.c: error executing dg-final: couldn't open "dpaq_sa_l_w.s": no such file or directory
FAIL: gcc.target/mips/dpsq_sa_l_w.c (test for excess errors)
ERROR: gcc.target/mips/dpsq_sa_l_w.c: error executing dg-final: couldn't open "dpsq_sa_l_w.s": no such file or directory
UNRESOLVED: gcc.target/mips/dpsq_sa_l_w.c: error executing dg-final: couldn't open "dpsq_sa_l_w.s": no such file or directory
FAIL: gcc.target/mips/dse-1.c (test for excess errors)
ERROR: gcc.target/mips/dse-1.c: error executing dg-final: couldn't open "dse-1.s": no such file or directory
UNRESOLVED: gcc.target/mips/dse-1.c: error executing dg-final: couldn't open "dse-1.s": no such file or directory
FAIL: gcc.target/mips/dsp-ctrl.c (test for excess errors)
FAIL: gcc.target/mips/dsp-lhx.c (test for excess errors)
ERROR: gcc.target/mips/dsp-lhx.c: error executing dg-final: couldn't open "dsp-lhx.s": no such file or directory
UNRESOLVED: gcc.target/mips/dsp-lhx.c: error executing dg-final: couldn't open "dsp-lhx.s": no such file or directory
FAIL: gcc.target/mips/dsp-no-lhx.c (test for excess errors)
ERROR: gcc.target/mips/dsp-no-lhx.c: error executing dg-final: couldn't open "dsp-no-lhx.s": no such file or directory
UNRESOLVED: gcc.target/mips/dsp-no-lhx.c: error executing dg-final: couldn't open "dsp-no-lhx.s": no such file or directory
FAIL: gcc.target/mips/dspr2-MULT.c (test for excess errors)
ERROR: gcc.target/mips/dspr2-MULT.c: error executing dg-final: couldn't open "dspr2-MULT.s": no such file or directory
UNRESOLVED: gcc.target/mips/dspr2-MULT.c: error executing dg-final: couldn't open "dspr2-MULT.s": no such file or directory
FAIL: gcc.target/mips/dspr2-MULTU.c (test for excess errors)
ERROR: gcc.target/mips/dspr2-MULTU.c: error executing dg-final: couldn't open "dspr2-MULTU.s": no such file or directory
UNRESOLVED: gcc.target/mips/dspr2-MULTU.c: error executing dg-final: couldn't open "dspr2-MULTU.s": no such file or directory
FAIL: gcc.target/mips/ext-1.c (test for excess errors)
ERROR: gcc.target/mips/ext-1.c: error executing dg-final: couldn't open "ext-1.s": no such file or directory
UNRESOLVED: gcc.target/mips/ext-1.c: error executing dg-final: couldn't open "ext-1.s": no such file or directory
FAIL: gcc.target/mips/ext-2.c (test for excess errors)
ERROR: gcc.target/mips/ext-2.c: error executing dg-final: couldn't open "ext-2.s": no such file or directory
UNRESOLVED: gcc.target/mips/ext-2.c: error executing dg-final: couldn't open "ext-2.s": no such file or directory
FAIL: gcc.target/mips/ext-3.c (test for excess errors)
ERROR: gcc.target/mips/ext-3.c: error executing dg-final: couldn't open "ext-3.s": no such file or directory
UNRESOLVED: gcc.target/mips/ext-3.c: error executing dg-final: couldn't open "ext-3.s": no such file or directory
FAIL: gcc.target/mips/ext-4.c (test for excess errors)
ERROR: gcc.target/mips/ext-4.c: error executing dg-final: couldn't open "ext-4.s": no such file or directory
UNRESOLVED: gcc.target/mips/ext-4.c: error executing dg-final: couldn't open "ext-4.s": no such file or directory
FAIL: gcc.target/mips/ext-5.c (test for excess errors)
ERROR: gcc.target/mips/ext-5.c: error executing dg-final: couldn't open "ext-5.s": no such file or directory
UNRESOLVED: gcc.target/mips/ext-5.c: error executing dg-final: couldn't open "ext-5.s": no such file or directory
FAIL: gcc.target/mips/ext-6.c (test for excess errors)
ERROR: gcc.target/mips/ext-6.c: error executing dg-final: couldn't open "ext-6.s": no such file or directory
UNRESOLVED: gcc.target/mips/ext-6.c: error executing dg-final: couldn't open "ext-6.s": no such file or directory
FAIL: gcc.target/mips/ext-7.c (test for excess errors)
ERROR: gcc.target/mips/ext-7.c: error executing dg-final: couldn't open "ext-7.s": no such file or directory
UNRESOLVED: gcc.target/mips/ext-7.c: error executing dg-final: couldn't open "ext-7.s": no such file or directory
FAIL: gcc.target/mips/ext_ins.c (test for excess errors)
ERROR: gcc.target/mips/ext_ins.c: error executing dg-final: couldn't open "ext_ins.s": no such file or directory
UNRESOLVED: gcc.target/mips/ext_ins.c: error executing dg-final: couldn't open "ext_ins.s": no such file or directory
FAIL: gcc.target/mips/extend-1.c (test for excess errors)
ERROR: gcc.target/mips/extend-1.c: error executing dg-final: couldn't open "extend-1.s": no such file or directory
UNRESOLVED: gcc.target/mips/extend-1.c: error executing dg-final: couldn't open "extend-1.s": no such file or directory
FAIL: gcc.target/mips/extend-2.c (test for excess errors)
ERROR: gcc.target/mips/extend-2.c: error executing dg-final: couldn't open "extend-2.s": no such file or directory
UNRESOLVED: gcc.target/mips/extend-2.c: error executing dg-final: couldn't open "extend-2.s": no such file or directory
FAIL: gcc.target/mips/fix-r10000-1.c (test for excess errors)
ERROR: gcc.target/mips/fix-r10000-1.c: error executing dg-final: couldn't open "fix-r10000-1.s": no such file or directory
UNRESOLVED: gcc.target/mips/fix-r10000-1.c: error executing dg-final: couldn't open "fix-r10000-1.s": no such file or directory
FAIL: gcc.target/mips/fix-r10000-10.c (test for excess errors)
ERROR: gcc.target/mips/fix-r10000-10.c: error executing dg-final: couldn't open "fix-r10000-10.s": no such file or directory
UNRESOLVED: gcc.target/mips/fix-r10000-10.c: error executing dg-final: couldn't open "fix-r10000-10.s": no such file or directory
FAIL: gcc.target/mips/fix-r10000-11.c (test for excess errors)
ERROR: gcc.target/mips/fix-r10000-11.c: error executing dg-final: couldn't open "fix-r10000-11.s": no such file or directory
UNRESOLVED: gcc.target/mips/fix-r10000-11.c: error executing dg-final: couldn't open "fix-r10000-11.s": no such file or directory
FAIL: gcc.target/mips/fix-r10000-12.c  (test for warnings, line )
FAIL: gcc.target/mips/fix-r10000-12.c (test for excess errors)
ERROR: gcc.target/mips/fix-r10000-12.c: error executing dg-final: couldn't open "fix-r10000-12.s": no such file or directory
UNRESOLVED: gcc.target/mips/fix-r10000-12.c: error executing dg-final: couldn't open "fix-r10000-12.s": no such file or directory
FAIL: gcc.target/mips/fix-r10000-13.c (test for excess errors)
ERROR: gcc.target/mips/fix-r10000-13.c: error executing dg-final: couldn't open "fix-r10000-13.s": no such file or directory
UNRESOLVED: gcc.target/mips/fix-r10000-13.c: error executing dg-final: couldn't open "fix-r10000-13.s": no such file or directory
FAIL: gcc.target/mips/fix-r10000-14.c (test for excess errors)
ERROR: gcc.target/mips/fix-r10000-14.c: error executing dg-final: couldn't open "fix-r10000-14.s": no such file or directory
UNRESOLVED: gcc.target/mips/fix-r10000-14.c: error executing dg-final: couldn't open "fix-r10000-14.s": no such file or directory
FAIL: gcc.target/mips/fix-r10000-15.c (test for excess errors)
ERROR: gcc.target/mips/fix-r10000-15.c: error executing dg-final: couldn't open "fix-r10000-15.s": no such file or directory
UNRESOLVED: gcc.target/mips/fix-r10000-15.c: error executing dg-final: couldn't open "fix-r10000-15.s": no such file or directory
FAIL: gcc.target/mips/fix-r10000-2.c (test for excess errors)
ERROR: gcc.target/mips/fix-r10000-2.c: error executing dg-final: couldn't open "fix-r10000-2.s": no such file or directory
UNRESOLVED: gcc.target/mips/fix-r10000-2.c: error executing dg-final: couldn't open "fix-r10000-2.s": no such file or directory
FAIL: gcc.target/mips/fix-r10000-3.c (test for excess errors)
ERROR: gcc.target/mips/fix-r10000-3.c: error executing dg-final: couldn't open "fix-r10000-3.s": no such file or directory
UNRESOLVED: gcc.target/mips/fix-r10000-3.c: error executing dg-final: couldn't open "fix-r10000-3.s": no such file or directory
FAIL: gcc.target/mips/fix-r10000-4.c (test for excess errors)
ERROR: gcc.target/mips/fix-r10000-4.c: error executing dg-final: couldn't open "fix-r10000-4.s": no such file or directory
UNRESOLVED: gcc.target/mips/fix-r10000-4.c: error executing dg-final: couldn't open "fix-r10000-4.s": no such file or directory
FAIL: gcc.target/mips/fix-r10000-5.c (test for excess errors)
ERROR: gcc.target/mips/fix-r10000-5.c: error executing dg-final: couldn't open "fix-r10000-5.s": no such file or directory
UNRESOLVED: gcc.target/mips/fix-r10000-5.c: error executing dg-final: couldn't open "fix-r10000-5.s": no such file or directory
FAIL: gcc.target/mips/fix-r10000-6.c  (test for warnings, line )
FAIL: gcc.target/mips/fix-r10000-6.c (test for excess errors)
ERROR: gcc.target/mips/fix-r10000-6.c: error executing dg-final: couldn't open "fix-r10000-6.s": no such file or directory
UNRESOLVED: gcc.target/mips/fix-r10000-6.c: error executing dg-final: couldn't open "fix-r10000-6.s": no such file or directory
FAIL: gcc.target/mips/fix-r10000-7.c (test for excess errors)
ERROR: gcc.target/mips/fix-r10000-7.c: error executing dg-final: couldn't open "fix-r10000-7.s": no such file or directory
UNRESOLVED: gcc.target/mips/fix-r10000-7.c: error executing dg-final: couldn't open "fix-r10000-7.s": no such file or directory
FAIL: gcc.target/mips/fix-r10000-8.c (test for excess errors)
ERROR: gcc.target/mips/fix-r10000-8.c: error executing dg-final: couldn't open "fix-r10000-8.s": no such file or directory
UNRESOLVED: gcc.target/mips/fix-r10000-8.c: error executing dg-final: couldn't open "fix-r10000-8.s": no such file or directory
FAIL: gcc.target/mips/fix-r10000-9.c (test for excess errors)
ERROR: gcc.target/mips/fix-r10000-9.c: error executing dg-final: couldn't open "fix-r10000-9.s": no such file or directory
UNRESOLVED: gcc.target/mips/fix-r10000-9.c: error executing dg-final: couldn't open "fix-r10000-9.s": no such file or directory
FAIL: gcc.target/mips/fix-r4000-1.c scan-assembler-times \\\\tmult\\\\t\\\\\$[45],\\\\\$[45][^\\\\n]+mulsi3_r4000[^\\\\n]+\\\\n\\\\tmflo\\\\t\\\\\$2\\\\n 2
FAIL: gcc.target/mips/fix-r4000-10.c (test for excess errors)
ERROR: gcc.target/mips/fix-r4000-10.c: error executing dg-final: couldn't open "fix-r4000-10.s": no such file or directory
UNRESOLVED: gcc.target/mips/fix-r4000-10.c: error executing dg-final: couldn't open "fix-r4000-10.s": no such file or directory
FAIL: gcc.target/mips/fix-r4000-11.c (test for excess errors)
ERROR: gcc.target/mips/fix-r4000-11.c: error executing dg-final: couldn't open "fix-r4000-11.s": no such file or directory
UNRESOLVED: gcc.target/mips/fix-r4000-11.c: error executing dg-final: couldn't open "fix-r4000-11.s": no such file or directory
FAIL: gcc.target/mips/fix-r4000-12.c (test for excess errors)
ERROR: gcc.target/mips/fix-r4000-12.c: error executing dg-final: couldn't open "fix-r4000-12.s": no such file or directory
UNRESOLVED: gcc.target/mips/fix-r4000-12.c: error executing dg-final: couldn't open "fix-r4000-12.s": no such file or directory
FAIL: gcc.target/mips/fix-r4000-6.c (test for excess errors)
ERROR: gcc.target/mips/fix-r4000-6.c: error executing dg-final: couldn't open "fix-r4000-6.s": no such file or directory
UNRESOLVED: gcc.target/mips/fix-r4000-6.c: error executing dg-final: couldn't open "fix-r4000-6.s": no such file or directory
FAIL: gcc.target/mips/fix-r4000-7.c (test for excess errors)
ERROR: gcc.target/mips/fix-r4000-7.c: error executing dg-final: couldn't open "fix-r4000-7.s": no such file or directory
UNRESOLVED: gcc.target/mips/fix-r4000-7.c: error executing dg-final: couldn't open "fix-r4000-7.s": no such file or directory
FAIL: gcc.target/mips/fix-r4000-8.c (test for excess errors)
ERROR: gcc.target/mips/fix-r4000-8.c: error executing dg-final: couldn't open "fix-r4000-8.s": no such file or directory
UNRESOLVED: gcc.target/mips/fix-r4000-8.c: error executing dg-final: couldn't open "fix-r4000-8.s": no such file or directory
FAIL: gcc.target/mips/fix-r4000-9.c (test for excess errors)
ERROR: gcc.target/mips/fix-r4000-9.c: error executing dg-final: couldn't open "fix-r4000-9.s": no such file or directory
UNRESOLVED: gcc.target/mips/fix-r4000-9.c: error executing dg-final: couldn't open "fix-r4000-9.s": no such file or directory
FAIL: gcc.target/mips/fix-vr4130-1.c scan-assembler \\tmacchi\\t
FAIL: gcc.target/mips/fix-vr4130-2.c scan-assembler \\tmacc\\t
FAIL: gcc.target/mips/fix-vr4130-3.c (test for excess errors)
ERROR: gcc.target/mips/fix-vr4130-3.c: error executing dg-final: couldn't open "fix-vr4130-3.s": no such file or directory
UNRESOLVED: gcc.target/mips/fix-vr4130-3.c: error executing dg-final: couldn't open "fix-vr4130-3.s": no such file or directory
FAIL: gcc.target/mips/fix-vr4130-4.c (test for excess errors)
ERROR: gcc.target/mips/fix-vr4130-4.c: error executing dg-final: couldn't open "fix-vr4130-4.s": no such file or directory
UNRESOLVED: gcc.target/mips/fix-vr4130-4.c: error executing dg-final: couldn't open "fix-vr4130-4.s": no such file or directory
FAIL: gcc.target/mips/fixed-scalar-type.c (test for excess errors)
ERROR: gcc.target/mips/fixed-scalar-type.c: error executing dg-final: couldn't open "fixed-scalar-type.s": no such file or directory
UNRESOLVED: gcc.target/mips/fixed-scalar-type.c: error executing dg-final: couldn't open "fixed-scalar-type.s": no such file or directory
FAIL: gcc.target/mips/fixed-vector-type.c (test for excess errors)
ERROR: gcc.target/mips/fixed-vector-type.c: error executing dg-final: couldn't open "fixed-vector-type.s": no such file or directory
UNRESOLVED: gcc.target/mips/fixed-vector-type.c: error executing dg-final: couldn't open "fixed-vector-type.s": no such file or directory
FAIL: gcc.target/mips/fpr-moves-3.c (test for excess errors)
ERROR: gcc.target/mips/fpr-moves-3.c: error executing dg-final: couldn't open "fpr-moves-3.s": no such file or directory
UNRESOLVED: gcc.target/mips/fpr-moves-3.c: error executing dg-final: couldn't open "fpr-moves-3.s": no such file or directory
FAIL: gcc.target/mips/fpr-moves-4.c (test for excess errors)
ERROR: gcc.target/mips/fpr-moves-4.c: error executing dg-final: couldn't open "fpr-moves-4.s": no such file or directory
UNRESOLVED: gcc.target/mips/fpr-moves-4.c: error executing dg-final: couldn't open "fpr-moves-4.s": no such file or directory
FAIL: gcc.target/mips/fpr-moves-7.c (test for excess errors)
FAIL: gcc.target/mips/fpr-moves-8.c (test for excess errors)
FAIL: gcc.target/mips/gcc-have-sync-compare-and-swap-1.c (test for excess errors)
FAIL: gcc.target/mips/gcc-have-sync-compare-and-swap-2.c (test for excess errors)
FAIL: gcc.target/mips/gcc-have-sync-compare-and-swap-3.c (test for excess errors)
FAIL: gcc.target/mips/gcc-have-sync-compare-and-swap-4.c (test for excess errors)
FAIL: gcc.target/mips/ins-1.c (test for excess errors)
ERROR: gcc.target/mips/ins-1.c: error executing dg-final: couldn't open "ins-1.s": no such file or directory
UNRESOLVED: gcc.target/mips/ins-1.c: error executing dg-final: couldn't open "ins-1.s": no such file or directory
FAIL: gcc.target/mips/ins-2.c (test for excess errors)
ERROR: gcc.target/mips/ins-2.c: error executing dg-final: couldn't open "ins-2.s": no such file or directory
UNRESOLVED: gcc.target/mips/ins-2.c: error executing dg-final: couldn't open "ins-2.s": no such file or directory
FAIL: gcc.target/mips/int-moves-1.c (test for excess errors)
FAIL: gcc.target/mips/int-moves-2.c (test for excess errors)
FAIL: gcc.target/mips/interrupt_handler.c (test for excess errors)
FAIL: gcc.target/mips/loongson-muldiv-1.c scan-assembler-times \\tmultu.g\\t 2
FAIL: gcc.target/mips/loongson-muldiv-1.c scan-assembler-times \\tdivu.g\\t 1
FAIL: gcc.target/mips/loongson-muldiv-1.c scan-assembler-times \\tmodu.g\\t 1
FAIL: gcc.target/mips/loongson-muldiv-1.c scan-assembler-times \\tdiv.g\\t 1
FAIL: gcc.target/mips/loongson-muldiv-1.c scan-assembler-times \\tmod.g\\t 1
FAIL: gcc.target/mips/loongson-muldiv-2.c (test for excess errors)
ERROR: gcc.target/mips/loongson-muldiv-2.c: error executing dg-final: couldn't open "loongson-muldiv-2.s": no such file or directory
UNRESOLVED: gcc.target/mips/loongson-muldiv-2.c: error executing dg-final: couldn't open "loongson-muldiv-2.s": no such file or directory
FAIL: gcc.target/mips/loongson-simd.c (test for excess errors)
FAIL: gcc.target/mips/madd-1.c scan-assembler-times \\tmacc\\t\\\\\$1, 3
FAIL: gcc.target/mips/madd-2.c scan-assembler-times \\tmadd\\t 3
FAIL: gcc.target/mips/madd-3.c (test for excess errors)
ERROR: gcc.target/mips/madd-3.c: error executing dg-final: couldn't open "madd-3.s": no such file or directory
UNRESOLVED: gcc.target/mips/madd-3.c: error executing dg-final: couldn't open "madd-3.s": no such file or directory
FAIL: gcc.target/mips/madd-4.c (test for excess errors)
ERROR: gcc.target/mips/madd-4.c: error executing dg-final: couldn't open "madd-4.s": no such file or directory
UNRESOLVED: gcc.target/mips/madd-4.c: error executing dg-final: couldn't open "madd-4.s": no such file or directory
FAIL: gcc.target/mips/madd-5.c scan-assembler-times \\tmflo\\t 3
FAIL: gcc.target/mips/madd-6.c scan-assembler \\tmul\\t
FAIL: gcc.target/mips/madd-8.c scan-assembler \\tmul\\t
FAIL: gcc.target/mips/maddu-1.c scan-assembler-times \\tmaccu\\t\\\\\$1, 3
FAIL: gcc.target/mips/maddu-2.c scan-assembler-times \\tmaddu\\t 3
FAIL: gcc.target/mips/maddu-3.c (test for excess errors)
ERROR: gcc.target/mips/maddu-3.c: error executing dg-final: couldn't open "maddu-3.s": no such file or directory
UNRESOLVED: gcc.target/mips/maddu-3.c: error executing dg-final: couldn't open "maddu-3.s": no such file or directory
FAIL: gcc.target/mips/maddu-4.c (test for excess errors)
ERROR: gcc.target/mips/maddu-4.c: error executing dg-final: couldn't open "maddu-4.s": no such file or directory
UNRESOLVED: gcc.target/mips/maddu-4.c: error executing dg-final: couldn't open "maddu-4.s": no such file or directory
FAIL: gcc.target/mips/mips-3d-1.c (test for excess errors)
FAIL: gcc.target/mips/mips-3d-2.c (test for excess errors)
FAIL: gcc.target/mips/mips-3d-3.c (test for excess errors)
FAIL: gcc.target/mips/mips-3d-4.c (test for excess errors)
FAIL: gcc.target/mips/mips-3d-5.c (test for excess errors)
FAIL: gcc.target/mips/mips-3d-6.c (test for excess errors)
FAIL: gcc.target/mips/mips-3d-7.c (test for excess errors)
FAIL: gcc.target/mips/mips-3d-8.c (test for excess errors)
FAIL: gcc.target/mips/mips-3d-9.c (test for excess errors)
FAIL: gcc.target/mips/mips-ps-1.c (test for excess errors)
FAIL: gcc.target/mips/mips-ps-2.c (test for excess errors)
FAIL: gcc.target/mips/mips-ps-3.c (test for excess errors)
FAIL: gcc.target/mips/mips-ps-4.c (test for excess errors)
FAIL: gcc.target/mips/mips-ps-5.c (test for excess errors)
ERROR: gcc.target/mips/mips-ps-5.c: error executing dg-final: couldn't open "mips-ps-5.s": no such file or directory
UNRESOLVED: gcc.target/mips/mips-ps-5.c: error executing dg-final: couldn't open "mips-ps-5.s": no such file or directory
FAIL: gcc.target/mips/mips-ps-6.c (test for excess errors)
FAIL: gcc.target/mips/mips-ps-7.c (test for excess errors)
ERROR: gcc.target/mips/mips-ps-7.c: error executing dg-final: couldn't open "mips-ps-7.s": no such file or directory
UNRESOLVED: gcc.target/mips/mips-ps-7.c: error executing dg-final: couldn't open "mips-ps-7.s": no such file or directory
FAIL: gcc.target/mips/mips-ps-type-2.c (test for excess errors)
ERROR: gcc.target/mips/mips-ps-type-2.c: error executing dg-final: couldn't open "mips-ps-type-2.s": no such file or directory
UNRESOLVED: gcc.target/mips/mips-ps-type-2.c: error executing dg-final: couldn't open "mips-ps-type-2.s": no such file or directory
FAIL: gcc.target/mips/mips-ps-type.c (test for excess errors)
ERROR: gcc.target/mips/mips-ps-type.c: error executing dg-final: couldn't open "mips-ps-type.s": no such file or directory
UNRESOLVED: gcc.target/mips/mips-ps-type.c: error executing dg-final: couldn't open "mips-ps-type.s": no such file or directory
WARNING: program timed out.
FAIL: gcc.target/mips/mips16e-extends.c (test for excess errors)
ERROR: gcc.target/mips/mips16e-extends.c: error executing dg-final: couldn't open "mips16e-extends.s": no such file or directory
UNRESOLVED: gcc.target/mips/mips16e-extends.c: error executing dg-final: couldn't open "mips16e-extends.s": no such file or directory
FAIL: gcc.target/mips/mips32-dsp-run.c (test for excess errors)
FAIL: gcc.target/mips/mips32-dsp-type.c (test for excess errors)
ERROR: gcc.target/mips/mips32-dsp-type.c: error executing dg-final: couldn't open "mips32-dsp-type.s": no such file or directory
UNRESOLVED: gcc.target/mips/mips32-dsp-type.c: error executing dg-final: couldn't open "mips32-dsp-type.s": no such file or directory
FAIL: gcc.target/mips/mips32-dsp.c (test for excess errors)
ERROR: gcc.target/mips/mips32-dsp.c: error executing dg-final: couldn't open "mips32-dsp.s": no such file or directory
UNRESOLVED: gcc.target/mips/mips32-dsp.c: error executing dg-final: couldn't open "mips32-dsp.s": no such file or directory
FAIL: gcc.target/mips/mips32-dspr2-type.c (test for excess errors)
ERROR: gcc.target/mips/mips32-dspr2-type.c: error executing dg-final: couldn't open "mips32-dspr2-type.s": no such file or directory
UNRESOLVED: gcc.target/mips/mips32-dspr2-type.c: error executing dg-final: couldn't open "mips32-dspr2-type.s": no such file or directory
FAIL: gcc.target/mips/mips32-dspr2.c (test for excess errors)
FAIL: gcc.target/mips/mips32r2-mxhc1.c (test for excess errors)
ERROR: gcc.target/mips/mips32r2-mxhc1.c: error executing dg-final: couldn't open "mips32r2-mxhc1.s": no such file or directory
UNRESOLVED: gcc.target/mips/mips32r2-mxhc1.c: error executing dg-final: couldn't open "mips32r2-mxhc1.s": no such file or directory
FAIL: gcc.target/mips/mmcount-ra-address-1.c (test for excess errors)
ERROR: gcc.target/mips/mmcount-ra-address-1.c: error executing dg-final: couldn't open "mmcount-ra-address-1.s": no such file or directory
UNRESOLVED: gcc.target/mips/mmcount-ra-address-1.c: error executing dg-final: couldn't open "mmcount-ra-address-1.s": no such file or directory
FAIL: gcc.target/mips/mmcount-ra-address-2.c (test for excess errors)
ERROR: gcc.target/mips/mmcount-ra-address-2.c: error executing dg-final: couldn't open "mmcount-ra-address-2.s": no such file or directory
UNRESOLVED: gcc.target/mips/mmcount-ra-address-2.c: error executing dg-final: couldn't open "mmcount-ra-address-2.s": no such file or directory
FAIL: gcc.target/mips/mmcount-ra-address-3.c (test for excess errors)
ERROR: gcc.target/mips/mmcount-ra-address-3.c: error executing dg-final: couldn't open "mmcount-ra-address-3.s": no such file or directory
UNRESOLVED: gcc.target/mips/mmcount-ra-address-3.c: error executing dg-final: couldn't open "mmcount-ra-address-3.s": no such file or directory
FAIL: gcc.target/mips/movcc-1.c (test for excess errors)
ERROR: gcc.target/mips/movcc-1.c: error executing dg-final: couldn't open "movcc-1.s": no such file or directory
UNRESOLVED: gcc.target/mips/movcc-1.c: error executing dg-final: couldn't open "movcc-1.s": no such file or directory
FAIL: gcc.target/mips/movcc-2.c (test for excess errors)
ERROR: gcc.target/mips/movcc-2.c: error executing dg-final: couldn't open "movcc-2.s": no such file or directory
UNRESOLVED: gcc.target/mips/movcc-2.c: error executing dg-final: couldn't open "movcc-2.s": no such file or directory
FAIL: gcc.target/mips/movcc-3.c (test for excess errors)
ERROR: gcc.target/mips/movcc-3.c: error executing dg-final: couldn't open "movcc-3.s": no such file or directory
UNRESOLVED: gcc.target/mips/movcc-3.c: error executing dg-final: couldn't open "movcc-3.s": no such file or directory
FAIL: gcc.target/mips/msub-1.c scan-assembler-times \\tmsac\\t\\\\\$0, 2
FAIL: gcc.target/mips/msub-2.c scan-assembler-times \\tmsub\\t 2
FAIL: gcc.target/mips/msub-3.c (test for excess errors)
ERROR: gcc.target/mips/msub-3.c: error executing dg-final: couldn't open "msub-3.s": no such file or directory
UNRESOLVED: gcc.target/mips/msub-3.c: error executing dg-final: couldn't open "msub-3.s": no such file or directory
FAIL: gcc.target/mips/msub-4.c (test for excess errors)
ERROR: gcc.target/mips/msub-4.c: error executing dg-final: couldn't open "msub-4.s": no such file or directory
UNRESOLVED: gcc.target/mips/msub-4.c: error executing dg-final: couldn't open "msub-4.s": no such file or directory
FAIL: gcc.target/mips/msub-5.c scan-assembler-times \\tmsub\\t 4
FAIL: gcc.target/mips/msub-5.c scan-assembler-times \\tmflo\\t 3
FAIL: gcc.target/mips/msub-6.c scan-assembler \\tmul\\t
FAIL: gcc.target/mips/msub-7.c scan-assembler \\tmsub\\t
FAIL: gcc.target/mips/msub-8.c scan-assembler \\tmul\\t
FAIL: gcc.target/mips/msubu-1.c scan-assembler-times \\tmsacu\\t\\\\\$0, 2
FAIL: gcc.target/mips/msubu-2.c scan-assembler-times \\tmsubu\\t 2
FAIL: gcc.target/mips/msubu-3.c (test for excess errors)
ERROR: gcc.target/mips/msubu-3.c: error executing dg-final: couldn't open "msubu-3.s": no such file or directory
UNRESOLVED: gcc.target/mips/msubu-3.c: error executing dg-final: couldn't open "msubu-3.s": no such file or directory
FAIL: gcc.target/mips/msubu-4.c (test for excess errors)
ERROR: gcc.target/mips/msubu-4.c: error executing dg-final: couldn't open "msubu-4.s": no such file or directory
UNRESOLVED: gcc.target/mips/msubu-4.c: error executing dg-final: couldn't open "msubu-4.s": no such file or directory
FAIL: gcc.target/mips/mult-1.c (test for excess errors)
ERROR: gcc.target/mips/mult-1.c: error executing dg-final: couldn't open "mult-1.s": no such file or directory
UNRESOLVED: gcc.target/mips/mult-1.c: error executing dg-final: couldn't open "mult-1.s": no such file or directory
FAIL: gcc.target/mips/nmadd-1.c (test for excess errors)
ERROR: gcc.target/mips/nmadd-1.c: error executing dg-final: couldn't open "nmadd-1.s": no such file or directory
UNRESOLVED: gcc.target/mips/nmadd-1.c: error executing dg-final: couldn't open "nmadd-1.s": no such file or directory
FAIL: gcc.target/mips/nmadd-2.c (test for excess errors)
ERROR: gcc.target/mips/nmadd-2.c: error executing dg-final: couldn't open "nmadd-2.s": no such file or directory
UNRESOLVED: gcc.target/mips/nmadd-2.c: error executing dg-final: couldn't open "nmadd-2.s": no such file or directory
FAIL: gcc.target/mips/nmadd-3.c (test for excess errors)
ERROR: gcc.target/mips/nmadd-3.c: error executing dg-final: couldn't open "nmadd-3.s": no such file or directory
UNRESOLVED: gcc.target/mips/nmadd-3.c: error executing dg-final: couldn't open "nmadd-3.s": no such file or directory
FAIL: gcc.target/mips/octeon-baddu-1.c scan-assembler-times \\tbaddu\\t 4
FAIL: gcc.target/mips/octeon-baddu-1.c scan-assembler-not \\tandi\\t
FAIL: gcc.target/mips/octeon-bbit-1.c scan-assembler-times \\tbbit1\\t 4
FAIL: gcc.target/mips/octeon-bbit-1.c scan-assembler-times \\tbbit0\\t 2
FAIL: gcc.target/mips/octeon-bbit-1.c scan-assembler-not andi\\t
FAIL: gcc.target/mips/octeon-bbit-2.c (test for excess errors)
FAIL: gcc.target/mips/octeon-bbit-2.c scan-assembler \\tbbit[01]\\t
FAIL: gcc.target/mips/octeon-bbit-3.c scan-assembler-times \\tbbit[01]\\t|\\tbgez\\t 2
FAIL: gcc.target/mips/octeon-cins-1.c scan-assembler-times \\tcins\\t 3
FAIL: gcc.target/mips/octeon-cins-1.c scan-assembler-not \\tandi\\t|sll\\t
FAIL: gcc.target/mips/octeon-cins-2.c (test for excess errors)
ERROR: gcc.target/mips/octeon-cins-2.c: error executing dg-final: couldn't open "octeon-cins-2.s": no such file or directory
UNRESOLVED: gcc.target/mips/octeon-cins-2.c: error executing dg-final: couldn't open "octeon-cins-2.s": no such file or directory
FAIL: gcc.target/mips/octeon-dmul-1.c (test for excess errors)
ERROR: gcc.target/mips/octeon-dmul-1.c: error executing dg-final: couldn't open "octeon-dmul-1.s": no such file or directory
UNRESOLVED: gcc.target/mips/octeon-dmul-1.c: error executing dg-final: couldn't open "octeon-dmul-1.s": no such file or directory
FAIL: gcc.target/mips/octeon-dmul-2.c (test for excess errors)
ERROR: gcc.target/mips/octeon-dmul-2.c: error executing dg-final: couldn't open "octeon-dmul-2.s": no such file or directory
UNRESOLVED: gcc.target/mips/octeon-dmul-2.c: error executing dg-final: couldn't open "octeon-dmul-2.s": no such file or directory
FAIL: gcc.target/mips/octeon-dmul-3.c (test for excess errors)
ERROR: gcc.target/mips/octeon-dmul-3.c: error executing dg-final: couldn't open "octeon-dmul-3.s": no such file or directory
UNRESOLVED: gcc.target/mips/octeon-dmul-3.c: error executing dg-final: couldn't open "octeon-dmul-3.s": no such file or directory
FAIL: gcc.target/mips/octeon-exts-1.c scan-assembler \\texts\\t
FAIL: gcc.target/mips/octeon-exts-2.c scan-assembler-times \\texts\\t 4
FAIL: gcc.target/mips/octeon-exts-3.c (test for excess errors)
ERROR: gcc.target/mips/octeon-exts-3.c: error executing dg-final: couldn't open "octeon-exts-3.s": no such file or directory
UNRESOLVED: gcc.target/mips/octeon-exts-3.c: error executing dg-final: couldn't open "octeon-exts-3.s": no such file or directory
FAIL: gcc.target/mips/octeon-exts-4.c (test for excess errors)
ERROR: gcc.target/mips/octeon-exts-4.c: error executing dg-final: couldn't open "octeon-exts-4.s": no such file or directory
UNRESOLVED: gcc.target/mips/octeon-exts-4.c: error executing dg-final: couldn't open "octeon-exts-4.s": no such file or directory
FAIL: gcc.target/mips/octeon-exts-5.c scan-assembler-times \\texts\\t 4
FAIL: gcc.target/mips/octeon-exts-6.c (test for excess errors)
ERROR: gcc.target/mips/octeon-exts-6.c: error executing dg-final: couldn't open "octeon-exts-6.s": no such file or directory
UNRESOLVED: gcc.target/mips/octeon-exts-6.c: error executing dg-final: couldn't open "octeon-exts-6.s": no such file or directory
FAIL: gcc.target/mips/octeon-exts-7.c (test for excess errors)
ERROR: gcc.target/mips/octeon-exts-7.c: error executing dg-final: couldn't open "octeon-exts-7.s": no such file or directory
UNRESOLVED: gcc.target/mips/octeon-exts-7.c: error executing dg-final: couldn't open "octeon-exts-7.s": no such file or directory
FAIL: gcc.target/mips/octeon-pop-1.c (test for excess errors)
ERROR: gcc.target/mips/octeon-pop-1.c: error executing dg-final: couldn't open "octeon-pop-1.s": no such file or directory
UNRESOLVED: gcc.target/mips/octeon-pop-1.c: error executing dg-final: couldn't open "octeon-pop-1.s": no such file or directory
FAIL: gcc.target/mips/octeon-seq-1.c scan-assembler-times \\tseq\\t|\\tseqi\\t 4
FAIL: gcc.target/mips/octeon-seq-1.c scan-assembler-times \\tsne\\t|\\tsnei\\t 4
FAIL: gcc.target/mips/octeon-seq-2.c (test for excess errors)
ERROR: gcc.target/mips/octeon-seq-2.c: error executing dg-final: couldn't open "octeon-seq-2.s": no such file or directory
UNRESOLVED: gcc.target/mips/octeon-seq-2.c: error executing dg-final: couldn't open "octeon-seq-2.s": no such file or directory
FAIL: gcc.target/mips/octeon-seq-3.c (test for excess errors)
ERROR: gcc.target/mips/octeon-seq-3.c: error executing dg-final: couldn't open "octeon-seq-3.s": no such file or directory
UNRESOLVED: gcc.target/mips/octeon-seq-3.c: error executing dg-final: couldn't open "octeon-seq-3.s": no such file or directory
FAIL: gcc.target/mips/octeon-seq-4.c scan-assembler-not xor
FAIL: gcc.target/mips/pr33256.c (test for excess errors)
FAIL: gcc.target/mips/pr33635-1.c (test for excess errors)
FAIL: gcc.target/mips/pr34831.c (test for excess errors)
FAIL: gcc.target/mips/pr37362.c (test for excess errors)
FAIL: gcc.target/mips/r10k-cache-barrier-1.c (test for excess errors)
ERROR: gcc.target/mips/r10k-cache-barrier-1.c: error executing dg-final: couldn't open "r10k-cache-barrier-1.s": no such file or directory
UNRESOLVED: gcc.target/mips/r10k-cache-barrier-1.c: error executing dg-final: couldn't open "r10k-cache-barrier-1.s": no such file or directory
FAIL: gcc.target/mips/r10k-cache-barrier-10.c (test for excess errors)
ERROR: gcc.target/mips/r10k-cache-barrier-10.c: error executing dg-final: couldn't open "r10k-cache-barrier-10.s": no such file or directory
UNRESOLVED: gcc.target/mips/r10k-cache-barrier-10.c: error executing dg-final: couldn't open "r10k-cache-barrier-10.s": no such file or directory
FAIL: gcc.target/mips/r10k-cache-barrier-11.c (test for excess errors)
ERROR: gcc.target/mips/r10k-cache-barrier-11.c: error executing dg-final: couldn't open "r10k-cache-barrier-11.s": no such file or directory
UNRESOLVED: gcc.target/mips/r10k-cache-barrier-11.c: error executing dg-final: couldn't open "r10k-cache-barrier-11.s": no such file or directory
FAIL: gcc.target/mips/r10k-cache-barrier-12.c (test for excess errors)
ERROR: gcc.target/mips/r10k-cache-barrier-12.c: error executing dg-final: couldn't open "r10k-cache-barrier-12.s": no such file or directory
UNRESOLVED: gcc.target/mips/r10k-cache-barrier-12.c: error executing dg-final: couldn't open "r10k-cache-barrier-12.s": no such file or directory
FAIL: gcc.target/mips/r10k-cache-barrier-13.c (test for excess errors)
ERROR: gcc.target/mips/r10k-cache-barrier-13.c: error executing dg-final: couldn't open "r10k-cache-barrier-13.s": no such file or directory
UNRESOLVED: gcc.target/mips/r10k-cache-barrier-13.c: error executing dg-final: couldn't open "r10k-cache-barrier-13.s": no such file or directory
FAIL: gcc.target/mips/r10k-cache-barrier-14.c  (test for warnings, line 5)
FAIL: gcc.target/mips/r10k-cache-barrier-14.c (test for excess errors)
FAIL: gcc.target/mips/r10k-cache-barrier-15.c (test for excess errors)
FAIL: gcc.target/mips/r10k-cache-barrier-2.c (test for excess errors)
ERROR: gcc.target/mips/r10k-cache-barrier-2.c: error executing dg-final: couldn't open "r10k-cache-barrier-2.s": no such file or directory
UNRESOLVED: gcc.target/mips/r10k-cache-barrier-2.c: error executing dg-final: couldn't open "r10k-cache-barrier-2.s": no such file or directory
FAIL: gcc.target/mips/r10k-cache-barrier-3.c (test for excess errors)
ERROR: gcc.target/mips/r10k-cache-barrier-3.c: error executing dg-final: couldn't open "r10k-cache-barrier-3.s": no such file or directory
UNRESOLVED: gcc.target/mips/r10k-cache-barrier-3.c: error executing dg-final: couldn't open "r10k-cache-barrier-3.s": no such file or directory
FAIL: gcc.target/mips/r10k-cache-barrier-4.c (test for excess errors)
ERROR: gcc.target/mips/r10k-cache-barrier-4.c: error executing dg-final: couldn't open "r10k-cache-barrier-4.s": no such file or directory
UNRESOLVED: gcc.target/mips/r10k-cache-barrier-4.c: error executing dg-final: couldn't open "r10k-cache-barrier-4.s": no such file or directory
FAIL: gcc.target/mips/r10k-cache-barrier-5.c (test for excess errors)
ERROR: gcc.target/mips/r10k-cache-barrier-5.c: error executing dg-final: couldn't open "r10k-cache-barrier-5.s": no such file or directory
UNRESOLVED: gcc.target/mips/r10k-cache-barrier-5.c: error executing dg-final: couldn't open "r10k-cache-barrier-5.s": no such file or directory
FAIL: gcc.target/mips/r10k-cache-barrier-6.c (test for excess errors)
ERROR: gcc.target/mips/r10k-cache-barrier-6.c: error executing dg-final: couldn't open "r10k-cache-barrier-6.s": no such file or directory
UNRESOLVED: gcc.target/mips/r10k-cache-barrier-6.c: error executing dg-final: couldn't open "r10k-cache-barrier-6.s": no such file or directory
FAIL: gcc.target/mips/r10k-cache-barrier-7.c (test for excess errors)
ERROR: gcc.target/mips/r10k-cache-barrier-7.c: error executing dg-final: couldn't open "r10k-cache-barrier-7.s": no such file or directory
UNRESOLVED: gcc.target/mips/r10k-cache-barrier-7.c: error executing dg-final: couldn't open "r10k-cache-barrier-7.s": no such file or directory
FAIL: gcc.target/mips/r10k-cache-barrier-8.c (test for excess errors)
ERROR: gcc.target/mips/r10k-cache-barrier-8.c: error executing dg-final: couldn't open "r10k-cache-barrier-8.s": no such file or directory
UNRESOLVED: gcc.target/mips/r10k-cache-barrier-8.c: error executing dg-final: couldn't open "r10k-cache-barrier-8.s": no such file or directory
FAIL: gcc.target/mips/r10k-cache-barrier-9.c (test for excess errors)
ERROR: gcc.target/mips/r10k-cache-barrier-9.c: error executing dg-final: couldn't open "r10k-cache-barrier-9.s": no such file or directory
UNRESOLVED: gcc.target/mips/r10k-cache-barrier-9.c: error executing dg-final: couldn't open "r10k-cache-barrier-9.s": no such file or directory
FAIL: gcc.target/mips/rsqrt-1.c (test for excess errors)
ERROR: gcc.target/mips/rsqrt-1.c: error executing dg-final: couldn't open "rsqrt-1.s": no such file or directory
UNRESOLVED: gcc.target/mips/rsqrt-1.c: error executing dg-final: couldn't open "rsqrt-1.s": no such file or directory
FAIL: gcc.target/mips/rsqrt-2.c (test for excess errors)
ERROR: gcc.target/mips/rsqrt-2.c: error executing dg-final: couldn't open "rsqrt-2.s": no such file or directory
UNRESOLVED: gcc.target/mips/rsqrt-2.c: error executing dg-final: couldn't open "rsqrt-2.s": no such file or directory
FAIL: gcc.target/mips/rsqrt-3.c (test for excess errors)
ERROR: gcc.target/mips/rsqrt-3.c: error executing dg-final: couldn't open "rsqrt-3.s": no such file or directory
UNRESOLVED: gcc.target/mips/rsqrt-3.c: error executing dg-final: couldn't open "rsqrt-3.s": no such file or directory
FAIL: gcc.target/mips/rsqrt-4.c (test for excess errors)
ERROR: gcc.target/mips/rsqrt-4.c: error executing dg-final: couldn't open "rsqrt-4.s": no such file or directory
UNRESOLVED: gcc.target/mips/rsqrt-4.c: error executing dg-final: couldn't open "rsqrt-4.s": no such file or directory
FAIL: gcc.target/mips/save-restore-1.c (test for excess errors)
ERROR: gcc.target/mips/save-restore-1.c: error executing dg-final: couldn't open "save-restore-1.s": no such file or directory
UNRESOLVED: gcc.target/mips/save-restore-1.c: error executing dg-final: couldn't open "save-restore-1.s": no such file or directory
FAIL: gcc.target/mips/save-restore-2.c (test for excess errors)
ERROR: gcc.target/mips/save-restore-2.c: error executing dg-final: couldn't open "save-restore-2.s": no such file or directory
UNRESOLVED: gcc.target/mips/save-restore-2.c: error executing dg-final: couldn't open "save-restore-2.s": no such file or directory
FAIL: gcc.target/mips/save-restore-3.c (test for excess errors)
ERROR: gcc.target/mips/save-restore-3.c: error executing dg-final: couldn't open "save-restore-3.s": no such file or directory
UNRESOLVED: gcc.target/mips/save-restore-3.c: error executing dg-final: couldn't open "save-restore-3.s": no such file or directory
FAIL: gcc.target/mips/save-restore-4.c (test for excess errors)
ERROR: gcc.target/mips/save-restore-4.c: error executing dg-final: couldn't open "save-restore-4.s": no such file or directory
UNRESOLVED: gcc.target/mips/save-restore-4.c: error executing dg-final: couldn't open "save-restore-4.s": no such file or directory
FAIL: gcc.target/mips/save-restore-5.c (test for excess errors)
FAIL: gcc.target/mips/sb1-1.c (test for excess errors)
ERROR: gcc.target/mips/sb1-1.c: error executing dg-final: couldn't open "sb1-1.s": no such file or directory
UNRESOLVED: gcc.target/mips/sb1-1.c: error executing dg-final: couldn't open "sb1-1.s": no such file or directory
FAIL: gcc.target/mips/scc-1.c (test for excess errors)
ERROR: gcc.target/mips/scc-1.c: error executing dg-final: couldn't open "scc-1.s": no such file or directory
UNRESOLVED: gcc.target/mips/scc-1.c: error executing dg-final: couldn't open "scc-1.s": no such file or directory
FAIL: gcc.target/mips/scc-2.c (test for excess errors)
ERROR: gcc.target/mips/scc-2.c: error executing dg-final: couldn't open "scc-2.s": no such file or directory
UNRESOLVED: gcc.target/mips/scc-2.c: error executing dg-final: couldn't open "scc-2.s": no such file or directory
FAIL: gcc.target/mips/scc-3.c (test for excess errors)
ERROR: gcc.target/mips/scc-3.c: error executing dg-final: couldn't open "scc-3.s": no such file or directory
UNRESOLVED: gcc.target/mips/scc-3.c: error executing dg-final: couldn't open "scc-3.s": no such file or directory
FAIL: gcc.target/mips/scc-4.c (test for excess errors)
ERROR: gcc.target/mips/scc-4.c: error executing dg-final: couldn't open "scc-4.s": no such file or directory
UNRESOLVED: gcc.target/mips/scc-4.c: error executing dg-final: couldn't open "scc-4.s": no such file or directory
FAIL: gcc.target/mips/sdata-1.c scan-assembler %gp_?rel\\\\(l4a\\\\)
FAIL: gcc.target/mips/sdata-1.c scan-assembler %gp_?rel\\\\(l4b\\\\)
FAIL: gcc.target/mips/sdata-1.c scan-assembler %gp_?rel\\\\(e4a\\\\)
FAIL: gcc.target/mips/sdata-1.c scan-assembler %gp_?rel\\\\(c4\\\\)
FAIL: gcc.target/mips/sdata-1.c scan-assembler %gp_?rel\\\\(g4a\\\\)
FAIL: gcc.target/mips/sdata-1.c scan-assembler %gp_?rel\\\\(g4b\\\\)
FAIL: gcc.target/mips/sdata-2.c scan-assembler %gp_?rel\\\\(e4a\\\\)
FAIL: gcc.target/mips/sdata-2.c scan-assembler %gp_?rel\\\\(c4\\\\)
FAIL: gcc.target/mips/sdata-2.c scan-assembler %gp_?rel\\\\(g4a\\\\)
FAIL: gcc.target/mips/sdata-2.c scan-assembler %gp_?rel\\\\(g4b\\\\)
FAIL: gcc.target/mips/sdata-3.c scan-assembler %gp_?rel\\\\(l4a\\\\)
FAIL: gcc.target/mips/sdata-3.c scan-assembler %gp_?rel\\\\(l4b\\\\)
FAIL: gcc.target/mips/sdata-3.c scan-assembler %gp_?rel\\\\(g4a\\\\)
FAIL: gcc.target/mips/sdata-3.c scan-assembler %gp_?rel\\\\(g4b\\\\)
FAIL: gcc.target/mips/timode-1.c (test for excess errors)
ERROR: gcc.target/mips/timode-1.c: error executing dg-final: couldn't open "timode-1.s": no such file or directory
UNRESOLVED: gcc.target/mips/timode-1.c: error executing dg-final: couldn't open "timode-1.s": no such file or directory
FAIL: gcc.target/mips/timode-2.c (test for excess errors)
FAIL: gcc.target/mips/truncate-1.c (test for excess errors)
ERROR: gcc.target/mips/truncate-1.c: error executing dg-final: couldn't open "truncate-1.s": no such file or directory
UNRESOLVED: gcc.target/mips/truncate-1.c: error executing dg-final: couldn't open "truncate-1.s": no such file or directory
FAIL: gcc.target/mips/truncate-2.c (test for excess errors)
ERROR: gcc.target/mips/truncate-2.c: error executing dg-final: couldn't open "truncate-2.s": no such file or directory
UNRESOLVED: gcc.target/mips/truncate-2.c: error executing dg-final: couldn't open "truncate-2.s": no such file or directory
FAIL: gcc.target/mips/truncate-3.c (test for excess errors)
ERROR: gcc.target/mips/truncate-3.c: error executing dg-final: couldn't open "truncate-3.s": no such file or directory
UNRESOLVED: gcc.target/mips/truncate-3.c: error executing dg-final: couldn't open "truncate-3.s": no such file or directory
FAIL: gcc.target/mips/truncate-4.c (test for excess errors)
ERROR: gcc.target/mips/truncate-4.c: error executing dg-final: couldn't open "truncate-4.s": no such file or directory
UNRESOLVED: gcc.target/mips/truncate-4.c: error executing dg-final: couldn't open "truncate-4.s": no such file or directory
FAIL: gcc.target/mips/truncate-5.c (test for excess errors)
ERROR: gcc.target/mips/truncate-5.c: error executing dg-final: couldn't open "truncate-5.s": no such file or directory
UNRESOLVED: gcc.target/mips/truncate-5.c: error executing dg-final: couldn't open "truncate-5.s": no such file or directory
FAIL: gcc.target/mips/truncate-6.c (test for excess errors)
ERROR: gcc.target/mips/truncate-6.c: error executing dg-final: couldn't open "truncate-6.s": no such file or directory
UNRESOLVED: gcc.target/mips/truncate-6.c: error executing dg-final: couldn't open "truncate-6.s": no such file or directory
FAIL: gcc.target/mips/vr-mult-1.c scan-assembler \\tmul\\t.*\\tmul\\t
FAIL: gcc.target/mips/vr-mult-2.c scan-assembler \\tmul\\t.*\\tmul\\t

		=== gcc Summary ===

# of expected passes		64123
# of unexpected failures	323
# of expected failures		79
# of unresolved testcases	168
# of unsupported tests		738
/users/joel/test-gcc/b-gcc1-mips/gcc/xgcc  version 4.6.0 20100428 (experimental) [trunk revision 158844] (GCC) 

Host   is x86_64-unknown-linux-gnu

		=== g++ tests ===


Running target rtems-mips-jmr3904
FAIL: g++.dg/abi/packed1.C (test for excess errors)
WARNING: program timed out.
FAIL: g++.dg/eh/gcsec1.C execution test
FAIL: g++.dg/eh/simd-2.C (test for excess errors)
WARNING: g++.dg/eh/simd-2.C compilation failed to produce executable
FAIL: g++.dg/init/array15.C execution test
FAIL: g++.dg/init/array16.C execution test
XPASS: g++.old-deja/g++.other/init19.C execution test

		=== g++ Summary ===

# of expected passes		21493
# of unexpected failures	5
# of unexpected successes	1
# of expected failures		153
# of unsupported tests		227
/users/joel/test-gcc/b-gcc1-mips/gcc/testsuite/g++/../../g++  version 4.6.0 20100428 (experimental) [trunk revision 158844] (GCC) 


Compiler version: 4.6.0 20100428 (experimental) [trunk revision 158844] (GCC) 
Platform: mips-unknown-rtems4.10
configure flags: --enable-threads=rtems --with-gnu-as --enable-multilib --enable-newlib-mb --enable-newlib-iconv --with-gnu-ld --with-newlib --verbose --with-system-zlib --disable-nls --enable-version-specific-runtime-libs --enable-languages=c,c++ --target=mips-rtems4.10 --prefix=/users/joel/test-gcc/install-svn


Index Nav: [Date Index] [Subject Index] [Author Index] [Thread Index]
Message Nav: [Date Prev] [Date Next] [Thread Prev] [Thread Next]