This is the mail archive of the gcc-testresults@gcc.gnu.org mailing list for the GCC project.


Index Nav: [Date Index] [Subject Index] [Author Index] [Thread Index]
Message Nav: [Date Prev] [Date Next] [Thread Prev] [Thread Next]
Other format: [Raw text]

Results for 4.4.4 20100427 (prerelease) (GCC) testsuite on armv5tel-brewer-linux-gnueabi


LAST_UPDATED: Obtained from SVN: branches/gcc-4_4-branch revision 158811

Native configuration is armv5tel-brewer-linux-gnueabi

		=== libffi tests ===


Running target unix

		=== libffi Summary ===

# of expected passes		1389
# of unsupported tests		10
		=== libgomp tests ===


Running target unix
WARNING: program timed out.
FAIL: libgomp.fortran/strassen.f90  -O  execution test

		=== libgomp Summary ===

# of expected passes		2443
# of unexpected failures	1
# of unsupported tests		7
		=== libjava tests ===


Running target unix
FAIL: Throw_2 execution - source compiled test
FAIL: Throw_2 -findirect-dispatch execution - source compiled test
FAIL: Throw_2 -O3 execution - source compiled test
FAIL: Throw_2 -O3 -findirect-dispatch execution - source compiled test

		=== libjava Summary ===

# of expected passes		2566
# of unexpected failures	4
# of untested testcases		4
		=== libmudflap tests ===


Running target unix
FAIL: libmudflap.c++/pass41-frag.cxx execution test
FAIL: libmudflap.c++/pass41-frag.cxx (-static) execution test
FAIL: libmudflap.c++/pass41-frag.cxx ( -O) execution test
FAIL: libmudflap.c++/pass41-frag.cxx (-O2) execution test
FAIL: libmudflap.c++/pass41-frag.cxx (-O3) execution test

		=== libmudflap Summary ===

# of expected passes		1889
# of unexpected failures	5
		=== libstdc++ tests ===


Running target unix

		=== libstdc++ Summary ===

# of expected passes		6479
# of expected failures		80
# of unsupported tests		29
		=== g++ tests ===


Running target unix
FAIL: g++.dg/ipa/iinline-1.C scan-ipa-dump inline "String::funcOne[^\\n]*inline copy in int main"
FAIL: g++.dg/tree-ssa/new1.C scan-tree-dump-not forwprop1 "= .* \\+ -"

		=== g++ Summary ===

# of expected passes		19660
# of unexpected failures	2
# of expected failures		157
# of unsupported tests		156
/home/mikpe/objdir44/gcc/testsuite/g++/../../g++  version 4.4.4 20100427 (prerelease) (GCC) 

		=== gcc tests ===


Running target unix
FAIL: gcc.dg/uninit-13.c unconditional (test for warnings, line 8)
FAIL: gcc.dg/uninit-13.c (test for excess errors)
FAIL: gcc.dg/tree-prof/bb-reorg.c compilation,  -fprofile-use -D_PROFILE_USE
UNRESOLVED: gcc.dg/tree-prof/bb-reorg.c execution,    -fprofile-use -D_PROFILE_USE
FAIL: gcc.dg/tree-prof/pr34999.c compilation,  -fprofile-use -D_PROFILE_USE
UNRESOLVED: gcc.dg/tree-prof/pr34999.c execution,    -fprofile-use -D_PROFILE_USE
FAIL: gcc.target/arm/neon/polytypes.c (test for excess errors)

		=== gcc Summary ===

# of expected passes		55278
# of unexpected failures	5
# of expected failures		242
# of unresolved testcases	2
# of unsupported tests		591
/home/mikpe/objdir44/gcc/xgcc  version 4.4.4 20100427 (prerelease) (GCC) 

		=== gfortran tests ===


Running target unix
FAIL: gfortran.dg/gomp/pr43836.f90  -O  (internal compiler error)
FAIL: gfortran.dg/gomp/pr43836.f90  -O  (test for excess errors)

		=== gfortran Summary ===

# of expected passes		29326
# of unexpected failures	2
# of expected failures		18
# of unsupported tests		265
/home/mikpe/objdir44/gcc/testsuite/gfortran/../../gfortran  version 4.4.4 20100427 (prerelease) (GCC) 

		=== obj-c++ tests ===


Running target unix
XPASS: obj-c++.dg/comp-types-10.mm (test for excess errors)
WARNING: obj-c++.dg/lookup-2.mm compilation failed to produce executable
WARNING: obj-c++.dg/try-catch-2.mm compilation failed to produce executable
WARNING: obj-c++.dg/try-catch-9.mm compilation failed to produce executable

		=== obj-c++ Summary ===

# of expected passes		436
# of unexpected successes	1
# of expected failures		9
# of unsupported tests		13
/home/mikpe/objdir44/gcc/testsuite/obj-c++/../../g++  version 4.4.4 20100427 (prerelease) (GCC) 

		=== objc tests ===


Running target unix
FAIL: objc/execute/class-13.m compilation,  -O1 -fgnu-runtime
UNRESOLVED: objc/execute/class-13.m execution,  -O1 -fgnu-runtime
FAIL: objc/execute/class-13.m compilation,  -O2 -fgnu-runtime
UNRESOLVED: objc/execute/class-13.m execution,  -O2 -fgnu-runtime
FAIL: objc/execute/class-13.m compilation,  -O3 -fomit-frame-pointer -fgnu-runtime
UNRESOLVED: objc/execute/class-13.m execution,  -O3 -fomit-frame-pointer -fgnu-runtime
FAIL: objc/execute/class-13.m compilation,  -O3 -g -fgnu-runtime
UNRESOLVED: objc/execute/class-13.m execution,  -O3 -g -fgnu-runtime
FAIL: objc/execute/class-13.m compilation,  -Os -fgnu-runtime
UNRESOLVED: objc/execute/class-13.m execution,  -Os -fgnu-runtime
FAIL: objc/execute/class-6.m compilation,  -O1 -fgnu-runtime
UNRESOLVED: objc/execute/class-6.m execution,  -O1 -fgnu-runtime
FAIL: objc/execute/class-6.m compilation,  -O2 -fgnu-runtime
UNRESOLVED: objc/execute/class-6.m execution,  -O2 -fgnu-runtime
FAIL: objc/execute/class-6.m compilation,  -O3 -fomit-frame-pointer -fgnu-runtime
UNRESOLVED: objc/execute/class-6.m execution,  -O3 -fomit-frame-pointer -fgnu-runtime
FAIL: objc/execute/class-6.m compilation,  -O3 -g -fgnu-runtime
UNRESOLVED: objc/execute/class-6.m execution,  -O3 -g -fgnu-runtime
FAIL: objc/execute/class-6.m compilation,  -Os -fgnu-runtime
UNRESOLVED: objc/execute/class-6.m execution,  -Os -fgnu-runtime
FAIL: objc/execute/forward-1.m execution,  -O0 -fgnu-runtime
FAIL: objc/execute/forward-1.m compilation,  -O1 -fgnu-runtime
UNRESOLVED: objc/execute/forward-1.m execution,  -O1 -fgnu-runtime
FAIL: objc/execute/forward-1.m compilation,  -O2 -fgnu-runtime
UNRESOLVED: objc/execute/forward-1.m execution,  -O2 -fgnu-runtime
FAIL: objc/execute/forward-1.m compilation,  -O3 -fomit-frame-pointer -fgnu-runtime
UNRESOLVED: objc/execute/forward-1.m execution,  -O3 -fomit-frame-pointer -fgnu-runtime
FAIL: objc/execute/forward-1.m compilation,  -O3 -fomit-frame-pointer -funroll-loops -fgnu-runtime
UNRESOLVED: objc/execute/forward-1.m execution,  -O3 -fomit-frame-pointer -funroll-loops -fgnu-runtime
FAIL: objc/execute/forward-1.m compilation,  -O3 -fomit-frame-pointer -funroll-all-loops -finline-functions -fgnu-runtime
UNRESOLVED: objc/execute/forward-1.m execution,  -O3 -fomit-frame-pointer -funroll-all-loops -finline-functions -fgnu-runtime
FAIL: objc/execute/forward-1.m compilation,  -O3 -g -fgnu-runtime
UNRESOLVED: objc/execute/forward-1.m execution,  -O3 -g -fgnu-runtime
FAIL: objc/execute/forward-1.m compilation,  -Os -fgnu-runtime
UNRESOLVED: objc/execute/forward-1.m execution,  -Os -fgnu-runtime
FAIL: objc/execute/object_is_class.m compilation,  -O1 -fgnu-runtime
UNRESOLVED: objc/execute/object_is_class.m execution,  -O1 -fgnu-runtime
FAIL: objc/execute/object_is_class.m compilation,  -O2 -fgnu-runtime
UNRESOLVED: objc/execute/object_is_class.m execution,  -O2 -fgnu-runtime
FAIL: objc/execute/object_is_class.m compilation,  -O3 -fomit-frame-pointer -fgnu-runtime
UNRESOLVED: objc/execute/object_is_class.m execution,  -O3 -fomit-frame-pointer -fgnu-runtime
FAIL: objc/execute/object_is_class.m compilation,  -O3 -g -fgnu-runtime
UNRESOLVED: objc/execute/object_is_class.m execution,  -O3 -g -fgnu-runtime
FAIL: objc/execute/object_is_class.m compilation,  -Os -fgnu-runtime
UNRESOLVED: objc/execute/object_is_class.m execution,  -Os -fgnu-runtime
FAIL: objc/execute/object_is_meta_class.m compilation,  -O1 -fgnu-runtime
UNRESOLVED: objc/execute/object_is_meta_class.m execution,  -O1 -fgnu-runtime
FAIL: objc/execute/object_is_meta_class.m compilation,  -O2 -fgnu-runtime
UNRESOLVED: objc/execute/object_is_meta_class.m execution,  -O2 -fgnu-runtime
FAIL: objc/execute/object_is_meta_class.m compilation,  -O3 -fomit-frame-pointer -fgnu-runtime
UNRESOLVED: objc/execute/object_is_meta_class.m execution,  -O3 -fomit-frame-pointer -fgnu-runtime
FAIL: objc/execute/object_is_meta_class.m compilation,  -O3 -g -fgnu-runtime
UNRESOLVED: objc/execute/object_is_meta_class.m execution,  -O3 -g -fgnu-runtime
FAIL: objc/execute/object_is_meta_class.m compilation,  -Os -fgnu-runtime
UNRESOLVED: objc/execute/object_is_meta_class.m execution,  -Os -fgnu-runtime

		=== objc Summary ===

# of expected passes		1819
# of unexpected failures	28
# of expected failures		7
# of unresolved testcases	27
# of unsupported tests		24
/home/mikpe/objdir44/gcc/xgcc  version 4.4.4 20100427 (prerelease) (GCC) 


Compiler version: 4.4.4 20100427 (prerelease) (GCC) 
Platform: armv5tel-brewer-linux-gnueabi
configure flags: --enable-bootstrap --enable-shared --enable-threads=posix --enable-checking=release --with-system-zlib --enable-__cxa_atexit --disable-libunwind-exceptions --enable-languages=c,c++,objc,obj-c++,java,fortran --enable-java-awt=gtk --disable-dssi --with-java-home=/usr/lib/jvm/java-1.5.0-gcj-1.5.0.0/jre --enable-libgcj-multifile --disable-java-maintainer-mode --with-ecj-jar=/usr/share/java/eclipse-ecj.jar --disable-libjava-multilib --disable-sjlj-exceptions --with-arch=armv5te --with-tune=xscale --build=armv5tel-brewer-linux-gnueabi
BOOT_CFLAGS=-g -O2


Index Nav: [Date Index] [Subject Index] [Author Index] [Thread Index]
Message Nav: [Date Prev] [Date Next] [Thread Prev] [Thread Next]