This is the mail archive of the gcc-testresults@gcc.gnu.org mailing list for the GCC project.


Index Nav: [Date Index] [Subject Index] [Author Index] [Thread Index]
Message Nav: [Date Prev] [Date Next] [Thread Prev] [Thread Next]
Other format: [Raw text]

Results for 4.6.0 20100428 (experimental) [trunk revision 158844] (GCC) testsuite on arm-unknown-rtems4.10


LAST_UPDATED: Wed Apr 28 21:27:33 UTC 2010 (revision 158844)

Target is arm-unknown-rtems4.10
Host   is x86_64-unknown-linux-gnu

		=== gcc tests ===


Running target rtems-arm-edb7312
FAIL: gcc.c-torture/compile/limits-exprparen.c  -O0  (test for excess errors)
FAIL: gcc.c-torture/compile/limits-exprparen.c  -O1  (test for excess errors)
FAIL: gcc.c-torture/compile/limits-exprparen.c  -O2  (test for excess errors)
FAIL: gcc.c-torture/compile/limits-exprparen.c  -O3 -fomit-frame-pointer  (test for excess errors)
FAIL: gcc.c-torture/compile/limits-exprparen.c  -O3 -g  (test for excess errors)
FAIL: gcc.c-torture/compile/limits-exprparen.c  -Os  (test for excess errors)
FAIL: gcc.c-torture/compile/limits-exprparen.c  -O2 -flto  (test for excess errors)
FAIL: gcc.c-torture/compile/limits-exprparen.c  -O2 -fwhopr  (test for excess errors)
FAIL: gcc.c-torture/execute/builtins/abs-1.c execution,  -O2 -fwhopr 
WARNING: program timed out.
FAIL: gcc.c-torture/execute/920501-8.c execution,  -O0 
WARNING: program timed out.
FAIL: gcc.c-torture/execute/920501-8.c execution,  -O1 
WARNING: program timed out.
FAIL: gcc.c-torture/execute/920501-8.c execution,  -O2 
FAIL: gcc.c-torture/execute/920501-8.c execution,  -O3 -fomit-frame-pointer 
WARNING: program timed out.
FAIL: gcc.c-torture/execute/920501-8.c execution,  -O3 -g 
WARNING: program timed out.
FAIL: gcc.c-torture/execute/920501-8.c execution,  -Os 
WARNING: program timed out.
FAIL: gcc.c-torture/execute/920501-8.c execution,  -O2 -flto 
WARNING: program timed out.
FAIL: gcc.c-torture/execute/920501-8.c execution,  -O2 -fwhopr 
WARNING: program timed out.
FAIL: gcc.c-torture/execute/930513-1.c execution,  -O0 
WARNING: program timed out.
FAIL: gcc.c-torture/execute/930513-1.c execution,  -O1 
WARNING: program timed out.
FAIL: gcc.c-torture/execute/930513-1.c execution,  -O2 
FAIL: gcc.c-torture/execute/930513-1.c execution,  -O3 -fomit-frame-pointer 
WARNING: program timed out.
FAIL: gcc.c-torture/execute/930513-1.c execution,  -O3 -g 
WARNING: program timed out.
FAIL: gcc.c-torture/execute/930513-1.c execution,  -Os 
WARNING: program timed out.
FAIL: gcc.c-torture/execute/930513-1.c execution,  -O2 -flto 
WARNING: program timed out.
FAIL: gcc.c-torture/execute/930513-1.c execution,  -O2 -fwhopr 
FAIL: gcc.c-torture/execute/980709-1.c execution,  -O0 
FAIL: gcc.c-torture/execute/980709-1.c execution,  -O1 
FAIL: gcc.c-torture/execute/980709-1.c execution,  -O2 
FAIL: gcc.c-torture/execute/980709-1.c execution,  -O3 -fomit-frame-pointer 
FAIL: gcc.c-torture/execute/980709-1.c execution,  -O3 -g 
FAIL: gcc.c-torture/execute/980709-1.c execution,  -Os 
FAIL: gcc.c-torture/execute/980709-1.c execution,  -O2 -flto 
FAIL: gcc.c-torture/execute/980709-1.c execution,  -O2 -fwhopr 
FAIL: gcc.c-torture/execute/float-floor.c execution,  -O0 
FAIL: gcc.c-torture/execute/float-floor.c execution,  -O1 
FAIL: gcc.c-torture/execute/float-floor.c execution,  -O2 
FAIL: gcc.c-torture/execute/float-floor.c execution,  -O3 -fomit-frame-pointer 
FAIL: gcc.c-torture/execute/float-floor.c execution,  -O3 -g 
FAIL: gcc.c-torture/execute/float-floor.c execution,  -Os 
FAIL: gcc.c-torture/execute/float-floor.c execution,  -O2 -flto 
FAIL: gcc.c-torture/execute/float-floor.c execution,  -O2 -fwhopr 
FAIL: gcc.dg/20030213-1.c (test for excess errors)
FAIL: gcc.dg/20030708-1.c (test for excess errors)
FAIL: gcc.dg/20070507-1.c (test for excess errors)
WARNING: gcc.dg/20070507-1.c compilation failed to produce executable
FAIL: gcc.dg/980523-1.c (test for excess errors)
WARNING: gcc.dg/980523-1.c compilation failed to produce executable
FAIL: gcc.dg/bitfld-17.c (test for excess errors)
FAIL: gcc.dg/bitfld-18.c (test for excess errors)
FAIL: gcc.dg/initpri1.c (test for excess errors)
WARNING: gcc.dg/initpri1.c compilation failed to produce executable
FAIL: gcc.dg/pr34668-1.c (internal compiler error)
FAIL: gcc.dg/pr34668-1.c (test for excess errors)
FAIL: gcc.dg/pr41574.c (test for excess errors)
FAIL: gcc.dg/pr42427.c (test for excess errors)
FAIL: gcc.dg/pr43419.c execution test
WARNING: program timed out.
FAIL: gcc.dg/ipa/ipa-sra-1.c execution test
FAIL: gcc.dg/lto/20081112 c_lto_20081112_0.o-c_lto_20081112_1.o execute -O2 -fwhopr
FAIL: gcc.dg/lto/20090126-1 c_lto_20090126-1_0.o-c_lto_20090126-1_0.o link,  (internal compiler error)
UNRESOLVED: gcc.dg/lto/20090126-1 c_lto_20090126-1_0.o-c_lto_20090126-1_0.o execute -O0 -fwhopr
FAIL: gcc.dg/lto/20090210 c_lto_20090210_0.o-c_lto_20090210_1.o link
UNRESOLVED: gcc.dg/lto/20090210 c_lto_20090210_0.o-c_lto_20090210_1.o execute -O0 -fwhopr
FAIL: gcc.dg/lto/20090210 c_lto_20090210_0.o-c_lto_20090210_1.o link
UNRESOLVED: gcc.dg/lto/20090210 c_lto_20090210_0.o-c_lto_20090210_1.o execute -O2 -fwhopr
FAIL: gcc.dg/lto/20090210 c_lto_20090210_0.o-c_lto_20090210_1.o link
UNRESOLVED: gcc.dg/lto/20090210 c_lto_20090210_0.o-c_lto_20090210_1.o execute -O0 -flto
FAIL: gcc.dg/lto/20090210 c_lto_20090210_0.o-c_lto_20090210_1.o link
UNRESOLVED: gcc.dg/lto/20090210 c_lto_20090210_0.o-c_lto_20090210_1.o execute -O2 -flto
FAIL: gcc.dg/lto/20090313 c_lto_20090313_0.o-c_lto_20090313_0.o link
UNRESOLVED: gcc.dg/lto/20090313 c_lto_20090313_0.o-c_lto_20090313_0.o execute -O0 -fwhopr
FAIL: gcc.dg/lto/20090313 c_lto_20090313_0.o-c_lto_20090313_0.o link
UNRESOLVED: gcc.dg/lto/20090313 c_lto_20090313_0.o-c_lto_20090313_0.o execute -O2 -fwhopr
FAIL: gcc.dg/lto/20090313 c_lto_20090313_0.o-c_lto_20090313_0.o link
UNRESOLVED: gcc.dg/lto/20090313 c_lto_20090313_0.o-c_lto_20090313_0.o execute -O0 -flto
FAIL: gcc.dg/lto/20090313 c_lto_20090313_0.o-c_lto_20090313_0.o link
UNRESOLVED: gcc.dg/lto/20090313 c_lto_20090313_0.o-c_lto_20090313_0.o execute -O2 -flto
FAIL: gcc.dg/lto/20100423-2 c_lto_20100423-2_0.o-c_lto_20100423-2_1.o link
UNRESOLVED: gcc.dg/lto/20100423-2 c_lto_20100423-2_0.o-c_lto_20100423-2_1.o execute -O2 -flto
FAIL: gcc.dg/lto/20100423-2 c_lto_20100423-2_0.o-c_lto_20100423-2_1.o link
UNRESOLVED: gcc.dg/lto/20100423-2 c_lto_20100423-2_0.o-c_lto_20100423-2_1.o execute -O2 -fwhopr
FAIL: gcc.dg/lto/20100423-2 c_lto_20100423-2_0.o-c_lto_20100423-2_1.o link
UNRESOLVED: gcc.dg/lto/20100423-2 c_lto_20100423-2_0.o-c_lto_20100423-2_1.o execute -O3 -flto
FAIL: gcc.dg/lto/20100423-2 c_lto_20100423-2_0.o-c_lto_20100423-2_1.o link
UNRESOLVED: gcc.dg/lto/20100423-2 c_lto_20100423-2_0.o-c_lto_20100423-2_1.o execute -O3 -fwhopr
FAIL: gcc.dg/special/gcsec-1.c execution test
FAIL: gcc.dg/torture/arm-fp16-compile-assign.c scan-assembler-not __truncsfhf
FAIL: gcc.dg/torture/arm-fp16-compile-assign.c scan-assembler-not __extendhfsf
FAIL: gcc.dg/torture/arm-fp16-compile-assign.c scan-assembler-not __truncsfhf
FAIL: gcc.dg/torture/arm-fp16-compile-assign.c scan-assembler-not __extendhfsf
FAIL: gcc.dg/torture/arm-fp16-compile-assign.c scan-assembler-not __truncsfhf
FAIL: gcc.dg/torture/arm-fp16-compile-assign.c scan-assembler-not __extendhfsf
FAIL: gcc.dg/torture/arm-fp16-compile-assign.c scan-assembler-not __truncsfhf
FAIL: gcc.dg/torture/arm-fp16-compile-assign.c scan-assembler-not __extendhfsf
FAIL: gcc.dg/torture/arm-fp16-compile-assign.c scan-assembler-not __truncsfhf
FAIL: gcc.dg/torture/arm-fp16-compile-assign.c scan-assembler-not __extendhfsf
FAIL: gcc.dg/torture/arm-fp16-compile-assign.c scan-assembler-not __truncsfhf
FAIL: gcc.dg/torture/arm-fp16-compile-assign.c scan-assembler-not __extendhfsf
FAIL: gcc.dg/torture/arm-fp16-compile-assign.c scan-assembler-not __truncsfhf
FAIL: gcc.dg/torture/arm-fp16-compile-assign.c scan-assembler-not __extendhfsf
FAIL: gcc.dg/torture/arm-fp16-compile-assign.c scan-assembler-not __truncsfhf
FAIL: gcc.dg/torture/arm-fp16-compile-assign.c scan-assembler-not __extendhfsf
FAIL: gcc.dg/torture/arm-fp16-compile-convert.c scan-assembler-not __trunc.fhf
FAIL: gcc.dg/torture/arm-fp16-compile-convert.c scan-assembler-not __extendhf.f
FAIL: gcc.dg/torture/arm-fp16-compile-convert.c scan-assembler-not __trunc.fhf
FAIL: gcc.dg/torture/arm-fp16-compile-convert.c scan-assembler-not __extendhf.f
FAIL: gcc.dg/torture/arm-fp16-compile-convert.c scan-assembler-not __trunc.fhf
FAIL: gcc.dg/torture/arm-fp16-compile-convert.c scan-assembler-not __extendhf.f
FAIL: gcc.dg/torture/arm-fp16-compile-convert.c scan-assembler-not __trunc.fhf
FAIL: gcc.dg/torture/arm-fp16-compile-convert.c scan-assembler-not __extendhf.f
FAIL: gcc.dg/torture/arm-fp16-compile-convert.c scan-assembler-not __trunc.fhf
FAIL: gcc.dg/torture/arm-fp16-compile-convert.c scan-assembler-not __extendhf.f
FAIL: gcc.dg/torture/arm-fp16-compile-convert.c scan-assembler-not __trunc.fhf
FAIL: gcc.dg/torture/arm-fp16-compile-convert.c scan-assembler-not __extendhf.f
FAIL: gcc.dg/torture/arm-fp16-compile-convert.c scan-assembler-not __trunc.fhf
FAIL: gcc.dg/torture/arm-fp16-compile-convert.c scan-assembler-not __extendhf.f
FAIL: gcc.dg/torture/arm-fp16-compile-convert.c scan-assembler-not __trunc.fhf
FAIL: gcc.dg/torture/arm-fp16-compile-convert.c scan-assembler-not __extendhf.f
FAIL: gcc.dg/torture/arm-fp16-ops-1.c  -O0  (test for excess errors)
WARNING: gcc.dg/torture/arm-fp16-ops-1.c  -O0  compilation failed to produce executable
FAIL: gcc.dg/torture/arm-fp16-ops-1.c  -O1  (test for excess errors)
WARNING: gcc.dg/torture/arm-fp16-ops-1.c  -O1  compilation failed to produce executable
FAIL: gcc.dg/torture/arm-fp16-ops-1.c  -O2  (test for excess errors)
WARNING: gcc.dg/torture/arm-fp16-ops-1.c  -O2  compilation failed to produce executable
FAIL: gcc.dg/torture/arm-fp16-ops-1.c  -O3 -fomit-frame-pointer  (test for excess errors)
WARNING: gcc.dg/torture/arm-fp16-ops-1.c  -O3 -fomit-frame-pointer  compilation failed to produce executable
FAIL: gcc.dg/torture/arm-fp16-ops-1.c  -O3 -g  (test for excess errors)
WARNING: gcc.dg/torture/arm-fp16-ops-1.c  -O3 -g  compilation failed to produce executable
FAIL: gcc.dg/torture/arm-fp16-ops-1.c  -Os  (test for excess errors)
WARNING: gcc.dg/torture/arm-fp16-ops-1.c  -Os  compilation failed to produce executable
FAIL: gcc.dg/torture/arm-fp16-ops-1.c  -O2 -flto  (test for excess errors)
WARNING: gcc.dg/torture/arm-fp16-ops-1.c  -O2 -flto  compilation failed to produce executable
FAIL: gcc.dg/torture/arm-fp16-ops-1.c  -O2 -fwhopr  (test for excess errors)
WARNING: gcc.dg/torture/arm-fp16-ops-1.c  -O2 -fwhopr  compilation failed to produce executable
FAIL: gcc.dg/torture/arm-fp16-ops-2.c  -O0  (test for excess errors)
WARNING: gcc.dg/torture/arm-fp16-ops-2.c  -O0  compilation failed to produce executable
FAIL: gcc.dg/torture/arm-fp16-ops-2.c  -O1  (test for excess errors)
WARNING: gcc.dg/torture/arm-fp16-ops-2.c  -O1  compilation failed to produce executable
FAIL: gcc.dg/torture/arm-fp16-ops-2.c  -O2  (test for excess errors)
WARNING: gcc.dg/torture/arm-fp16-ops-2.c  -O2  compilation failed to produce executable
FAIL: gcc.dg/torture/arm-fp16-ops-2.c  -O3 -fomit-frame-pointer  (test for excess errors)
WARNING: gcc.dg/torture/arm-fp16-ops-2.c  -O3 -fomit-frame-pointer  compilation failed to produce executable
FAIL: gcc.dg/torture/arm-fp16-ops-2.c  -O3 -g  (test for excess errors)
WARNING: gcc.dg/torture/arm-fp16-ops-2.c  -O3 -g  compilation failed to produce executable
FAIL: gcc.dg/torture/arm-fp16-ops-2.c  -Os  (test for excess errors)
WARNING: gcc.dg/torture/arm-fp16-ops-2.c  -Os  compilation failed to produce executable
FAIL: gcc.dg/torture/arm-fp16-ops-2.c  -O2 -flto  (test for excess errors)
WARNING: gcc.dg/torture/arm-fp16-ops-2.c  -O2 -flto  compilation failed to produce executable
FAIL: gcc.dg/torture/arm-fp16-ops-2.c  -O2 -fwhopr  (test for excess errors)
WARNING: gcc.dg/torture/arm-fp16-ops-2.c  -O2 -fwhopr  compilation failed to produce executable
FAIL: gcc.dg/torture/arm-fp16-ops-3.c  -O0  (test for excess errors)
WARNING: gcc.dg/torture/arm-fp16-ops-3.c  -O0  compilation failed to produce executable
FAIL: gcc.dg/torture/arm-fp16-ops-3.c  -O1  (test for excess errors)
WARNING: gcc.dg/torture/arm-fp16-ops-3.c  -O1  compilation failed to produce executable
FAIL: gcc.dg/torture/arm-fp16-ops-3.c  -O2  (test for excess errors)
WARNING: gcc.dg/torture/arm-fp16-ops-3.c  -O2  compilation failed to produce executable
FAIL: gcc.dg/torture/arm-fp16-ops-3.c  -O3 -fomit-frame-pointer  (test for excess errors)
WARNING: gcc.dg/torture/arm-fp16-ops-3.c  -O3 -fomit-frame-pointer  compilation failed to produce executable
FAIL: gcc.dg/torture/arm-fp16-ops-3.c  -O3 -g  (test for excess errors)
WARNING: gcc.dg/torture/arm-fp16-ops-3.c  -O3 -g  compilation failed to produce executable
FAIL: gcc.dg/torture/arm-fp16-ops-3.c  -Os  (test for excess errors)
WARNING: gcc.dg/torture/arm-fp16-ops-3.c  -Os  compilation failed to produce executable
FAIL: gcc.dg/torture/arm-fp16-ops-3.c  -O2 -flto  (test for excess errors)
WARNING: gcc.dg/torture/arm-fp16-ops-3.c  -O2 -flto  compilation failed to produce executable
FAIL: gcc.dg/torture/arm-fp16-ops-3.c  -O2 -fwhopr  (test for excess errors)
WARNING: gcc.dg/torture/arm-fp16-ops-3.c  -O2 -fwhopr  compilation failed to produce executable
FAIL: gcc.dg/torture/arm-fp16-ops-4.c  -O0  (test for excess errors)
WARNING: gcc.dg/torture/arm-fp16-ops-4.c  -O0  compilation failed to produce executable
FAIL: gcc.dg/torture/arm-fp16-ops-4.c  -O1  (test for excess errors)
WARNING: gcc.dg/torture/arm-fp16-ops-4.c  -O1  compilation failed to produce executable
FAIL: gcc.dg/torture/arm-fp16-ops-4.c  -O2  (test for excess errors)
WARNING: gcc.dg/torture/arm-fp16-ops-4.c  -O2  compilation failed to produce executable
FAIL: gcc.dg/torture/arm-fp16-ops-4.c  -O3 -fomit-frame-pointer  (test for excess errors)
WARNING: gcc.dg/torture/arm-fp16-ops-4.c  -O3 -fomit-frame-pointer  compilation failed to produce executable
FAIL: gcc.dg/torture/arm-fp16-ops-4.c  -O3 -g  (test for excess errors)
WARNING: gcc.dg/torture/arm-fp16-ops-4.c  -O3 -g  compilation failed to produce executable
FAIL: gcc.dg/torture/arm-fp16-ops-4.c  -Os  (test for excess errors)
WARNING: gcc.dg/torture/arm-fp16-ops-4.c  -Os  compilation failed to produce executable
FAIL: gcc.dg/torture/arm-fp16-ops-4.c  -O2 -flto  (test for excess errors)
WARNING: gcc.dg/torture/arm-fp16-ops-4.c  -O2 -flto  compilation failed to produce executable
FAIL: gcc.dg/torture/arm-fp16-ops-4.c  -O2 -fwhopr  (test for excess errors)
WARNING: gcc.dg/torture/arm-fp16-ops-4.c  -O2 -fwhopr  compilation failed to produce executable
FAIL: gcc.dg/torture/arm-fp16-ops-7.c scan-assembler-not \\tbl\\t__.*hf2
FAIL: gcc.dg/torture/arm-fp16-ops-7.c scan-assembler-not \\tbl\\t__.*hf2
FAIL: gcc.dg/torture/arm-fp16-ops-7.c scan-assembler-not \\tbl\\t__.*hf2
FAIL: gcc.dg/torture/arm-fp16-ops-7.c scan-assembler-not \\tbl\\t__.*hf2
FAIL: gcc.dg/torture/arm-fp16-ops-7.c scan-assembler-not \\tbl\\t__.*hf2
FAIL: gcc.dg/torture/arm-fp16-ops-7.c scan-assembler-not \\tbl\\t__.*hf2
FAIL: gcc.dg/torture/arm-fp16-ops-7.c scan-assembler-not \\tbl\\t__.*hf2
FAIL: gcc.dg/torture/arm-fp16-ops-7.c scan-assembler-not \\tbl\\t__.*hf2
FAIL: gcc.dg/torture/arm-fp16-ops-8.c scan-assembler-not \\tbl\\t__.*hf2
FAIL: gcc.dg/torture/arm-fp16-ops-8.c scan-assembler-not \\tbl\\t__.*hf2
FAIL: gcc.dg/torture/arm-fp16-ops-8.c scan-assembler-not \\tbl\\t__.*hf2
FAIL: gcc.dg/torture/arm-fp16-ops-8.c scan-assembler-not \\tbl\\t__.*hf2
FAIL: gcc.dg/torture/arm-fp16-ops-8.c scan-assembler-not \\tbl\\t__.*hf2
FAIL: gcc.dg/torture/arm-fp16-ops-8.c scan-assembler-not \\tbl\\t__.*hf2
FAIL: gcc.dg/torture/arm-fp16-ops-8.c scan-assembler-not \\tbl\\t__.*hf2
FAIL: gcc.dg/torture/arm-fp16-ops-8.c scan-assembler-not \\tbl\\t__.*hf2
FAIL: gcc.dg/torture/pr41094.c  -O0  execution test
FAIL: gcc.dg/tree-ssa/pr42585.c scan-tree-dump-times optimized "struct _fat_ptr _ans" 0
FAIL: gcc.dg/tree-ssa/pr42585.c scan-tree-dump-times optimized "struct _fat_ptr _T2" 0
FAIL: gcc.dg/vect/pr20122.c scan-tree-dump-times vect "Alignment of access forced using versioning" 2
FAIL: gcc.dg/vect/pr37027.c scan-tree-dump-times vect "vectorized 1 loops" 1
FAIL: gcc.dg/vect/pr37027.c scan-tree-dump-times vect "vectorizing stmts using SLP" 1
FAIL: gcc.dg/vect/pr43430-1.c scan-tree-dump-times vect "vectorized 1 loops" 1
FAIL: gcc.dg/vect/vect-1.c scan-tree-dump-times vect "vectorized 3 loops" 1
FAIL: gcc.dg/vect/vect-35.c scan-tree-dump-times vect "vectorized 2 loops" 1
FAIL: gcc.dg/vect/vect-42.c scan-tree-dump-times vect "Alignment of access forced using versioning" 3
FAIL: gcc.dg/vect/vect-48.c scan-tree-dump-times vect "Alignment of access forced using versioning." 2
FAIL: gcc.dg/vect/vect-52.c scan-tree-dump-times vect "Alignment of access forced using versioning." 2
FAIL: gcc.dg/vect/vect-54.c scan-tree-dump-times vect "vectorized 1 loops" 1
FAIL: gcc.dg/vect/vect-54.c scan-tree-dump-times vect "Alignment of access forced using peeling" 1
FAIL: gcc.dg/vect/vect-75.c scan-tree-dump-times vect "Alignment of access forced using versioning" 1
FAIL: gcc.dg/vect/vect-77-alignchecks.c scan-tree-dump-times vect "Alignment of access forced using versioning." 1
FAIL: gcc.dg/vect/vect-78-alignchecks.c scan-tree-dump-times vect "Alignment of access forced using versioning." 1
XPASS: gcc.dg/vect/vect-93.c scan-tree-dump-times vect "Alignment of access forced using peeling" 3
FAIL: gcc.dg/vect/vect-93.c scan-tree-dump-times vect "vectorized 0 loops" 1
FAIL: gcc.dg/vect/vect-96.c scan-tree-dump-times vect "Alignment of access forced using versioning." 1
FAIL: gcc.dg/vect/vect-complex-1.c scan-tree-dump-times vect "vectorized 1 loops" 1
FAIL: gcc.dg/vect/vect-complex-1.c scan-tree-dump-times vect "vectorizing stmts using SLP" 1
FAIL: gcc.dg/vect/vect-complex-4.c scan-tree-dump-times vect "vectorized 1 loops" 1
FAIL: gcc.dg/vect/vect-complex-4.c scan-tree-dump-times vect "vectorizing stmts using SLP" 1
FAIL: gcc.dg/vect/vect-multitypes-3.c scan-tree-dump-times vect "Alignment of access forced using versioning" 3
FAIL: gcc.dg/vect/vect-multitypes-6.c scan-tree-dump-times vect "vectorized 1 loops" 1
FAIL: gcc.dg/vect/vect-multitypes-6.c scan-tree-dump-times vect "Alignment of access forced using versioning" 6
FAIL: gcc.dg/vect/vect-outer-5.c scan-tree-dump-times vect "OUTER LOOP VECTORIZED" 1
FAIL: gcc.dg/vect/slp-10.c scan-tree-dump-times vect "vectorized 2 loops" 1
FAIL: gcc.dg/vect/slp-10.c scan-tree-dump-times vect "vectorizing stmts using SLP" 2
FAIL: gcc.dg/vect/slp-12a.c scan-tree-dump-times vect "vectorized 1 loops" 1
FAIL: gcc.dg/vect/slp-12a.c scan-tree-dump-times vect "vectorizing stmts using SLP" 1
FAIL: gcc.dg/vect/slp-13.c scan-tree-dump-times vect "vectorizing stmts using SLP" 1
FAIL: gcc.dg/vect/slp-19.c scan-tree-dump-times vect "vectorized 1 loops" 1
FAIL: gcc.dg/vect/slp-19.c scan-tree-dump-times vect "vectorizing stmts using SLP" 1
FAIL: gcc.dg/vect/slp-33.c scan-tree-dump-times vect "vectorized 2 loops" 1
FAIL: gcc.dg/vect/slp-33.c scan-tree-dump-times vect "vectorizing stmts using SLP" 2
FAIL: gcc.dg/vect/slp-4.c scan-tree-dump-times vect "vectorized 3 loops" 1
FAIL: gcc.dg/vect/slp-4.c scan-tree-dump-times vect "vectorizing stmts using SLP" 3
FAIL: gcc.dg/vect/slp-5.c scan-tree-dump-times vect "vectorized 3 loops" 1
FAIL: gcc.dg/vect/slp-5.c scan-tree-dump-times vect "vectorizing stmts using SLP" 3
FAIL: gcc.dg/vect/slp-reduc-3.c scan-tree-dump-times vect "vectorizing stmts using SLP" 1
FAIL: gcc.dg/vect/slp-reduc-6.c scan-tree-dump-times vect "vectorized 1 loops" 2
FAIL: gcc.dg/vect/no-vfa-vect-43.c scan-tree-dump-times vect "Alignment of access forced using versioning" 6
XPASS: gcc.dg/vect/no-vfa-vect-57.c scan-tree-dump-times vect "vectorized 1 loops" 1
XPASS: gcc.dg/vect/no-vfa-vect-61.c scan-tree-dump-times vect "vectorized 1 loops" 1
FAIL: gcc.target/arm/ctz.c (test for excess errors)
FAIL: gcc.target/arm/ctz.c scan-assembler rbit
FAIL: gcc.target/arm/ctz.c scan-assembler clz
FAIL: gcc.target/arm/fp16-builtins-1.c (test for excess errors)
WARNING: gcc.target/arm/fp16-builtins-1.c compilation failed to produce executable
FAIL: gcc.target/arm/fp16-compile-alt-1.c scan-assembler \\t.eabi_attribute 38, 2
FAIL: gcc.target/arm/fp16-compile-alt-12.c scan-assembler \\t.eabi_attribute 38, 2
FAIL: gcc.target/arm/fp16-compile-ieee-1.c scan-assembler \\t.eabi_attribute 38, 1
FAIL: gcc.target/arm/fp16-compile-ieee-12.c scan-assembler \\t.eabi_attribute 38, 1
FAIL: gcc.target/arm/fp16-rounding-alt-1.c (test for excess errors)
WARNING: gcc.target/arm/fp16-rounding-alt-1.c compilation failed to produce executable
FAIL: gcc.target/arm/fp16-rounding-ieee-1.c (test for excess errors)
WARNING: gcc.target/arm/fp16-rounding-ieee-1.c compilation failed to produce executable
FAIL: gcc.target/arm/fp16-unprototyped-1.c (test for excess errors)
WARNING: gcc.target/arm/fp16-unprototyped-1.c compilation failed to produce executable
FAIL: gcc.target/arm/fp16-variadic-1.c (test for excess errors)
WARNING: gcc.target/arm/fp16-variadic-1.c compilation failed to produce executable
FAIL: gcc.target/arm/g2.c scan-assembler mla[ \\t].*
FAIL: gcc.target/arm/mla-1.c (test for excess errors)
FAIL: gcc.target/arm/mmx-1.c (test for excess errors)
ERROR: gcc.target/arm/mmx-1.c: error executing dg-final: couldn't open "mmx-1.s": no such file or directory
UNRESOLVED: gcc.target/arm/mmx-1.c: error executing dg-final: couldn't open "mmx-1.s": no such file or directory
ERROR: gcc.target/arm/neon-modes-1.c: Unrecognized option type: arm_neon for " dg-add-options 4 arm_neon "
UNRESOLVED: gcc.target/arm/neon-modes-1.c: Unrecognized option type: arm_neon for " dg-add-options 4 arm_neon "
FAIL: gcc.target/arm/neon-thumb2-move.c (test for excess errors)
FAIL: gcc.target/arm/pr40887.c (test for excess errors)
FAIL: gcc.target/arm/pr40887.c scan-assembler blx
FAIL: gcc.target/arm/pr41679.c (test for excess errors)
FAIL: gcc.target/arm/scd42-2.c scan-assembler mov[ \\t].*272
FAIL: gcc.target/arm/thumb-bitfld1.c (test for excess errors)
FAIL: gcc.target/arm/thumb-branch1.c (test for excess errors)
FAIL: gcc.target/arm/wmul-1.c (test for excess errors)
FAIL: gcc.target/arm/wmul-1.c scan-assembler-times smulbb 2
FAIL: gcc.target/arm/wmul-2.c (test for excess errors)
FAIL: gcc.target/arm/wmul-2.c scan-assembler-times smulbb 1
FAIL: gcc.target/arm/neon/vRaddhns16.c (test for excess errors)
FAIL: gcc.target/arm/neon/vRaddhns32.c (test for excess errors)
FAIL: gcc.target/arm/neon/vRaddhns64.c (test for excess errors)
FAIL: gcc.target/arm/neon/vRaddhnu16.c (test for excess errors)
FAIL: gcc.target/arm/neon/vRaddhnu32.c (test for excess errors)
FAIL: gcc.target/arm/neon/vRaddhnu64.c (test for excess errors)
FAIL: gcc.target/arm/neon/vRhaddQs16.c (test for excess errors)
FAIL: gcc.target/arm/neon/vRhaddQs32.c (test for excess errors)
FAIL: gcc.target/arm/neon/vRhaddQs8.c (test for excess errors)
FAIL: gcc.target/arm/neon/vRhaddQu16.c (test for excess errors)
FAIL: gcc.target/arm/neon/vRhaddQu32.c (test for excess errors)
FAIL: gcc.target/arm/neon/vRhaddQu8.c (test for excess errors)
FAIL: gcc.target/arm/neon/vRhadds16.c (test for excess errors)
FAIL: gcc.target/arm/neon/vRhadds32.c (test for excess errors)
FAIL: gcc.target/arm/neon/vRhadds8.c (test for excess errors)
FAIL: gcc.target/arm/neon/vRhaddu16.c (test for excess errors)
FAIL: gcc.target/arm/neon/vRhaddu32.c (test for excess errors)
FAIL: gcc.target/arm/neon/vRhaddu8.c (test for excess errors)
FAIL: gcc.target/arm/neon/vRshlQs16.c (test for excess errors)
FAIL: gcc.target/arm/neon/vRshlQs32.c (test for excess errors)
FAIL: gcc.target/arm/neon/vRshlQs64.c (test for excess errors)
FAIL: gcc.target/arm/neon/vRshlQs8.c (test for excess errors)
FAIL: gcc.target/arm/neon/vRshlQu16.c (test for excess errors)
FAIL: gcc.target/arm/neon/vRshlQu32.c (test for excess errors)
FAIL: gcc.target/arm/neon/vRshlQu64.c (test for excess errors)
FAIL: gcc.target/arm/neon/vRshlQu8.c (test for excess errors)
FAIL: gcc.target/arm/neon/vRshls16.c (test for excess errors)
FAIL: gcc.target/arm/neon/vRshls32.c (test for excess errors)
FAIL: gcc.target/arm/neon/vRshls64.c (test for excess errors)
FAIL: gcc.target/arm/neon/vRshls8.c (test for excess errors)
FAIL: gcc.target/arm/neon/vRshlu16.c (test for excess errors)
FAIL: gcc.target/arm/neon/vRshlu32.c (test for excess errors)
FAIL: gcc.target/arm/neon/vRshlu64.c (test for excess errors)
FAIL: gcc.target/arm/neon/vRshlu8.c (test for excess errors)
FAIL: gcc.target/arm/neon/vRshrQ_ns16.c (test for excess errors)
FAIL: gcc.target/arm/neon/vRshrQ_ns32.c (test for excess errors)
FAIL: gcc.target/arm/neon/vRshrQ_ns64.c (test for excess errors)
FAIL: gcc.target/arm/neon/vRshrQ_ns8.c (test for excess errors)
FAIL: gcc.target/arm/neon/vRshrQ_nu16.c (test for excess errors)
FAIL: gcc.target/arm/neon/vRshrQ_nu32.c (test for excess errors)
FAIL: gcc.target/arm/neon/vRshrQ_nu64.c (test for excess errors)
FAIL: gcc.target/arm/neon/vRshrQ_nu8.c (test for excess errors)
FAIL: gcc.target/arm/neon/vRshr_ns16.c (test for excess errors)
FAIL: gcc.target/arm/neon/vRshr_ns32.c (test for excess errors)
FAIL: gcc.target/arm/neon/vRshr_ns64.c (test for excess errors)
FAIL: gcc.target/arm/neon/vRshr_ns8.c (test for excess errors)
FAIL: gcc.target/arm/neon/vRshr_nu16.c (test for excess errors)
FAIL: gcc.target/arm/neon/vRshr_nu32.c (test for excess errors)
FAIL: gcc.target/arm/neon/vRshr_nu64.c (test for excess errors)
FAIL: gcc.target/arm/neon/vRshr_nu8.c (test for excess errors)
FAIL: gcc.target/arm/neon/vRshrn_ns16.c (test for excess errors)
FAIL: gcc.target/arm/neon/vRshrn_ns32.c (test for excess errors)
FAIL: gcc.target/arm/neon/vRshrn_ns64.c (test for excess errors)
FAIL: gcc.target/arm/neon/vRshrn_nu16.c (test for excess errors)
FAIL: gcc.target/arm/neon/vRshrn_nu32.c (test for excess errors)
FAIL: gcc.target/arm/neon/vRshrn_nu64.c (test for excess errors)
FAIL: gcc.target/arm/neon/vRsraQ_ns16.c (test for excess errors)
FAIL: gcc.target/arm/neon/vRsraQ_ns32.c (test for excess errors)
FAIL: gcc.target/arm/neon/vRsraQ_ns64.c (test for excess errors)
FAIL: gcc.target/arm/neon/vRsraQ_ns8.c (test for excess errors)
FAIL: gcc.target/arm/neon/vRsraQ_nu16.c (test for excess errors)
FAIL: gcc.target/arm/neon/vRsraQ_nu32.c (test for excess errors)
FAIL: gcc.target/arm/neon/vRsraQ_nu64.c (test for excess errors)
FAIL: gcc.target/arm/neon/vRsraQ_nu8.c (test for excess errors)
FAIL: gcc.target/arm/neon/vRsra_ns16.c (test for excess errors)
FAIL: gcc.target/arm/neon/vRsra_ns32.c (test for excess errors)
FAIL: gcc.target/arm/neon/vRsra_ns64.c (test for excess errors)
FAIL: gcc.target/arm/neon/vRsra_ns8.c (test for excess errors)
FAIL: gcc.target/arm/neon/vRsra_nu16.c (test for excess errors)
FAIL: gcc.target/arm/neon/vRsra_nu32.c (test for excess errors)
FAIL: gcc.target/arm/neon/vRsra_nu64.c (test for excess errors)
FAIL: gcc.target/arm/neon/vRsra_nu8.c (test for excess errors)
FAIL: gcc.target/arm/neon/vRsubhns16.c (test for excess errors)
FAIL: gcc.target/arm/neon/vRsubhns32.c (test for excess errors)
FAIL: gcc.target/arm/neon/vRsubhns64.c (test for excess errors)
FAIL: gcc.target/arm/neon/vRsubhnu16.c (test for excess errors)
FAIL: gcc.target/arm/neon/vRsubhnu32.c (test for excess errors)
FAIL: gcc.target/arm/neon/vRsubhnu64.c (test for excess errors)
FAIL: gcc.target/arm/neon/vabaQs16.c (test for excess errors)
FAIL: gcc.target/arm/neon/vabaQs32.c (test for excess errors)
FAIL: gcc.target/arm/neon/vabaQs8.c (test for excess errors)
FAIL: gcc.target/arm/neon/vabaQu16.c (test for excess errors)
FAIL: gcc.target/arm/neon/vabaQu32.c (test for excess errors)
FAIL: gcc.target/arm/neon/vabaQu8.c (test for excess errors)
FAIL: gcc.target/arm/neon/vabals16.c (test for excess errors)
FAIL: gcc.target/arm/neon/vabals32.c (test for excess errors)
FAIL: gcc.target/arm/neon/vabals8.c (test for excess errors)
FAIL: gcc.target/arm/neon/vabalu16.c (test for excess errors)
FAIL: gcc.target/arm/neon/vabalu32.c (test for excess errors)
FAIL: gcc.target/arm/neon/vabalu8.c (test for excess errors)
FAIL: gcc.target/arm/neon/vabas16.c (test for excess errors)
FAIL: gcc.target/arm/neon/vabas32.c (test for excess errors)
FAIL: gcc.target/arm/neon/vabas8.c (test for excess errors)
FAIL: gcc.target/arm/neon/vabau16.c (test for excess errors)
FAIL: gcc.target/arm/neon/vabau32.c (test for excess errors)
FAIL: gcc.target/arm/neon/vabau8.c (test for excess errors)
FAIL: gcc.target/arm/neon/vabdQf32.c (test for excess errors)
FAIL: gcc.target/arm/neon/vabdQs16.c (test for excess errors)
FAIL: gcc.target/arm/neon/vabdQs32.c (test for excess errors)
FAIL: gcc.target/arm/neon/vabdQs8.c (test for excess errors)
FAIL: gcc.target/arm/neon/vabdQu16.c (test for excess errors)
FAIL: gcc.target/arm/neon/vabdQu32.c (test for excess errors)
FAIL: gcc.target/arm/neon/vabdQu8.c (test for excess errors)
FAIL: gcc.target/arm/neon/vabdf32.c (test for excess errors)
FAIL: gcc.target/arm/neon/vabdls16.c (test for excess errors)
FAIL: gcc.target/arm/neon/vabdls32.c (test for excess errors)
FAIL: gcc.target/arm/neon/vabdls8.c (test for excess errors)
FAIL: gcc.target/arm/neon/vabdlu16.c (test for excess errors)
FAIL: gcc.target/arm/neon/vabdlu32.c (test for excess errors)
FAIL: gcc.target/arm/neon/vabdlu8.c (test for excess errors)
FAIL: gcc.target/arm/neon/vabds16.c (test for excess errors)
FAIL: gcc.target/arm/neon/vabds32.c (test for excess errors)
FAIL: gcc.target/arm/neon/vabds8.c (test for excess errors)
FAIL: gcc.target/arm/neon/vabdu16.c (test for excess errors)
FAIL: gcc.target/arm/neon/vabdu32.c (test for excess errors)
FAIL: gcc.target/arm/neon/vabdu8.c (test for excess errors)
FAIL: gcc.target/arm/neon/vabsQf32.c (test for excess errors)
FAIL: gcc.target/arm/neon/vabsQs16.c (test for excess errors)
FAIL: gcc.target/arm/neon/vabsQs32.c (test for excess errors)
FAIL: gcc.target/arm/neon/vabsQs8.c (test for excess errors)
FAIL: gcc.target/arm/neon/vabsf32.c (test for excess errors)
FAIL: gcc.target/arm/neon/vabss16.c (test for excess errors)
FAIL: gcc.target/arm/neon/vabss32.c (test for excess errors)
FAIL: gcc.target/arm/neon/vabss8.c (test for excess errors)
FAIL: gcc.target/arm/neon/vaddQf32.c (test for excess errors)
FAIL: gcc.target/arm/neon/vaddQs16.c (test for excess errors)
FAIL: gcc.target/arm/neon/vaddQs32.c (test for excess errors)
FAIL: gcc.target/arm/neon/vaddQs64.c (test for excess errors)
FAIL: gcc.target/arm/neon/vaddQs8.c (test for excess errors)
FAIL: gcc.target/arm/neon/vaddQu16.c (test for excess errors)
FAIL: gcc.target/arm/neon/vaddQu32.c (test for excess errors)
FAIL: gcc.target/arm/neon/vaddQu64.c (test for excess errors)
FAIL: gcc.target/arm/neon/vaddQu8.c (test for excess errors)
FAIL: gcc.target/arm/neon/vaddf32.c (test for excess errors)
FAIL: gcc.target/arm/neon/vaddhns16.c (test for excess errors)
FAIL: gcc.target/arm/neon/vaddhns32.c (test for excess errors)
FAIL: gcc.target/arm/neon/vaddhns64.c (test for excess errors)
FAIL: gcc.target/arm/neon/vaddhnu16.c (test for excess errors)
FAIL: gcc.target/arm/neon/vaddhnu32.c (test for excess errors)
FAIL: gcc.target/arm/neon/vaddhnu64.c (test for excess errors)
FAIL: gcc.target/arm/neon/vaddls16.c (test for excess errors)
FAIL: gcc.target/arm/neon/vaddls32.c (test for excess errors)
FAIL: gcc.target/arm/neon/vaddls8.c (test for excess errors)
FAIL: gcc.target/arm/neon/vaddlu16.c (test for excess errors)
FAIL: gcc.target/arm/neon/vaddlu32.c (test for excess errors)
FAIL: gcc.target/arm/neon/vaddlu8.c (test for excess errors)
FAIL: gcc.target/arm/neon/vadds16.c (test for excess errors)
FAIL: gcc.target/arm/neon/vadds32.c (test for excess errors)
FAIL: gcc.target/arm/neon/vadds64.c (test for excess errors)
FAIL: gcc.target/arm/neon/vadds8.c (test for excess errors)
FAIL: gcc.target/arm/neon/vaddu16.c (test for excess errors)
FAIL: gcc.target/arm/neon/vaddu32.c (test for excess errors)
FAIL: gcc.target/arm/neon/vaddu64.c (test for excess errors)
FAIL: gcc.target/arm/neon/vaddu8.c (test for excess errors)
FAIL: gcc.target/arm/neon/vaddws16.c (test for excess errors)
FAIL: gcc.target/arm/neon/vaddws32.c (test for excess errors)
FAIL: gcc.target/arm/neon/vaddws8.c (test for excess errors)
FAIL: gcc.target/arm/neon/vaddwu16.c (test for excess errors)
FAIL: gcc.target/arm/neon/vaddwu32.c (test for excess errors)
FAIL: gcc.target/arm/neon/vaddwu8.c (test for excess errors)
FAIL: gcc.target/arm/neon/vandQs16.c (test for excess errors)
FAIL: gcc.target/arm/neon/vandQs32.c (test for excess errors)
FAIL: gcc.target/arm/neon/vandQs64.c (test for excess errors)
FAIL: gcc.target/arm/neon/vandQs8.c (test for excess errors)
FAIL: gcc.target/arm/neon/vandQu16.c (test for excess errors)
FAIL: gcc.target/arm/neon/vandQu32.c (test for excess errors)
FAIL: gcc.target/arm/neon/vandQu64.c (test for excess errors)
FAIL: gcc.target/arm/neon/vandQu8.c (test for excess errors)
FAIL: gcc.target/arm/neon/vands16.c (test for excess errors)
FAIL: gcc.target/arm/neon/vands32.c (test for excess errors)
FAIL: gcc.target/arm/neon/vands64.c (test for excess errors)
FAIL: gcc.target/arm/neon/vands8.c (test for excess errors)
FAIL: gcc.target/arm/neon/vandu16.c (test for excess errors)
FAIL: gcc.target/arm/neon/vandu32.c (test for excess errors)
FAIL: gcc.target/arm/neon/vandu64.c (test for excess errors)
FAIL: gcc.target/arm/neon/vandu8.c (test for excess errors)
FAIL: gcc.target/arm/neon/vbicQs16.c (test for excess errors)
FAIL: gcc.target/arm/neon/vbicQs32.c (test for excess errors)
FAIL: gcc.target/arm/neon/vbicQs64.c (test for excess errors)
FAIL: gcc.target/arm/neon/vbicQs8.c (test for excess errors)
FAIL: gcc.target/arm/neon/vbicQu16.c (test for excess errors)
FAIL: gcc.target/arm/neon/vbicQu32.c (test for excess errors)
FAIL: gcc.target/arm/neon/vbicQu64.c (test for excess errors)
FAIL: gcc.target/arm/neon/vbicQu8.c (test for excess errors)
FAIL: gcc.target/arm/neon/vbics16.c (test for excess errors)
FAIL: gcc.target/arm/neon/vbics32.c (test for excess errors)
FAIL: gcc.target/arm/neon/vbics64.c (test for excess errors)
FAIL: gcc.target/arm/neon/vbics8.c (test for excess errors)
FAIL: gcc.target/arm/neon/vbicu16.c (test for excess errors)
FAIL: gcc.target/arm/neon/vbicu32.c (test for excess errors)
FAIL: gcc.target/arm/neon/vbicu64.c (test for excess errors)
FAIL: gcc.target/arm/neon/vbicu8.c (test for excess errors)
FAIL: gcc.target/arm/neon/vbslQf32.c (test for excess errors)
FAIL: gcc.target/arm/neon/vbslQp16.c (test for excess errors)
FAIL: gcc.target/arm/neon/vbslQp8.c (test for excess errors)
FAIL: gcc.target/arm/neon/vbslQs16.c (test for excess errors)
FAIL: gcc.target/arm/neon/vbslQs32.c (test for excess errors)
FAIL: gcc.target/arm/neon/vbslQs64.c (test for excess errors)
FAIL: gcc.target/arm/neon/vbslQs8.c (test for excess errors)
FAIL: gcc.target/arm/neon/vbslQu16.c (test for excess errors)
FAIL: gcc.target/arm/neon/vbslQu32.c (test for excess errors)
FAIL: gcc.target/arm/neon/vbslQu64.c (test for excess errors)
FAIL: gcc.target/arm/neon/vbslQu8.c (test for excess errors)
FAIL: gcc.target/arm/neon/vbslf32.c (test for excess errors)
FAIL: gcc.target/arm/neon/vbslp16.c (test for excess errors)
FAIL: gcc.target/arm/neon/vbslp8.c (test for excess errors)
FAIL: gcc.target/arm/neon/vbsls16.c (test for excess errors)
FAIL: gcc.target/arm/neon/vbsls32.c (test for excess errors)
FAIL: gcc.target/arm/neon/vbsls64.c (test for excess errors)
FAIL: gcc.target/arm/neon/vbsls8.c (test for excess errors)
FAIL: gcc.target/arm/neon/vbslu16.c (test for excess errors)
FAIL: gcc.target/arm/neon/vbslu32.c (test for excess errors)
FAIL: gcc.target/arm/neon/vbslu64.c (test for excess errors)
FAIL: gcc.target/arm/neon/vbslu8.c (test for excess errors)
FAIL: gcc.target/arm/neon/vcageQf32.c (test for excess errors)
FAIL: gcc.target/arm/neon/vcagef32.c (test for excess errors)
FAIL: gcc.target/arm/neon/vcagtQf32.c (test for excess errors)
FAIL: gcc.target/arm/neon/vcagtf32.c (test for excess errors)
FAIL: gcc.target/arm/neon/vcaleQf32.c (test for excess errors)
FAIL: gcc.target/arm/neon/vcalef32.c (test for excess errors)
FAIL: gcc.target/arm/neon/vcaltQf32.c (test for excess errors)
FAIL: gcc.target/arm/neon/vcaltf32.c (test for excess errors)
FAIL: gcc.target/arm/neon/vceqQf32.c (test for excess errors)
FAIL: gcc.target/arm/neon/vceqQp8.c (test for excess errors)
FAIL: gcc.target/arm/neon/vceqQs16.c (test for excess errors)
FAIL: gcc.target/arm/neon/vceqQs32.c (test for excess errors)
FAIL: gcc.target/arm/neon/vceqQs8.c (test for excess errors)
FAIL: gcc.target/arm/neon/vceqQu16.c (test for excess errors)
FAIL: gcc.target/arm/neon/vceqQu32.c (test for excess errors)
FAIL: gcc.target/arm/neon/vceqQu8.c (test for excess errors)
FAIL: gcc.target/arm/neon/vceqf32.c (test for excess errors)
FAIL: gcc.target/arm/neon/vceqp8.c (test for excess errors)
FAIL: gcc.target/arm/neon/vceqs16.c (test for excess errors)
FAIL: gcc.target/arm/neon/vceqs32.c (test for excess errors)
FAIL: gcc.target/arm/neon/vceqs8.c (test for excess errors)
FAIL: gcc.target/arm/neon/vcequ16.c (test for excess errors)
FAIL: gcc.target/arm/neon/vcequ32.c (test for excess errors)
FAIL: gcc.target/arm/neon/vcequ8.c (test for excess errors)
FAIL: gcc.target/arm/neon/vcgeQf32.c (test for excess errors)
FAIL: gcc.target/arm/neon/vcgeQs16.c (test for excess errors)
FAIL: gcc.target/arm/neon/vcgeQs32.c (test for excess errors)
FAIL: gcc.target/arm/neon/vcgeQs8.c (test for excess errors)
FAIL: gcc.target/arm/neon/vcgeQu16.c (test for excess errors)
FAIL: gcc.target/arm/neon/vcgeQu32.c (test for excess errors)
FAIL: gcc.target/arm/neon/vcgeQu8.c (test for excess errors)
FAIL: gcc.target/arm/neon/vcgef32.c (test for excess errors)
FAIL: gcc.target/arm/neon/vcges16.c (test for excess errors)
FAIL: gcc.target/arm/neon/vcges32.c (test for excess errors)
FAIL: gcc.target/arm/neon/vcges8.c (test for excess errors)
FAIL: gcc.target/arm/neon/vcgeu16.c (test for excess errors)
FAIL: gcc.target/arm/neon/vcgeu32.c (test for excess errors)
FAIL: gcc.target/arm/neon/vcgeu8.c (test for excess errors)
FAIL: gcc.target/arm/neon/vcgtQf32.c (test for excess errors)
FAIL: gcc.target/arm/neon/vcgtQs16.c (test for excess errors)
FAIL: gcc.target/arm/neon/vcgtQs32.c (test for excess errors)
FAIL: gcc.target/arm/neon/vcgtQs8.c (test for excess errors)
FAIL: gcc.target/arm/neon/vcgtQu16.c (test for excess errors)
FAIL: gcc.target/arm/neon/vcgtQu32.c (test for excess errors)
FAIL: gcc.target/arm/neon/vcgtQu8.c (test for excess errors)
FAIL: gcc.target/arm/neon/vcgtf32.c (test for excess errors)
FAIL: gcc.target/arm/neon/vcgts16.c (test for excess errors)
FAIL: gcc.target/arm/neon/vcgts32.c (test for excess errors)
FAIL: gcc.target/arm/neon/vcgts8.c (test for excess errors)
FAIL: gcc.target/arm/neon/vcgtu16.c (test for excess errors)
FAIL: gcc.target/arm/neon/vcgtu32.c (test for excess errors)
FAIL: gcc.target/arm/neon/vcgtu8.c (test for excess errors)
FAIL: gcc.target/arm/neon/vcleQf32.c (test for excess errors)
FAIL: gcc.target/arm/neon/vcleQs16.c (test for excess errors)
FAIL: gcc.target/arm/neon/vcleQs32.c (test for excess errors)
FAIL: gcc.target/arm/neon/vcleQs8.c (test for excess errors)
FAIL: gcc.target/arm/neon/vcleQu16.c (test for excess errors)
FAIL: gcc.target/arm/neon/vcleQu32.c (test for excess errors)
FAIL: gcc.target/arm/neon/vcleQu8.c (test for excess errors)
FAIL: gcc.target/arm/neon/vclef32.c (test for excess errors)
FAIL: gcc.target/arm/neon/vcles16.c (test for excess errors)
FAIL: gcc.target/arm/neon/vcles32.c (test for excess errors)
FAIL: gcc.target/arm/neon/vcles8.c (test for excess errors)
FAIL: gcc.target/arm/neon/vcleu16.c (test for excess errors)
FAIL: gcc.target/arm/neon/vcleu32.c (test for excess errors)
FAIL: gcc.target/arm/neon/vcleu8.c (test for excess errors)
FAIL: gcc.target/arm/neon/vclsQs16.c (test for excess errors)
FAIL: gcc.target/arm/neon/vclsQs32.c (test for excess errors)
FAIL: gcc.target/arm/neon/vclsQs8.c (test for excess errors)
FAIL: gcc.target/arm/neon/vclss16.c (test for excess errors)
FAIL: gcc.target/arm/neon/vclss32.c (test for excess errors)
FAIL: gcc.target/arm/neon/vclss8.c (test for excess errors)
FAIL: gcc.target/arm/neon/vcltQf32.c (test for excess errors)
FAIL: gcc.target/arm/neon/vcltQs16.c (test for excess errors)
FAIL: gcc.target/arm/neon/vcltQs32.c (test for excess errors)
FAIL: gcc.target/arm/neon/vcltQs8.c (test for excess errors)
FAIL: gcc.target/arm/neon/vcltQu16.c (test for excess errors)
FAIL: gcc.target/arm/neon/vcltQu32.c (test for excess errors)
FAIL: gcc.target/arm/neon/vcltQu8.c (test for excess errors)
FAIL: gcc.target/arm/neon/vcltf32.c (test for excess errors)
FAIL: gcc.target/arm/neon/vclts16.c (test for excess errors)
FAIL: gcc.target/arm/neon/vclts32.c (test for excess errors)
FAIL: gcc.target/arm/neon/vclts8.c (test for excess errors)
FAIL: gcc.target/arm/neon/vcltu16.c (test for excess errors)
FAIL: gcc.target/arm/neon/vcltu32.c (test for excess errors)
FAIL: gcc.target/arm/neon/vcltu8.c (test for excess errors)
FAIL: gcc.target/arm/neon/vclzQs16.c (test for excess errors)
FAIL: gcc.target/arm/neon/vclzQs32.c (test for excess errors)
FAIL: gcc.target/arm/neon/vclzQs8.c (test for excess errors)
FAIL: gcc.target/arm/neon/vclzQu16.c (test for excess errors)
FAIL: gcc.target/arm/neon/vclzQu32.c (test for excess errors)
FAIL: gcc.target/arm/neon/vclzQu8.c (test for excess errors)
FAIL: gcc.target/arm/neon/vclzs16.c (test for excess errors)
FAIL: gcc.target/arm/neon/vclzs32.c (test for excess errors)
FAIL: gcc.target/arm/neon/vclzs8.c (test for excess errors)
FAIL: gcc.target/arm/neon/vclzu16.c (test for excess errors)
FAIL: gcc.target/arm/neon/vclzu32.c (test for excess errors)
FAIL: gcc.target/arm/neon/vclzu8.c (test for excess errors)
FAIL: gcc.target/arm/neon/vcntQp8.c (test for excess errors)
FAIL: gcc.target/arm/neon/vcntQs8.c (test for excess errors)
FAIL: gcc.target/arm/neon/vcntQu8.c (test for excess errors)
FAIL: gcc.target/arm/neon/vcntp8.c (test for excess errors)
FAIL: gcc.target/arm/neon/vcnts8.c (test for excess errors)
FAIL: gcc.target/arm/neon/vcntu8.c (test for excess errors)
FAIL: gcc.target/arm/neon/vcombinef32.c (test for excess errors)
FAIL: gcc.target/arm/neon/vcombinep16.c (test for excess errors)
FAIL: gcc.target/arm/neon/vcombinep8.c (test for excess errors)
FAIL: gcc.target/arm/neon/vcombines16.c (test for excess errors)
FAIL: gcc.target/arm/neon/vcombines32.c (test for excess errors)
FAIL: gcc.target/arm/neon/vcombines64.c (test for excess errors)
FAIL: gcc.target/arm/neon/vcombines8.c (test for excess errors)
FAIL: gcc.target/arm/neon/vcombineu16.c (test for excess errors)
FAIL: gcc.target/arm/neon/vcombineu32.c (test for excess errors)
FAIL: gcc.target/arm/neon/vcombineu64.c (test for excess errors)
FAIL: gcc.target/arm/neon/vcombineu8.c (test for excess errors)
FAIL: gcc.target/arm/neon/vcreatef32.c (test for excess errors)
FAIL: gcc.target/arm/neon/vcreatep16.c (test for excess errors)
FAIL: gcc.target/arm/neon/vcreatep8.c (test for excess errors)
FAIL: gcc.target/arm/neon/vcreates16.c (test for excess errors)
FAIL: gcc.target/arm/neon/vcreates32.c (test for excess errors)
FAIL: gcc.target/arm/neon/vcreates8.c (test for excess errors)
FAIL: gcc.target/arm/neon/vcreateu16.c (test for excess errors)
FAIL: gcc.target/arm/neon/vcreateu32.c (test for excess errors)
FAIL: gcc.target/arm/neon/vcreateu8.c (test for excess errors)
FAIL: gcc.target/arm/neon/vcvtQ_nf32_s32.c (test for excess errors)
FAIL: gcc.target/arm/neon/vcvtQ_nf32_u32.c (test for excess errors)
FAIL: gcc.target/arm/neon/vcvtQ_ns32_f32.c (test for excess errors)
FAIL: gcc.target/arm/neon/vcvtQ_nu32_f32.c (test for excess errors)
FAIL: gcc.target/arm/neon/vcvtQf32_s32.c (test for excess errors)
FAIL: gcc.target/arm/neon/vcvtQf32_u32.c (test for excess errors)
FAIL: gcc.target/arm/neon/vcvtQs32_f32.c (test for excess errors)
FAIL: gcc.target/arm/neon/vcvtQu32_f32.c (test for excess errors)
FAIL: gcc.target/arm/neon/vcvt_nf32_s32.c (test for excess errors)
FAIL: gcc.target/arm/neon/vcvt_nf32_u32.c (test for excess errors)
FAIL: gcc.target/arm/neon/vcvt_ns32_f32.c (test for excess errors)
FAIL: gcc.target/arm/neon/vcvt_nu32_f32.c (test for excess errors)
FAIL: gcc.target/arm/neon/vcvtf32_s32.c (test for excess errors)
FAIL: gcc.target/arm/neon/vcvtf32_u32.c (test for excess errors)
FAIL: gcc.target/arm/neon/vcvts32_f32.c (test for excess errors)
FAIL: gcc.target/arm/neon/vcvtu32_f32.c (test for excess errors)
FAIL: gcc.target/arm/neon/vdupQ_lanef32.c (test for excess errors)
FAIL: gcc.target/arm/neon/vdupQ_lanep16.c (test for excess errors)
FAIL: gcc.target/arm/neon/vdupQ_lanep8.c (test for excess errors)
FAIL: gcc.target/arm/neon/vdupQ_lanes16.c (test for excess errors)
FAIL: gcc.target/arm/neon/vdupQ_lanes32.c (test for excess errors)
FAIL: gcc.target/arm/neon/vdupQ_lanes64.c (test for excess errors)
FAIL: gcc.target/arm/neon/vdupQ_lanes8.c (test for excess errors)
FAIL: gcc.target/arm/neon/vdupQ_laneu16.c (test for excess errors)
FAIL: gcc.target/arm/neon/vdupQ_laneu32.c (test for excess errors)
FAIL: gcc.target/arm/neon/vdupQ_laneu64.c (test for excess errors)
FAIL: gcc.target/arm/neon/vdupQ_laneu8.c (test for excess errors)
FAIL: gcc.target/arm/neon/vdupQ_nf32.c (test for excess errors)
FAIL: gcc.target/arm/neon/vdupQ_np16.c (internal compiler error)
FAIL: gcc.target/arm/neon/vdupQ_np16.c (test for excess errors)
FAIL: gcc.target/arm/neon/vdupQ_np16.c scan-assembler vdup.16[ \\t]+[qQ][0-9]+, ([rR][0-9]+|[dD][0-9]+\\\\[[0-9]+\\\\])!?([ \\t]+@[a-zA-Z0-9 ]+)?\\n
FAIL: gcc.target/arm/neon/vdupQ_np8.c (internal compiler error)
FAIL: gcc.target/arm/neon/vdupQ_np8.c (test for excess errors)
FAIL: gcc.target/arm/neon/vdupQ_np8.c scan-assembler vdup.8[ \\t]+[qQ][0-9]+, ([rR][0-9]+|[dD][0-9]+\\\\[[0-9]+\\\\])!?([ \\t]+@[a-zA-Z0-9 ]+)?\\n
FAIL: gcc.target/arm/neon/vdupQ_ns16.c (internal compiler error)
FAIL: gcc.target/arm/neon/vdupQ_ns16.c (test for excess errors)
FAIL: gcc.target/arm/neon/vdupQ_ns16.c scan-assembler vdup.16[ \\t]+[qQ][0-9]+, ([rR][0-9]+|[dD][0-9]+\\\\[[0-9]+\\\\])!?([ \\t]+@[a-zA-Z0-9 ]+)?\\n
FAIL: gcc.target/arm/neon/vdupQ_ns32.c (test for excess errors)
FAIL: gcc.target/arm/neon/vdupQ_ns64.c (test for excess errors)
FAIL: gcc.target/arm/neon/vdupQ_ns8.c (internal compiler error)
FAIL: gcc.target/arm/neon/vdupQ_ns8.c (test for excess errors)
FAIL: gcc.target/arm/neon/vdupQ_ns8.c scan-assembler vdup.8[ \\t]+[qQ][0-9]+, ([rR][0-9]+|[dD][0-9]+\\\\[[0-9]+\\\\])!?([ \\t]+@[a-zA-Z0-9 ]+)?\\n
FAIL: gcc.target/arm/neon/vdupQ_nu16.c (internal compiler error)
FAIL: gcc.target/arm/neon/vdupQ_nu16.c (test for excess errors)
FAIL: gcc.target/arm/neon/vdupQ_nu16.c scan-assembler vdup.16[ \\t]+[qQ][0-9]+, ([rR][0-9]+|[dD][0-9]+\\\\[[0-9]+\\\\])!?([ \\t]+@[a-zA-Z0-9 ]+)?\\n
FAIL: gcc.target/arm/neon/vdupQ_nu32.c (test for excess errors)
FAIL: gcc.target/arm/neon/vdupQ_nu64.c (test for excess errors)
FAIL: gcc.target/arm/neon/vdupQ_nu8.c (internal compiler error)
FAIL: gcc.target/arm/neon/vdupQ_nu8.c (test for excess errors)
FAIL: gcc.target/arm/neon/vdupQ_nu8.c scan-assembler vdup.8[ \\t]+[qQ][0-9]+, ([rR][0-9]+|[dD][0-9]+\\\\[[0-9]+\\\\])!?([ \\t]+@[a-zA-Z0-9 ]+)?\\n
FAIL: gcc.target/arm/neon/vdup_lanef32.c (test for excess errors)
FAIL: gcc.target/arm/neon/vdup_lanep16.c (test for excess errors)
FAIL: gcc.target/arm/neon/vdup_lanep8.c (test for excess errors)
FAIL: gcc.target/arm/neon/vdup_lanes16.c (test for excess errors)
FAIL: gcc.target/arm/neon/vdup_lanes32.c (test for excess errors)
FAIL: gcc.target/arm/neon/vdup_lanes8.c (test for excess errors)
FAIL: gcc.target/arm/neon/vdup_laneu16.c (test for excess errors)
FAIL: gcc.target/arm/neon/vdup_laneu32.c (test for excess errors)
FAIL: gcc.target/arm/neon/vdup_laneu8.c (test for excess errors)
FAIL: gcc.target/arm/neon/vdup_nf32.c (test for excess errors)
FAIL: gcc.target/arm/neon/vdup_np16.c (internal compiler error)
FAIL: gcc.target/arm/neon/vdup_np16.c (test for excess errors)
FAIL: gcc.target/arm/neon/vdup_np16.c scan-assembler vdup.16[ \\t]+[dD][0-9]+, ([rR][0-9]+|[dD][0-9]+\\\\[[0-9]+\\\\])!?([ \\t]+@[a-zA-Z0-9 ]+)?\\n
FAIL: gcc.target/arm/neon/vdup_np8.c (internal compiler error)
FAIL: gcc.target/arm/neon/vdup_np8.c (test for excess errors)
FAIL: gcc.target/arm/neon/vdup_np8.c scan-assembler vdup.8[ \\t]+[dD][0-9]+, ([rR][0-9]+|[dD][0-9]+\\\\[[0-9]+\\\\])!?([ \\t]+@[a-zA-Z0-9 ]+)?\\n
FAIL: gcc.target/arm/neon/vdup_ns16.c (internal compiler error)
FAIL: gcc.target/arm/neon/vdup_ns16.c (test for excess errors)
FAIL: gcc.target/arm/neon/vdup_ns16.c scan-assembler vdup.16[ \\t]+[dD][0-9]+, ([rR][0-9]+|[dD][0-9]+\\\\[[0-9]+\\\\])!?([ \\t]+@[a-zA-Z0-9 ]+)?\\n
FAIL: gcc.target/arm/neon/vdup_ns32.c (test for excess errors)
FAIL: gcc.target/arm/neon/vdup_ns64.c (test for excess errors)
FAIL: gcc.target/arm/neon/vdup_ns8.c (internal compiler error)
FAIL: gcc.target/arm/neon/vdup_ns8.c (test for excess errors)
FAIL: gcc.target/arm/neon/vdup_ns8.c scan-assembler vdup.8[ \\t]+[dD][0-9]+, ([rR][0-9]+|[dD][0-9]+\\\\[[0-9]+\\\\])!?([ \\t]+@[a-zA-Z0-9 ]+)?\\n
FAIL: gcc.target/arm/neon/vdup_nu16.c (internal compiler error)
FAIL: gcc.target/arm/neon/vdup_nu16.c (test for excess errors)
FAIL: gcc.target/arm/neon/vdup_nu16.c scan-assembler vdup.16[ \\t]+[dD][0-9]+, ([rR][0-9]+|[dD][0-9]+\\\\[[0-9]+\\\\])!?([ \\t]+@[a-zA-Z0-9 ]+)?\\n
FAIL: gcc.target/arm/neon/vdup_nu32.c (test for excess errors)
FAIL: gcc.target/arm/neon/vdup_nu64.c (test for excess errors)
FAIL: gcc.target/arm/neon/vdup_nu8.c (internal compiler error)
FAIL: gcc.target/arm/neon/vdup_nu8.c (test for excess errors)
FAIL: gcc.target/arm/neon/vdup_nu8.c scan-assembler vdup.8[ \\t]+[dD][0-9]+, ([rR][0-9]+|[dD][0-9]+\\\\[[0-9]+\\\\])!?([ \\t]+@[a-zA-Z0-9 ]+)?\\n
FAIL: gcc.target/arm/neon/veorQs16.c (test for excess errors)
FAIL: gcc.target/arm/neon/veorQs32.c (test for excess errors)
FAIL: gcc.target/arm/neon/veorQs64.c (test for excess errors)
FAIL: gcc.target/arm/neon/veorQs8.c (test for excess errors)
FAIL: gcc.target/arm/neon/veorQu16.c (test for excess errors)
FAIL: gcc.target/arm/neon/veorQu32.c (test for excess errors)
FAIL: gcc.target/arm/neon/veorQu64.c (test for excess errors)
FAIL: gcc.target/arm/neon/veorQu8.c (test for excess errors)
FAIL: gcc.target/arm/neon/veors16.c (test for excess errors)
FAIL: gcc.target/arm/neon/veors32.c (test for excess errors)
FAIL: gcc.target/arm/neon/veors64.c (test for excess errors)
FAIL: gcc.target/arm/neon/veors8.c (test for excess errors)
FAIL: gcc.target/arm/neon/veoru16.c (test for excess errors)
FAIL: gcc.target/arm/neon/veoru32.c (test for excess errors)
FAIL: gcc.target/arm/neon/veoru64.c (test for excess errors)
FAIL: gcc.target/arm/neon/veoru8.c (test for excess errors)
FAIL: gcc.target/arm/neon/vextQf32.c (test for excess errors)
FAIL: gcc.target/arm/neon/vextQp16.c (test for excess errors)
FAIL: gcc.target/arm/neon/vextQp8.c (test for excess errors)
FAIL: gcc.target/arm/neon/vextQs16.c (test for excess errors)
FAIL: gcc.target/arm/neon/vextQs32.c (test for excess errors)
FAIL: gcc.target/arm/neon/vextQs64.c (test for excess errors)
FAIL: gcc.target/arm/neon/vextQs8.c (test for excess errors)
FAIL: gcc.target/arm/neon/vextQu16.c (test for excess errors)
FAIL: gcc.target/arm/neon/vextQu32.c (test for excess errors)
FAIL: gcc.target/arm/neon/vextQu64.c (test for excess errors)
FAIL: gcc.target/arm/neon/vextQu8.c (test for excess errors)
FAIL: gcc.target/arm/neon/vextf32.c (test for excess errors)
FAIL: gcc.target/arm/neon/vextp16.c (test for excess errors)
FAIL: gcc.target/arm/neon/vextp8.c (test for excess errors)
FAIL: gcc.target/arm/neon/vexts16.c (test for excess errors)
FAIL: gcc.target/arm/neon/vexts32.c (test for excess errors)
FAIL: gcc.target/arm/neon/vexts64.c (test for excess errors)
FAIL: gcc.target/arm/neon/vexts8.c (test for excess errors)
FAIL: gcc.target/arm/neon/vextu16.c (test for excess errors)
FAIL: gcc.target/arm/neon/vextu32.c (test for excess errors)
FAIL: gcc.target/arm/neon/vextu64.c (test for excess errors)
FAIL: gcc.target/arm/neon/vextu8.c (test for excess errors)
FAIL: gcc.target/arm/neon/vgetQ_lanef32.c (test for excess errors)
FAIL: gcc.target/arm/neon/vgetQ_lanep16.c (test for excess errors)
FAIL: gcc.target/arm/neon/vgetQ_lanep8.c (test for excess errors)
FAIL: gcc.target/arm/neon/vgetQ_lanes16.c (test for excess errors)
FAIL: gcc.target/arm/neon/vgetQ_lanes32.c (test for excess errors)
FAIL: gcc.target/arm/neon/vgetQ_lanes64.c (test for excess errors)
FAIL: gcc.target/arm/neon/vgetQ_lanes8.c (test for excess errors)
FAIL: gcc.target/arm/neon/vgetQ_laneu16.c (test for excess errors)
FAIL: gcc.target/arm/neon/vgetQ_laneu32.c (test for excess errors)
FAIL: gcc.target/arm/neon/vgetQ_laneu64.c (test for excess errors)
FAIL: gcc.target/arm/neon/vgetQ_laneu8.c (test for excess errors)
FAIL: gcc.target/arm/neon/vget_highf32.c (test for excess errors)
FAIL: gcc.target/arm/neon/vget_highp16.c (test for excess errors)
FAIL: gcc.target/arm/neon/vget_highp8.c (test for excess errors)
FAIL: gcc.target/arm/neon/vget_highs16.c (test for excess errors)
FAIL: gcc.target/arm/neon/vget_highs32.c (test for excess errors)
FAIL: gcc.target/arm/neon/vget_highs64.c (test for excess errors)
FAIL: gcc.target/arm/neon/vget_highs8.c (test for excess errors)
FAIL: gcc.target/arm/neon/vget_highu16.c (test for excess errors)
FAIL: gcc.target/arm/neon/vget_highu32.c (test for excess errors)
FAIL: gcc.target/arm/neon/vget_highu64.c (test for excess errors)
FAIL: gcc.target/arm/neon/vget_highu8.c (test for excess errors)
FAIL: gcc.target/arm/neon/vget_lanef32.c (test for excess errors)
FAIL: gcc.target/arm/neon/vget_lanep16.c (test for excess errors)
FAIL: gcc.target/arm/neon/vget_lanep8.c (test for excess errors)
FAIL: gcc.target/arm/neon/vget_lanes16.c (test for excess errors)
FAIL: gcc.target/arm/neon/vget_lanes32.c (test for excess errors)
FAIL: gcc.target/arm/neon/vget_lanes64.c (test for excess errors)
FAIL: gcc.target/arm/neon/vget_lanes8.c (test for excess errors)
FAIL: gcc.target/arm/neon/vget_laneu16.c (test for excess errors)
FAIL: gcc.target/arm/neon/vget_laneu32.c (test for excess errors)
FAIL: gcc.target/arm/neon/vget_laneu64.c (test for excess errors)
FAIL: gcc.target/arm/neon/vget_laneu8.c (test for excess errors)
FAIL: gcc.target/arm/neon/vget_lowf32.c (test for excess errors)
FAIL: gcc.target/arm/neon/vget_lowp16.c (test for excess errors)
FAIL: gcc.target/arm/neon/vget_lowp8.c (test for excess errors)
FAIL: gcc.target/arm/neon/vget_lows16.c (test for excess errors)
FAIL: gcc.target/arm/neon/vget_lows32.c (test for excess errors)
FAIL: gcc.target/arm/neon/vget_lows64.c (test for excess errors)
FAIL: gcc.target/arm/neon/vget_lows8.c (test for excess errors)
FAIL: gcc.target/arm/neon/vget_lowu16.c (test for excess errors)
FAIL: gcc.target/arm/neon/vget_lowu32.c (test for excess errors)
FAIL: gcc.target/arm/neon/vget_lowu64.c (test for excess errors)
FAIL: gcc.target/arm/neon/vget_lowu8.c (test for excess errors)
FAIL: gcc.target/arm/neon/vhaddQs16.c (test for excess errors)
FAIL: gcc.target/arm/neon/vhaddQs32.c (test for excess errors)
FAIL: gcc.target/arm/neon/vhaddQs8.c (test for excess errors)
FAIL: gcc.target/arm/neon/vhaddQu16.c (test for excess errors)
FAIL: gcc.target/arm/neon/vhaddQu32.c (test for excess errors)
FAIL: gcc.target/arm/neon/vhaddQu8.c (test for excess errors)
FAIL: gcc.target/arm/neon/vhadds16.c (test for excess errors)
FAIL: gcc.target/arm/neon/vhadds32.c (test for excess errors)
FAIL: gcc.target/arm/neon/vhadds8.c (test for excess errors)
FAIL: gcc.target/arm/neon/vhaddu16.c (test for excess errors)
FAIL: gcc.target/arm/neon/vhaddu32.c (test for excess errors)
FAIL: gcc.target/arm/neon/vhaddu8.c (test for excess errors)
FAIL: gcc.target/arm/neon/vhsubQs16.c (test for excess errors)
FAIL: gcc.target/arm/neon/vhsubQs32.c (test for excess errors)
FAIL: gcc.target/arm/neon/vhsubQs8.c (test for excess errors)
FAIL: gcc.target/arm/neon/vhsubQu16.c (test for excess errors)
FAIL: gcc.target/arm/neon/vhsubQu32.c (test for excess errors)
FAIL: gcc.target/arm/neon/vhsubQu8.c (test for excess errors)
FAIL: gcc.target/arm/neon/vhsubs16.c (test for excess errors)
FAIL: gcc.target/arm/neon/vhsubs32.c (test for excess errors)
FAIL: gcc.target/arm/neon/vhsubs8.c (test for excess errors)
FAIL: gcc.target/arm/neon/vhsubu16.c (test for excess errors)
FAIL: gcc.target/arm/neon/vhsubu32.c (test for excess errors)
FAIL: gcc.target/arm/neon/vhsubu8.c (test for excess errors)
FAIL: gcc.target/arm/neon/vld1Q_dupf32.c (test for excess errors)
FAIL: gcc.target/arm/neon/vld1Q_dupp16.c (test for excess errors)
FAIL: gcc.target/arm/neon/vld1Q_dupp8.c (test for excess errors)
FAIL: gcc.target/arm/neon/vld1Q_dups16.c (test for excess errors)
FAIL: gcc.target/arm/neon/vld1Q_dups32.c (test for excess errors)
FAIL: gcc.target/arm/neon/vld1Q_dups64.c (test for excess errors)
FAIL: gcc.target/arm/neon/vld1Q_dups8.c (test for excess errors)
FAIL: gcc.target/arm/neon/vld1Q_dupu16.c (test for excess errors)
FAIL: gcc.target/arm/neon/vld1Q_dupu32.c (test for excess errors)
FAIL: gcc.target/arm/neon/vld1Q_dupu64.c (test for excess errors)
FAIL: gcc.target/arm/neon/vld1Q_dupu8.c (test for excess errors)
FAIL: gcc.target/arm/neon/vld1Q_lanef32.c (test for excess errors)
FAIL: gcc.target/arm/neon/vld1Q_lanep16.c (test for excess errors)
FAIL: gcc.target/arm/neon/vld1Q_lanep8.c (test for excess errors)
FAIL: gcc.target/arm/neon/vld1Q_lanes16.c (test for excess errors)
FAIL: gcc.target/arm/neon/vld1Q_lanes32.c (test for excess errors)
FAIL: gcc.target/arm/neon/vld1Q_lanes64.c (test for excess errors)
FAIL: gcc.target/arm/neon/vld1Q_lanes8.c (test for excess errors)
FAIL: gcc.target/arm/neon/vld1Q_laneu16.c (test for excess errors)
FAIL: gcc.target/arm/neon/vld1Q_laneu32.c (test for excess errors)
FAIL: gcc.target/arm/neon/vld1Q_laneu64.c (test for excess errors)
FAIL: gcc.target/arm/neon/vld1Q_laneu8.c (test for excess errors)
FAIL: gcc.target/arm/neon/vld1Qf32.c (test for excess errors)
FAIL: gcc.target/arm/neon/vld1Qp16.c (test for excess errors)
FAIL: gcc.target/arm/neon/vld1Qp8.c (test for excess errors)
FAIL: gcc.target/arm/neon/vld1Qs16.c (test for excess errors)
FAIL: gcc.target/arm/neon/vld1Qs32.c (test for excess errors)
FAIL: gcc.target/arm/neon/vld1Qs64.c (test for excess errors)
FAIL: gcc.target/arm/neon/vld1Qs8.c (test for excess errors)
FAIL: gcc.target/arm/neon/vld1Qu16.c (test for excess errors)
FAIL: gcc.target/arm/neon/vld1Qu32.c (test for excess errors)
FAIL: gcc.target/arm/neon/vld1Qu64.c (test for excess errors)
FAIL: gcc.target/arm/neon/vld1Qu8.c (test for excess errors)
FAIL: gcc.target/arm/neon/vld1_dupf32.c (test for excess errors)
FAIL: gcc.target/arm/neon/vld1_dupp16.c (test for excess errors)
FAIL: gcc.target/arm/neon/vld1_dupp8.c (test for excess errors)
FAIL: gcc.target/arm/neon/vld1_dups16.c (test for excess errors)
FAIL: gcc.target/arm/neon/vld1_dups32.c (test for excess errors)
FAIL: gcc.target/arm/neon/vld1_dups64.c (test for excess errors)
FAIL: gcc.target/arm/neon/vld1_dups8.c (test for excess errors)
FAIL: gcc.target/arm/neon/vld1_dupu16.c (test for excess errors)
FAIL: gcc.target/arm/neon/vld1_dupu32.c (test for excess errors)
FAIL: gcc.target/arm/neon/vld1_dupu64.c (test for excess errors)
FAIL: gcc.target/arm/neon/vld1_dupu8.c (test for excess errors)
FAIL: gcc.target/arm/neon/vld1_lanef32.c (test for excess errors)
FAIL: gcc.target/arm/neon/vld1_lanep16.c (test for excess errors)
FAIL: gcc.target/arm/neon/vld1_lanep8.c (test for excess errors)
FAIL: gcc.target/arm/neon/vld1_lanes16.c (test for excess errors)
FAIL: gcc.target/arm/neon/vld1_lanes32.c (test for excess errors)
FAIL: gcc.target/arm/neon/vld1_lanes64.c (test for excess errors)
FAIL: gcc.target/arm/neon/vld1_lanes8.c (test for excess errors)
FAIL: gcc.target/arm/neon/vld1_laneu16.c (test for excess errors)
FAIL: gcc.target/arm/neon/vld1_laneu32.c (test for excess errors)
FAIL: gcc.target/arm/neon/vld1_laneu64.c (test for excess errors)
FAIL: gcc.target/arm/neon/vld1_laneu8.c (test for excess errors)
FAIL: gcc.target/arm/neon/vld1f32.c (test for excess errors)
FAIL: gcc.target/arm/neon/vld1p16.c (test for excess errors)
FAIL: gcc.target/arm/neon/vld1p8.c (test for excess errors)
FAIL: gcc.target/arm/neon/vld1s16.c (test for excess errors)
FAIL: gcc.target/arm/neon/vld1s32.c (test for excess errors)
FAIL: gcc.target/arm/neon/vld1s64.c (test for excess errors)
FAIL: gcc.target/arm/neon/vld1s8.c (test for excess errors)
FAIL: gcc.target/arm/neon/vld1u16.c (test for excess errors)
FAIL: gcc.target/arm/neon/vld1u32.c (test for excess errors)
FAIL: gcc.target/arm/neon/vld1u64.c (test for excess errors)
FAIL: gcc.target/arm/neon/vld1u8.c (test for excess errors)
FAIL: gcc.target/arm/neon/vld2Q_lanef32.c (test for excess errors)
FAIL: gcc.target/arm/neon/vld2Q_lanep16.c (test for excess errors)
FAIL: gcc.target/arm/neon/vld2Q_lanes16.c (test for excess errors)
FAIL: gcc.target/arm/neon/vld2Q_lanes32.c (test for excess errors)
FAIL: gcc.target/arm/neon/vld2Q_laneu16.c (test for excess errors)
FAIL: gcc.target/arm/neon/vld2Q_laneu32.c (test for excess errors)
FAIL: gcc.target/arm/neon/vld2Qf32.c (test for excess errors)
FAIL: gcc.target/arm/neon/vld2Qp16.c (test for excess errors)
FAIL: gcc.target/arm/neon/vld2Qp8.c (test for excess errors)
FAIL: gcc.target/arm/neon/vld2Qs16.c (test for excess errors)
FAIL: gcc.target/arm/neon/vld2Qs32.c (test for excess errors)
FAIL: gcc.target/arm/neon/vld2Qs8.c (test for excess errors)
FAIL: gcc.target/arm/neon/vld2Qu16.c (test for excess errors)
FAIL: gcc.target/arm/neon/vld2Qu32.c (test for excess errors)
FAIL: gcc.target/arm/neon/vld2Qu8.c (test for excess errors)
FAIL: gcc.target/arm/neon/vld2_dupf32.c (test for excess errors)
FAIL: gcc.target/arm/neon/vld2_dupp16.c (test for excess errors)
FAIL: gcc.target/arm/neon/vld2_dupp8.c (test for excess errors)
FAIL: gcc.target/arm/neon/vld2_dups16.c (test for excess errors)
FAIL: gcc.target/arm/neon/vld2_dups32.c (test for excess errors)
FAIL: gcc.target/arm/neon/vld2_dups64.c (test for excess errors)
FAIL: gcc.target/arm/neon/vld2_dups8.c (test for excess errors)
FAIL: gcc.target/arm/neon/vld2_dupu16.c (test for excess errors)
FAIL: gcc.target/arm/neon/vld2_dupu32.c (test for excess errors)
FAIL: gcc.target/arm/neon/vld2_dupu64.c (test for excess errors)
FAIL: gcc.target/arm/neon/vld2_dupu8.c (test for excess errors)
FAIL: gcc.target/arm/neon/vld2_lanef32.c (test for excess errors)
FAIL: gcc.target/arm/neon/vld2_lanep16.c (test for excess errors)
FAIL: gcc.target/arm/neon/vld2_lanep8.c (test for excess errors)
FAIL: gcc.target/arm/neon/vld2_lanes16.c (test for excess errors)
FAIL: gcc.target/arm/neon/vld2_lanes32.c (test for excess errors)
FAIL: gcc.target/arm/neon/vld2_lanes8.c (test for excess errors)
FAIL: gcc.target/arm/neon/vld2_laneu16.c (test for excess errors)
FAIL: gcc.target/arm/neon/vld2_laneu32.c (test for excess errors)
FAIL: gcc.target/arm/neon/vld2_laneu8.c (test for excess errors)
FAIL: gcc.target/arm/neon/vld2f32.c (test for excess errors)
FAIL: gcc.target/arm/neon/vld2p16.c (test for excess errors)
FAIL: gcc.target/arm/neon/vld2p8.c (test for excess errors)
FAIL: gcc.target/arm/neon/vld2s16.c (test for excess errors)
FAIL: gcc.target/arm/neon/vld2s32.c (test for excess errors)
FAIL: gcc.target/arm/neon/vld2s64.c (test for excess errors)
FAIL: gcc.target/arm/neon/vld2s8.c (test for excess errors)
FAIL: gcc.target/arm/neon/vld2u16.c (test for excess errors)
FAIL: gcc.target/arm/neon/vld2u32.c (test for excess errors)
FAIL: gcc.target/arm/neon/vld2u64.c (test for excess errors)
FAIL: gcc.target/arm/neon/vld2u8.c (test for excess errors)
FAIL: gcc.target/arm/neon/vld3Q_lanef32.c (test for excess errors)
FAIL: gcc.target/arm/neon/vld3Q_lanep16.c (test for excess errors)
FAIL: gcc.target/arm/neon/vld3Q_lanes16.c (test for excess errors)
FAIL: gcc.target/arm/neon/vld3Q_lanes32.c (test for excess errors)
FAIL: gcc.target/arm/neon/vld3Q_laneu16.c (test for excess errors)
FAIL: gcc.target/arm/neon/vld3Q_laneu32.c (test for excess errors)
FAIL: gcc.target/arm/neon/vld3Qf32.c (test for excess errors)
FAIL: gcc.target/arm/neon/vld3Qp16.c (test for excess errors)
FAIL: gcc.target/arm/neon/vld3Qp8.c (test for excess errors)
FAIL: gcc.target/arm/neon/vld3Qs16.c (test for excess errors)
FAIL: gcc.target/arm/neon/vld3Qs32.c (test for excess errors)
FAIL: gcc.target/arm/neon/vld3Qs8.c (test for excess errors)
FAIL: gcc.target/arm/neon/vld3Qu16.c (test for excess errors)
FAIL: gcc.target/arm/neon/vld3Qu32.c (test for excess errors)
FAIL: gcc.target/arm/neon/vld3Qu8.c (test for excess errors)
FAIL: gcc.target/arm/neon/vld3_dupf32.c (test for excess errors)
FAIL: gcc.target/arm/neon/vld3_dupp16.c (test for excess errors)
FAIL: gcc.target/arm/neon/vld3_dupp8.c (test for excess errors)
FAIL: gcc.target/arm/neon/vld3_dups16.c (test for excess errors)
FAIL: gcc.target/arm/neon/vld3_dups32.c (test for excess errors)
FAIL: gcc.target/arm/neon/vld3_dups64.c (test for excess errors)
FAIL: gcc.target/arm/neon/vld3_dups8.c (test for excess errors)
FAIL: gcc.target/arm/neon/vld3_dupu16.c (test for excess errors)
FAIL: gcc.target/arm/neon/vld3_dupu32.c (test for excess errors)
FAIL: gcc.target/arm/neon/vld3_dupu64.c (test for excess errors)
FAIL: gcc.target/arm/neon/vld3_dupu8.c (test for excess errors)
FAIL: gcc.target/arm/neon/vld3_lanef32.c (test for excess errors)
FAIL: gcc.target/arm/neon/vld3_lanep16.c (test for excess errors)
FAIL: gcc.target/arm/neon/vld3_lanep8.c (test for excess errors)
FAIL: gcc.target/arm/neon/vld3_lanes16.c (test for excess errors)
FAIL: gcc.target/arm/neon/vld3_lanes32.c (test for excess errors)
FAIL: gcc.target/arm/neon/vld3_lanes8.c (test for excess errors)
FAIL: gcc.target/arm/neon/vld3_laneu16.c (test for excess errors)
FAIL: gcc.target/arm/neon/vld3_laneu32.c (test for excess errors)
FAIL: gcc.target/arm/neon/vld3_laneu8.c (test for excess errors)
FAIL: gcc.target/arm/neon/vld3f32.c (test for excess errors)
FAIL: gcc.target/arm/neon/vld3p16.c (test for excess errors)
FAIL: gcc.target/arm/neon/vld3p8.c (test for excess errors)
FAIL: gcc.target/arm/neon/vld3s16.c (test for excess errors)
FAIL: gcc.target/arm/neon/vld3s32.c (test for excess errors)
FAIL: gcc.target/arm/neon/vld3s64.c (test for excess errors)
FAIL: gcc.target/arm/neon/vld3s8.c (test for excess errors)
FAIL: gcc.target/arm/neon/vld3u16.c (test for excess errors)
FAIL: gcc.target/arm/neon/vld3u32.c (test for excess errors)
FAIL: gcc.target/arm/neon/vld3u64.c (test for excess errors)
FAIL: gcc.target/arm/neon/vld3u8.c (test for excess errors)
FAIL: gcc.target/arm/neon/vld4Q_lanef32.c (test for excess errors)
FAIL: gcc.target/arm/neon/vld4Q_lanep16.c (test for excess errors)
FAIL: gcc.target/arm/neon/vld4Q_lanes16.c (test for excess errors)
FAIL: gcc.target/arm/neon/vld4Q_lanes32.c (test for excess errors)
FAIL: gcc.target/arm/neon/vld4Q_laneu16.c (test for excess errors)
FAIL: gcc.target/arm/neon/vld4Q_laneu32.c (test for excess errors)
FAIL: gcc.target/arm/neon/vld4Qf32.c (test for excess errors)
FAIL: gcc.target/arm/neon/vld4Qp16.c (test for excess errors)
FAIL: gcc.target/arm/neon/vld4Qp8.c (test for excess errors)
FAIL: gcc.target/arm/neon/vld4Qs16.c (test for excess errors)
FAIL: gcc.target/arm/neon/vld4Qs32.c (test for excess errors)
FAIL: gcc.target/arm/neon/vld4Qs8.c (test for excess errors)
FAIL: gcc.target/arm/neon/vld4Qu16.c (test for excess errors)
FAIL: gcc.target/arm/neon/vld4Qu32.c (test for excess errors)
FAIL: gcc.target/arm/neon/vld4Qu8.c (test for excess errors)
FAIL: gcc.target/arm/neon/vld4_dupf32.c (test for excess errors)
FAIL: gcc.target/arm/neon/vld4_dupp16.c (test for excess errors)
FAIL: gcc.target/arm/neon/vld4_dupp8.c (test for excess errors)
FAIL: gcc.target/arm/neon/vld4_dups16.c (test for excess errors)
FAIL: gcc.target/arm/neon/vld4_dups32.c (test for excess errors)
FAIL: gcc.target/arm/neon/vld4_dups64.c (test for excess errors)
FAIL: gcc.target/arm/neon/vld4_dups8.c (test for excess errors)
FAIL: gcc.target/arm/neon/vld4_dupu16.c (test for excess errors)
FAIL: gcc.target/arm/neon/vld4_dupu32.c (test for excess errors)
FAIL: gcc.target/arm/neon/vld4_dupu64.c (test for excess errors)
FAIL: gcc.target/arm/neon/vld4_dupu8.c (test for excess errors)
FAIL: gcc.target/arm/neon/vld4_lanef32.c (test for excess errors)
FAIL: gcc.target/arm/neon/vld4_lanep16.c (test for excess errors)
FAIL: gcc.target/arm/neon/vld4_lanep8.c (test for excess errors)
FAIL: gcc.target/arm/neon/vld4_lanes16.c (test for excess errors)
FAIL: gcc.target/arm/neon/vld4_lanes32.c (test for excess errors)
FAIL: gcc.target/arm/neon/vld4_lanes8.c (test for excess errors)
FAIL: gcc.target/arm/neon/vld4_laneu16.c (test for excess errors)
FAIL: gcc.target/arm/neon/vld4_laneu32.c (test for excess errors)
FAIL: gcc.target/arm/neon/vld4_laneu8.c (test for excess errors)
FAIL: gcc.target/arm/neon/vld4f32.c (test for excess errors)
FAIL: gcc.target/arm/neon/vld4p16.c (test for excess errors)
FAIL: gcc.target/arm/neon/vld4p8.c (test for excess errors)
FAIL: gcc.target/arm/neon/vld4s16.c (test for excess errors)
FAIL: gcc.target/arm/neon/vld4s32.c (test for excess errors)
FAIL: gcc.target/arm/neon/vld4s64.c (test for excess errors)
FAIL: gcc.target/arm/neon/vld4s8.c (test for excess errors)
FAIL: gcc.target/arm/neon/vld4u16.c (test for excess errors)
FAIL: gcc.target/arm/neon/vld4u32.c (test for excess errors)
FAIL: gcc.target/arm/neon/vld4u64.c (test for excess errors)
FAIL: gcc.target/arm/neon/vld4u8.c (test for excess errors)
FAIL: gcc.target/arm/neon/vmaxQf32.c (test for excess errors)
FAIL: gcc.target/arm/neon/vmaxQs16.c (test for excess errors)
FAIL: gcc.target/arm/neon/vmaxQs32.c (test for excess errors)
FAIL: gcc.target/arm/neon/vmaxQs8.c (test for excess errors)
FAIL: gcc.target/arm/neon/vmaxQu16.c (test for excess errors)
FAIL: gcc.target/arm/neon/vmaxQu32.c (test for excess errors)
FAIL: gcc.target/arm/neon/vmaxQu8.c (test for excess errors)
FAIL: gcc.target/arm/neon/vmaxf32.c (test for excess errors)
FAIL: gcc.target/arm/neon/vmaxs16.c (test for excess errors)
FAIL: gcc.target/arm/neon/vmaxs32.c (test for excess errors)
FAIL: gcc.target/arm/neon/vmaxs8.c (test for excess errors)
FAIL: gcc.target/arm/neon/vmaxu16.c (test for excess errors)
FAIL: gcc.target/arm/neon/vmaxu32.c (test for excess errors)
FAIL: gcc.target/arm/neon/vmaxu8.c (test for excess errors)
FAIL: gcc.target/arm/neon/vminQf32.c (test for excess errors)
FAIL: gcc.target/arm/neon/vminQs16.c (test for excess errors)
FAIL: gcc.target/arm/neon/vminQs32.c (test for excess errors)
FAIL: gcc.target/arm/neon/vminQs8.c (test for excess errors)
FAIL: gcc.target/arm/neon/vminQu16.c (test for excess errors)
FAIL: gcc.target/arm/neon/vminQu32.c (test for excess errors)
FAIL: gcc.target/arm/neon/vminQu8.c (test for excess errors)
FAIL: gcc.target/arm/neon/vminf32.c (test for excess errors)
FAIL: gcc.target/arm/neon/vmins16.c (test for excess errors)
FAIL: gcc.target/arm/neon/vmins32.c (test for excess errors)
FAIL: gcc.target/arm/neon/vmins8.c (test for excess errors)
FAIL: gcc.target/arm/neon/vminu16.c (test for excess errors)
FAIL: gcc.target/arm/neon/vminu32.c (test for excess errors)
FAIL: gcc.target/arm/neon/vminu8.c (test for excess errors)
FAIL: gcc.target/arm/neon/vmlaQ_lanef32.c (test for excess errors)
FAIL: gcc.target/arm/neon/vmlaQ_lanes16.c (test for excess errors)
FAIL: gcc.target/arm/neon/vmlaQ_lanes32.c (test for excess errors)
FAIL: gcc.target/arm/neon/vmlaQ_laneu16.c (test for excess errors)
FAIL: gcc.target/arm/neon/vmlaQ_laneu32.c (test for excess errors)
FAIL: gcc.target/arm/neon/vmlaQ_nf32.c (test for excess errors)
FAIL: gcc.target/arm/neon/vmlaQ_ns16.c (internal compiler error)
FAIL: gcc.target/arm/neon/vmlaQ_ns16.c (test for excess errors)
FAIL: gcc.target/arm/neon/vmlaQ_ns16.c scan-assembler vmla.i16[ \\t]+[qQ][0-9]+, [qQ][0-9]+, [dD][0-9]+\\\\[[0-9]+\\\\]!?([ \\t]+@[a-zA-Z0-9 ]+)?\\n
FAIL: gcc.target/arm/neon/vmlaQ_ns32.c (test for excess errors)
FAIL: gcc.target/arm/neon/vmlaQ_nu16.c (internal compiler error)
FAIL: gcc.target/arm/neon/vmlaQ_nu16.c (test for excess errors)
FAIL: gcc.target/arm/neon/vmlaQ_nu16.c scan-assembler vmla.i16[ \\t]+[qQ][0-9]+, [qQ][0-9]+, [dD][0-9]+\\\\[[0-9]+\\\\]!?([ \\t]+@[a-zA-Z0-9 ]+)?\\n
FAIL: gcc.target/arm/neon/vmlaQ_nu32.c (test for excess errors)
FAIL: gcc.target/arm/neon/vmlaQf32.c (test for excess errors)
FAIL: gcc.target/arm/neon/vmlaQs16.c (test for excess errors)
FAIL: gcc.target/arm/neon/vmlaQs32.c (test for excess errors)
FAIL: gcc.target/arm/neon/vmlaQs8.c (test for excess errors)
FAIL: gcc.target/arm/neon/vmlaQu16.c (test for excess errors)
FAIL: gcc.target/arm/neon/vmlaQu32.c (test for excess errors)
FAIL: gcc.target/arm/neon/vmlaQu8.c (test for excess errors)
FAIL: gcc.target/arm/neon/vmla_lanef32.c (test for excess errors)
FAIL: gcc.target/arm/neon/vmla_lanes16.c (test for excess errors)
FAIL: gcc.target/arm/neon/vmla_lanes32.c (test for excess errors)
FAIL: gcc.target/arm/neon/vmla_laneu16.c (test for excess errors)
FAIL: gcc.target/arm/neon/vmla_laneu32.c (test for excess errors)
FAIL: gcc.target/arm/neon/vmla_nf32.c (test for excess errors)
FAIL: gcc.target/arm/neon/vmla_ns16.c (internal compiler error)
FAIL: gcc.target/arm/neon/vmla_ns16.c (test for excess errors)
FAIL: gcc.target/arm/neon/vmla_ns16.c scan-assembler vmla.i16[ \\t]+[dD][0-9]+, [dD][0-9]+, [dD][0-9]+\\\\[[0-9]+\\\\]!?([ \\t]+@[a-zA-Z0-9 ]+)?\\n
FAIL: gcc.target/arm/neon/vmla_ns32.c (test for excess errors)
FAIL: gcc.target/arm/neon/vmla_nu16.c (internal compiler error)
FAIL: gcc.target/arm/neon/vmla_nu16.c (test for excess errors)
FAIL: gcc.target/arm/neon/vmla_nu16.c scan-assembler vmla.i16[ \\t]+[dD][0-9]+, [dD][0-9]+, [dD][0-9]+\\\\[[0-9]+\\\\]!?([ \\t]+@[a-zA-Z0-9 ]+)?\\n
FAIL: gcc.target/arm/neon/vmla_nu32.c (test for excess errors)
FAIL: gcc.target/arm/neon/vmlaf32.c (test for excess errors)
FAIL: gcc.target/arm/neon/vmlal_lanes16.c (test for excess errors)
FAIL: gcc.target/arm/neon/vmlal_lanes32.c (test for excess errors)
FAIL: gcc.target/arm/neon/vmlal_laneu16.c (test for excess errors)
FAIL: gcc.target/arm/neon/vmlal_laneu32.c (test for excess errors)
FAIL: gcc.target/arm/neon/vmlal_ns16.c (internal compiler error)
FAIL: gcc.target/arm/neon/vmlal_ns16.c (test for excess errors)
FAIL: gcc.target/arm/neon/vmlal_ns16.c scan-assembler vmlal.s16[ \\t]+[qQ][0-9]+, [dD][0-9]+, [dD][0-9]+\\\\[[0-9]+\\\\]!?([ \\t]+@[a-zA-Z0-9 ]+)?\\n
FAIL: gcc.target/arm/neon/vmlal_ns32.c (test for excess errors)
FAIL: gcc.target/arm/neon/vmlal_nu16.c (internal compiler error)
FAIL: gcc.target/arm/neon/vmlal_nu16.c (test for excess errors)
FAIL: gcc.target/arm/neon/vmlal_nu16.c scan-assembler vmlal.u16[ \\t]+[qQ][0-9]+, [dD][0-9]+, [dD][0-9]+\\\\[[0-9]+\\\\]!?([ \\t]+@[a-zA-Z0-9 ]+)?\\n
FAIL: gcc.target/arm/neon/vmlal_nu32.c (test for excess errors)
FAIL: gcc.target/arm/neon/vmlals16.c (test for excess errors)
FAIL: gcc.target/arm/neon/vmlals32.c (test for excess errors)
FAIL: gcc.target/arm/neon/vmlals8.c (test for excess errors)
FAIL: gcc.target/arm/neon/vmlalu16.c (test for excess errors)
FAIL: gcc.target/arm/neon/vmlalu32.c (test for excess errors)
FAIL: gcc.target/arm/neon/vmlalu8.c (test for excess errors)
FAIL: gcc.target/arm/neon/vmlas16.c (test for excess errors)
FAIL: gcc.target/arm/neon/vmlas32.c (test for excess errors)
FAIL: gcc.target/arm/neon/vmlas8.c (test for excess errors)
FAIL: gcc.target/arm/neon/vmlau16.c (test for excess errors)
FAIL: gcc.target/arm/neon/vmlau32.c (test for excess errors)
FAIL: gcc.target/arm/neon/vmlau8.c (test for excess errors)
FAIL: gcc.target/arm/neon/vmlsQ_lanef32.c (test for excess errors)
FAIL: gcc.target/arm/neon/vmlsQ_lanes16.c (test for excess errors)
FAIL: gcc.target/arm/neon/vmlsQ_lanes32.c (test for excess errors)
FAIL: gcc.target/arm/neon/vmlsQ_laneu16.c (test for excess errors)
FAIL: gcc.target/arm/neon/vmlsQ_laneu32.c (test for excess errors)
FAIL: gcc.target/arm/neon/vmlsQ_nf32.c (test for excess errors)
FAIL: gcc.target/arm/neon/vmlsQ_ns16.c (internal compiler error)
FAIL: gcc.target/arm/neon/vmlsQ_ns16.c (test for excess errors)
FAIL: gcc.target/arm/neon/vmlsQ_ns16.c scan-assembler vmls.i16[ \\t]+[qQ][0-9]+, [qQ][0-9]+, [dD][0-9]+\\\\[[0-9]+\\\\]!?([ \\t]+@[a-zA-Z0-9 ]+)?\\n
FAIL: gcc.target/arm/neon/vmlsQ_ns32.c (test for excess errors)
FAIL: gcc.target/arm/neon/vmlsQ_nu16.c (internal compiler error)
FAIL: gcc.target/arm/neon/vmlsQ_nu16.c (test for excess errors)
FAIL: gcc.target/arm/neon/vmlsQ_nu16.c scan-assembler vmls.i16[ \\t]+[qQ][0-9]+, [qQ][0-9]+, [dD][0-9]+\\\\[[0-9]+\\\\]!?([ \\t]+@[a-zA-Z0-9 ]+)?\\n
FAIL: gcc.target/arm/neon/vmlsQ_nu32.c (test for excess errors)
FAIL: gcc.target/arm/neon/vmlsQf32.c (test for excess errors)
FAIL: gcc.target/arm/neon/vmlsQs16.c (test for excess errors)
FAIL: gcc.target/arm/neon/vmlsQs32.c (test for excess errors)
FAIL: gcc.target/arm/neon/vmlsQs8.c (test for excess errors)
FAIL: gcc.target/arm/neon/vmlsQu16.c (test for excess errors)
FAIL: gcc.target/arm/neon/vmlsQu32.c (test for excess errors)
FAIL: gcc.target/arm/neon/vmlsQu8.c (test for excess errors)
FAIL: gcc.target/arm/neon/vmls_lanef32.c (test for excess errors)
FAIL: gcc.target/arm/neon/vmls_lanes16.c (test for excess errors)
FAIL: gcc.target/arm/neon/vmls_lanes32.c (test for excess errors)
FAIL: gcc.target/arm/neon/vmls_laneu16.c (test for excess errors)
FAIL: gcc.target/arm/neon/vmls_laneu32.c (test for excess errors)
FAIL: gcc.target/arm/neon/vmls_nf32.c (test for excess errors)
FAIL: gcc.target/arm/neon/vmls_ns16.c (internal compiler error)
FAIL: gcc.target/arm/neon/vmls_ns16.c (test for excess errors)
FAIL: gcc.target/arm/neon/vmls_ns16.c scan-assembler vmls.i16[ \\t]+[dD][0-9]+, [dD][0-9]+, [dD][0-9]+\\\\[[0-9]+\\\\]!?([ \\t]+@[a-zA-Z0-9 ]+)?\\n
FAIL: gcc.target/arm/neon/vmls_ns32.c (test for excess errors)
FAIL: gcc.target/arm/neon/vmls_nu16.c (internal compiler error)
FAIL: gcc.target/arm/neon/vmls_nu16.c (test for excess errors)
FAIL: gcc.target/arm/neon/vmls_nu16.c scan-assembler vmls.i16[ \\t]+[dD][0-9]+, [dD][0-9]+, [dD][0-9]+\\\\[[0-9]+\\\\]!?([ \\t]+@[a-zA-Z0-9 ]+)?\\n
FAIL: gcc.target/arm/neon/vmls_nu32.c (test for excess errors)
FAIL: gcc.target/arm/neon/vmlsf32.c (test for excess errors)
FAIL: gcc.target/arm/neon/vmlsl_lanes16.c (test for excess errors)
FAIL: gcc.target/arm/neon/vmlsl_lanes32.c (test for excess errors)
FAIL: gcc.target/arm/neon/vmlsl_laneu16.c (test for excess errors)
FAIL: gcc.target/arm/neon/vmlsl_laneu32.c (test for excess errors)
FAIL: gcc.target/arm/neon/vmlsl_ns16.c (internal compiler error)
FAIL: gcc.target/arm/neon/vmlsl_ns16.c (test for excess errors)
FAIL: gcc.target/arm/neon/vmlsl_ns16.c scan-assembler vmlsl.s16[ \\t]+[qQ][0-9]+, [dD][0-9]+, [dD][0-9]+\\\\[[0-9]+\\\\]!?([ \\t]+@[a-zA-Z0-9 ]+)?\\n
FAIL: gcc.target/arm/neon/vmlsl_ns32.c (test for excess errors)
FAIL: gcc.target/arm/neon/vmlsl_nu16.c (internal compiler error)
FAIL: gcc.target/arm/neon/vmlsl_nu16.c (test for excess errors)
FAIL: gcc.target/arm/neon/vmlsl_nu16.c scan-assembler vmlsl.u16[ \\t]+[qQ][0-9]+, [dD][0-9]+, [dD][0-9]+\\\\[[0-9]+\\\\]!?([ \\t]+@[a-zA-Z0-9 ]+)?\\n
FAIL: gcc.target/arm/neon/vmlsl_nu32.c (test for excess errors)
FAIL: gcc.target/arm/neon/vmlsls16.c (test for excess errors)
FAIL: gcc.target/arm/neon/vmlsls32.c (test for excess errors)
FAIL: gcc.target/arm/neon/vmlsls8.c (test for excess errors)
FAIL: gcc.target/arm/neon/vmlslu16.c (test for excess errors)
FAIL: gcc.target/arm/neon/vmlslu32.c (test for excess errors)
FAIL: gcc.target/arm/neon/vmlslu8.c (test for excess errors)
FAIL: gcc.target/arm/neon/vmlss16.c (test for excess errors)
FAIL: gcc.target/arm/neon/vmlss32.c (test for excess errors)
FAIL: gcc.target/arm/neon/vmlss8.c (test for excess errors)
FAIL: gcc.target/arm/neon/vmlsu16.c (test for excess errors)
FAIL: gcc.target/arm/neon/vmlsu32.c (test for excess errors)
FAIL: gcc.target/arm/neon/vmlsu8.c (test for excess errors)
FAIL: gcc.target/arm/neon/vmovQ_nf32.c (test for excess errors)
FAIL: gcc.target/arm/neon/vmovQ_np16.c (internal compiler error)
FAIL: gcc.target/arm/neon/vmovQ_np16.c (test for excess errors)
FAIL: gcc.target/arm/neon/vmovQ_np16.c scan-assembler vdup.16[ \\t]+[qQ][0-9]+, ([rR][0-9]+|[dD][0-9]+\\\\[[0-9]+\\\\])!?([ \\t]+@[a-zA-Z0-9 ]+)?\\n
FAIL: gcc.target/arm/neon/vmovQ_np8.c (internal compiler error)
FAIL: gcc.target/arm/neon/vmovQ_np8.c (test for excess errors)
FAIL: gcc.target/arm/neon/vmovQ_np8.c scan-assembler vdup.8[ \\t]+[qQ][0-9]+, ([rR][0-9]+|[dD][0-9]+\\\\[[0-9]+\\\\])!?([ \\t]+@[a-zA-Z0-9 ]+)?\\n
FAIL: gcc.target/arm/neon/vmovQ_ns16.c (internal compiler error)
FAIL: gcc.target/arm/neon/vmovQ_ns16.c (test for excess errors)
FAIL: gcc.target/arm/neon/vmovQ_ns16.c scan-assembler vdup.16[ \\t]+[qQ][0-9]+, ([rR][0-9]+|[dD][0-9]+\\\\[[0-9]+\\\\])!?([ \\t]+@[a-zA-Z0-9 ]+)?\\n
FAIL: gcc.target/arm/neon/vmovQ_ns32.c (test for excess errors)
FAIL: gcc.target/arm/neon/vmovQ_ns64.c (test for excess errors)
FAIL: gcc.target/arm/neon/vmovQ_ns8.c (internal compiler error)
FAIL: gcc.target/arm/neon/vmovQ_ns8.c (test for excess errors)
FAIL: gcc.target/arm/neon/vmovQ_ns8.c scan-assembler vdup.8[ \\t]+[qQ][0-9]+, ([rR][0-9]+|[dD][0-9]+\\\\[[0-9]+\\\\])!?([ \\t]+@[a-zA-Z0-9 ]+)?\\n
FAIL: gcc.target/arm/neon/vmovQ_nu16.c (internal compiler error)
FAIL: gcc.target/arm/neon/vmovQ_nu16.c (test for excess errors)
FAIL: gcc.target/arm/neon/vmovQ_nu16.c scan-assembler vdup.16[ \\t]+[qQ][0-9]+, ([rR][0-9]+|[dD][0-9]+\\\\[[0-9]+\\\\])!?([ \\t]+@[a-zA-Z0-9 ]+)?\\n
FAIL: gcc.target/arm/neon/vmovQ_nu32.c (test for excess errors)
FAIL: gcc.target/arm/neon/vmovQ_nu64.c (test for excess errors)
FAIL: gcc.target/arm/neon/vmovQ_nu8.c (internal compiler error)
FAIL: gcc.target/arm/neon/vmovQ_nu8.c (test for excess errors)
FAIL: gcc.target/arm/neon/vmovQ_nu8.c scan-assembler vdup.8[ \\t]+[qQ][0-9]+, ([rR][0-9]+|[dD][0-9]+\\\\[[0-9]+\\\\])!?([ \\t]+@[a-zA-Z0-9 ]+)?\\n
FAIL: gcc.target/arm/neon/vmov_nf32.c (test for excess errors)
FAIL: gcc.target/arm/neon/vmov_np16.c (internal compiler error)
FAIL: gcc.target/arm/neon/vmov_np16.c (test for excess errors)
FAIL: gcc.target/arm/neon/vmov_np16.c scan-assembler vdup.16[ \\t]+[dD][0-9]+, ([rR][0-9]+|[dD][0-9]+\\\\[[0-9]+\\\\])!?([ \\t]+@[a-zA-Z0-9 ]+)?\\n
FAIL: gcc.target/arm/neon/vmov_np8.c (internal compiler error)
FAIL: gcc.target/arm/neon/vmov_np8.c (test for excess errors)
FAIL: gcc.target/arm/neon/vmov_np8.c scan-assembler vdup.8[ \\t]+[dD][0-9]+, ([rR][0-9]+|[dD][0-9]+\\\\[[0-9]+\\\\])!?([ \\t]+@[a-zA-Z0-9 ]+)?\\n
FAIL: gcc.target/arm/neon/vmov_ns16.c (internal compiler error)
FAIL: gcc.target/arm/neon/vmov_ns16.c (test for excess errors)
FAIL: gcc.target/arm/neon/vmov_ns16.c scan-assembler vdup.16[ \\t]+[dD][0-9]+, ([rR][0-9]+|[dD][0-9]+\\\\[[0-9]+\\\\])!?([ \\t]+@[a-zA-Z0-9 ]+)?\\n
FAIL: gcc.target/arm/neon/vmov_ns32.c (test for excess errors)
FAIL: gcc.target/arm/neon/vmov_ns64.c (test for excess errors)
FAIL: gcc.target/arm/neon/vmov_ns8.c (internal compiler error)
FAIL: gcc.target/arm/neon/vmov_ns8.c (test for excess errors)
FAIL: gcc.target/arm/neon/vmov_ns8.c scan-assembler vdup.8[ \\t]+[dD][0-9]+, ([rR][0-9]+|[dD][0-9]+\\\\[[0-9]+\\\\])!?([ \\t]+@[a-zA-Z0-9 ]+)?\\n
FAIL: gcc.target/arm/neon/vmov_nu16.c (internal compiler error)
FAIL: gcc.target/arm/neon/vmov_nu16.c (test for excess errors)
FAIL: gcc.target/arm/neon/vmov_nu16.c scan-assembler vdup.16[ \\t]+[dD][0-9]+, ([rR][0-9]+|[dD][0-9]+\\\\[[0-9]+\\\\])!?([ \\t]+@[a-zA-Z0-9 ]+)?\\n
FAIL: gcc.target/arm/neon/vmov_nu32.c (test for excess errors)
FAIL: gcc.target/arm/neon/vmov_nu64.c (test for excess errors)
FAIL: gcc.target/arm/neon/vmov_nu8.c (internal compiler error)
FAIL: gcc.target/arm/neon/vmov_nu8.c (test for excess errors)
FAIL: gcc.target/arm/neon/vmov_nu8.c scan-assembler vdup.8[ \\t]+[dD][0-9]+, ([rR][0-9]+|[dD][0-9]+\\\\[[0-9]+\\\\])!?([ \\t]+@[a-zA-Z0-9 ]+)?\\n
FAIL: gcc.target/arm/neon/vmovls16.c (test for excess errors)
FAIL: gcc.target/arm/neon/vmovls32.c (test for excess errors)
FAIL: gcc.target/arm/neon/vmovls8.c (test for excess errors)
FAIL: gcc.target/arm/neon/vmovlu16.c (test for excess errors)
FAIL: gcc.target/arm/neon/vmovlu32.c (test for excess errors)
FAIL: gcc.target/arm/neon/vmovlu8.c (test for excess errors)
FAIL: gcc.target/arm/neon/vmovns16.c (test for excess errors)
FAIL: gcc.target/arm/neon/vmovns32.c (test for excess errors)
FAIL: gcc.target/arm/neon/vmovns64.c (test for excess errors)
FAIL: gcc.target/arm/neon/vmovnu16.c (test for excess errors)
FAIL: gcc.target/arm/neon/vmovnu32.c (test for excess errors)
FAIL: gcc.target/arm/neon/vmovnu64.c (test for excess errors)
FAIL: gcc.target/arm/neon/vmulQ_lanef32.c (test for excess errors)
FAIL: gcc.target/arm/neon/vmulQ_lanes16.c (test for excess errors)
FAIL: gcc.target/arm/neon/vmulQ_lanes32.c (test for excess errors)
FAIL: gcc.target/arm/neon/vmulQ_laneu16.c (test for excess errors)
FAIL: gcc.target/arm/neon/vmulQ_laneu32.c (test for excess errors)
FAIL: gcc.target/arm/neon/vmulQ_nf32.c (test for excess errors)
FAIL: gcc.target/arm/neon/vmulQ_ns16.c (internal compiler error)
FAIL: gcc.target/arm/neon/vmulQ_ns16.c (test for excess errors)
FAIL: gcc.target/arm/neon/vmulQ_ns16.c scan-assembler vmul.i16[ \\t]+[qQ][0-9]+, [qQ][0-9]+, [dD][0-9]+\\\\[[0-9]+\\\\]!?([ \\t]+@[a-zA-Z0-9 ]+)?\\n
FAIL: gcc.target/arm/neon/vmulQ_ns32.c (test for excess errors)
FAIL: gcc.target/arm/neon/vmulQ_nu16.c (internal compiler error)
FAIL: gcc.target/arm/neon/vmulQ_nu16.c (test for excess errors)
FAIL: gcc.target/arm/neon/vmulQ_nu16.c scan-assembler vmul.i16[ \\t]+[qQ][0-9]+, [qQ][0-9]+, [dD][0-9]+\\\\[[0-9]+\\\\]!?([ \\t]+@[a-zA-Z0-9 ]+)?\\n
FAIL: gcc.target/arm/neon/vmulQ_nu32.c (test for excess errors)
FAIL: gcc.target/arm/neon/vmulQf32.c (test for excess errors)
FAIL: gcc.target/arm/neon/vmulQp8.c (test for excess errors)
FAIL: gcc.target/arm/neon/vmulQs16.c (test for excess errors)
FAIL: gcc.target/arm/neon/vmulQs32.c (test for excess errors)
FAIL: gcc.target/arm/neon/vmulQs8.c (test for excess errors)
FAIL: gcc.target/arm/neon/vmulQu16.c (test for excess errors)
FAIL: gcc.target/arm/neon/vmulQu32.c (test for excess errors)
FAIL: gcc.target/arm/neon/vmulQu8.c (test for excess errors)
FAIL: gcc.target/arm/neon/vmul_lanef32.c (test for excess errors)
FAIL: gcc.target/arm/neon/vmul_lanes16.c (test for excess errors)
FAIL: gcc.target/arm/neon/vmul_lanes32.c (test for excess errors)
FAIL: gcc.target/arm/neon/vmul_laneu16.c (test for excess errors)
FAIL: gcc.target/arm/neon/vmul_laneu32.c (test for excess errors)
FAIL: gcc.target/arm/neon/vmul_nf32.c (test for excess errors)
FAIL: gcc.target/arm/neon/vmul_ns16.c (internal compiler error)
FAIL: gcc.target/arm/neon/vmul_ns16.c (test for excess errors)
FAIL: gcc.target/arm/neon/vmul_ns16.c scan-assembler vmul.i16[ \\t]+[dD][0-9]+, [dD][0-9]+, [dD][0-9]+\\\\[[0-9]+\\\\]!?([ \\t]+@[a-zA-Z0-9 ]+)?\\n
FAIL: gcc.target/arm/neon/vmul_ns32.c (test for excess errors)
FAIL: gcc.target/arm/neon/vmul_nu16.c (internal compiler error)
FAIL: gcc.target/arm/neon/vmul_nu16.c (test for excess errors)
FAIL: gcc.target/arm/neon/vmul_nu16.c scan-assembler vmul.i16[ \\t]+[dD][0-9]+, [dD][0-9]+, [dD][0-9]+\\\\[[0-9]+\\\\]!?([ \\t]+@[a-zA-Z0-9 ]+)?\\n
FAIL: gcc.target/arm/neon/vmul_nu32.c (test for excess errors)
FAIL: gcc.target/arm/neon/vmulf32.c (test for excess errors)
FAIL: gcc.target/arm/neon/vmull_lanes16.c (test for excess errors)
FAIL: gcc.target/arm/neon/vmull_lanes32.c (test for excess errors)
FAIL: gcc.target/arm/neon/vmull_laneu16.c (test for excess errors)
FAIL: gcc.target/arm/neon/vmull_laneu32.c (test for excess errors)
FAIL: gcc.target/arm/neon/vmull_ns16.c (internal compiler error)
FAIL: gcc.target/arm/neon/vmull_ns16.c (test for excess errors)
FAIL: gcc.target/arm/neon/vmull_ns16.c scan-assembler vmull.s16[ \\t]+[qQ][0-9]+, [dD][0-9]+, [dD][0-9]+\\\\[[0-9]+\\\\]!?([ \\t]+@[a-zA-Z0-9 ]+)?\\n
FAIL: gcc.target/arm/neon/vmull_ns32.c (test for excess errors)
FAIL: gcc.target/arm/neon/vmull_nu16.c (internal compiler error)
FAIL: gcc.target/arm/neon/vmull_nu16.c (test for excess errors)
FAIL: gcc.target/arm/neon/vmull_nu16.c scan-assembler vmull.u16[ \\t]+[qQ][0-9]+, [dD][0-9]+, [dD][0-9]+\\\\[[0-9]+\\\\]!?([ \\t]+@[a-zA-Z0-9 ]+)?\\n
FAIL: gcc.target/arm/neon/vmull_nu32.c (test for excess errors)
FAIL: gcc.target/arm/neon/vmullp8.c (test for excess errors)
FAIL: gcc.target/arm/neon/vmulls16.c (test for excess errors)
FAIL: gcc.target/arm/neon/vmulls32.c (test for excess errors)
FAIL: gcc.target/arm/neon/vmulls8.c (test for excess errors)
FAIL: gcc.target/arm/neon/vmullu16.c (test for excess errors)
FAIL: gcc.target/arm/neon/vmullu32.c (test for excess errors)
FAIL: gcc.target/arm/neon/vmullu8.c (test for excess errors)
FAIL: gcc.target/arm/neon/vmulp8.c (test for excess errors)
FAIL: gcc.target/arm/neon/vmuls16.c (test for excess errors)
FAIL: gcc.target/arm/neon/vmuls32.c (test for excess errors)
FAIL: gcc.target/arm/neon/vmuls8.c (test for excess errors)
FAIL: gcc.target/arm/neon/vmulu16.c (test for excess errors)
FAIL: gcc.target/arm/neon/vmulu32.c (test for excess errors)
FAIL: gcc.target/arm/neon/vmulu8.c (test for excess errors)
FAIL: gcc.target/arm/neon/vmvnQp8.c (test for excess errors)
FAIL: gcc.target/arm/neon/vmvnQs16.c (test for excess errors)
FAIL: gcc.target/arm/neon/vmvnQs32.c (test for excess errors)
FAIL: gcc.target/arm/neon/vmvnQs8.c (test for excess errors)
FAIL: gcc.target/arm/neon/vmvnQu16.c (test for excess errors)
FAIL: gcc.target/arm/neon/vmvnQu32.c (test for excess errors)
FAIL: gcc.target/arm/neon/vmvnQu8.c (test for excess errors)
FAIL: gcc.target/arm/neon/vmvnp8.c (test for excess errors)
FAIL: gcc.target/arm/neon/vmvns16.c (test for excess errors)
FAIL: gcc.target/arm/neon/vmvns32.c (test for excess errors)
FAIL: gcc.target/arm/neon/vmvns8.c (test for excess errors)
FAIL: gcc.target/arm/neon/vmvnu16.c (test for excess errors)
FAIL: gcc.target/arm/neon/vmvnu32.c (test for excess errors)
FAIL: gcc.target/arm/neon/vmvnu8.c (test for excess errors)
FAIL: gcc.target/arm/neon/vnegQf32.c (test for excess errors)
FAIL: gcc.target/arm/neon/vnegQs16.c (test for excess errors)
FAIL: gcc.target/arm/neon/vnegQs32.c (test for excess errors)
FAIL: gcc.target/arm/neon/vnegQs8.c (test for excess errors)
FAIL: gcc.target/arm/neon/vnegf32.c (test for excess errors)
FAIL: gcc.target/arm/neon/vnegs16.c (test for excess errors)
FAIL: gcc.target/arm/neon/vnegs32.c (test for excess errors)
FAIL: gcc.target/arm/neon/vnegs8.c (test for excess errors)
FAIL: gcc.target/arm/neon/vornQs16.c (test for excess errors)
FAIL: gcc.target/arm/neon/vornQs32.c (test for excess errors)
FAIL: gcc.target/arm/neon/vornQs64.c (test for excess errors)
FAIL: gcc.target/arm/neon/vornQs8.c (test for excess errors)
FAIL: gcc.target/arm/neon/vornQu16.c (test for excess errors)
FAIL: gcc.target/arm/neon/vornQu32.c (test for excess errors)
FAIL: gcc.target/arm/neon/vornQu64.c (test for excess errors)
FAIL: gcc.target/arm/neon/vornQu8.c (test for excess errors)
FAIL: gcc.target/arm/neon/vorns16.c (test for excess errors)
FAIL: gcc.target/arm/neon/vorns32.c (test for excess errors)
FAIL: gcc.target/arm/neon/vorns64.c (test for excess errors)
FAIL: gcc.target/arm/neon/vorns8.c (test for excess errors)
FAIL: gcc.target/arm/neon/vornu16.c (test for excess errors)
FAIL: gcc.target/arm/neon/vornu32.c (test for excess errors)
FAIL: gcc.target/arm/neon/vornu64.c (test for excess errors)
FAIL: gcc.target/arm/neon/vornu8.c (test for excess errors)
FAIL: gcc.target/arm/neon/vorrQs16.c (test for excess errors)
FAIL: gcc.target/arm/neon/vorrQs32.c (test for excess errors)
FAIL: gcc.target/arm/neon/vorrQs64.c (test for excess errors)
FAIL: gcc.target/arm/neon/vorrQs8.c (test for excess errors)
FAIL: gcc.target/arm/neon/vorrQu16.c (test for excess errors)
FAIL: gcc.target/arm/neon/vorrQu32.c (test for excess errors)
FAIL: gcc.target/arm/neon/vorrQu64.c (test for excess errors)
FAIL: gcc.target/arm/neon/vorrQu8.c (test for excess errors)
FAIL: gcc.target/arm/neon/vorrs16.c (test for excess errors)
FAIL: gcc.target/arm/neon/vorrs32.c (test for excess errors)
FAIL: gcc.target/arm/neon/vorrs64.c (test for excess errors)
FAIL: gcc.target/arm/neon/vorrs8.c (test for excess errors)
FAIL: gcc.target/arm/neon/vorru16.c (test for excess errors)
FAIL: gcc.target/arm/neon/vorru32.c (test for excess errors)
FAIL: gcc.target/arm/neon/vorru64.c (test for excess errors)
FAIL: gcc.target/arm/neon/vorru8.c (test for excess errors)
FAIL: gcc.target/arm/neon/vpadalQs16.c (test for excess errors)
FAIL: gcc.target/arm/neon/vpadalQs32.c (test for excess errors)
FAIL: gcc.target/arm/neon/vpadalQs8.c (test for excess errors)
FAIL: gcc.target/arm/neon/vpadalQu16.c (test for excess errors)
FAIL: gcc.target/arm/neon/vpadalQu32.c (test for excess errors)
FAIL: gcc.target/arm/neon/vpadalQu8.c (test for excess errors)
FAIL: gcc.target/arm/neon/vpadals16.c (test for excess errors)
FAIL: gcc.target/arm/neon/vpadals32.c (test for excess errors)
FAIL: gcc.target/arm/neon/vpadals8.c (test for excess errors)
FAIL: gcc.target/arm/neon/vpadalu16.c (test for excess errors)
FAIL: gcc.target/arm/neon/vpadalu32.c (test for excess errors)
FAIL: gcc.target/arm/neon/vpadalu8.c (test for excess errors)
FAIL: gcc.target/arm/neon/vpaddf32.c (test for excess errors)
FAIL: gcc.target/arm/neon/vpaddlQs16.c (test for excess errors)
FAIL: gcc.target/arm/neon/vpaddlQs32.c (test for excess errors)
FAIL: gcc.target/arm/neon/vpaddlQs8.c (test for excess errors)
FAIL: gcc.target/arm/neon/vpaddlQu16.c (test for excess errors)
FAIL: gcc.target/arm/neon/vpaddlQu32.c (test for excess errors)
FAIL: gcc.target/arm/neon/vpaddlQu8.c (test for excess errors)
FAIL: gcc.target/arm/neon/vpaddls16.c (test for excess errors)
FAIL: gcc.target/arm/neon/vpaddls32.c (test for excess errors)
FAIL: gcc.target/arm/neon/vpaddls8.c (test for excess errors)
FAIL: gcc.target/arm/neon/vpaddlu16.c (test for excess errors)
FAIL: gcc.target/arm/neon/vpaddlu32.c (test for excess errors)
FAIL: gcc.target/arm/neon/vpaddlu8.c (test for excess errors)
FAIL: gcc.target/arm/neon/vpadds16.c (test for excess errors)
FAIL: gcc.target/arm/neon/vpadds32.c (test for excess errors)
FAIL: gcc.target/arm/neon/vpadds8.c (test for excess errors)
FAIL: gcc.target/arm/neon/vpaddu16.c (test for excess errors)
FAIL: gcc.target/arm/neon/vpaddu32.c (test for excess errors)
FAIL: gcc.target/arm/neon/vpaddu8.c (test for excess errors)
FAIL: gcc.target/arm/neon/vpmaxf32.c (test for excess errors)
FAIL: gcc.target/arm/neon/vpmaxs16.c (test for excess errors)
FAIL: gcc.target/arm/neon/vpmaxs32.c (test for excess errors)
FAIL: gcc.target/arm/neon/vpmaxs8.c (test for excess errors)
FAIL: gcc.target/arm/neon/vpmaxu16.c (test for excess errors)
FAIL: gcc.target/arm/neon/vpmaxu32.c (test for excess errors)
FAIL: gcc.target/arm/neon/vpmaxu8.c (test for excess errors)
FAIL: gcc.target/arm/neon/vpminf32.c (test for excess errors)
FAIL: gcc.target/arm/neon/vpmins16.c (test for excess errors)
FAIL: gcc.target/arm/neon/vpmins32.c (test for excess errors)
FAIL: gcc.target/arm/neon/vpmins8.c (test for excess errors)
FAIL: gcc.target/arm/neon/vpminu16.c (test for excess errors)
FAIL: gcc.target/arm/neon/vpminu32.c (test for excess errors)
FAIL: gcc.target/arm/neon/vpminu8.c (test for excess errors)
FAIL: gcc.target/arm/neon/vqRdmulhQ_lanes16.c (test for excess errors)
FAIL: gcc.target/arm/neon/vqRdmulhQ_lanes32.c (test for excess errors)
FAIL: gcc.target/arm/neon/vqRdmulhQ_ns16.c (internal compiler error)
FAIL: gcc.target/arm/neon/vqRdmulhQ_ns16.c (test for excess errors)
FAIL: gcc.target/arm/neon/vqRdmulhQ_ns16.c scan-assembler vqrdmulh.s16[ \\t]+[qQ][0-9]+, [qQ][0-9]+, [dD][0-9]+\\\\[[0-9]+\\\\]!?([ \\t]+@[a-zA-Z0-9 ]+)?\\n
FAIL: gcc.target/arm/neon/vqRdmulhQ_ns32.c (test for excess errors)
FAIL: gcc.target/arm/neon/vqRdmulhQs16.c (test for excess errors)
FAIL: gcc.target/arm/neon/vqRdmulhQs32.c (test for excess errors)
FAIL: gcc.target/arm/neon/vqRdmulh_lanes16.c (test for excess errors)
FAIL: gcc.target/arm/neon/vqRdmulh_lanes32.c (test for excess errors)
FAIL: gcc.target/arm/neon/vqRdmulh_ns16.c (internal compiler error)
FAIL: gcc.target/arm/neon/vqRdmulh_ns16.c (test for excess errors)
FAIL: gcc.target/arm/neon/vqRdmulh_ns16.c scan-assembler vqrdmulh.s16[ \\t]+[dD][0-9]+, [dD][0-9]+, [dD][0-9]+\\\\[[0-9]+\\\\]!?([ \\t]+@[a-zA-Z0-9 ]+)?\\n
FAIL: gcc.target/arm/neon/vqRdmulh_ns32.c (test for excess errors)
FAIL: gcc.target/arm/neon/vqRdmulhs16.c (test for excess errors)
FAIL: gcc.target/arm/neon/vqRdmulhs32.c (test for excess errors)
FAIL: gcc.target/arm/neon/vqRshlQs16.c (test for excess errors)
FAIL: gcc.target/arm/neon/vqRshlQs32.c (test for excess errors)
FAIL: gcc.target/arm/neon/vqRshlQs64.c (test for excess errors)
FAIL: gcc.target/arm/neon/vqRshlQs8.c (test for excess errors)
FAIL: gcc.target/arm/neon/vqRshlQu16.c (test for excess errors)
FAIL: gcc.target/arm/neon/vqRshlQu32.c (test for excess errors)
FAIL: gcc.target/arm/neon/vqRshlQu64.c (test for excess errors)
FAIL: gcc.target/arm/neon/vqRshlQu8.c (test for excess errors)
FAIL: gcc.target/arm/neon/vqRshls16.c (test for excess errors)
FAIL: gcc.target/arm/neon/vqRshls32.c (test for excess errors)
FAIL: gcc.target/arm/neon/vqRshls64.c (test for excess errors)
FAIL: gcc.target/arm/neon/vqRshls8.c (test for excess errors)
FAIL: gcc.target/arm/neon/vqRshlu16.c (test for excess errors)
FAIL: gcc.target/arm/neon/vqRshlu32.c (test for excess errors)
FAIL: gcc.target/arm/neon/vqRshlu64.c (test for excess errors)
FAIL: gcc.target/arm/neon/vqRshlu8.c (test for excess errors)
FAIL: gcc.target/arm/neon/vqRshrn_ns16.c (test for excess errors)
FAIL: gcc.target/arm/neon/vqRshrn_ns32.c (test for excess errors)
FAIL: gcc.target/arm/neon/vqRshrn_ns64.c (test for excess errors)
FAIL: gcc.target/arm/neon/vqRshrn_nu16.c (test for excess errors)
FAIL: gcc.target/arm/neon/vqRshrn_nu32.c (test for excess errors)
FAIL: gcc.target/arm/neon/vqRshrn_nu64.c (test for excess errors)
FAIL: gcc.target/arm/neon/vqRshrun_ns16.c (test for excess errors)
FAIL: gcc.target/arm/neon/vqRshrun_ns32.c (test for excess errors)
FAIL: gcc.target/arm/neon/vqRshrun_ns64.c (test for excess errors)
FAIL: gcc.target/arm/neon/vqabsQs16.c (test for excess errors)
FAIL: gcc.target/arm/neon/vqabsQs32.c (test for excess errors)
FAIL: gcc.target/arm/neon/vqabsQs8.c (test for excess errors)
FAIL: gcc.target/arm/neon/vqabss16.c (test for excess errors)
FAIL: gcc.target/arm/neon/vqabss32.c (test for excess errors)
FAIL: gcc.target/arm/neon/vqabss8.c (test for excess errors)
FAIL: gcc.target/arm/neon/vqaddQs16.c (test for excess errors)
FAIL: gcc.target/arm/neon/vqaddQs32.c (test for excess errors)
FAIL: gcc.target/arm/neon/vqaddQs64.c (test for excess errors)
FAIL: gcc.target/arm/neon/vqaddQs8.c (test for excess errors)
FAIL: gcc.target/arm/neon/vqaddQu16.c (test for excess errors)
FAIL: gcc.target/arm/neon/vqaddQu32.c (test for excess errors)
FAIL: gcc.target/arm/neon/vqaddQu64.c (test for excess errors)
FAIL: gcc.target/arm/neon/vqaddQu8.c (test for excess errors)
FAIL: gcc.target/arm/neon/vqadds16.c (test for excess errors)
FAIL: gcc.target/arm/neon/vqadds32.c (test for excess errors)
FAIL: gcc.target/arm/neon/vqadds64.c (test for excess errors)
FAIL: gcc.target/arm/neon/vqadds8.c (test for excess errors)
FAIL: gcc.target/arm/neon/vqaddu16.c (test for excess errors)
FAIL: gcc.target/arm/neon/vqaddu32.c (test for excess errors)
FAIL: gcc.target/arm/neon/vqaddu64.c (test for excess errors)
FAIL: gcc.target/arm/neon/vqaddu8.c (test for excess errors)
FAIL: gcc.target/arm/neon/vqdmlal_lanes16.c (test for excess errors)
FAIL: gcc.target/arm/neon/vqdmlal_lanes32.c (test for excess errors)
FAIL: gcc.target/arm/neon/vqdmlal_ns16.c (internal compiler error)
FAIL: gcc.target/arm/neon/vqdmlal_ns16.c (test for excess errors)
FAIL: gcc.target/arm/neon/vqdmlal_ns16.c scan-assembler vqdmlal.s16[ \\t]+[qQ][0-9]+, [dD][0-9]+, [dD][0-9]+\\\\[[0-9]+\\\\]!?([ \\t]+@[a-zA-Z0-9 ]+)?\\n
FAIL: gcc.target/arm/neon/vqdmlal_ns32.c (test for excess errors)
FAIL: gcc.target/arm/neon/vqdmlals16.c (test for excess errors)
FAIL: gcc.target/arm/neon/vqdmlals32.c (test for excess errors)
FAIL: gcc.target/arm/neon/vqdmlsl_lanes16.c (test for excess errors)
FAIL: gcc.target/arm/neon/vqdmlsl_lanes32.c (test for excess errors)
FAIL: gcc.target/arm/neon/vqdmlsl_ns16.c (internal compiler error)
FAIL: gcc.target/arm/neon/vqdmlsl_ns16.c (test for excess errors)
FAIL: gcc.target/arm/neon/vqdmlsl_ns16.c scan-assembler vqdmlsl.s16[ \\t]+[qQ][0-9]+, [dD][0-9]+, [dD][0-9]+\\\\[[0-9]+\\\\]!?([ \\t]+@[a-zA-Z0-9 ]+)?\\n
FAIL: gcc.target/arm/neon/vqdmlsl_ns32.c (test for excess errors)
FAIL: gcc.target/arm/neon/vqdmlsls16.c (test for excess errors)
FAIL: gcc.target/arm/neon/vqdmlsls32.c (test for excess errors)
FAIL: gcc.target/arm/neon/vqdmulhQ_lanes16.c (test for excess errors)
FAIL: gcc.target/arm/neon/vqdmulhQ_lanes32.c (test for excess errors)
FAIL: gcc.target/arm/neon/vqdmulhQ_ns16.c (internal compiler error)
FAIL: gcc.target/arm/neon/vqdmulhQ_ns16.c (test for excess errors)
FAIL: gcc.target/arm/neon/vqdmulhQ_ns16.c scan-assembler vqdmulh.s16[ \\t]+[qQ][0-9]+, [qQ][0-9]+, [dD][0-9]+\\\\[[0-9]+\\\\]!?([ \\t]+@[a-zA-Z0-9 ]+)?\\n
FAIL: gcc.target/arm/neon/vqdmulhQ_ns32.c (test for excess errors)
FAIL: gcc.target/arm/neon/vqdmulhQs16.c (test for excess errors)
FAIL: gcc.target/arm/neon/vqdmulhQs32.c (test for excess errors)
FAIL: gcc.target/arm/neon/vqdmulh_lanes16.c (test for excess errors)
FAIL: gcc.target/arm/neon/vqdmulh_lanes32.c (test for excess errors)
FAIL: gcc.target/arm/neon/vqdmulh_ns16.c (internal compiler error)
FAIL: gcc.target/arm/neon/vqdmulh_ns16.c (test for excess errors)
FAIL: gcc.target/arm/neon/vqdmulh_ns16.c scan-assembler vqdmulh.s16[ \\t]+[dD][0-9]+, [dD][0-9]+, [dD][0-9]+\\\\[[0-9]+\\\\]!?([ \\t]+@[a-zA-Z0-9 ]+)?\\n
FAIL: gcc.target/arm/neon/vqdmulh_ns32.c (test for excess errors)
FAIL: gcc.target/arm/neon/vqdmulhs16.c (test for excess errors)
FAIL: gcc.target/arm/neon/vqdmulhs32.c (test for excess errors)
FAIL: gcc.target/arm/neon/vqdmull_lanes16.c (test for excess errors)
FAIL: gcc.target/arm/neon/vqdmull_lanes32.c (test for excess errors)
FAIL: gcc.target/arm/neon/vqdmull_ns16.c (internal compiler error)
FAIL: gcc.target/arm/neon/vqdmull_ns16.c (test for excess errors)
FAIL: gcc.target/arm/neon/vqdmull_ns16.c scan-assembler vqdmull.s16[ \\t]+[qQ][0-9]+, [dD][0-9]+, [dD][0-9]+\\\\[[0-9]+\\\\]!?([ \\t]+@[a-zA-Z0-9 ]+)?\\n
FAIL: gcc.target/arm/neon/vqdmull_ns32.c (test for excess errors)
FAIL: gcc.target/arm/neon/vqdmulls16.c (test for excess errors)
FAIL: gcc.target/arm/neon/vqdmulls32.c (test for excess errors)
FAIL: gcc.target/arm/neon/vqmovns16.c (test for excess errors)
FAIL: gcc.target/arm/neon/vqmovns32.c (test for excess errors)
FAIL: gcc.target/arm/neon/vqmovns64.c (test for excess errors)
FAIL: gcc.target/arm/neon/vqmovnu16.c (test for excess errors)
FAIL: gcc.target/arm/neon/vqmovnu32.c (test for excess errors)
FAIL: gcc.target/arm/neon/vqmovnu64.c (test for excess errors)
FAIL: gcc.target/arm/neon/vqmovuns16.c (test for excess errors)
FAIL: gcc.target/arm/neon/vqmovuns32.c (test for excess errors)
FAIL: gcc.target/arm/neon/vqmovuns64.c (test for excess errors)
FAIL: gcc.target/arm/neon/vqnegQs16.c (test for excess errors)
FAIL: gcc.target/arm/neon/vqnegQs32.c (test for excess errors)
FAIL: gcc.target/arm/neon/vqnegQs8.c (test for excess errors)
FAIL: gcc.target/arm/neon/vqnegs16.c (test for excess errors)
FAIL: gcc.target/arm/neon/vqnegs32.c (test for excess errors)
FAIL: gcc.target/arm/neon/vqnegs8.c (test for excess errors)
FAIL: gcc.target/arm/neon/vqshlQ_ns16.c (test for excess errors)
FAIL: gcc.target/arm/neon/vqshlQ_ns32.c (test for excess errors)
FAIL: gcc.target/arm/neon/vqshlQ_ns64.c (test for excess errors)
FAIL: gcc.target/arm/neon/vqshlQ_ns8.c (test for excess errors)
FAIL: gcc.target/arm/neon/vqshlQ_nu16.c (test for excess errors)
FAIL: gcc.target/arm/neon/vqshlQ_nu32.c (test for excess errors)
FAIL: gcc.target/arm/neon/vqshlQ_nu64.c (test for excess errors)
FAIL: gcc.target/arm/neon/vqshlQ_nu8.c (test for excess errors)
FAIL: gcc.target/arm/neon/vqshlQs16.c (test for excess errors)
FAIL: gcc.target/arm/neon/vqshlQs32.c (test for excess errors)
FAIL: gcc.target/arm/neon/vqshlQs64.c (test for excess errors)
FAIL: gcc.target/arm/neon/vqshlQs8.c (test for excess errors)
FAIL: gcc.target/arm/neon/vqshlQu16.c (test for excess errors)
FAIL: gcc.target/arm/neon/vqshlQu32.c (test for excess errors)
FAIL: gcc.target/arm/neon/vqshlQu64.c (test for excess errors)
FAIL: gcc.target/arm/neon/vqshlQu8.c (test for excess errors)
FAIL: gcc.target/arm/neon/vqshl_ns16.c (test for excess errors)
FAIL: gcc.target/arm/neon/vqshl_ns32.c (test for excess errors)
FAIL: gcc.target/arm/neon/vqshl_ns64.c (test for excess errors)
FAIL: gcc.target/arm/neon/vqshl_ns8.c (test for excess errors)
FAIL: gcc.target/arm/neon/vqshl_nu16.c (test for excess errors)
FAIL: gcc.target/arm/neon/vqshl_nu32.c (test for excess errors)
FAIL: gcc.target/arm/neon/vqshl_nu64.c (test for excess errors)
FAIL: gcc.target/arm/neon/vqshl_nu8.c (test for excess errors)
FAIL: gcc.target/arm/neon/vqshls16.c (test for excess errors)
FAIL: gcc.target/arm/neon/vqshls32.c (test for excess errors)
FAIL: gcc.target/arm/neon/vqshls64.c (test for excess errors)
FAIL: gcc.target/arm/neon/vqshls8.c (test for excess errors)
FAIL: gcc.target/arm/neon/vqshlu16.c (test for excess errors)
FAIL: gcc.target/arm/neon/vqshlu32.c (test for excess errors)
FAIL: gcc.target/arm/neon/vqshlu64.c (test for excess errors)
FAIL: gcc.target/arm/neon/vqshlu8.c (test for excess errors)
FAIL: gcc.target/arm/neon/vqshluQ_ns16.c (test for excess errors)
FAIL: gcc.target/arm/neon/vqshluQ_ns32.c (test for excess errors)
FAIL: gcc.target/arm/neon/vqshluQ_ns64.c (test for excess errors)
FAIL: gcc.target/arm/neon/vqshluQ_ns8.c (test for excess errors)
FAIL: gcc.target/arm/neon/vqshlu_ns16.c (test for excess errors)
FAIL: gcc.target/arm/neon/vqshlu_ns32.c (test for excess errors)
FAIL: gcc.target/arm/neon/vqshlu_ns64.c (test for excess errors)
FAIL: gcc.target/arm/neon/vqshlu_ns8.c (test for excess errors)
FAIL: gcc.target/arm/neon/vqshrn_ns16.c (test for excess errors)
FAIL: gcc.target/arm/neon/vqshrn_ns32.c (test for excess errors)
FAIL: gcc.target/arm/neon/vqshrn_ns64.c (test for excess errors)
FAIL: gcc.target/arm/neon/vqshrn_nu16.c (test for excess errors)
FAIL: gcc.target/arm/neon/vqshrn_nu32.c (test for excess errors)
FAIL: gcc.target/arm/neon/vqshrn_nu64.c (test for excess errors)
FAIL: gcc.target/arm/neon/vqshrun_ns16.c (test for excess errors)
FAIL: gcc.target/arm/neon/vqshrun_ns32.c (test for excess errors)
FAIL: gcc.target/arm/neon/vqshrun_ns64.c (test for excess errors)
FAIL: gcc.target/arm/neon/vqsubQs16.c (test for excess errors)
FAIL: gcc.target/arm/neon/vqsubQs32.c (test for excess errors)
FAIL: gcc.target/arm/neon/vqsubQs64.c (test for excess errors)
FAIL: gcc.target/arm/neon/vqsubQs8.c (test for excess errors)
FAIL: gcc.target/arm/neon/vqsubQu16.c (test for excess errors)
FAIL: gcc.target/arm/neon/vqsubQu32.c (test for excess errors)
FAIL: gcc.target/arm/neon/vqsubQu64.c (test for excess errors)
FAIL: gcc.target/arm/neon/vqsubQu8.c (test for excess errors)
FAIL: gcc.target/arm/neon/vqsubs16.c (test for excess errors)
FAIL: gcc.target/arm/neon/vqsubs32.c (test for excess errors)
FAIL: gcc.target/arm/neon/vqsubs64.c (test for excess errors)
FAIL: gcc.target/arm/neon/vqsubs8.c (test for excess errors)
FAIL: gcc.target/arm/neon/vqsubu16.c (test for excess errors)
FAIL: gcc.target/arm/neon/vqsubu32.c (test for excess errors)
FAIL: gcc.target/arm/neon/vqsubu64.c (test for excess errors)
FAIL: gcc.target/arm/neon/vqsubu8.c (test for excess errors)
FAIL: gcc.target/arm/neon/vrecpeQf32.c (test for excess errors)
FAIL: gcc.target/arm/neon/vrecpeQu32.c (test for excess errors)
FAIL: gcc.target/arm/neon/vrecpef32.c (test for excess errors)
FAIL: gcc.target/arm/neon/vrecpeu32.c (test for excess errors)
FAIL: gcc.target/arm/neon/vrecpsQf32.c (test for excess errors)
FAIL: gcc.target/arm/neon/vrecpsf32.c (test for excess errors)
FAIL: gcc.target/arm/neon/vreinterpretQf32_p16.c (test for excess errors)
FAIL: gcc.target/arm/neon/vreinterpretQf32_p8.c (test for excess errors)
FAIL: gcc.target/arm/neon/vreinterpretQf32_s16.c (test for excess errors)
FAIL: gcc.target/arm/neon/vreinterpretQf32_s32.c (test for excess errors)
FAIL: gcc.target/arm/neon/vreinterpretQf32_s64.c (test for excess errors)
FAIL: gcc.target/arm/neon/vreinterpretQf32_s8.c (test for excess errors)
FAIL: gcc.target/arm/neon/vreinterpretQf32_u16.c (test for excess errors)
FAIL: gcc.target/arm/neon/vreinterpretQf32_u32.c (test for excess errors)
FAIL: gcc.target/arm/neon/vreinterpretQf32_u64.c (test for excess errors)
FAIL: gcc.target/arm/neon/vreinterpretQf32_u8.c (test for excess errors)
FAIL: gcc.target/arm/neon/vreinterpretQp16_f32.c (test for excess errors)
FAIL: gcc.target/arm/neon/vreinterpretQp16_p8.c (test for excess errors)
FAIL: gcc.target/arm/neon/vreinterpretQp16_s16.c (test for excess errors)
FAIL: gcc.target/arm/neon/vreinterpretQp16_s32.c (test for excess errors)
FAIL: gcc.target/arm/neon/vreinterpretQp16_s64.c (test for excess errors)
FAIL: gcc.target/arm/neon/vreinterpretQp16_s8.c (test for excess errors)
FAIL: gcc.target/arm/neon/vreinterpretQp16_u16.c (test for excess errors)
FAIL: gcc.target/arm/neon/vreinterpretQp16_u32.c (test for excess errors)
FAIL: gcc.target/arm/neon/vreinterpretQp16_u64.c (test for excess errors)
FAIL: gcc.target/arm/neon/vreinterpretQp16_u8.c (test for excess errors)
FAIL: gcc.target/arm/neon/vreinterpretQp8_f32.c (test for excess errors)
FAIL: gcc.target/arm/neon/vreinterpretQp8_p16.c (test for excess errors)
FAIL: gcc.target/arm/neon/vreinterpretQp8_s16.c (test for excess errors)
FAIL: gcc.target/arm/neon/vreinterpretQp8_s32.c (test for excess errors)
FAIL: gcc.target/arm/neon/vreinterpretQp8_s64.c (test for excess errors)
FAIL: gcc.target/arm/neon/vreinterpretQp8_s8.c (test for excess errors)
FAIL: gcc.target/arm/neon/vreinterpretQp8_u16.c (test for excess errors)
FAIL: gcc.target/arm/neon/vreinterpretQp8_u32.c (test for excess errors)
FAIL: gcc.target/arm/neon/vreinterpretQp8_u64.c (test for excess errors)
FAIL: gcc.target/arm/neon/vreinterpretQp8_u8.c (test for excess errors)
FAIL: gcc.target/arm/neon/vreinterpretQs16_f32.c (test for excess errors)
FAIL: gcc.target/arm/neon/vreinterpretQs16_p16.c (test for excess errors)
FAIL: gcc.target/arm/neon/vreinterpretQs16_p8.c (test for excess errors)
FAIL: gcc.target/arm/neon/vreinterpretQs16_s32.c (test for excess errors)
FAIL: gcc.target/arm/neon/vreinterpretQs16_s64.c (test for excess errors)
FAIL: gcc.target/arm/neon/vreinterpretQs16_s8.c (test for excess errors)
FAIL: gcc.target/arm/neon/vreinterpretQs16_u16.c (test for excess errors)
FAIL: gcc.target/arm/neon/vreinterpretQs16_u32.c (test for excess errors)
FAIL: gcc.target/arm/neon/vreinterpretQs16_u64.c (test for excess errors)
FAIL: gcc.target/arm/neon/vreinterpretQs16_u8.c (test for excess errors)
FAIL: gcc.target/arm/neon/vreinterpretQs32_f32.c (test for excess errors)
FAIL: gcc.target/arm/neon/vreinterpretQs32_p16.c (test for excess errors)
FAIL: gcc.target/arm/neon/vreinterpretQs32_p8.c (test for excess errors)
FAIL: gcc.target/arm/neon/vreinterpretQs32_s16.c (test for excess errors)
FAIL: gcc.target/arm/neon/vreinterpretQs32_s64.c (test for excess errors)
FAIL: gcc.target/arm/neon/vreinterpretQs32_s8.c (test for excess errors)
FAIL: gcc.target/arm/neon/vreinterpretQs32_u16.c (test for excess errors)
FAIL: gcc.target/arm/neon/vreinterpretQs32_u32.c (test for excess errors)
FAIL: gcc.target/arm/neon/vreinterpretQs32_u64.c (test for excess errors)
FAIL: gcc.target/arm/neon/vreinterpretQs32_u8.c (test for excess errors)
FAIL: gcc.target/arm/neon/vreinterpretQs64_f32.c (test for excess errors)
FAIL: gcc.target/arm/neon/vreinterpretQs64_p16.c (test for excess errors)
FAIL: gcc.target/arm/neon/vreinterpretQs64_p8.c (test for excess errors)
FAIL: gcc.target/arm/neon/vreinterpretQs64_s16.c (test for excess errors)
FAIL: gcc.target/arm/neon/vreinterpretQs64_s32.c (test for excess errors)
FAIL: gcc.target/arm/neon/vreinterpretQs64_s8.c (test for excess errors)
FAIL: gcc.target/arm/neon/vreinterpretQs64_u16.c (test for excess errors)
FAIL: gcc.target/arm/neon/vreinterpretQs64_u32.c (test for excess errors)
FAIL: gcc.target/arm/neon/vreinterpretQs64_u64.c (test for excess errors)
FAIL: gcc.target/arm/neon/vreinterpretQs64_u8.c (test for excess errors)
FAIL: gcc.target/arm/neon/vreinterpretQs8_f32.c (test for excess errors)
FAIL: gcc.target/arm/neon/vreinterpretQs8_p16.c (test for excess errors)
FAIL: gcc.target/arm/neon/vreinterpretQs8_p8.c (test for excess errors)
FAIL: gcc.target/arm/neon/vreinterpretQs8_s16.c (test for excess errors)
FAIL: gcc.target/arm/neon/vreinterpretQs8_s32.c (test for excess errors)
FAIL: gcc.target/arm/neon/vreinterpretQs8_s64.c (test for excess errors)
FAIL: gcc.target/arm/neon/vreinterpretQs8_u16.c (test for excess errors)
FAIL: gcc.target/arm/neon/vreinterpretQs8_u32.c (test for excess errors)
FAIL: gcc.target/arm/neon/vreinterpretQs8_u64.c (test for excess errors)
FAIL: gcc.target/arm/neon/vreinterpretQs8_u8.c (test for excess errors)
FAIL: gcc.target/arm/neon/vreinterpretQu16_f32.c (test for excess errors)
FAIL: gcc.target/arm/neon/vreinterpretQu16_p16.c (test for excess errors)
FAIL: gcc.target/arm/neon/vreinterpretQu16_p8.c (test for excess errors)
FAIL: gcc.target/arm/neon/vreinterpretQu16_s16.c (test for excess errors)
FAIL: gcc.target/arm/neon/vreinterpretQu16_s32.c (test for excess errors)
FAIL: gcc.target/arm/neon/vreinterpretQu16_s64.c (test for excess errors)
FAIL: gcc.target/arm/neon/vreinterpretQu16_s8.c (test for excess errors)
FAIL: gcc.target/arm/neon/vreinterpretQu16_u32.c (test for excess errors)
FAIL: gcc.target/arm/neon/vreinterpretQu16_u64.c (test for excess errors)
FAIL: gcc.target/arm/neon/vreinterpretQu16_u8.c (test for excess errors)
FAIL: gcc.target/arm/neon/vreinterpretQu32_f32.c (test for excess errors)
FAIL: gcc.target/arm/neon/vreinterpretQu32_p16.c (test for excess errors)
FAIL: gcc.target/arm/neon/vreinterpretQu32_p8.c (test for excess errors)
FAIL: gcc.target/arm/neon/vreinterpretQu32_s16.c (test for excess errors)
FAIL: gcc.target/arm/neon/vreinterpretQu32_s32.c (test for excess errors)
FAIL: gcc.target/arm/neon/vreinterpretQu32_s64.c (test for excess errors)
FAIL: gcc.target/arm/neon/vreinterpretQu32_s8.c (test for excess errors)
FAIL: gcc.target/arm/neon/vreinterpretQu32_u16.c (test for excess errors)
FAIL: gcc.target/arm/neon/vreinterpretQu32_u64.c (test for excess errors)
FAIL: gcc.target/arm/neon/vreinterpretQu32_u8.c (test for excess errors)
FAIL: gcc.target/arm/neon/vreinterpretQu64_f32.c (test for excess errors)
FAIL: gcc.target/arm/neon/vreinterpretQu64_p16.c (test for excess errors)
FAIL: gcc.target/arm/neon/vreinterpretQu64_p8.c (test for excess errors)
FAIL: gcc.target/arm/neon/vreinterpretQu64_s16.c (test for excess errors)
FAIL: gcc.target/arm/neon/vreinterpretQu64_s32.c (test for excess errors)
FAIL: gcc.target/arm/neon/vreinterpretQu64_s64.c (test for excess errors)
FAIL: gcc.target/arm/neon/vreinterpretQu64_s8.c (test for excess errors)
FAIL: gcc.target/arm/neon/vreinterpretQu64_u16.c (test for excess errors)
FAIL: gcc.target/arm/neon/vreinterpretQu64_u32.c (test for excess errors)
FAIL: gcc.target/arm/neon/vreinterpretQu64_u8.c (test for excess errors)
FAIL: gcc.target/arm/neon/vreinterpretQu8_f32.c (test for excess errors)
FAIL: gcc.target/arm/neon/vreinterpretQu8_p16.c (test for excess errors)
FAIL: gcc.target/arm/neon/vreinterpretQu8_p8.c (test for excess errors)
FAIL: gcc.target/arm/neon/vreinterpretQu8_s16.c (test for excess errors)
FAIL: gcc.target/arm/neon/vreinterpretQu8_s32.c (test for excess errors)
FAIL: gcc.target/arm/neon/vreinterpretQu8_s64.c (test for excess errors)
FAIL: gcc.target/arm/neon/vreinterpretQu8_s8.c (test for excess errors)
FAIL: gcc.target/arm/neon/vreinterpretQu8_u16.c (test for excess errors)
FAIL: gcc.target/arm/neon/vreinterpretQu8_u32.c (test for excess errors)
FAIL: gcc.target/arm/neon/vreinterpretQu8_u64.c (test for excess errors)
FAIL: gcc.target/arm/neon/vreinterpretf32_p16.c (test for excess errors)
FAIL: gcc.target/arm/neon/vreinterpretf32_p8.c (test for excess errors)
FAIL: gcc.target/arm/neon/vreinterpretf32_s16.c (test for excess errors)
FAIL: gcc.target/arm/neon/vreinterpretf32_s32.c (test for excess errors)
FAIL: gcc.target/arm/neon/vreinterpretf32_s64.c (test for excess errors)
FAIL: gcc.target/arm/neon/vreinterpretf32_s8.c (test for excess errors)
FAIL: gcc.target/arm/neon/vreinterpretf32_u16.c (test for excess errors)
FAIL: gcc.target/arm/neon/vreinterpretf32_u32.c (test for excess errors)
FAIL: gcc.target/arm/neon/vreinterpretf32_u64.c (test for excess errors)
FAIL: gcc.target/arm/neon/vreinterpretf32_u8.c (test for excess errors)
FAIL: gcc.target/arm/neon/vreinterpretp16_f32.c (test for excess errors)
FAIL: gcc.target/arm/neon/vreinterpretp16_p8.c (test for excess errors)
FAIL: gcc.target/arm/neon/vreinterpretp16_s16.c (test for excess errors)
FAIL: gcc.target/arm/neon/vreinterpretp16_s32.c (test for excess errors)
FAIL: gcc.target/arm/neon/vreinterpretp16_s64.c (test for excess errors)
FAIL: gcc.target/arm/neon/vreinterpretp16_s8.c (test for excess errors)
FAIL: gcc.target/arm/neon/vreinterpretp16_u16.c (test for excess errors)
FAIL: gcc.target/arm/neon/vreinterpretp16_u32.c (test for excess errors)
FAIL: gcc.target/arm/neon/vreinterpretp16_u64.c (test for excess errors)
FAIL: gcc.target/arm/neon/vreinterpretp16_u8.c (test for excess errors)
FAIL: gcc.target/arm/neon/vreinterpretp8_f32.c (test for excess errors)
FAIL: gcc.target/arm/neon/vreinterpretp8_p16.c (test for excess errors)
FAIL: gcc.target/arm/neon/vreinterpretp8_s16.c (test for excess errors)
FAIL: gcc.target/arm/neon/vreinterpretp8_s32.c (test for excess errors)
FAIL: gcc.target/arm/neon/vreinterpretp8_s64.c (test for excess errors)
FAIL: gcc.target/arm/neon/vreinterpretp8_s8.c (test for excess errors)
FAIL: gcc.target/arm/neon/vreinterpretp8_u16.c (test for excess errors)
FAIL: gcc.target/arm/neon/vreinterpretp8_u32.c (test for excess errors)
FAIL: gcc.target/arm/neon/vreinterpretp8_u64.c (test for excess errors)
FAIL: gcc.target/arm/neon/vreinterpretp8_u8.c (test for excess errors)
FAIL: gcc.target/arm/neon/vreinterprets16_f32.c (test for excess errors)
FAIL: gcc.target/arm/neon/vreinterprets16_p16.c (test for excess errors)
FAIL: gcc.target/arm/neon/vreinterprets16_p8.c (test for excess errors)
FAIL: gcc.target/arm/neon/vreinterprets16_s32.c (test for excess errors)
FAIL: gcc.target/arm/neon/vreinterprets16_s64.c (test for excess errors)
FAIL: gcc.target/arm/neon/vreinterprets16_s8.c (test for excess errors)
FAIL: gcc.target/arm/neon/vreinterprets16_u16.c (test for excess errors)
FAIL: gcc.target/arm/neon/vreinterprets16_u32.c (test for excess errors)
FAIL: gcc.target/arm/neon/vreinterprets16_u64.c (test for excess errors)
FAIL: gcc.target/arm/neon/vreinterprets16_u8.c (test for excess errors)
FAIL: gcc.target/arm/neon/vreinterprets32_f32.c (test for excess errors)
FAIL: gcc.target/arm/neon/vreinterprets32_p16.c (test for excess errors)
FAIL: gcc.target/arm/neon/vreinterprets32_p8.c (test for excess errors)
FAIL: gcc.target/arm/neon/vreinterprets32_s16.c (test for excess errors)
FAIL: gcc.target/arm/neon/vreinterprets32_s64.c (test for excess errors)
FAIL: gcc.target/arm/neon/vreinterprets32_s8.c (test for excess errors)
FAIL: gcc.target/arm/neon/vreinterprets32_u16.c (test for excess errors)
FAIL: gcc.target/arm/neon/vreinterprets32_u32.c (test for excess errors)
FAIL: gcc.target/arm/neon/vreinterprets32_u64.c (test for excess errors)
FAIL: gcc.target/arm/neon/vreinterprets32_u8.c (test for excess errors)
FAIL: gcc.target/arm/neon/vreinterprets64_f32.c (test for excess errors)
FAIL: gcc.target/arm/neon/vreinterprets64_p16.c (test for excess errors)
FAIL: gcc.target/arm/neon/vreinterprets64_p8.c (test for excess errors)
FAIL: gcc.target/arm/neon/vreinterprets64_s16.c (test for excess errors)
FAIL: gcc.target/arm/neon/vreinterprets64_s32.c (test for excess errors)
FAIL: gcc.target/arm/neon/vreinterprets64_s8.c (test for excess errors)
FAIL: gcc.target/arm/neon/vreinterprets64_u16.c (test for excess errors)
FAIL: gcc.target/arm/neon/vreinterprets64_u32.c (test for excess errors)
FAIL: gcc.target/arm/neon/vreinterprets64_u8.c (test for excess errors)
FAIL: gcc.target/arm/neon/vreinterprets8_f32.c (test for excess errors)
FAIL: gcc.target/arm/neon/vreinterprets8_p16.c (test for excess errors)
FAIL: gcc.target/arm/neon/vreinterprets8_p8.c (test for excess errors)
FAIL: gcc.target/arm/neon/vreinterprets8_s16.c (test for excess errors)
FAIL: gcc.target/arm/neon/vreinterprets8_s32.c (test for excess errors)
FAIL: gcc.target/arm/neon/vreinterprets8_s64.c (test for excess errors)
FAIL: gcc.target/arm/neon/vreinterprets8_u16.c (test for excess errors)
FAIL: gcc.target/arm/neon/vreinterprets8_u32.c (test for excess errors)
FAIL: gcc.target/arm/neon/vreinterprets8_u64.c (test for excess errors)
FAIL: gcc.target/arm/neon/vreinterprets8_u8.c (test for excess errors)
FAIL: gcc.target/arm/neon/vreinterpretu16_f32.c (test for excess errors)
FAIL: gcc.target/arm/neon/vreinterpretu16_p16.c (test for excess errors)
FAIL: gcc.target/arm/neon/vreinterpretu16_p8.c (test for excess errors)
FAIL: gcc.target/arm/neon/vreinterpretu16_s16.c (test for excess errors)
FAIL: gcc.target/arm/neon/vreinterpretu16_s32.c (test for excess errors)
FAIL: gcc.target/arm/neon/vreinterpretu16_s64.c (test for excess errors)
FAIL: gcc.target/arm/neon/vreinterpretu16_s8.c (test for excess errors)
FAIL: gcc.target/arm/neon/vreinterpretu16_u32.c (test for excess errors)
FAIL: gcc.target/arm/neon/vreinterpretu16_u64.c (test for excess errors)
FAIL: gcc.target/arm/neon/vreinterpretu16_u8.c (test for excess errors)
FAIL: gcc.target/arm/neon/vreinterpretu32_f32.c (test for excess errors)
FAIL: gcc.target/arm/neon/vreinterpretu32_p16.c (test for excess errors)
FAIL: gcc.target/arm/neon/vreinterpretu32_p8.c (test for excess errors)
FAIL: gcc.target/arm/neon/vreinterpretu32_s16.c (test for excess errors)
FAIL: gcc.target/arm/neon/vreinterpretu32_s32.c (test for excess errors)
FAIL: gcc.target/arm/neon/vreinterpretu32_s64.c (test for excess errors)
FAIL: gcc.target/arm/neon/vreinterpretu32_s8.c (test for excess errors)
FAIL: gcc.target/arm/neon/vreinterpretu32_u16.c (test for excess errors)
FAIL: gcc.target/arm/neon/vreinterpretu32_u64.c (test for excess errors)
FAIL: gcc.target/arm/neon/vreinterpretu32_u8.c (test for excess errors)
FAIL: gcc.target/arm/neon/vreinterpretu64_f32.c (test for excess errors)
FAIL: gcc.target/arm/neon/vreinterpretu64_p16.c (test for excess errors)
FAIL: gcc.target/arm/neon/vreinterpretu64_p8.c (test for excess errors)
FAIL: gcc.target/arm/neon/vreinterpretu64_s16.c (test for excess errors)
FAIL: gcc.target/arm/neon/vreinterpretu64_s32.c (test for excess errors)
FAIL: gcc.target/arm/neon/vreinterpretu64_s8.c (test for excess errors)
FAIL: gcc.target/arm/neon/vreinterpretu64_u16.c (test for excess errors)
FAIL: gcc.target/arm/neon/vreinterpretu64_u32.c (test for excess errors)
FAIL: gcc.target/arm/neon/vreinterpretu64_u8.c (test for excess errors)
FAIL: gcc.target/arm/neon/vreinterpretu8_f32.c (test for excess errors)
FAIL: gcc.target/arm/neon/vreinterpretu8_p16.c (test for excess errors)
FAIL: gcc.target/arm/neon/vreinterpretu8_p8.c (test for excess errors)
FAIL: gcc.target/arm/neon/vreinterpretu8_s16.c (test for excess errors)
FAIL: gcc.target/arm/neon/vreinterpretu8_s32.c (test for excess errors)
FAIL: gcc.target/arm/neon/vreinterpretu8_s64.c (test for excess errors)
FAIL: gcc.target/arm/neon/vreinterpretu8_s8.c (test for excess errors)
FAIL: gcc.target/arm/neon/vreinterpretu8_u16.c (test for excess errors)
FAIL: gcc.target/arm/neon/vreinterpretu8_u32.c (test for excess errors)
FAIL: gcc.target/arm/neon/vreinterpretu8_u64.c (test for excess errors)
FAIL: gcc.target/arm/neon/vrev16Qp8.c (test for excess errors)
FAIL: gcc.target/arm/neon/vrev16Qs8.c (test for excess errors)
FAIL: gcc.target/arm/neon/vrev16Qu8.c (test for excess errors)
FAIL: gcc.target/arm/neon/vrev16p8.c (test for excess errors)
FAIL: gcc.target/arm/neon/vrev16s8.c (test for excess errors)
FAIL: gcc.target/arm/neon/vrev16u8.c (test for excess errors)
FAIL: gcc.target/arm/neon/vrev32Qp16.c (test for excess errors)
FAIL: gcc.target/arm/neon/vrev32Qp8.c (test for excess errors)
FAIL: gcc.target/arm/neon/vrev32Qs16.c (test for excess errors)
FAIL: gcc.target/arm/neon/vrev32Qs8.c (test for excess errors)
FAIL: gcc.target/arm/neon/vrev32Qu16.c (test for excess errors)
FAIL: gcc.target/arm/neon/vrev32Qu8.c (test for excess errors)
FAIL: gcc.target/arm/neon/vrev32p16.c (test for excess errors)
FAIL: gcc.target/arm/neon/vrev32p8.c (test for excess errors)
FAIL: gcc.target/arm/neon/vrev32s16.c (test for excess errors)
FAIL: gcc.target/arm/neon/vrev32s8.c (test for excess errors)
FAIL: gcc.target/arm/neon/vrev32u16.c (test for excess errors)
FAIL: gcc.target/arm/neon/vrev32u8.c (test for excess errors)
FAIL: gcc.target/arm/neon/vrev64Qf32.c (test for excess errors)
FAIL: gcc.target/arm/neon/vrev64Qp16.c (test for excess errors)
FAIL: gcc.target/arm/neon/vrev64Qp8.c (test for excess errors)
FAIL: gcc.target/arm/neon/vrev64Qs16.c (test for excess errors)
FAIL: gcc.target/arm/neon/vrev64Qs32.c (test for excess errors)
FAIL: gcc.target/arm/neon/vrev64Qs8.c (test for excess errors)
FAIL: gcc.target/arm/neon/vrev64Qu16.c (test for excess errors)
FAIL: gcc.target/arm/neon/vrev64Qu32.c (test for excess errors)
FAIL: gcc.target/arm/neon/vrev64Qu8.c (test for excess errors)
FAIL: gcc.target/arm/neon/vrev64f32.c (test for excess errors)
FAIL: gcc.target/arm/neon/vrev64p16.c (test for excess errors)
FAIL: gcc.target/arm/neon/vrev64p8.c (test for excess errors)
FAIL: gcc.target/arm/neon/vrev64s16.c (test for excess errors)
FAIL: gcc.target/arm/neon/vrev64s32.c (test for excess errors)
FAIL: gcc.target/arm/neon/vrev64s8.c (test for excess errors)
FAIL: gcc.target/arm/neon/vrev64u16.c (test for excess errors)
FAIL: gcc.target/arm/neon/vrev64u32.c (test for excess errors)
FAIL: gcc.target/arm/neon/vrev64u8.c (test for excess errors)
FAIL: gcc.target/arm/neon/vrsqrteQf32.c (test for excess errors)
FAIL: gcc.target/arm/neon/vrsqrteQu32.c (test for excess errors)
FAIL: gcc.target/arm/neon/vrsqrtef32.c (test for excess errors)
FAIL: gcc.target/arm/neon/vrsqrteu32.c (test for excess errors)
FAIL: gcc.target/arm/neon/vrsqrtsQf32.c (test for excess errors)
FAIL: gcc.target/arm/neon/vrsqrtsf32.c (test for excess errors)
FAIL: gcc.target/arm/neon/vsetQ_lanef32.c (test for excess errors)
FAIL: gcc.target/arm/neon/vsetQ_lanep16.c (internal compiler error)
FAIL: gcc.target/arm/neon/vsetQ_lanep16.c (test for excess errors)
FAIL: gcc.target/arm/neon/vsetQ_lanep16.c scan-assembler vmov.16[ \\t]+[dD][0-9]+\\\\[[0-9]+\\\\], [rR][0-9]+!?([ \\t]+@[a-zA-Z0-9 ]+)?\\n
FAIL: gcc.target/arm/neon/vsetQ_lanep8.c (internal compiler error)
FAIL: gcc.target/arm/neon/vsetQ_lanep8.c (test for excess errors)
FAIL: gcc.target/arm/neon/vsetQ_lanep8.c scan-assembler vmov.8[ \\t]+[dD][0-9]+\\\\[[0-9]+\\\\], [rR][0-9]+!?([ \\t]+@[a-zA-Z0-9 ]+)?\\n
FAIL: gcc.target/arm/neon/vsetQ_lanes16.c (internal compiler error)
FAIL: gcc.target/arm/neon/vsetQ_lanes16.c (test for excess errors)
FAIL: gcc.target/arm/neon/vsetQ_lanes16.c scan-assembler vmov.16[ \\t]+[dD][0-9]+\\\\[[0-9]+\\\\], [rR][0-9]+!?([ \\t]+@[a-zA-Z0-9 ]+)?\\n
FAIL: gcc.target/arm/neon/vsetQ_lanes32.c (test for excess errors)
FAIL: gcc.target/arm/neon/vsetQ_lanes64.c (test for excess errors)
FAIL: gcc.target/arm/neon/vsetQ_lanes8.c (internal compiler error)
FAIL: gcc.target/arm/neon/vsetQ_lanes8.c (test for excess errors)
FAIL: gcc.target/arm/neon/vsetQ_lanes8.c scan-assembler vmov.8[ \\t]+[dD][0-9]+\\\\[[0-9]+\\\\], [rR][0-9]+!?([ \\t]+@[a-zA-Z0-9 ]+)?\\n
FAIL: gcc.target/arm/neon/vsetQ_laneu16.c (internal compiler error)
FAIL: gcc.target/arm/neon/vsetQ_laneu16.c (test for excess errors)
FAIL: gcc.target/arm/neon/vsetQ_laneu16.c scan-assembler vmov.16[ \\t]+[dD][0-9]+\\\\[[0-9]+\\\\], [rR][0-9]+!?([ \\t]+@[a-zA-Z0-9 ]+)?\\n
FAIL: gcc.target/arm/neon/vsetQ_laneu32.c (test for excess errors)
FAIL: gcc.target/arm/neon/vsetQ_laneu64.c (test for excess errors)
FAIL: gcc.target/arm/neon/vsetQ_laneu8.c (internal compiler error)
FAIL: gcc.target/arm/neon/vsetQ_laneu8.c (test for excess errors)
FAIL: gcc.target/arm/neon/vsetQ_laneu8.c scan-assembler vmov.8[ \\t]+[dD][0-9]+\\\\[[0-9]+\\\\], [rR][0-9]+!?([ \\t]+@[a-zA-Z0-9 ]+)?\\n
FAIL: gcc.target/arm/neon/vset_lanef32.c (test for excess errors)
FAIL: gcc.target/arm/neon/vset_lanep16.c (internal compiler error)
FAIL: gcc.target/arm/neon/vset_lanep16.c (test for excess errors)
FAIL: gcc.target/arm/neon/vset_lanep16.c scan-assembler vmov.16[ \\t]+[dD][0-9]+\\\\[[0-9]+\\\\], [rR][0-9]+!?([ \\t]+@[a-zA-Z0-9 ]+)?\\n
FAIL: gcc.target/arm/neon/vset_lanep8.c (internal compiler error)
FAIL: gcc.target/arm/neon/vset_lanep8.c (test for excess errors)
FAIL: gcc.target/arm/neon/vset_lanep8.c scan-assembler vmov.8[ \\t]+[dD][0-9]+\\\\[[0-9]+\\\\], [rR][0-9]+!?([ \\t]+@[a-zA-Z0-9 ]+)?\\n
FAIL: gcc.target/arm/neon/vset_lanes16.c (internal compiler error)
FAIL: gcc.target/arm/neon/vset_lanes16.c (test for excess errors)
FAIL: gcc.target/arm/neon/vset_lanes16.c scan-assembler vmov.16[ \\t]+[dD][0-9]+\\\\[[0-9]+\\\\], [rR][0-9]+!?([ \\t]+@[a-zA-Z0-9 ]+)?\\n
FAIL: gcc.target/arm/neon/vset_lanes32.c (test for excess errors)
FAIL: gcc.target/arm/neon/vset_lanes64.c (test for excess errors)
FAIL: gcc.target/arm/neon/vset_lanes8.c (internal compiler error)
FAIL: gcc.target/arm/neon/vset_lanes8.c (test for excess errors)
FAIL: gcc.target/arm/neon/vset_lanes8.c scan-assembler vmov.8[ \\t]+[dD][0-9]+\\\\[[0-9]+\\\\], [rR][0-9]+!?([ \\t]+@[a-zA-Z0-9 ]+)?\\n
FAIL: gcc.target/arm/neon/vset_laneu16.c (internal compiler error)
FAIL: gcc.target/arm/neon/vset_laneu16.c (test for excess errors)
FAIL: gcc.target/arm/neon/vset_laneu16.c scan-assembler vmov.16[ \\t]+[dD][0-9]+\\\\[[0-9]+\\\\], [rR][0-9]+!?([ \\t]+@[a-zA-Z0-9 ]+)?\\n
FAIL: gcc.target/arm/neon/vset_laneu32.c (test for excess errors)
FAIL: gcc.target/arm/neon/vset_laneu64.c (test for excess errors)
FAIL: gcc.target/arm/neon/vset_laneu8.c (internal compiler error)
FAIL: gcc.target/arm/neon/vset_laneu8.c (test for excess errors)
FAIL: gcc.target/arm/neon/vset_laneu8.c scan-assembler vmov.8[ \\t]+[dD][0-9]+\\\\[[0-9]+\\\\], [rR][0-9]+!?([ \\t]+@[a-zA-Z0-9 ]+)?\\n
FAIL: gcc.target/arm/neon/vshlQ_ns16.c (test for excess errors)
FAIL: gcc.target/arm/neon/vshlQ_ns32.c (test for excess errors)
FAIL: gcc.target/arm/neon/vshlQ_ns64.c (test for excess errors)
FAIL: gcc.target/arm/neon/vshlQ_ns8.c (test for excess errors)
FAIL: gcc.target/arm/neon/vshlQ_nu16.c (test for excess errors)
FAIL: gcc.target/arm/neon/vshlQ_nu32.c (test for excess errors)
FAIL: gcc.target/arm/neon/vshlQ_nu64.c (test for excess errors)
FAIL: gcc.target/arm/neon/vshlQ_nu8.c (test for excess errors)
FAIL: gcc.target/arm/neon/vshlQs16.c (test for excess errors)
FAIL: gcc.target/arm/neon/vshlQs32.c (test for excess errors)
FAIL: gcc.target/arm/neon/vshlQs64.c (test for excess errors)
FAIL: gcc.target/arm/neon/vshlQs8.c (test for excess errors)
FAIL: gcc.target/arm/neon/vshlQu16.c (test for excess errors)
FAIL: gcc.target/arm/neon/vshlQu32.c (test for excess errors)
FAIL: gcc.target/arm/neon/vshlQu64.c (test for excess errors)
FAIL: gcc.target/arm/neon/vshlQu8.c (test for excess errors)
FAIL: gcc.target/arm/neon/vshl_ns16.c (test for excess errors)
FAIL: gcc.target/arm/neon/vshl_ns32.c (test for excess errors)
FAIL: gcc.target/arm/neon/vshl_ns64.c (test for excess errors)
FAIL: gcc.target/arm/neon/vshl_ns8.c (test for excess errors)
FAIL: gcc.target/arm/neon/vshl_nu16.c (test for excess errors)
FAIL: gcc.target/arm/neon/vshl_nu32.c (test for excess errors)
FAIL: gcc.target/arm/neon/vshl_nu64.c (test for excess errors)
FAIL: gcc.target/arm/neon/vshl_nu8.c (test for excess errors)
FAIL: gcc.target/arm/neon/vshll_ns16.c (test for excess errors)
FAIL: gcc.target/arm/neon/vshll_ns32.c (test for excess errors)
FAIL: gcc.target/arm/neon/vshll_ns8.c (test for excess errors)
FAIL: gcc.target/arm/neon/vshll_nu16.c (test for excess errors)
FAIL: gcc.target/arm/neon/vshll_nu32.c (test for excess errors)
FAIL: gcc.target/arm/neon/vshll_nu8.c (test for excess errors)
FAIL: gcc.target/arm/neon/vshls16.c (test for excess errors)
FAIL: gcc.target/arm/neon/vshls32.c (test for excess errors)
FAIL: gcc.target/arm/neon/vshls64.c (test for excess errors)
FAIL: gcc.target/arm/neon/vshls8.c (test for excess errors)
FAIL: gcc.target/arm/neon/vshlu16.c (test for excess errors)
FAIL: gcc.target/arm/neon/vshlu32.c (test for excess errors)
FAIL: gcc.target/arm/neon/vshlu64.c (test for excess errors)
FAIL: gcc.target/arm/neon/vshlu8.c (test for excess errors)
FAIL: gcc.target/arm/neon/vshrQ_ns16.c (test for excess errors)
FAIL: gcc.target/arm/neon/vshrQ_ns32.c (test for excess errors)
FAIL: gcc.target/arm/neon/vshrQ_ns64.c (test for excess errors)
FAIL: gcc.target/arm/neon/vshrQ_ns8.c (test for excess errors)
FAIL: gcc.target/arm/neon/vshrQ_nu16.c (test for excess errors)
FAIL: gcc.target/arm/neon/vshrQ_nu32.c (test for excess errors)
FAIL: gcc.target/arm/neon/vshrQ_nu64.c (test for excess errors)
FAIL: gcc.target/arm/neon/vshrQ_nu8.c (test for excess errors)
FAIL: gcc.target/arm/neon/vshr_ns16.c (test for excess errors)
FAIL: gcc.target/arm/neon/vshr_ns32.c (test for excess errors)
FAIL: gcc.target/arm/neon/vshr_ns64.c (test for excess errors)
FAIL: gcc.target/arm/neon/vshr_ns8.c (test for excess errors)
FAIL: gcc.target/arm/neon/vshr_nu16.c (test for excess errors)
FAIL: gcc.target/arm/neon/vshr_nu32.c (test for excess errors)
FAIL: gcc.target/arm/neon/vshr_nu64.c (test for excess errors)
FAIL: gcc.target/arm/neon/vshr_nu8.c (test for excess errors)
FAIL: gcc.target/arm/neon/vshrn_ns16.c (test for excess errors)
FAIL: gcc.target/arm/neon/vshrn_ns32.c (test for excess errors)
FAIL: gcc.target/arm/neon/vshrn_ns64.c (test for excess errors)
FAIL: gcc.target/arm/neon/vshrn_nu16.c (test for excess errors)
FAIL: gcc.target/arm/neon/vshrn_nu32.c (test for excess errors)
FAIL: gcc.target/arm/neon/vshrn_nu64.c (test for excess errors)
FAIL: gcc.target/arm/neon/vsliQ_np16.c (test for excess errors)
FAIL: gcc.target/arm/neon/vsliQ_np8.c (test for excess errors)
FAIL: gcc.target/arm/neon/vsliQ_ns16.c (test for excess errors)
FAIL: gcc.target/arm/neon/vsliQ_ns32.c (test for excess errors)
FAIL: gcc.target/arm/neon/vsliQ_ns64.c (test for excess errors)
FAIL: gcc.target/arm/neon/vsliQ_ns8.c (test for excess errors)
FAIL: gcc.target/arm/neon/vsliQ_nu16.c (test for excess errors)
FAIL: gcc.target/arm/neon/vsliQ_nu32.c (test for excess errors)
FAIL: gcc.target/arm/neon/vsliQ_nu64.c (test for excess errors)
FAIL: gcc.target/arm/neon/vsliQ_nu8.c (test for excess errors)
FAIL: gcc.target/arm/neon/vsli_np16.c (test for excess errors)
FAIL: gcc.target/arm/neon/vsli_np8.c (test for excess errors)
FAIL: gcc.target/arm/neon/vsli_ns16.c (test for excess errors)
FAIL: gcc.target/arm/neon/vsli_ns32.c (test for excess errors)
FAIL: gcc.target/arm/neon/vsli_ns64.c (test for excess errors)
FAIL: gcc.target/arm/neon/vsli_ns8.c (test for excess errors)
FAIL: gcc.target/arm/neon/vsli_nu16.c (test for excess errors)
FAIL: gcc.target/arm/neon/vsli_nu32.c (test for excess errors)
FAIL: gcc.target/arm/neon/vsli_nu64.c (test for excess errors)
FAIL: gcc.target/arm/neon/vsli_nu8.c (test for excess errors)
FAIL: gcc.target/arm/neon/vsraQ_ns16.c (test for excess errors)
FAIL: gcc.target/arm/neon/vsraQ_ns32.c (test for excess errors)
FAIL: gcc.target/arm/neon/vsraQ_ns64.c (test for excess errors)
FAIL: gcc.target/arm/neon/vsraQ_ns8.c (test for excess errors)
FAIL: gcc.target/arm/neon/vsraQ_nu16.c (test for excess errors)
FAIL: gcc.target/arm/neon/vsraQ_nu32.c (test for excess errors)
FAIL: gcc.target/arm/neon/vsraQ_nu64.c (test for excess errors)
FAIL: gcc.target/arm/neon/vsraQ_nu8.c (test for excess errors)
FAIL: gcc.target/arm/neon/vsra_ns16.c (test for excess errors)
FAIL: gcc.target/arm/neon/vsra_ns32.c (test for excess errors)
FAIL: gcc.target/arm/neon/vsra_ns64.c (test for excess errors)
FAIL: gcc.target/arm/neon/vsra_ns8.c (test for excess errors)
FAIL: gcc.target/arm/neon/vsra_nu16.c (test for excess errors)
FAIL: gcc.target/arm/neon/vsra_nu32.c (test for excess errors)
FAIL: gcc.target/arm/neon/vsra_nu64.c (test for excess errors)
FAIL: gcc.target/arm/neon/vsra_nu8.c (test for excess errors)
FAIL: gcc.target/arm/neon/vsriQ_np16.c (test for excess errors)
FAIL: gcc.target/arm/neon/vsriQ_np8.c (test for excess errors)
FAIL: gcc.target/arm/neon/vsriQ_ns16.c (test for excess errors)
FAIL: gcc.target/arm/neon/vsriQ_ns32.c (test for excess errors)
FAIL: gcc.target/arm/neon/vsriQ_ns64.c (test for excess errors)
FAIL: gcc.target/arm/neon/vsriQ_ns8.c (test for excess errors)
FAIL: gcc.target/arm/neon/vsriQ_nu16.c (test for excess errors)
FAIL: gcc.target/arm/neon/vsriQ_nu32.c (test for excess errors)
FAIL: gcc.target/arm/neon/vsriQ_nu64.c (test for excess errors)
FAIL: gcc.target/arm/neon/vsriQ_nu8.c (test for excess errors)
FAIL: gcc.target/arm/neon/vsri_np16.c (test for excess errors)
FAIL: gcc.target/arm/neon/vsri_np8.c (test for excess errors)
FAIL: gcc.target/arm/neon/vsri_ns16.c (test for excess errors)
FAIL: gcc.target/arm/neon/vsri_ns32.c (test for excess errors)
FAIL: gcc.target/arm/neon/vsri_ns64.c (test for excess errors)
FAIL: gcc.target/arm/neon/vsri_ns8.c (test for excess errors)
FAIL: gcc.target/arm/neon/vsri_nu16.c (test for excess errors)
FAIL: gcc.target/arm/neon/vsri_nu32.c (test for excess errors)
FAIL: gcc.target/arm/neon/vsri_nu64.c (test for excess errors)
FAIL: gcc.target/arm/neon/vsri_nu8.c (test for excess errors)
FAIL: gcc.target/arm/neon/vst1Q_lanef32.c (test for excess errors)
FAIL: gcc.target/arm/neon/vst1Q_lanep16.c (test for excess errors)
FAIL: gcc.target/arm/neon/vst1Q_lanep8.c (test for excess errors)
FAIL: gcc.target/arm/neon/vst1Q_lanes16.c (test for excess errors)
FAIL: gcc.target/arm/neon/vst1Q_lanes32.c (test for excess errors)
FAIL: gcc.target/arm/neon/vst1Q_lanes64.c (test for excess errors)
FAIL: gcc.target/arm/neon/vst1Q_lanes8.c (test for excess errors)
FAIL: gcc.target/arm/neon/vst1Q_laneu16.c (test for excess errors)
FAIL: gcc.target/arm/neon/vst1Q_laneu32.c (test for excess errors)
FAIL: gcc.target/arm/neon/vst1Q_laneu64.c (test for excess errors)
FAIL: gcc.target/arm/neon/vst1Q_laneu8.c (test for excess errors)
FAIL: gcc.target/arm/neon/vst1Qf32.c (test for excess errors)
FAIL: gcc.target/arm/neon/vst1Qp16.c (test for excess errors)
FAIL: gcc.target/arm/neon/vst1Qp8.c (test for excess errors)
FAIL: gcc.target/arm/neon/vst1Qs16.c (test for excess errors)
FAIL: gcc.target/arm/neon/vst1Qs32.c (test for excess errors)
FAIL: gcc.target/arm/neon/vst1Qs64.c (test for excess errors)
FAIL: gcc.target/arm/neon/vst1Qs8.c (test for excess errors)
FAIL: gcc.target/arm/neon/vst1Qu16.c (test for excess errors)
FAIL: gcc.target/arm/neon/vst1Qu32.c (test for excess errors)
FAIL: gcc.target/arm/neon/vst1Qu64.c (test for excess errors)
FAIL: gcc.target/arm/neon/vst1Qu8.c (test for excess errors)
FAIL: gcc.target/arm/neon/vst1_lanef32.c (test for excess errors)
FAIL: gcc.target/arm/neon/vst1_lanep16.c (test for excess errors)
FAIL: gcc.target/arm/neon/vst1_lanep8.c (test for excess errors)
FAIL: gcc.target/arm/neon/vst1_lanes16.c (test for excess errors)
FAIL: gcc.target/arm/neon/vst1_lanes32.c (test for excess errors)
FAIL: gcc.target/arm/neon/vst1_lanes64.c (test for excess errors)
FAIL: gcc.target/arm/neon/vst1_lanes8.c (test for excess errors)
FAIL: gcc.target/arm/neon/vst1_laneu16.c (test for excess errors)
FAIL: gcc.target/arm/neon/vst1_laneu32.c (test for excess errors)
FAIL: gcc.target/arm/neon/vst1_laneu64.c (test for excess errors)
FAIL: gcc.target/arm/neon/vst1_laneu8.c (test for excess errors)
FAIL: gcc.target/arm/neon/vst1f32.c (test for excess errors)
FAIL: gcc.target/arm/neon/vst1p16.c (test for excess errors)
FAIL: gcc.target/arm/neon/vst1p8.c (test for excess errors)
FAIL: gcc.target/arm/neon/vst1s16.c (test for excess errors)
FAIL: gcc.target/arm/neon/vst1s32.c (test for excess errors)
FAIL: gcc.target/arm/neon/vst1s64.c (test for excess errors)
FAIL: gcc.target/arm/neon/vst1s8.c (test for excess errors)
FAIL: gcc.target/arm/neon/vst1u16.c (test for excess errors)
FAIL: gcc.target/arm/neon/vst1u32.c (test for excess errors)
FAIL: gcc.target/arm/neon/vst1u64.c (test for excess errors)
FAIL: gcc.target/arm/neon/vst1u8.c (test for excess errors)
FAIL: gcc.target/arm/neon/vst2Q_lanef32.c (test for excess errors)
FAIL: gcc.target/arm/neon/vst2Q_lanep16.c (test for excess errors)
FAIL: gcc.target/arm/neon/vst2Q_lanes16.c (test for excess errors)
FAIL: gcc.target/arm/neon/vst2Q_lanes32.c (test for excess errors)
FAIL: gcc.target/arm/neon/vst2Q_laneu16.c (test for excess errors)
FAIL: gcc.target/arm/neon/vst2Q_laneu32.c (test for excess errors)
FAIL: gcc.target/arm/neon/vst2Qf32.c (test for excess errors)
FAIL: gcc.target/arm/neon/vst2Qp16.c (test for excess errors)
FAIL: gcc.target/arm/neon/vst2Qp8.c (test for excess errors)
FAIL: gcc.target/arm/neon/vst2Qs16.c (test for excess errors)
FAIL: gcc.target/arm/neon/vst2Qs32.c (test for excess errors)
FAIL: gcc.target/arm/neon/vst2Qs8.c (test for excess errors)
FAIL: gcc.target/arm/neon/vst2Qu16.c (test for excess errors)
FAIL: gcc.target/arm/neon/vst2Qu32.c (test for excess errors)
FAIL: gcc.target/arm/neon/vst2Qu8.c (test for excess errors)
FAIL: gcc.target/arm/neon/vst2_lanef32.c (test for excess errors)
FAIL: gcc.target/arm/neon/vst2_lanep16.c (test for excess errors)
FAIL: gcc.target/arm/neon/vst2_lanep8.c (test for excess errors)
FAIL: gcc.target/arm/neon/vst2_lanes16.c (test for excess errors)
FAIL: gcc.target/arm/neon/vst2_lanes32.c (test for excess errors)
FAIL: gcc.target/arm/neon/vst2_lanes8.c (test for excess errors)
FAIL: gcc.target/arm/neon/vst2_laneu16.c (test for excess errors)
FAIL: gcc.target/arm/neon/vst2_laneu32.c (test for excess errors)
FAIL: gcc.target/arm/neon/vst2_laneu8.c (test for excess errors)
FAIL: gcc.target/arm/neon/vst2f32.c (test for excess errors)
FAIL: gcc.target/arm/neon/vst2p16.c (test for excess errors)
FAIL: gcc.target/arm/neon/vst2p8.c (test for excess errors)
FAIL: gcc.target/arm/neon/vst2s16.c (test for excess errors)
FAIL: gcc.target/arm/neon/vst2s32.c (test for excess errors)
FAIL: gcc.target/arm/neon/vst2s64.c (test for excess errors)
FAIL: gcc.target/arm/neon/vst2s8.c (test for excess errors)
FAIL: gcc.target/arm/neon/vst2u16.c (test for excess errors)
FAIL: gcc.target/arm/neon/vst2u32.c (test for excess errors)
FAIL: gcc.target/arm/neon/vst2u64.c (test for excess errors)
FAIL: gcc.target/arm/neon/vst2u8.c (test for excess errors)
FAIL: gcc.target/arm/neon/vst3Q_lanef32.c (test for excess errors)
FAIL: gcc.target/arm/neon/vst3Q_lanep16.c (test for excess errors)
FAIL: gcc.target/arm/neon/vst3Q_lanes16.c (test for excess errors)
FAIL: gcc.target/arm/neon/vst3Q_lanes32.c (test for excess errors)
FAIL: gcc.target/arm/neon/vst3Q_laneu16.c (test for excess errors)
FAIL: gcc.target/arm/neon/vst3Q_laneu32.c (test for excess errors)
FAIL: gcc.target/arm/neon/vst3Qf32.c (test for excess errors)
FAIL: gcc.target/arm/neon/vst3Qp16.c (test for excess errors)
FAIL: gcc.target/arm/neon/vst3Qp8.c (test for excess errors)
FAIL: gcc.target/arm/neon/vst3Qs16.c (test for excess errors)
FAIL: gcc.target/arm/neon/vst3Qs32.c (test for excess errors)
FAIL: gcc.target/arm/neon/vst3Qs8.c (test for excess errors)
FAIL: gcc.target/arm/neon/vst3Qu16.c (test for excess errors)
FAIL: gcc.target/arm/neon/vst3Qu32.c (test for excess errors)
FAIL: gcc.target/arm/neon/vst3Qu8.c (test for excess errors)
FAIL: gcc.target/arm/neon/vst3_lanef32.c (test for excess errors)
FAIL: gcc.target/arm/neon/vst3_lanep16.c (test for excess errors)
FAIL: gcc.target/arm/neon/vst3_lanep8.c (test for excess errors)
FAIL: gcc.target/arm/neon/vst3_lanes16.c (test for excess errors)
FAIL: gcc.target/arm/neon/vst3_lanes32.c (test for excess errors)
FAIL: gcc.target/arm/neon/vst3_lanes8.c (test for excess errors)
FAIL: gcc.target/arm/neon/vst3_laneu16.c (test for excess errors)
FAIL: gcc.target/arm/neon/vst3_laneu32.c (test for excess errors)
FAIL: gcc.target/arm/neon/vst3_laneu8.c (test for excess errors)
FAIL: gcc.target/arm/neon/vst3f32.c (test for excess errors)
FAIL: gcc.target/arm/neon/vst3p16.c (test for excess errors)
FAIL: gcc.target/arm/neon/vst3p8.c (test for excess errors)
FAIL: gcc.target/arm/neon/vst3s16.c (test for excess errors)
FAIL: gcc.target/arm/neon/vst3s32.c (test for excess errors)
FAIL: gcc.target/arm/neon/vst3s64.c (test for excess errors)
FAIL: gcc.target/arm/neon/vst3s8.c (test for excess errors)
FAIL: gcc.target/arm/neon/vst3u16.c (test for excess errors)
FAIL: gcc.target/arm/neon/vst3u32.c (test for excess errors)
FAIL: gcc.target/arm/neon/vst3u64.c (test for excess errors)
FAIL: gcc.target/arm/neon/vst3u8.c (test for excess errors)
FAIL: gcc.target/arm/neon/vst4Q_lanef32.c (test for excess errors)
FAIL: gcc.target/arm/neon/vst4Q_lanep16.c (test for excess errors)
FAIL: gcc.target/arm/neon/vst4Q_lanes16.c (test for excess errors)
FAIL: gcc.target/arm/neon/vst4Q_lanes32.c (test for excess errors)
FAIL: gcc.target/arm/neon/vst4Q_laneu16.c (test for excess errors)
FAIL: gcc.target/arm/neon/vst4Q_laneu32.c (test for excess errors)
FAIL: gcc.target/arm/neon/vst4Qf32.c (test for excess errors)
FAIL: gcc.target/arm/neon/vst4Qp16.c (test for excess errors)
FAIL: gcc.target/arm/neon/vst4Qp8.c (test for excess errors)
FAIL: gcc.target/arm/neon/vst4Qs16.c (test for excess errors)
FAIL: gcc.target/arm/neon/vst4Qs32.c (test for excess errors)
FAIL: gcc.target/arm/neon/vst4Qs8.c (test for excess errors)
FAIL: gcc.target/arm/neon/vst4Qu16.c (test for excess errors)
FAIL: gcc.target/arm/neon/vst4Qu32.c (test for excess errors)
FAIL: gcc.target/arm/neon/vst4Qu8.c (test for excess errors)
FAIL: gcc.target/arm/neon/vst4_lanef32.c (test for excess errors)
FAIL: gcc.target/arm/neon/vst4_lanep16.c (test for excess errors)
FAIL: gcc.target/arm/neon/vst4_lanep8.c (test for excess errors)
FAIL: gcc.target/arm/neon/vst4_lanes16.c (test for excess errors)
FAIL: gcc.target/arm/neon/vst4_lanes32.c (test for excess errors)
FAIL: gcc.target/arm/neon/vst4_lanes8.c (test for excess errors)
FAIL: gcc.target/arm/neon/vst4_laneu16.c (test for excess errors)
FAIL: gcc.target/arm/neon/vst4_laneu32.c (test for excess errors)
FAIL: gcc.target/arm/neon/vst4_laneu8.c (test for excess errors)
FAIL: gcc.target/arm/neon/vst4f32.c (test for excess errors)
FAIL: gcc.target/arm/neon/vst4p16.c (test for excess errors)
FAIL: gcc.target/arm/neon/vst4p8.c (test for excess errors)
FAIL: gcc.target/arm/neon/vst4s16.c (test for excess errors)
FAIL: gcc.target/arm/neon/vst4s32.c (test for excess errors)
FAIL: gcc.target/arm/neon/vst4s64.c (test for excess errors)
FAIL: gcc.target/arm/neon/vst4s8.c (test for excess errors)
FAIL: gcc.target/arm/neon/vst4u16.c (test for excess errors)
FAIL: gcc.target/arm/neon/vst4u32.c (test for excess errors)
FAIL: gcc.target/arm/neon/vst4u64.c (test for excess errors)
FAIL: gcc.target/arm/neon/vst4u8.c (test for excess errors)
FAIL: gcc.target/arm/neon/vsubQf32.c (test for excess errors)
FAIL: gcc.target/arm/neon/vsubQs16.c (test for excess errors)
FAIL: gcc.target/arm/neon/vsubQs32.c (test for excess errors)
FAIL: gcc.target/arm/neon/vsubQs64.c (test for excess errors)
FAIL: gcc.target/arm/neon/vsubQs8.c (test for excess errors)
FAIL: gcc.target/arm/neon/vsubQu16.c (test for excess errors)
FAIL: gcc.target/arm/neon/vsubQu32.c (test for excess errors)
FAIL: gcc.target/arm/neon/vsubQu64.c (test for excess errors)
FAIL: gcc.target/arm/neon/vsubQu8.c (test for excess errors)
FAIL: gcc.target/arm/neon/vsubf32.c (test for excess errors)
FAIL: gcc.target/arm/neon/vsubhns16.c (test for excess errors)
FAIL: gcc.target/arm/neon/vsubhns32.c (test for excess errors)
FAIL: gcc.target/arm/neon/vsubhns64.c (test for excess errors)
FAIL: gcc.target/arm/neon/vsubhnu16.c (test for excess errors)
FAIL: gcc.target/arm/neon/vsubhnu32.c (test for excess errors)
FAIL: gcc.target/arm/neon/vsubhnu64.c (test for excess errors)
FAIL: gcc.target/arm/neon/vsubls16.c (test for excess errors)
FAIL: gcc.target/arm/neon/vsubls32.c (test for excess errors)
FAIL: gcc.target/arm/neon/vsubls8.c (test for excess errors)
FAIL: gcc.target/arm/neon/vsublu16.c (test for excess errors)
FAIL: gcc.target/arm/neon/vsublu32.c (test for excess errors)
FAIL: gcc.target/arm/neon/vsublu8.c (test for excess errors)
FAIL: gcc.target/arm/neon/vsubs16.c (test for excess errors)
FAIL: gcc.target/arm/neon/vsubs32.c (test for excess errors)
FAIL: gcc.target/arm/neon/vsubs64.c (test for excess errors)
FAIL: gcc.target/arm/neon/vsubs8.c (test for excess errors)
FAIL: gcc.target/arm/neon/vsubu16.c (test for excess errors)
FAIL: gcc.target/arm/neon/vsubu32.c (test for excess errors)
FAIL: gcc.target/arm/neon/vsubu64.c (test for excess errors)
FAIL: gcc.target/arm/neon/vsubu8.c (test for excess errors)
FAIL: gcc.target/arm/neon/vsubws16.c (test for excess errors)
FAIL: gcc.target/arm/neon/vsubws32.c (test for excess errors)
FAIL: gcc.target/arm/neon/vsubws8.c (test for excess errors)
FAIL: gcc.target/arm/neon/vsubwu16.c (test for excess errors)
FAIL: gcc.target/arm/neon/vsubwu32.c (test for excess errors)
FAIL: gcc.target/arm/neon/vsubwu8.c (test for excess errors)
FAIL: gcc.target/arm/neon/vtbl1p8.c (test for excess errors)
FAIL: gcc.target/arm/neon/vtbl1s8.c (test for excess errors)
FAIL: gcc.target/arm/neon/vtbl1u8.c (test for excess errors)
FAIL: gcc.target/arm/neon/vtbl2p8.c (test for excess errors)
FAIL: gcc.target/arm/neon/vtbl2s8.c (test for excess errors)
FAIL: gcc.target/arm/neon/vtbl2u8.c (test for excess errors)
FAIL: gcc.target/arm/neon/vtbl3p8.c (test for excess errors)
FAIL: gcc.target/arm/neon/vtbl3s8.c (test for excess errors)
FAIL: gcc.target/arm/neon/vtbl3u8.c (test for excess errors)
FAIL: gcc.target/arm/neon/vtbl4p8.c (test for excess errors)
FAIL: gcc.target/arm/neon/vtbl4s8.c (test for excess errors)
FAIL: gcc.target/arm/neon/vtbl4u8.c (test for excess errors)
FAIL: gcc.target/arm/neon/vtbx1p8.c (test for excess errors)
FAIL: gcc.target/arm/neon/vtbx1s8.c (test for excess errors)
FAIL: gcc.target/arm/neon/vtbx1u8.c (test for excess errors)
FAIL: gcc.target/arm/neon/vtbx2p8.c (test for excess errors)
FAIL: gcc.target/arm/neon/vtbx2s8.c (test for excess errors)
FAIL: gcc.target/arm/neon/vtbx2u8.c (test for excess errors)
FAIL: gcc.target/arm/neon/vtbx3p8.c (test for excess errors)
FAIL: gcc.target/arm/neon/vtbx3s8.c (test for excess errors)
FAIL: gcc.target/arm/neon/vtbx3u8.c (test for excess errors)
FAIL: gcc.target/arm/neon/vtbx4p8.c (test for excess errors)
FAIL: gcc.target/arm/neon/vtbx4s8.c (test for excess errors)
FAIL: gcc.target/arm/neon/vtbx4u8.c (test for excess errors)
FAIL: gcc.target/arm/neon/vtrnQf32.c (test for excess errors)
FAIL: gcc.target/arm/neon/vtrnQp16.c (test for excess errors)
FAIL: gcc.target/arm/neon/vtrnQp8.c (test for excess errors)
FAIL: gcc.target/arm/neon/vtrnQs16.c (test for excess errors)
FAIL: gcc.target/arm/neon/vtrnQs32.c (test for excess errors)
FAIL: gcc.target/arm/neon/vtrnQs8.c (test for excess errors)
FAIL: gcc.target/arm/neon/vtrnQu16.c (test for excess errors)
FAIL: gcc.target/arm/neon/vtrnQu32.c (test for excess errors)
FAIL: gcc.target/arm/neon/vtrnQu8.c (test for excess errors)
FAIL: gcc.target/arm/neon/vtrnf32.c (test for excess errors)
FAIL: gcc.target/arm/neon/vtrnp16.c (test for excess errors)
FAIL: gcc.target/arm/neon/vtrnp8.c (test for excess errors)
FAIL: gcc.target/arm/neon/vtrns16.c (test for excess errors)
FAIL: gcc.target/arm/neon/vtrns32.c (test for excess errors)
FAIL: gcc.target/arm/neon/vtrns8.c (test for excess errors)
FAIL: gcc.target/arm/neon/vtrnu16.c (test for excess errors)
FAIL: gcc.target/arm/neon/vtrnu32.c (test for excess errors)
FAIL: gcc.target/arm/neon/vtrnu8.c (test for excess errors)
FAIL: gcc.target/arm/neon/vtstQp8.c (test for excess errors)
FAIL: gcc.target/arm/neon/vtstQs16.c (test for excess errors)
FAIL: gcc.target/arm/neon/vtstQs32.c (test for excess errors)
FAIL: gcc.target/arm/neon/vtstQs8.c (test for excess errors)
FAIL: gcc.target/arm/neon/vtstQu16.c (test for excess errors)
FAIL: gcc.target/arm/neon/vtstQu32.c (test for excess errors)
FAIL: gcc.target/arm/neon/vtstQu8.c (test for excess errors)
FAIL: gcc.target/arm/neon/vtstp8.c (test for excess errors)
FAIL: gcc.target/arm/neon/vtsts16.c (test for excess errors)
FAIL: gcc.target/arm/neon/vtsts32.c (test for excess errors)
FAIL: gcc.target/arm/neon/vtsts8.c (test for excess errors)
FAIL: gcc.target/arm/neon/vtstu16.c (test for excess errors)
FAIL: gcc.target/arm/neon/vtstu32.c (test for excess errors)
FAIL: gcc.target/arm/neon/vtstu8.c (test for excess errors)
FAIL: gcc.target/arm/neon/vuzpQf32.c (test for excess errors)
FAIL: gcc.target/arm/neon/vuzpQp16.c (test for excess errors)
FAIL: gcc.target/arm/neon/vuzpQp8.c (test for excess errors)
FAIL: gcc.target/arm/neon/vuzpQs16.c (test for excess errors)
FAIL: gcc.target/arm/neon/vuzpQs32.c (test for excess errors)
FAIL: gcc.target/arm/neon/vuzpQs8.c (test for excess errors)
FAIL: gcc.target/arm/neon/vuzpQu16.c (test for excess errors)
FAIL: gcc.target/arm/neon/vuzpQu32.c (test for excess errors)
FAIL: gcc.target/arm/neon/vuzpQu8.c (test for excess errors)
FAIL: gcc.target/arm/neon/vuzpf32.c (test for excess errors)
FAIL: gcc.target/arm/neon/vuzpp16.c (test for excess errors)
FAIL: gcc.target/arm/neon/vuzpp8.c (test for excess errors)
FAIL: gcc.target/arm/neon/vuzps16.c (test for excess errors)
FAIL: gcc.target/arm/neon/vuzps32.c (test for excess errors)
FAIL: gcc.target/arm/neon/vuzps8.c (test for excess errors)
FAIL: gcc.target/arm/neon/vuzpu16.c (test for excess errors)
FAIL: gcc.target/arm/neon/vuzpu32.c (test for excess errors)
FAIL: gcc.target/arm/neon/vuzpu8.c (test for excess errors)
FAIL: gcc.target/arm/neon/vzipQf32.c (test for excess errors)
FAIL: gcc.target/arm/neon/vzipQp16.c (test for excess errors)
FAIL: gcc.target/arm/neon/vzipQp8.c (test for excess errors)
FAIL: gcc.target/arm/neon/vzipQs16.c (test for excess errors)
FAIL: gcc.target/arm/neon/vzipQs32.c (test for excess errors)
FAIL: gcc.target/arm/neon/vzipQs8.c (test for excess errors)
FAIL: gcc.target/arm/neon/vzipQu16.c (test for excess errors)
FAIL: gcc.target/arm/neon/vzipQu32.c (test for excess errors)
FAIL: gcc.target/arm/neon/vzipQu8.c (test for excess errors)
FAIL: gcc.target/arm/neon/vzipf32.c (test for excess errors)
FAIL: gcc.target/arm/neon/vzipp16.c (test for excess errors)
FAIL: gcc.target/arm/neon/vzipp8.c (test for excess errors)
FAIL: gcc.target/arm/neon/vzips16.c (test for excess errors)
FAIL: gcc.target/arm/neon/vzips32.c (test for excess errors)
FAIL: gcc.target/arm/neon/vzips8.c (test for excess errors)
FAIL: gcc.target/arm/neon/vzipu16.c (test for excess errors)
FAIL: gcc.target/arm/neon/vzipu32.c (test for excess errors)
FAIL: gcc.target/arm/neon/vzipu8.c (test for excess errors)

		=== gcc Summary ===

# of expected passes		65761
# of unexpected failures	2204
# of unexpected successes	3
# of expected failures		208
# of unresolved testcases	15
# of unsupported tests		795
/users/joel/test-gcc/b-gcc1-arm/gcc/xgcc  version 4.6.0 20100428 (experimental) [trunk revision 158844] (GCC) 

Host   is x86_64-unknown-linux-gnu

		=== g++ tests ===


Running target rtems-arm-edb7312
FAIL: g++.dg/abi/packed1.C (test for excess errors)
FAIL: g++.dg/cpp0x/cast.C (test for excess errors)
FAIL: g++.dg/cpp0x/iop.C (test for excess errors)
FAIL: g++.dg/cpp0x/named_refs.C (test for excess errors)
FAIL: g++.dg/cpp0x/rv1p.C (test for excess errors)
FAIL: g++.dg/cpp0x/rv2p.C (test for excess errors)
FAIL: g++.dg/cpp0x/rv3p.C (test for excess errors)
FAIL: g++.dg/cpp0x/rv4p.C (test for excess errors)
FAIL: g++.dg/cpp0x/rv5p.C (test for excess errors)
FAIL: g++.dg/cpp0x/rv6p.C (test for excess errors)
FAIL: g++.dg/cpp0x/rv7p.C (test for excess errors)
FAIL: g++.dg/cpp0x/rv8p.C (test for excess errors)
FAIL: g++.dg/cpp0x/unnamed_refs.C (test for excess errors)
FAIL: g++.dg/eh/gcsec1.C execution test
FAIL: g++.dg/eh/simd-2.C (test for excess errors)
WARNING: g++.dg/eh/simd-2.C compilation failed to produce executable
FAIL: g++.dg/ext/arm-fp16/arm-fp16-ops-1.C (test for excess errors)
WARNING: g++.dg/ext/arm-fp16/arm-fp16-ops-1.C compilation failed to produce executable
FAIL: g++.dg/ext/arm-fp16/arm-fp16-ops-2.C (test for excess errors)
WARNING: g++.dg/ext/arm-fp16/arm-fp16-ops-2.C compilation failed to produce executable
FAIL: g++.dg/ext/arm-fp16/arm-fp16-ops-3.C (test for excess errors)
WARNING: g++.dg/ext/arm-fp16/arm-fp16-ops-3.C compilation failed to produce executable
FAIL: g++.dg/ext/arm-fp16/arm-fp16-ops-4.C (test for excess errors)
WARNING: g++.dg/ext/arm-fp16/arm-fp16-ops-4.C compilation failed to produce executable
FAIL: g++.dg/ext/arm-fp16/arm-fp16-ops-7.C scan-assembler-not \\tbl\\t__.*hf2
FAIL: g++.dg/ext/arm-fp16/arm-fp16-ops-8.C scan-assembler-not \\tbl\\t__.*hf2
FAIL: g++.dg/ext/bitfield4.C (test for excess errors)
FAIL: g++.dg/ext/bitfield5.C (test for excess errors)
FAIL: g++.dg/ext/strncpy-chk1.C  (test for warnings, line 11)
FAIL: g++.dg/inherit/thunk10.C (test for excess errors)
FAIL: g++.dg/init/struct2.C (internal compiler error)
FAIL: g++.dg/init/struct2.C (test for excess errors)
XPASS: g++.dg/other/packed1.C execution test
FAIL: g++.dg/lto/20090303 cp_lto_20090303_0.o-cp_lto_20090303_0.o link
UNRESOLVED: g++.dg/lto/20090303 cp_lto_20090303_0.o-cp_lto_20090303_0.o execute -fwhopr
FAIL: g++.dg/special/conpr-1.C (test for excess errors)
WARNING: g++.dg/special/conpr-1.C compilation failed to produce executable
FAIL: g++.dg/special/conpr-2.C (test for excess errors)
WARNING: g++.dg/special/conpr-2.C compilation failed to produce executable
FAIL: g++.dg/special/conpr-3.C (test for excess errors)
WARNING: g++.dg/special/conpr-3.C compilation failed to produce executable
FAIL: g++.dg/special/conpr-4.C (test for excess errors)
WARNING: g++.dg/special/conpr-4.C compilation failed to produce executable
FAIL: g++.dg/special/initp1.C (test for excess errors)
WARNING: g++.dg/special/initp1.C compilation failed to produce executable
FAIL: g++.dg/special/initpri1.C (test for excess errors)
WARNING: g++.dg/special/initpri1.C compilation failed to produce executable
WARNING: program timed out.
FAIL: g++.old-deja/g++.brendan/nest21.C execution test
FAIL: g++.old-deja/g++.jason/thunk2.C (test for excess errors)
WARNING: g++.old-deja/g++.jason/thunk2.C compilation failed to produce executable
WARNING: program timed out.
FAIL: g++.old-deja/g++.mike/net16.C execution test
XPASS: g++.old-deja/g++.other/init19.C execution test
WARNING: program timed out.
FAIL: g++.old-deja/g++.pt/tiemann2.C execution test

		=== g++ Summary ===

# of expected passes		21467
# of unexpected failures	38
# of unexpected successes	2
# of expected failures		153
# of unresolved testcases	1
# of unsupported tests		211
/users/joel/test-gcc/b-gcc1-arm/gcc/testsuite/g++/../../g++  version 4.6.0 20100428 (experimental) [trunk revision 158844] (GCC) 


Compiler version: 4.6.0 20100428 (experimental) [trunk revision 158844] (GCC) 
Platform: arm-unknown-rtems4.10
configure flags: --enable-threads=rtems --with-gnu-as --enable-multilib --enable-newlib-mb --enable-newlib-iconv --with-gnu-ld --with-newlib --verbose --with-system-zlib --disable-nls --enable-version-specific-runtime-libs --enable-languages=c,c++ --target=arm-rtems4.10 --prefix=/users/joel/test-gcc/install-svn


Index Nav: [Date Index] [Subject Index] [Author Index] [Thread Index]
Message Nav: [Date Prev] [Date Next] [Thread Prev] [Thread Next]