This is the mail archive of the gcc-testresults@gcc.gnu.org mailing list for the GCC project.


Index Nav: [Date Index] [Subject Index] [Author Index] [Thread Index]
Message Nav: [Date Prev] [Date Next] [Thread Prev] [Thread Next]
Other format: [Raw text]

Results for 4.4.4 20100427 (prerelease) [gcc-4_4-branch revision 158756] (GCC) testsuite on armv5tel-unknown-linux-gnueabi


LAST_UPDATED: Tue Apr 27 00:22:06 UTC 2010 (revision 158756)

Native configuration is armv5tel-unknown-linux-gnueabi

		=== libffi tests ===


Running target unix/-fPIC

		=== libffi Summary for unix/-fPIC ===

# of expected passes		1389
# of unsupported tests		10

Running target unix/-fpic

		=== libffi Summary for unix/-fpic ===

# of expected passes		1389
# of unsupported tests		10

Running target unix

		=== libffi Summary for unix ===

# of expected passes		1389
# of unsupported tests		10

		=== libffi Summary ===

# of expected passes		4167
# of unsupported tests		30
		=== libgomp tests ===


Running target unix/-fPIC
WARNING: program timed out.
FAIL: libgomp.fortran/strassen.f90  -O  execution test

		=== libgomp Summary for unix/-fPIC ===

# of expected passes		2443
# of unexpected failures	1
# of unsupported tests		7

Running target unix/-fpic
WARNING: program timed out.
FAIL: libgomp.fortran/strassen.f90  -O  execution test

		=== libgomp Summary for unix/-fpic ===

# of expected passes		2443
# of unexpected failures	1
# of unsupported tests		7

Running target unix
WARNING: program timed out.
FAIL: libgomp.fortran/strassen.f90  -O  execution test

		=== libgomp Summary for unix ===

# of expected passes		2443
# of unexpected failures	1
# of unsupported tests		7

		=== libgomp Summary ===

# of expected passes		7329
# of unexpected failures	3
# of unsupported tests		21
		=== libjava tests ===


Running target unix/-fPIC
FAIL: StackTrace2 output - source compiled test
FAIL: StackTrace2 -findirect-dispatch output - source compiled test
FAIL: StackTrace2 -O3 output - source compiled test
FAIL: StackTrace2 -O3 -findirect-dispatch output - source compiled test
FAIL: Throw_2 execution - source compiled test
FAIL: Throw_2 -findirect-dispatch execution - source compiled test
FAIL: Throw_2 -O3 execution - source compiled test
FAIL: Throw_2 -O3 -findirect-dispatch execution - source compiled test
FAIL: Throw_3 output - source compiled test
FAIL: Throw_3 -findirect-dispatch output - source compiled test
FAIL: Throw_3 -O3 output - source compiled test
FAIL: Throw_3 -O3 -findirect-dispatch output - source compiled test
FAIL: stacktrace -O3 output - source compiled test

		=== libjava Summary for unix/-fPIC ===

# of expected passes		2557
# of unexpected failures	13
# of untested testcases		4

Running target unix/-fpic
FAIL: StackTrace2 output - source compiled test
FAIL: StackTrace2 -findirect-dispatch output - source compiled test
FAIL: StackTrace2 -O3 output - source compiled test
FAIL: StackTrace2 -O3 -findirect-dispatch output - source compiled test
FAIL: Throw_2 execution - source compiled test
FAIL: Throw_2 -findirect-dispatch execution - source compiled test
FAIL: Throw_2 -O3 execution - source compiled test
FAIL: Throw_2 -O3 -findirect-dispatch execution - source compiled test
FAIL: Throw_3 output - source compiled test
FAIL: Throw_3 -findirect-dispatch output - source compiled test
FAIL: Throw_3 -O3 output - source compiled test
FAIL: Throw_3 -O3 -findirect-dispatch output - source compiled test
FAIL: stacktrace -O3 output - source compiled test

		=== libjava Summary for unix/-fpic ===

# of expected passes		2557
# of unexpected failures	13
# of untested testcases		4

Running target unix
FAIL: StackTrace2 output - source compiled test
FAIL: StackTrace2 -findirect-dispatch output - source compiled test
FAIL: StackTrace2 -O3 output - source compiled test
FAIL: StackTrace2 -O3 -findirect-dispatch output - source compiled test
FAIL: Throw_2 execution - source compiled test
FAIL: Throw_2 -findirect-dispatch execution - source compiled test
FAIL: Throw_2 -O3 execution - source compiled test
FAIL: Throw_2 -O3 -findirect-dispatch execution - source compiled test
FAIL: Throw_3 output - source compiled test
FAIL: Throw_3 -findirect-dispatch output - source compiled test
FAIL: Throw_3 -O3 output - source compiled test
FAIL: Throw_3 -O3 -findirect-dispatch output - source compiled test
FAIL: stacktrace -O3 output - source compiled test
FAIL: stacktrace -O3 -findirect-dispatch output - source compiled test

		=== libjava Summary for unix ===

# of expected passes		2556
# of unexpected failures	14
# of untested testcases		4

		=== libjava Summary ===

# of expected passes		7670
# of unexpected failures	40
# of untested testcases		12
		=== libmudflap tests ===


Running target unix/-fPIC
FAIL: libmudflap.c++/pass41-frag.cxx execution test
FAIL: libmudflap.c++/pass41-frag.cxx (-static) execution test
FAIL: libmudflap.c++/pass41-frag.cxx ( -O) execution test
FAIL: libmudflap.c++/pass41-frag.cxx (-O2) execution test
FAIL: libmudflap.c++/pass41-frag.cxx (-O3) execution test

		=== libmudflap Summary for unix/-fPIC ===

# of expected passes		1889
# of unexpected failures	5

Running target unix/-fpic
FAIL: libmudflap.c++/pass41-frag.cxx execution test
FAIL: libmudflap.c++/pass41-frag.cxx (-static) execution test
FAIL: libmudflap.c++/pass41-frag.cxx ( -O) execution test
FAIL: libmudflap.c++/pass41-frag.cxx (-O2) execution test
FAIL: libmudflap.c++/pass41-frag.cxx (-O3) execution test

		=== libmudflap Summary for unix/-fpic ===

# of expected passes		1889
# of unexpected failures	5

Running target unix
FAIL: libmudflap.c++/pass41-frag.cxx execution test
FAIL: libmudflap.c++/pass41-frag.cxx (-static) execution test
FAIL: libmudflap.c++/pass41-frag.cxx ( -O) execution test
FAIL: libmudflap.c++/pass41-frag.cxx (-O2) execution test
FAIL: libmudflap.c++/pass41-frag.cxx (-O3) execution test

		=== libmudflap Summary for unix ===

# of expected passes		1889
# of unexpected failures	5

		=== libmudflap Summary ===

# of expected passes		5667
# of unexpected failures	15
		=== libstdc++ tests ===


Running target unix/-fPIC

		=== libstdc++ Summary for unix/-fPIC ===

# of expected passes		5855
# of expected failures		80
# of unsupported tests		345

Running target unix/-fpic

		=== libstdc++ Summary for unix/-fpic ===

# of expected passes		5855
# of expected failures		80
# of unsupported tests		345

Running target unix

		=== libstdc++ Summary for unix ===

# of expected passes		5855
# of expected failures		80
# of unsupported tests		345

		=== libstdc++ Summary ===

# of expected passes		17565
# of expected failures		240
# of unsupported tests		1035
		=== g++ tests ===


Running target unix/-fPIC
FAIL: g++.dg/ipa/iinline-1.C scan-ipa-dump inline "String::funcOne[^\\n]*inline copy in int main"
FAIL: g++.dg/tree-ssa/new1.C scan-tree-dump-not forwprop1 "= .* \\+ -"

		=== g++ Summary for unix/-fPIC ===

# of expected passes		19666
# of unexpected failures	2
# of expected failures		157
# of unsupported tests		155

Running target unix/-fpic
FAIL: g++.dg/ipa/iinline-1.C scan-ipa-dump inline "String::funcOne[^\\n]*inline copy in int main"
FAIL: g++.dg/tree-ssa/new1.C scan-tree-dump-not forwprop1 "= .* \\+ -"

		=== g++ Summary for unix/-fpic ===

# of expected passes		19666
# of unexpected failures	2
# of expected failures		157
# of unsupported tests		155

Running target unix
FAIL: g++.dg/ipa/iinline-1.C scan-ipa-dump inline "String::funcOne[^\\n]*inline copy in int main"
FAIL: g++.dg/tree-ssa/new1.C scan-tree-dump-not forwprop1 "= .* \\+ -"

		=== g++ Summary for unix ===

# of expected passes		19666
# of unexpected failures	2
# of expected failures		157
# of unsupported tests		155

		=== g++ Summary ===

# of expected passes		58998
# of unexpected failures	6
# of expected failures		471
# of unsupported tests		465
/home/ghazi/gcc-testing/44/build/gcc/testsuite/g++/../../g++  version 4.4.4 20100427 (prerelease) [gcc-4_4-branch revision 158756] (GCC) 

		=== gcc tests ===


Running target unix/-fPIC
FAIL: gcc.dg/uninit-13.c unconditional (test for warnings, line 8)
FAIL: gcc.dg/uninit-13.c (test for excess errors)
FAIL: largefile.c -O0 -g -I. (test for excess errors)
FAIL: gcc.dg/pch/largefile.c -O0 -g assembly comparison
FAIL: largefile.c  -O0  -I. (test for excess errors)
FAIL: gcc.dg/pch/largefile.c  -O0  assembly comparison
FAIL: largefile.c  -O1  -I. (test for excess errors)
FAIL: gcc.dg/pch/largefile.c  -O1  assembly comparison
FAIL: largefile.c  -O2  -I. (test for excess errors)
FAIL: gcc.dg/pch/largefile.c  -O2  assembly comparison
FAIL: largefile.c  -O3 -fomit-frame-pointer  -I. (test for excess errors)
FAIL: gcc.dg/pch/largefile.c  -O3 -fomit-frame-pointer  assembly comparison
FAIL: largefile.c  -O3 -g  -I. (test for excess errors)
FAIL: gcc.dg/pch/largefile.c  -O3 -g  assembly comparison
FAIL: largefile.c  -Os  -I. (test for excess errors)
FAIL: gcc.dg/pch/largefile.c  -Os  assembly comparison
FAIL: gcc.dg/torture/asm-subreg-1.c  -O1  (test for excess errors)
FAIL: gcc.dg/torture/asm-subreg-1.c  -O2  (test for excess errors)
FAIL: gcc.dg/torture/asm-subreg-1.c  -O3 -fomit-frame-pointer  (test for excess errors)
FAIL: gcc.dg/torture/asm-subreg-1.c  -O3 -g  (test for excess errors)
FAIL: gcc.dg/torture/asm-subreg-1.c  -Os  (test for excess errors)
FAIL: gcc.dg/tree-prof/bb-reorg.c compilation,  -fprofile-use -D_PROFILE_USE
UNRESOLVED: gcc.dg/tree-prof/bb-reorg.c execution,    -fprofile-use -D_PROFILE_USE
FAIL: gcc.dg/tree-prof/pr34999.c compilation,  -fprofile-use -D_PROFILE_USE
UNRESOLVED: gcc.dg/tree-prof/pr34999.c execution,    -fprofile-use -D_PROFILE_USE
FAIL: gcc.dg/tree-ssa/pr42585.c scan-tree-dump-times optimized "struct _fat_ptr _ans" 0
FAIL: gcc.dg/tree-ssa/pr42585.c scan-tree-dump-times optimized "struct _fat_ptr _T2" 0
FAIL: gcc.target/arm/neon/polytypes.c (test for excess errors)

		=== gcc Summary for unix/-fPIC ===

# of expected passes		55117
# of unexpected failures	26
# of expected failures		242
# of unresolved testcases	2
# of unsupported tests		606

Running target unix/-fpic
FAIL: gcc.dg/uninit-13.c unconditional (test for warnings, line 8)
FAIL: gcc.dg/uninit-13.c (test for excess errors)
FAIL: largefile.c -O0 -g -I. (test for excess errors)
FAIL: gcc.dg/pch/largefile.c -O0 -g assembly comparison
FAIL: largefile.c  -O0  -I. (test for excess errors)
FAIL: gcc.dg/pch/largefile.c  -O0  assembly comparison
FAIL: largefile.c  -O1  -I. (test for excess errors)
FAIL: gcc.dg/pch/largefile.c  -O1  assembly comparison
FAIL: largefile.c  -O2  -I. (test for excess errors)
FAIL: gcc.dg/pch/largefile.c  -O2  assembly comparison
FAIL: largefile.c  -O3 -fomit-frame-pointer  -I. (test for excess errors)
FAIL: gcc.dg/pch/largefile.c  -O3 -fomit-frame-pointer  assembly comparison
FAIL: largefile.c  -O3 -g  -I. (test for excess errors)
FAIL: gcc.dg/pch/largefile.c  -O3 -g  assembly comparison
FAIL: largefile.c  -Os  -I. (test for excess errors)
FAIL: gcc.dg/pch/largefile.c  -Os  assembly comparison
FAIL: gcc.dg/torture/asm-subreg-1.c  -O1  (test for excess errors)
FAIL: gcc.dg/torture/asm-subreg-1.c  -O2  (test for excess errors)
FAIL: gcc.dg/torture/asm-subreg-1.c  -O3 -fomit-frame-pointer  (test for excess errors)
FAIL: gcc.dg/torture/asm-subreg-1.c  -O3 -g  (test for excess errors)
FAIL: gcc.dg/torture/asm-subreg-1.c  -Os  (test for excess errors)
FAIL: gcc.dg/tree-prof/bb-reorg.c compilation,  -fprofile-use -D_PROFILE_USE
UNRESOLVED: gcc.dg/tree-prof/bb-reorg.c execution,    -fprofile-use -D_PROFILE_USE
FAIL: gcc.dg/tree-prof/pr34999.c compilation,  -fprofile-use -D_PROFILE_USE
UNRESOLVED: gcc.dg/tree-prof/pr34999.c execution,    -fprofile-use -D_PROFILE_USE
FAIL: gcc.dg/tree-ssa/pr42585.c scan-tree-dump-times optimized "struct _fat_ptr _ans" 0
FAIL: gcc.dg/tree-ssa/pr42585.c scan-tree-dump-times optimized "struct _fat_ptr _T2" 0
FAIL: gcc.target/arm/neon/polytypes.c (test for excess errors)

		=== gcc Summary for unix/-fpic ===

# of expected passes		55117
# of unexpected failures	26
# of expected failures		242
# of unresolved testcases	2
# of unsupported tests		606

Running target unix
FAIL: gcc.dg/uninit-13.c unconditional (test for warnings, line 8)
FAIL: gcc.dg/uninit-13.c (test for excess errors)
FAIL: largefile.c -O0 -g -I. (test for excess errors)
FAIL: gcc.dg/pch/largefile.c -O0 -g assembly comparison
FAIL: largefile.c  -O0  -I. (test for excess errors)
FAIL: gcc.dg/pch/largefile.c  -O0  assembly comparison
FAIL: largefile.c  -O1  -I. (test for excess errors)
FAIL: gcc.dg/pch/largefile.c  -O1  assembly comparison
FAIL: largefile.c  -O2  -I. (test for excess errors)
FAIL: gcc.dg/pch/largefile.c  -O2  assembly comparison
FAIL: largefile.c  -O3 -fomit-frame-pointer  -I. (test for excess errors)
FAIL: gcc.dg/pch/largefile.c  -O3 -fomit-frame-pointer  assembly comparison
FAIL: largefile.c  -O3 -g  -I. (test for excess errors)
FAIL: gcc.dg/pch/largefile.c  -O3 -g  assembly comparison
FAIL: largefile.c  -Os  -I. (test for excess errors)
FAIL: gcc.dg/pch/largefile.c  -Os  assembly comparison
FAIL: gcc.dg/tree-prof/bb-reorg.c compilation,  -fprofile-use -D_PROFILE_USE
UNRESOLVED: gcc.dg/tree-prof/bb-reorg.c execution,    -fprofile-use -D_PROFILE_USE
FAIL: gcc.dg/tree-prof/pr34999.c compilation,  -fprofile-use -D_PROFILE_USE
UNRESOLVED: gcc.dg/tree-prof/pr34999.c execution,    -fprofile-use -D_PROFILE_USE
FAIL: gcc.dg/tree-ssa/pr42585.c scan-tree-dump-times optimized "struct _fat_ptr _ans" 0
FAIL: gcc.dg/tree-ssa/pr42585.c scan-tree-dump-times optimized "struct _fat_ptr _T2" 0
FAIL: gcc.target/arm/neon/polytypes.c (test for excess errors)

		=== gcc Summary for unix ===

# of expected passes		55262
# of unexpected failures	21
# of expected failures		242
# of unresolved testcases	2
# of unsupported tests		591

		=== gcc Summary ===

# of expected passes		165496
# of unexpected failures	73
# of expected failures		726
# of unresolved testcases	6
# of unsupported tests		1803
/home/ghazi/gcc-testing/44/build/gcc/xgcc  version 4.4.4 20100427 (prerelease) [gcc-4_4-branch revision 158756] (GCC) 

		=== gfortran tests ===


Running target unix/-fPIC
FAIL: gfortran.dg/gomp/pr43836.f90  -O  (internal compiler error)
FAIL: gfortran.dg/gomp/pr43836.f90  -O  (test for excess errors)

		=== gfortran Summary for unix/-fPIC ===

# of expected passes		29326
# of unexpected failures	2
# of expected failures		18
# of unsupported tests		265

Running target unix/-fpic
FAIL: gfortran.dg/gomp/pr43836.f90  -O  (internal compiler error)
FAIL: gfortran.dg/gomp/pr43836.f90  -O  (test for excess errors)

		=== gfortran Summary for unix/-fpic ===

# of expected passes		29326
# of unexpected failures	2
# of expected failures		18
# of unsupported tests		265

Running target unix
FAIL: gfortran.dg/gomp/pr43836.f90  -O  (internal compiler error)
FAIL: gfortran.dg/gomp/pr43836.f90  -O  (test for excess errors)

		=== gfortran Summary for unix ===

# of expected passes		29326
# of unexpected failures	2
# of expected failures		18
# of unsupported tests		265

		=== gfortran Summary ===

# of expected passes		87978
# of unexpected failures	6
# of expected failures		54
# of unsupported tests		795
/home/ghazi/gcc-testing/44/build/gcc/testsuite/gfortran/../../gfortran  version 4.4.4 20100427 (prerelease) [gcc-4_4-branch revision 158756] (GCC) 

		=== obj-c++ tests ===


Running target unix/-fPIC
XPASS: obj-c++.dg/comp-types-10.mm (test for excess errors)
UNRESOLVED: obj-c++.dg/lookup-2.mm compilation failed to produce executable
UNRESOLVED: obj-c++.dg/try-catch-2.mm compilation failed to produce executable
UNRESOLVED: obj-c++.dg/try-catch-9.mm compilation failed to produce executable

		=== obj-c++ Summary for unix/-fPIC ===

# of expected passes		436
# of unexpected successes	1
# of expected failures		9
# of unresolved testcases	3
# of unsupported tests		13

Running target unix/-fpic
XPASS: obj-c++.dg/comp-types-10.mm (test for excess errors)
UNRESOLVED: obj-c++.dg/lookup-2.mm compilation failed to produce executable
UNRESOLVED: obj-c++.dg/try-catch-2.mm compilation failed to produce executable
UNRESOLVED: obj-c++.dg/try-catch-9.mm compilation failed to produce executable

		=== obj-c++ Summary for unix/-fpic ===

# of expected passes		436
# of unexpected successes	1
# of expected failures		9
# of unresolved testcases	3
# of unsupported tests		13

Running target unix
XPASS: obj-c++.dg/comp-types-10.mm (test for excess errors)
UNRESOLVED: obj-c++.dg/lookup-2.mm compilation failed to produce executable
UNRESOLVED: obj-c++.dg/try-catch-2.mm compilation failed to produce executable
UNRESOLVED: obj-c++.dg/try-catch-9.mm compilation failed to produce executable

		=== obj-c++ Summary for unix ===

# of expected passes		436
# of unexpected successes	1
# of expected failures		9
# of unresolved testcases	3
# of unsupported tests		13

		=== obj-c++ Summary ===

# of expected passes		1308
# of unexpected successes	3
# of expected failures		27
# of unresolved testcases	9
# of unsupported tests		39
/home/ghazi/gcc-testing/44/build/gcc/testsuite/obj-c++/../../g++  version 4.4.4 20100427 (prerelease) [gcc-4_4-branch revision 158756] (GCC) 

		=== objc tests ===


Running target unix/-fPIC
FAIL: objc/execute/class-13.m compilation,  -O1 -fgnu-runtime
UNRESOLVED: objc/execute/class-13.m execution,  -O1 -fgnu-runtime
FAIL: objc/execute/class-13.m compilation,  -O2 -fgnu-runtime
UNRESOLVED: objc/execute/class-13.m execution,  -O2 -fgnu-runtime
FAIL: objc/execute/class-13.m compilation,  -O3 -fomit-frame-pointer -fgnu-runtime
UNRESOLVED: objc/execute/class-13.m execution,  -O3 -fomit-frame-pointer -fgnu-runtime
FAIL: objc/execute/class-13.m compilation,  -O3 -g -fgnu-runtime
UNRESOLVED: objc/execute/class-13.m execution,  -O3 -g -fgnu-runtime
FAIL: objc/execute/class-13.m compilation,  -Os -fgnu-runtime
UNRESOLVED: objc/execute/class-13.m execution,  -Os -fgnu-runtime
FAIL: objc/execute/class-6.m compilation,  -O1 -fgnu-runtime
UNRESOLVED: objc/execute/class-6.m execution,  -O1 -fgnu-runtime
FAIL: objc/execute/class-6.m compilation,  -O2 -fgnu-runtime
UNRESOLVED: objc/execute/class-6.m execution,  -O2 -fgnu-runtime
FAIL: objc/execute/class-6.m compilation,  -O3 -fomit-frame-pointer -fgnu-runtime
UNRESOLVED: objc/execute/class-6.m execution,  -O3 -fomit-frame-pointer -fgnu-runtime
FAIL: objc/execute/class-6.m compilation,  -O3 -g -fgnu-runtime
UNRESOLVED: objc/execute/class-6.m execution,  -O3 -g -fgnu-runtime
FAIL: objc/execute/class-6.m compilation,  -Os -fgnu-runtime
UNRESOLVED: objc/execute/class-6.m execution,  -Os -fgnu-runtime
FAIL: objc/execute/forward-1.m execution,  -O0 -fgnu-runtime
FAIL: objc/execute/forward-1.m compilation,  -O1 -fgnu-runtime
UNRESOLVED: objc/execute/forward-1.m execution,  -O1 -fgnu-runtime
FAIL: objc/execute/forward-1.m compilation,  -O2 -fgnu-runtime
UNRESOLVED: objc/execute/forward-1.m execution,  -O2 -fgnu-runtime
FAIL: objc/execute/forward-1.m compilation,  -O3 -fomit-frame-pointer -fgnu-runtime
UNRESOLVED: objc/execute/forward-1.m execution,  -O3 -fomit-frame-pointer -fgnu-runtime
FAIL: objc/execute/forward-1.m compilation,  -O3 -fomit-frame-pointer -funroll-loops -fgnu-runtime
UNRESOLVED: objc/execute/forward-1.m execution,  -O3 -fomit-frame-pointer -funroll-loops -fgnu-runtime
FAIL: objc/execute/forward-1.m compilation,  -O3 -fomit-frame-pointer -funroll-all-loops -finline-functions -fgnu-runtime
UNRESOLVED: objc/execute/forward-1.m execution,  -O3 -fomit-frame-pointer -funroll-all-loops -finline-functions -fgnu-runtime
FAIL: objc/execute/forward-1.m compilation,  -O3 -g -fgnu-runtime
UNRESOLVED: objc/execute/forward-1.m execution,  -O3 -g -fgnu-runtime
FAIL: objc/execute/forward-1.m compilation,  -Os -fgnu-runtime
UNRESOLVED: objc/execute/forward-1.m execution,  -Os -fgnu-runtime
FAIL: objc/execute/object_is_class.m compilation,  -O1 -fgnu-runtime
UNRESOLVED: objc/execute/object_is_class.m execution,  -O1 -fgnu-runtime
FAIL: objc/execute/object_is_class.m compilation,  -O2 -fgnu-runtime
UNRESOLVED: objc/execute/object_is_class.m execution,  -O2 -fgnu-runtime
FAIL: objc/execute/object_is_class.m compilation,  -O3 -fomit-frame-pointer -fgnu-runtime
UNRESOLVED: objc/execute/object_is_class.m execution,  -O3 -fomit-frame-pointer -fgnu-runtime
FAIL: objc/execute/object_is_class.m compilation,  -O3 -g -fgnu-runtime
UNRESOLVED: objc/execute/object_is_class.m execution,  -O3 -g -fgnu-runtime
FAIL: objc/execute/object_is_class.m compilation,  -Os -fgnu-runtime
UNRESOLVED: objc/execute/object_is_class.m execution,  -Os -fgnu-runtime
FAIL: objc/execute/object_is_meta_class.m compilation,  -O1 -fgnu-runtime
UNRESOLVED: objc/execute/object_is_meta_class.m execution,  -O1 -fgnu-runtime
FAIL: objc/execute/object_is_meta_class.m compilation,  -O2 -fgnu-runtime
UNRESOLVED: objc/execute/object_is_meta_class.m execution,  -O2 -fgnu-runtime
FAIL: objc/execute/object_is_meta_class.m compilation,  -O3 -fomit-frame-pointer -fgnu-runtime
UNRESOLVED: objc/execute/object_is_meta_class.m execution,  -O3 -fomit-frame-pointer -fgnu-runtime
FAIL: objc/execute/object_is_meta_class.m compilation,  -O3 -g -fgnu-runtime
UNRESOLVED: objc/execute/object_is_meta_class.m execution,  -O3 -g -fgnu-runtime
FAIL: objc/execute/object_is_meta_class.m compilation,  -Os -fgnu-runtime
UNRESOLVED: objc/execute/object_is_meta_class.m execution,  -Os -fgnu-runtime

		=== objc Summary for unix/-fPIC ===

# of expected passes		1819
# of unexpected failures	28
# of expected failures		7
# of unresolved testcases	27
# of unsupported tests		24

Running target unix/-fpic
FAIL: objc/execute/class-13.m compilation,  -O1 -fgnu-runtime
UNRESOLVED: objc/execute/class-13.m execution,  -O1 -fgnu-runtime
FAIL: objc/execute/class-13.m compilation,  -O2 -fgnu-runtime
UNRESOLVED: objc/execute/class-13.m execution,  -O2 -fgnu-runtime
FAIL: objc/execute/class-13.m compilation,  -O3 -fomit-frame-pointer -fgnu-runtime
UNRESOLVED: objc/execute/class-13.m execution,  -O3 -fomit-frame-pointer -fgnu-runtime
FAIL: objc/execute/class-13.m compilation,  -O3 -g -fgnu-runtime
UNRESOLVED: objc/execute/class-13.m execution,  -O3 -g -fgnu-runtime
FAIL: objc/execute/class-13.m compilation,  -Os -fgnu-runtime
UNRESOLVED: objc/execute/class-13.m execution,  -Os -fgnu-runtime
FAIL: objc/execute/class-6.m compilation,  -O1 -fgnu-runtime
UNRESOLVED: objc/execute/class-6.m execution,  -O1 -fgnu-runtime
FAIL: objc/execute/class-6.m compilation,  -O2 -fgnu-runtime
UNRESOLVED: objc/execute/class-6.m execution,  -O2 -fgnu-runtime
FAIL: objc/execute/class-6.m compilation,  -O3 -fomit-frame-pointer -fgnu-runtime
UNRESOLVED: objc/execute/class-6.m execution,  -O3 -fomit-frame-pointer -fgnu-runtime
FAIL: objc/execute/class-6.m compilation,  -O3 -g -fgnu-runtime
UNRESOLVED: objc/execute/class-6.m execution,  -O3 -g -fgnu-runtime
FAIL: objc/execute/class-6.m compilation,  -Os -fgnu-runtime
UNRESOLVED: objc/execute/class-6.m execution,  -Os -fgnu-runtime
FAIL: objc/execute/forward-1.m execution,  -O0 -fgnu-runtime
FAIL: objc/execute/forward-1.m compilation,  -O1 -fgnu-runtime
UNRESOLVED: objc/execute/forward-1.m execution,  -O1 -fgnu-runtime
FAIL: objc/execute/forward-1.m compilation,  -O2 -fgnu-runtime
UNRESOLVED: objc/execute/forward-1.m execution,  -O2 -fgnu-runtime
FAIL: objc/execute/forward-1.m compilation,  -O3 -fomit-frame-pointer -fgnu-runtime
UNRESOLVED: objc/execute/forward-1.m execution,  -O3 -fomit-frame-pointer -fgnu-runtime
FAIL: objc/execute/forward-1.m compilation,  -O3 -fomit-frame-pointer -funroll-loops -fgnu-runtime
UNRESOLVED: objc/execute/forward-1.m execution,  -O3 -fomit-frame-pointer -funroll-loops -fgnu-runtime
FAIL: objc/execute/forward-1.m compilation,  -O3 -fomit-frame-pointer -funroll-all-loops -finline-functions -fgnu-runtime
UNRESOLVED: objc/execute/forward-1.m execution,  -O3 -fomit-frame-pointer -funroll-all-loops -finline-functions -fgnu-runtime
FAIL: objc/execute/forward-1.m compilation,  -O3 -g -fgnu-runtime
UNRESOLVED: objc/execute/forward-1.m execution,  -O3 -g -fgnu-runtime
FAIL: objc/execute/forward-1.m compilation,  -Os -fgnu-runtime
UNRESOLVED: objc/execute/forward-1.m execution,  -Os -fgnu-runtime
FAIL: objc/execute/object_is_class.m compilation,  -O1 -fgnu-runtime
UNRESOLVED: objc/execute/object_is_class.m execution,  -O1 -fgnu-runtime
FAIL: objc/execute/object_is_class.m compilation,  -O2 -fgnu-runtime
UNRESOLVED: objc/execute/object_is_class.m execution,  -O2 -fgnu-runtime
FAIL: objc/execute/object_is_class.m compilation,  -O3 -fomit-frame-pointer -fgnu-runtime
UNRESOLVED: objc/execute/object_is_class.m execution,  -O3 -fomit-frame-pointer -fgnu-runtime
FAIL: objc/execute/object_is_class.m compilation,  -O3 -g -fgnu-runtime
UNRESOLVED: objc/execute/object_is_class.m execution,  -O3 -g -fgnu-runtime
FAIL: objc/execute/object_is_class.m compilation,  -Os -fgnu-runtime
UNRESOLVED: objc/execute/object_is_class.m execution,  -Os -fgnu-runtime
FAIL: objc/execute/object_is_meta_class.m compilation,  -O1 -fgnu-runtime
UNRESOLVED: objc/execute/object_is_meta_class.m execution,  -O1 -fgnu-runtime
FAIL: objc/execute/object_is_meta_class.m compilation,  -O2 -fgnu-runtime
UNRESOLVED: objc/execute/object_is_meta_class.m execution,  -O2 -fgnu-runtime
FAIL: objc/execute/object_is_meta_class.m compilation,  -O3 -fomit-frame-pointer -fgnu-runtime
UNRESOLVED: objc/execute/object_is_meta_class.m execution,  -O3 -fomit-frame-pointer -fgnu-runtime
FAIL: objc/execute/object_is_meta_class.m compilation,  -O3 -g -fgnu-runtime
UNRESOLVED: objc/execute/object_is_meta_class.m execution,  -O3 -g -fgnu-runtime
FAIL: objc/execute/object_is_meta_class.m compilation,  -Os -fgnu-runtime
UNRESOLVED: objc/execute/object_is_meta_class.m execution,  -Os -fgnu-runtime

		=== objc Summary for unix/-fpic ===

# of expected passes		1819
# of unexpected failures	28
# of expected failures		7
# of unresolved testcases	27
# of unsupported tests		24

Running target unix
FAIL: objc/execute/class-13.m compilation,  -O1 -fgnu-runtime
UNRESOLVED: objc/execute/class-13.m execution,  -O1 -fgnu-runtime
FAIL: objc/execute/class-13.m compilation,  -O2 -fgnu-runtime
UNRESOLVED: objc/execute/class-13.m execution,  -O2 -fgnu-runtime
FAIL: objc/execute/class-13.m compilation,  -O3 -fomit-frame-pointer -fgnu-runtime
UNRESOLVED: objc/execute/class-13.m execution,  -O3 -fomit-frame-pointer -fgnu-runtime
FAIL: objc/execute/class-13.m compilation,  -O3 -g -fgnu-runtime
UNRESOLVED: objc/execute/class-13.m execution,  -O3 -g -fgnu-runtime
FAIL: objc/execute/class-13.m compilation,  -Os -fgnu-runtime
UNRESOLVED: objc/execute/class-13.m execution,  -Os -fgnu-runtime
FAIL: objc/execute/class-6.m compilation,  -O1 -fgnu-runtime
UNRESOLVED: objc/execute/class-6.m execution,  -O1 -fgnu-runtime
FAIL: objc/execute/class-6.m compilation,  -O2 -fgnu-runtime
UNRESOLVED: objc/execute/class-6.m execution,  -O2 -fgnu-runtime
FAIL: objc/execute/class-6.m compilation,  -O3 -fomit-frame-pointer -fgnu-runtime
UNRESOLVED: objc/execute/class-6.m execution,  -O3 -fomit-frame-pointer -fgnu-runtime
FAIL: objc/execute/class-6.m compilation,  -O3 -g -fgnu-runtime
UNRESOLVED: objc/execute/class-6.m execution,  -O3 -g -fgnu-runtime
FAIL: objc/execute/class-6.m compilation,  -Os -fgnu-runtime
UNRESOLVED: objc/execute/class-6.m execution,  -Os -fgnu-runtime
FAIL: objc/execute/forward-1.m execution,  -O0 -fgnu-runtime
FAIL: objc/execute/forward-1.m compilation,  -O1 -fgnu-runtime
UNRESOLVED: objc/execute/forward-1.m execution,  -O1 -fgnu-runtime
FAIL: objc/execute/forward-1.m compilation,  -O2 -fgnu-runtime
UNRESOLVED: objc/execute/forward-1.m execution,  -O2 -fgnu-runtime
FAIL: objc/execute/forward-1.m compilation,  -O3 -fomit-frame-pointer -fgnu-runtime
UNRESOLVED: objc/execute/forward-1.m execution,  -O3 -fomit-frame-pointer -fgnu-runtime
FAIL: objc/execute/forward-1.m compilation,  -O3 -fomit-frame-pointer -funroll-loops -fgnu-runtime
UNRESOLVED: objc/execute/forward-1.m execution,  -O3 -fomit-frame-pointer -funroll-loops -fgnu-runtime
FAIL: objc/execute/forward-1.m compilation,  -O3 -fomit-frame-pointer -funroll-all-loops -finline-functions -fgnu-runtime
UNRESOLVED: objc/execute/forward-1.m execution,  -O3 -fomit-frame-pointer -funroll-all-loops -finline-functions -fgnu-runtime
FAIL: objc/execute/forward-1.m compilation,  -O3 -g -fgnu-runtime
UNRESOLVED: objc/execute/forward-1.m execution,  -O3 -g -fgnu-runtime
FAIL: objc/execute/forward-1.m compilation,  -Os -fgnu-runtime
UNRESOLVED: objc/execute/forward-1.m execution,  -Os -fgnu-runtime
FAIL: objc/execute/object_is_class.m compilation,  -O1 -fgnu-runtime
UNRESOLVED: objc/execute/object_is_class.m execution,  -O1 -fgnu-runtime
FAIL: objc/execute/object_is_class.m compilation,  -O2 -fgnu-runtime
UNRESOLVED: objc/execute/object_is_class.m execution,  -O2 -fgnu-runtime
FAIL: objc/execute/object_is_class.m compilation,  -O3 -fomit-frame-pointer -fgnu-runtime
UNRESOLVED: objc/execute/object_is_class.m execution,  -O3 -fomit-frame-pointer -fgnu-runtime
FAIL: objc/execute/object_is_class.m compilation,  -O3 -g -fgnu-runtime
UNRESOLVED: objc/execute/object_is_class.m execution,  -O3 -g -fgnu-runtime
FAIL: objc/execute/object_is_class.m compilation,  -Os -fgnu-runtime
UNRESOLVED: objc/execute/object_is_class.m execution,  -Os -fgnu-runtime
FAIL: objc/execute/object_is_meta_class.m compilation,  -O1 -fgnu-runtime
UNRESOLVED: objc/execute/object_is_meta_class.m execution,  -O1 -fgnu-runtime
FAIL: objc/execute/object_is_meta_class.m compilation,  -O2 -fgnu-runtime
UNRESOLVED: objc/execute/object_is_meta_class.m execution,  -O2 -fgnu-runtime
FAIL: objc/execute/object_is_meta_class.m compilation,  -O3 -fomit-frame-pointer -fgnu-runtime
UNRESOLVED: objc/execute/object_is_meta_class.m execution,  -O3 -fomit-frame-pointer -fgnu-runtime
FAIL: objc/execute/object_is_meta_class.m compilation,  -O3 -g -fgnu-runtime
UNRESOLVED: objc/execute/object_is_meta_class.m execution,  -O3 -g -fgnu-runtime
FAIL: objc/execute/object_is_meta_class.m compilation,  -Os -fgnu-runtime
UNRESOLVED: objc/execute/object_is_meta_class.m execution,  -Os -fgnu-runtime

		=== objc Summary for unix ===

# of expected passes		1819
# of unexpected failures	28
# of expected failures		7
# of unresolved testcases	27
# of unsupported tests		24

		=== objc Summary ===

# of expected passes		5457
# of unexpected failures	84
# of expected failures		21
# of unresolved testcases	81
# of unsupported tests		72
/home/ghazi/gcc-testing/44/build/gcc/xgcc  version 4.4.4 20100427 (prerelease) [gcc-4_4-branch revision 158756] (GCC) 


Compiler version: 4.4.4 20100427 (prerelease) [gcc-4_4-branch revision 158756] (GCC) 
Platform: armv5tel-unknown-linux-gnueabi
configure flags: --enable-languages=c,c++,objc,f95,obj-c++,java


Index Nav: [Date Index] [Subject Index] [Author Index] [Thread Index]
Message Nav: [Date Prev] [Date Next] [Thread Prev] [Thread Next]