This is the mail archive of the
gcc-testresults@gcc.gnu.org
mailing list for the GCC project.
Results for 4.3.5 20100428 (prerelease) [gcc-4_3-branch revision 158821] (GCC) testsuite on powerpc-unknown-linux-gnu
- From: ghazi at gcc53 dot fsffrance dot org
- To: gcc-testresults at gcc dot gnu dot org
- Date: Thu, 29 Apr 2010 17:44:47 +0200
- Subject: Results for 4.3.5 20100428 (prerelease) [gcc-4_3-branch revision 158821] (GCC) testsuite on powerpc-unknown-linux-gnu
LAST_UPDATED: Wed Apr 28 00:22:43 UTC 2010 (revision 158821)
Native configuration is powerpc-unknown-linux-gnu
=== g++ tests ===
Running target unix/-fPIC
FAIL: g++.dg/torture/pr38565.C -O0 (test for excess errors)
FAIL: g++.dg/torture/pr38565.C -O1 (test for excess errors)
FAIL: g++.dg/torture/pr38565.C -O2 (test for excess errors)
FAIL: g++.dg/torture/pr38565.C -O3 -fomit-frame-pointer (test for excess errors)
FAIL: g++.dg/torture/pr38565.C -O3 -g (test for excess errors)
FAIL: g++.dg/torture/pr38565.C -Os (test for excess errors)
=== g++ Summary for unix/-fPIC ===
# of expected passes 17790
# of unexpected failures 6
# of expected failures 92
# of unsupported tests 122
Running target unix/-fpic
FAIL: g++.dg/torture/pr38565.C -O0 (test for excess errors)
FAIL: g++.dg/torture/pr38565.C -O1 (test for excess errors)
FAIL: g++.dg/torture/pr38565.C -O2 (test for excess errors)
FAIL: g++.dg/torture/pr38565.C -O3 -fomit-frame-pointer (test for excess errors)
FAIL: g++.dg/torture/pr38565.C -O3 -g (test for excess errors)
FAIL: g++.dg/torture/pr38565.C -Os (test for excess errors)
=== g++ Summary for unix/-fpic ===
# of expected passes 17790
# of unexpected failures 6
# of expected failures 92
# of unsupported tests 122
Running target unix
FAIL: g++.dg/torture/pr38565.C -O0 (test for excess errors)
FAIL: g++.dg/torture/pr38565.C -O1 (test for excess errors)
FAIL: g++.dg/torture/pr38565.C -O2 (test for excess errors)
FAIL: g++.dg/torture/pr38565.C -O3 -fomit-frame-pointer (test for excess errors)
FAIL: g++.dg/torture/pr38565.C -O3 -g (test for excess errors)
FAIL: g++.dg/torture/pr38565.C -Os (test for excess errors)
=== g++ Summary for unix ===
# of expected passes 17790
# of unexpected failures 6
# of expected failures 92
# of unsupported tests 122
=== g++ Summary ===
# of expected passes 53370
# of unexpected failures 18
# of expected failures 276
# of unsupported tests 366
/home/ghazi/gcc-testing/43/build/gcc/testsuite/g++/../../g++ version 4.3.5 20100428 (prerelease) [gcc-4_3-branch revision 158821] (GCC)
=== gcc tests ===
Running target unix/-fPIC
FAIL: gcc.dg/memcpy-1.c scan-tree-dump-times optimized "nasty_local" 0
FAIL: gcc.dg/pch/static-1.c -O0 -g assembly comparison
FAIL: gcc.dg/pch/static-1.c -O0 assembly comparison
FAIL: gcc.dg/pch/static-2.c -O0 -g assembly comparison
FAIL: gcc.dg/pch/static-2.c -O0 assembly comparison
FAIL: gcc.target/powerpc/dfp-dd.c scan-assembler dadd
FAIL: gcc.target/powerpc/dfp-dd.c scan-assembler ddiv
FAIL: gcc.target/powerpc/dfp-dd.c scan-assembler dmul
FAIL: gcc.target/powerpc/dfp-dd.c scan-assembler dsub
FAIL: gcc.target/powerpc/dfp-dd.c scan-assembler-times dcmpu 6
FAIL: gcc.target/powerpc/dfp-dd.c scan-assembler-times dctfix 2
FAIL: gcc.target/powerpc/dfp-dd.c scan-assembler-times drintn 2
FAIL: gcc.target/powerpc/dfp-dd.c scan-assembler-times dcffixq 2
FAIL: gcc.target/powerpc/dfp-td.c scan-assembler daddq
FAIL: gcc.target/powerpc/dfp-td.c scan-assembler ddivq
FAIL: gcc.target/powerpc/dfp-td.c scan-assembler dmulq
FAIL: gcc.target/powerpc/dfp-td.c scan-assembler dsubq
FAIL: gcc.target/powerpc/dfp-td.c scan-assembler-times dcmpuq 6
FAIL: gcc.target/powerpc/dfp-td.c scan-assembler-times dctfixq 2
FAIL: gcc.target/powerpc/dfp-td.c scan-assembler-times drintnq 2
FAIL: gcc.target/powerpc/dfp-td.c scan-assembler-times dcffixq 2
FAIL: gcc.target/powerpc/gcse-1.c scan-assembler-times @ha 1
FAIL: gcc.target/powerpc/ppu-intrinsics.c (test for excess errors)
=== gcc Summary for unix/-fPIC ===
# of expected passes 50504
# of unexpected failures 23
# of expected failures 175
# of untested testcases 35
# of unsupported tests 413
Running target unix/-fpic
FAIL: gcc.dg/memcpy-1.c scan-tree-dump-times optimized "nasty_local" 0
FAIL: gcc.target/powerpc/dfp-dd.c scan-assembler dadd
FAIL: gcc.target/powerpc/dfp-dd.c scan-assembler ddiv
FAIL: gcc.target/powerpc/dfp-dd.c scan-assembler dmul
FAIL: gcc.target/powerpc/dfp-dd.c scan-assembler dsub
FAIL: gcc.target/powerpc/dfp-dd.c scan-assembler-times dcmpu 6
FAIL: gcc.target/powerpc/dfp-dd.c scan-assembler-times dctfix 2
FAIL: gcc.target/powerpc/dfp-dd.c scan-assembler-times drintn 2
FAIL: gcc.target/powerpc/dfp-dd.c scan-assembler-times dcffixq 2
FAIL: gcc.target/powerpc/dfp-td.c scan-assembler daddq
FAIL: gcc.target/powerpc/dfp-td.c scan-assembler ddivq
FAIL: gcc.target/powerpc/dfp-td.c scan-assembler dmulq
FAIL: gcc.target/powerpc/dfp-td.c scan-assembler dsubq
FAIL: gcc.target/powerpc/dfp-td.c scan-assembler-times dcmpuq 6
FAIL: gcc.target/powerpc/dfp-td.c scan-assembler-times dctfixq 2
FAIL: gcc.target/powerpc/dfp-td.c scan-assembler-times drintnq 2
FAIL: gcc.target/powerpc/dfp-td.c scan-assembler-times dcffixq 2
FAIL: gcc.target/powerpc/gcse-1.c scan-assembler-times @ha 1
FAIL: gcc.target/powerpc/ppu-intrinsics.c (test for excess errors)
=== gcc Summary for unix/-fpic ===
# of expected passes 50508
# of unexpected failures 19
# of expected failures 175
# of untested testcases 35
# of unsupported tests 413
Running target unix
FAIL: gcc.dg/memcpy-1.c scan-tree-dump-times optimized "nasty_local" 0
FAIL: gcc.target/powerpc/dfp-dd.c scan-assembler dadd
FAIL: gcc.target/powerpc/dfp-dd.c scan-assembler ddiv
FAIL: gcc.target/powerpc/dfp-dd.c scan-assembler dmul
FAIL: gcc.target/powerpc/dfp-dd.c scan-assembler dsub
FAIL: gcc.target/powerpc/dfp-dd.c scan-assembler-times dcmpu 6
FAIL: gcc.target/powerpc/dfp-dd.c scan-assembler-times dctfix 2
FAIL: gcc.target/powerpc/dfp-dd.c scan-assembler-times drintn 2
FAIL: gcc.target/powerpc/dfp-dd.c scan-assembler-times dcffixq 2
FAIL: gcc.target/powerpc/dfp-td.c scan-assembler daddq
FAIL: gcc.target/powerpc/dfp-td.c scan-assembler ddivq
FAIL: gcc.target/powerpc/dfp-td.c scan-assembler dmulq
FAIL: gcc.target/powerpc/dfp-td.c scan-assembler dsubq
FAIL: gcc.target/powerpc/dfp-td.c scan-assembler-times dcmpuq 6
FAIL: gcc.target/powerpc/dfp-td.c scan-assembler-times dctfixq 2
FAIL: gcc.target/powerpc/dfp-td.c scan-assembler-times drintnq 2
FAIL: gcc.target/powerpc/dfp-td.c scan-assembler-times dcffixq 2
FAIL: gcc.target/powerpc/ppu-intrinsics.c (test for excess errors)
=== gcc Summary for unix ===
# of expected passes 50537
# of unexpected failures 18
# of expected failures 175
# of untested testcases 35
# of unsupported tests 403
=== gcc Summary ===
# of expected passes 151549
# of unexpected failures 60
# of expected failures 525
# of untested testcases 105
# of unsupported tests 1229
/home/ghazi/gcc-testing/43/build/gcc/xgcc version 4.3.5 20100428 (prerelease) [gcc-4_3-branch revision 158821] (GCC)
=== gfortran tests ===
Running target unix/-fPIC
XPASS: gfortran.dg/nint_2.f90 -O1 execution test
XPASS: gfortran.dg/nint_2.f90 -O2 execution test
XPASS: gfortran.dg/nint_2.f90 -O3 -fomit-frame-pointer execution test
XPASS: gfortran.dg/nint_2.f90 -O3 -fomit-frame-pointer -funroll-loops execution test
XPASS: gfortran.dg/nint_2.f90 -O3 -fomit-frame-pointer -funroll-all-loops -finline-functions execution test
XPASS: gfortran.dg/nint_2.f90 -O3 -g execution test
XPASS: gfortran.dg/nint_2.f90 -Os execution test
=== gfortran Summary for unix/-fPIC ===
# of expected passes 25324
# of unexpected successes 7
# of expected failures 4
# of unsupported tests 141
Running target unix/-fpic
XPASS: gfortran.dg/nint_2.f90 -O1 execution test
XPASS: gfortran.dg/nint_2.f90 -O2 execution test
XPASS: gfortran.dg/nint_2.f90 -O3 -fomit-frame-pointer execution test
XPASS: gfortran.dg/nint_2.f90 -O3 -fomit-frame-pointer -funroll-loops execution test
XPASS: gfortran.dg/nint_2.f90 -O3 -fomit-frame-pointer -funroll-all-loops -finline-functions execution test
XPASS: gfortran.dg/nint_2.f90 -O3 -g execution test
XPASS: gfortran.dg/nint_2.f90 -Os execution test
=== gfortran Summary for unix/-fpic ===
# of expected passes 25324
# of unexpected successes 7
# of expected failures 4
# of unsupported tests 141
Running target unix
XPASS: gfortran.dg/nint_2.f90 -O1 execution test
XPASS: gfortran.dg/nint_2.f90 -O2 execution test
XPASS: gfortran.dg/nint_2.f90 -O3 -fomit-frame-pointer execution test
XPASS: gfortran.dg/nint_2.f90 -O3 -fomit-frame-pointer -funroll-loops execution test
XPASS: gfortran.dg/nint_2.f90 -O3 -fomit-frame-pointer -funroll-all-loops -finline-functions execution test
XPASS: gfortran.dg/nint_2.f90 -O3 -g execution test
XPASS: gfortran.dg/nint_2.f90 -Os execution test
=== gfortran Summary for unix ===
# of expected passes 25324
# of unexpected successes 7
# of expected failures 4
# of unsupported tests 141
=== gfortran Summary ===
# of expected passes 75972
# of unexpected successes 21
# of expected failures 12
# of unsupported tests 423
/home/ghazi/gcc-testing/43/build/gcc/testsuite/gfortran/../../gfortran version 4.3.5 20100428 (prerelease) [gcc-4_3-branch revision 158821] (GCC)
=== obj-c++ tests ===
Running target unix/-fPIC
UNRESOLVED: obj-c++.dg/lookup-2.mm compilation failed to produce executable
UNRESOLVED: obj-c++.dg/try-catch-2.mm compilation failed to produce executable
UNRESOLVED: obj-c++.dg/try-catch-9.mm compilation failed to produce executable
=== obj-c++ Summary for unix/-fPIC ===
# of expected passes 437
# of expected failures 9
# of unresolved testcases 3
# of unsupported tests 13
Running target unix/-fpic
UNRESOLVED: obj-c++.dg/lookup-2.mm compilation failed to produce executable
UNRESOLVED: obj-c++.dg/try-catch-2.mm compilation failed to produce executable
UNRESOLVED: obj-c++.dg/try-catch-9.mm compilation failed to produce executable
=== obj-c++ Summary for unix/-fpic ===
# of expected passes 437
# of expected failures 9
# of unresolved testcases 3
# of unsupported tests 13
Running target unix
UNRESOLVED: obj-c++.dg/lookup-2.mm compilation failed to produce executable
UNRESOLVED: obj-c++.dg/try-catch-2.mm compilation failed to produce executable
UNRESOLVED: obj-c++.dg/try-catch-9.mm compilation failed to produce executable
=== obj-c++ Summary for unix ===
# of expected passes 437
# of expected failures 9
# of unresolved testcases 3
# of unsupported tests 13
=== obj-c++ Summary ===
# of expected passes 1311
# of expected failures 27
# of unresolved testcases 9
# of unsupported tests 39
/home/ghazi/gcc-testing/43/build/gcc/testsuite/obj-c++/../../g++ version 4.3.5 20100428 (prerelease) [gcc-4_3-branch revision 158821] (GCC)
=== objc tests ===
Running target unix/-fPIC
=== objc Summary for unix/-fPIC ===
# of expected passes 1832
# of expected failures 7
# of unsupported tests 24
Running target unix/-fpic
=== objc Summary for unix/-fpic ===
# of expected passes 1832
# of expected failures 7
# of unsupported tests 24
Running target unix
=== objc Summary for unix ===
# of expected passes 1832
# of expected failures 7
# of unsupported tests 24
=== objc Summary ===
# of expected passes 5496
# of expected failures 21
# of unsupported tests 72
/home/ghazi/gcc-testing/43/build/gcc/xgcc version 4.3.5 20100428 (prerelease) [gcc-4_3-branch revision 158821] (GCC)
=== treelang tests ===
Running target unix/-fPIC
FAIL: treelang/execute/funccall.tree (test for excess errors)
UNRESOLVED: treelang/execute/funccall.tree compilation failed to produce executable
FAIL: treelang/execute/initial.tree (test for excess errors)
UNRESOLVED: treelang/execute/initial.tree compilation failed to produce executable
FAIL: treelang/execute/static.tree (test for excess errors)
UNRESOLVED: treelang/execute/static.tree compilation failed to produce executable
=== treelang Summary for unix/-fPIC ===
# of expected passes 46
# of unexpected failures 3
# of unresolved testcases 3
Running target unix/-fpic
FAIL: treelang/execute/funccall.tree (test for excess errors)
UNRESOLVED: treelang/execute/funccall.tree compilation failed to produce executable
FAIL: treelang/execute/initial.tree (test for excess errors)
UNRESOLVED: treelang/execute/initial.tree compilation failed to produce executable
FAIL: treelang/execute/static.tree (test for excess errors)
UNRESOLVED: treelang/execute/static.tree compilation failed to produce executable
=== treelang Summary for unix/-fpic ===
# of expected passes 46
# of unexpected failures 3
# of unresolved testcases 3
Running target unix
=== treelang Summary for unix ===
# of expected passes 52
=== treelang Summary ===
# of expected passes 144
# of unexpected failures 6
# of unresolved testcases 6
=== libffi tests ===
Running target unix/-fPIC
=== libffi Summary for unix/-fPIC ===
# of expected passes 1389
# of unsupported tests 10
Running target unix/-fpic
=== libffi Summary for unix/-fpic ===
# of expected passes 1389
# of unsupported tests 10
Running target unix
=== libffi Summary for unix ===
# of expected passes 1389
# of unsupported tests 10
=== libffi Summary ===
# of expected passes 4167
# of unsupported tests 30
=== libgomp tests ===
Running target unix/-fPIC
=== libgomp Summary for unix/-fPIC ===
# of expected passes 1763
Running target unix/-fpic
FAIL: libgomp.fortran/appendix-a/a.22.7.f90 -Os (test for excess errors)
UNRESOLVED: libgomp.fortran/appendix-a/a.22.7.f90 -Os compilation failed to produce executable
FAIL: libgomp.fortran/omp_parse3.f90 -O3 -fomit-frame-pointer -funroll-all-loops -finline-functions (test for excess errors)
UNRESOLVED: libgomp.fortran/omp_parse3.f90 -O3 -fomit-frame-pointer -funroll-all-loops -finline-functions compilation failed to produce executable
=== libgomp Summary for unix/-fpic ===
# of expected passes 1759
# of unexpected failures 2
# of unresolved testcases 2
Running target unix
=== libgomp Summary for unix ===
# of expected passes 1763
=== libgomp Summary ===
# of expected passes 5285
# of unexpected failures 2
# of unresolved testcases 2
=== libjava tests ===
Running target unix/-fPIC
=== libjava Summary for unix/-fPIC ===
# of expected passes 2562
Running target unix/-fpic
=== libjava Summary for unix/-fpic ===
# of expected passes 2562
Running target unix
=== libjava Summary for unix ===
# of expected passes 2562
=== libjava Summary ===
# of expected passes 7686
=== libmudflap tests ===
Running target unix/-fPIC
FAIL: libmudflap.c++/pass41-frag.cxx execution test
FAIL: libmudflap.c++/pass41-frag.cxx (-static) execution test
FAIL: libmudflap.c++/pass41-frag.cxx ( -O) execution test
FAIL: libmudflap.c++/pass41-frag.cxx (-O2) execution test
FAIL: libmudflap.c++/pass41-frag.cxx (-O3) execution test
=== libmudflap Summary for unix/-fPIC ===
# of expected passes 1844
# of unexpected failures 5
Running target unix/-fpic
FAIL: libmudflap.c++/pass41-frag.cxx execution test
FAIL: libmudflap.c++/pass41-frag.cxx (-static) execution test
FAIL: libmudflap.c++/pass41-frag.cxx ( -O) execution test
FAIL: libmudflap.c++/pass41-frag.cxx (-O2) execution test
FAIL: libmudflap.c++/pass41-frag.cxx (-O3) execution test
=== libmudflap Summary for unix/-fpic ===
# of expected passes 1844
# of unexpected failures 5
Running target unix
FAIL: libmudflap.c++/pass41-frag.cxx execution test
FAIL: libmudflap.c++/pass41-frag.cxx (-static) execution test
FAIL: libmudflap.c++/pass41-frag.cxx ( -O) execution test
FAIL: libmudflap.c++/pass41-frag.cxx (-O2) execution test
FAIL: libmudflap.c++/pass41-frag.cxx (-O3) execution test
=== libmudflap Summary for unix ===
# of expected passes 1844
# of unexpected failures 5
=== libmudflap Summary ===
# of expected passes 5532
# of unexpected failures 15
=== libstdc++ tests ===
Running target unix/-fPIC
FAIL: abi_check
=== libstdc++ Summary for unix/-fPIC ===
# of expected passes 4945
# of unexpected failures 1
# of expected failures 60
# of unsupported tests 326
Running target unix/-fpic
FAIL: abi_check
=== libstdc++ Summary for unix/-fpic ===
# of expected passes 4945
# of unexpected failures 1
# of expected failures 60
# of unsupported tests 326
Running target unix
FAIL: abi_check
=== libstdc++ Summary for unix ===
# of expected passes 4945
# of unexpected failures 1
# of expected failures 60
# of unsupported tests 326
=== libstdc++ Summary ===
# of expected passes 14835
# of unexpected failures 3
# of expected failures 180
# of unsupported tests 978
Compiler version: 4.3.5 20100428 (prerelease) [gcc-4_3-branch revision 158821] (GCC)
Platform: powerpc-unknown-linux-gnu
configure flags: --enable-languages=c,c++,objc,f95,obj-c++,java,treelang --with-mpc=/opt/cfarm/mpc-0.8 --with-mpfr=/opt/cfarm/mpfr-2.4.1 --with-gmp=/opt/cfarm/gmp-4.2.4