This is the mail archive of the gcc-testresults@gcc.gnu.org mailing list for the GCC project.


Index Nav: [Date Index] [Subject Index] [Author Index] [Thread Index]
Message Nav: [Date Prev] [Date Next] [Thread Prev] [Thread Next]
Other format: [Raw text]

Results for 4.5.1 20100428 (prerelease) [gcc-4_5-branch revision 158113] (GCC) testsuite on i686-pc-linux-gnu


Native configuration is i686-pc-linux-gnu

		=== gcc tests ===


Running target unix
FAIL: gcc.c-torture/compile/limits-exprparen.c  -O0  (test for excess errors)
FAIL: gcc.c-torture/compile/limits-exprparen.c  -O1  (test for excess errors)
FAIL: gcc.c-torture/compile/limits-exprparen.c  -O2  (test for excess errors)
FAIL: gcc.c-torture/compile/limits-exprparen.c  -O3 -fomit-frame-pointer  (test for excess errors)
FAIL: gcc.c-torture/compile/limits-exprparen.c  -O3 -g  (test for excess errors)
FAIL: gcc.c-torture/compile/limits-exprparen.c  -Os  (test for excess errors)
FAIL: gcc.c-torture/compile/limits-exprparen.c  -O2 -flto  (test for excess errors)
FAIL: gcc.c-torture/compile/limits-exprparen.c  -O2 -fwhopr  (test for excess errors)
FAIL: gcc.dg/cpp/_Pragma3.c (test for excess errors)
FAIL: gcc.dg/pr43280.c execution test
XPASS: gcc.dg/guality/example.c  -O0  execution test
XPASS: gcc.dg/guality/example.c  -O1  execution test
XPASS: gcc.dg/guality/example.c  -O2  execution test
XPASS: gcc.dg/guality/example.c  -Os  execution test
XPASS: gcc.dg/guality/example.c  -O2 -flto  execution test
XPASS: gcc.dg/guality/example.c  -O2 -fwhopr  execution test
XPASS: gcc.dg/guality/guality.c  -O0  execution test
XPASS: gcc.dg/guality/guality.c  -O1  execution test
XPASS: gcc.dg/guality/guality.c  -O2  execution test
XPASS: gcc.dg/guality/guality.c  -O3 -fomit-frame-pointer  execution test
XPASS: gcc.dg/guality/guality.c  -O3 -g  execution test
XPASS: gcc.dg/guality/guality.c  -Os  execution test
XPASS: gcc.dg/guality/guality.c  -O2 -flto  execution test
XPASS: gcc.dg/guality/guality.c  -O2 -fwhopr  execution test
XPASS: gcc.dg/guality/pr41353-1.c  -O0  line 28 j == 28 + 37
XPASS: gcc.dg/guality/pr41353-1.c  -O1  line 28 j == 28 + 37
XPASS: gcc.dg/guality/pr41353-1.c  -O2  line 28 j == 28 + 37
XPASS: gcc.dg/guality/pr41353-1.c  -O3 -fomit-frame-pointer  line 28 j == 28 + 37
XPASS: gcc.dg/guality/pr41353-1.c  -O3 -g  line 28 j == 28 + 37
XPASS: gcc.dg/guality/pr41353-1.c  -Os  line 28 j == 28 + 37
FAIL: gcc.dg/guality/pr41353-1.c  -O2 -flto  line 28 i == 37
FAIL: gcc.dg/guality/pr41353-1.c  -O2 -flto  line 28 i1 == 2 * 37
FAIL: gcc.dg/guality/pr41353-1.c  -O2 -flto  line 28 i2 == 3 * 37
FAIL: gcc.dg/guality/pr41353-1.c  -O2 -fwhopr  line 28 i == 37
FAIL: gcc.dg/guality/pr41353-1.c  -O2 -fwhopr  line 28 i1 == 2 * 37
FAIL: gcc.dg/guality/pr41353-1.c  -O2 -fwhopr  line 28 i2 == 3 * 37
XPASS: gcc.dg/guality/pr41447-1.c  -O0  execution test
XPASS: gcc.dg/guality/pr41447-1.c  -O1  execution test
XPASS: gcc.dg/guality/pr41447-1.c  -O2  execution test
XPASS: gcc.dg/guality/pr41447-1.c  -O3 -fomit-frame-pointer  execution test
XPASS: gcc.dg/guality/pr41447-1.c  -O3 -g  execution test
XPASS: gcc.dg/guality/pr41447-1.c  -Os  execution test
XPASS: gcc.dg/guality/pr41447-1.c  -O2 -flto  execution test
XPASS: gcc.dg/guality/pr41616-1.c  -O0  execution test
XPASS: gcc.dg/guality/pr41616-1.c  -O1  execution test
XPASS: gcc.dg/guality/pr41616-1.c  -O2  execution test
XPASS: gcc.dg/guality/pr41616-1.c  -Os  execution test
XPASS: gcc.dg/guality/pr41616-1.c  -O2 -flto  execution test
XPASS: gcc.dg/guality/pr41616-1.c  -O2 -fwhopr  execution test
FAIL: gcc.dg/guality/vla-1.c  -O2 -flto  line 17 sizeof (a) == 6
FAIL: gcc.dg/guality/vla-1.c  -O2 -flto  line 24 sizeof (a) == 17 * sizeof (short)
FAIL: gcc.dg/guality/vla-1.c  -O2 -fwhopr  line 17 sizeof (a) == 6
FAIL: gcc.dg/guality/vla-1.c  -O2 -fwhopr  line 24 sizeof (a) == 17 * sizeof (short)
FAIL: gcc.target/i386/sse-19.c scan-assembler punpcklbw

		=== gcc Summary ===

# of expected passes		72921
# of unexpected failures	21
# of unexpected successes	33
# of expected failures		193
# of unsupported tests		614
/export/build/gnu/gcc-atom-32bit/build-i686-linux/gcc/xgcc  version 4.5.1 20100428 (prerelease) [gcc-4_5-branch revision 158113] (GCC) 

		=== libgomp tests ===


Running target unix
FAIL: libgomp.graphite/force-parallel-1.c execution test

		=== libgomp Summary ===

# of expected passes		311
# of unexpected failures	1
		=== libmudflap tests ===


Running target unix
FAIL: libmudflap.c/fail31-frag.c (-O3) output pattern test
FAIL: libmudflap.c/pass45-frag.c (-O3) execution test
FAIL: libmudflap.c/pass45-frag.c (-O3) output pattern test
FAIL: libmudflap.c/pass45-frag.c (-O3) execution test
FAIL: libmudflap.c/pass45-frag.c (-O3) output pattern test

		=== libmudflap Summary ===

# of expected passes		1300
# of unexpected failures	5
# of unsupported tests		2

Compiler version: 4.5.1 20100428 (prerelease) [gcc-4_5-branch revision 158113] (GCC) 
Platform: i686-pc-linux-gnu
configure flags: --enable-clocale=gnu --with-system-zlib --with-demangler-in-ld --enable-languages=c --enable-shared --enable-threads=posix --enable-haifa --with-arch=atom --with-cpu=atom --prefix=/usr/gcc-32bit --with-local-prefix=/usr/local


Index Nav: [Date Index] [Subject Index] [Author Index] [Thread Index]
Message Nav: [Date Prev] [Date Next] [Thread Prev] [Thread Next]