This is the mail archive of the gcc-testresults@gcc.gnu.org mailing list for the GCC project.


Index Nav: [Date Index] [Subject Index] [Author Index] [Thread Index]
Message Nav: [Date Prev] [Date Next] [Thread Prev] [Thread Next]
Other format: [Raw text]

Results for 4.6.0 20100428 (experimental) [trunk revision 158821] (GCC) testsuite on moxie-unknown-elf


LAST_UPDATED: Wed Apr 28 00:27:56 UTC 2010 (revision 158821)

Target is moxie-unknown-elf
Host   is x86_64-unknown-linux-gnu

		=== gcc tests ===


Running target moxie-sim
WARNING: program timed out.
FAIL: gcc.c-torture/compile/20050622-1.c  -O3 -g  (test for excess errors)
FAIL: gcc.c-torture/execute/20010122-1.c execution,  -O1 
FAIL: gcc.c-torture/execute/20010122-1.c execution,  -O2 
FAIL: gcc.c-torture/execute/20010122-1.c execution,  -O3 -g 
FAIL: gcc.c-torture/execute/20010122-1.c execution,  -Os 
FAIL: gcc.c-torture/execute/20010122-1.c execution,  -O2 -flto 
FAIL: gcc.c-torture/execute/20010122-1.c execution,  -O2 -fwhopr 
FAIL: gcc.c-torture/execute/pr38819.c execution,  -O2 
FAIL: gcc.c-torture/execute/pr38819.c execution,  -O3 -fomit-frame-pointer 
FAIL: gcc.c-torture/execute/pr38819.c execution,  -O3 -fomit-frame-pointer -funroll-loops 
FAIL: gcc.c-torture/execute/pr38819.c execution,  -O3 -fomit-frame-pointer -funroll-all-loops -finline-functions 
FAIL: gcc.c-torture/execute/pr38819.c execution,  -O3 -g 
FAIL: gcc.c-torture/execute/pr38819.c execution,  -O2 -flto 
FAIL: gcc.c-torture/execute/pr38819.c execution,  -O2 -fwhopr 
FAIL: gcc.c-torture/execute/pr42833.c compilation,  -O0 
UNRESOLVED: gcc.c-torture/execute/pr42833.c execution,  -O0 
FAIL: gcc.c-torture/execute/pr42833.c compilation,  -O1 
UNRESOLVED: gcc.c-torture/execute/pr42833.c execution,  -O1 
FAIL: gcc.c-torture/execute/pr42833.c compilation,  -O2 
UNRESOLVED: gcc.c-torture/execute/pr42833.c execution,  -O2 
FAIL: gcc.c-torture/execute/pr42833.c compilation,  -O3 -fomit-frame-pointer 
UNRESOLVED: gcc.c-torture/execute/pr42833.c execution,  -O3 -fomit-frame-pointer 
FAIL: gcc.c-torture/execute/pr42833.c compilation,  -O3 -fomit-frame-pointer -funroll-loops 
UNRESOLVED: gcc.c-torture/execute/pr42833.c execution,  -O3 -fomit-frame-pointer -funroll-loops 
FAIL: gcc.c-torture/execute/pr42833.c compilation,  -O3 -fomit-frame-pointer -funroll-all-loops -finline-functions 
UNRESOLVED: gcc.c-torture/execute/pr42833.c execution,  -O3 -fomit-frame-pointer -funroll-all-loops -finline-functions 
FAIL: gcc.c-torture/execute/pr42833.c compilation,  -O3 -g 
UNRESOLVED: gcc.c-torture/execute/pr42833.c execution,  -O3 -g 
FAIL: gcc.c-torture/execute/pr42833.c compilation,  -Os 
UNRESOLVED: gcc.c-torture/execute/pr42833.c execution,  -Os 
FAIL: gcc.c-torture/execute/pr42833.c compilation,  -O2 -flto 
UNRESOLVED: gcc.c-torture/execute/pr42833.c execution,  -O2 -flto 
FAIL: gcc.c-torture/execute/pr42833.c compilation,  -O2 -fwhopr 
UNRESOLVED: gcc.c-torture/execute/pr42833.c execution,  -O2 -fwhopr 
FAIL: gcc.dg/builtin-apply2.c execution test
FAIL: gcc.dg/c99-stdint-1.c (test for excess errors)
FAIL: gcc.dg/c99-stdint-2.c (test for excess errors)
FAIL: gcc.dg/c99-stdint-4.c (test for excess errors)
FAIL: gcc.dg/c99-stdint-5.c (test for excess errors)
FAIL: gcc.dg/c99-stdint-6.c (test for excess errors)
FAIL: gcc.dg/c99-stdint-7.c (test for excess errors)
FAIL: gcc.dg/c99-stdint-8.c (test for excess errors)
FAIL: gcc.dg/large-size-array-2.c (internal compiler error)
FAIL: gcc.dg/large-size-array-2.c  (test for errors, line 6)
FAIL: gcc.dg/large-size-array-2.c (test for excess errors)
FAIL: gcc.dg/large-size-array-4.c (internal compiler error)
FAIL: gcc.dg/large-size-array-4.c  (test for errors, line 6)
FAIL: gcc.dg/large-size-array-4.c (test for excess errors)
FAIL: gcc.dg/plugindir1.c (test for excess errors)
FAIL: gcc.dg/plugindir2.c (test for excess errors)
FAIL: gcc.dg/plugindir3.c (test for excess errors)
FAIL: gcc.dg/plugindir4.c (test for excess errors)
FAIL: gcc.dg/pr34668-1.c (internal compiler error)
FAIL: gcc.dg/pr34668-1.c (test for excess errors)
FAIL: gcc.dg/pr42427.c (test for excess errors)
FAIL: gcc.dg/pr42629.c (test for excess errors)
FAIL: gcc.dg/sibcall-3.c execution test
FAIL: gcc.dg/sibcall-4.c execution test
FAIL: gcc.dg/lto/20090126-1 c_lto_20090126-1_0.o-c_lto_20090126-1_0.o link,  (internal compiler error)
UNRESOLVED: gcc.dg/lto/20090126-1 c_lto_20090126-1_0.o-c_lto_20090126-1_0.o execute -O0 -fwhopr
FAIL: gcc.dg/lto/20090313 c_lto_20090313_0.o-c_lto_20090313_0.o link
UNRESOLVED: gcc.dg/lto/20090313 c_lto_20090313_0.o-c_lto_20090313_0.o execute -O0 -fwhopr
FAIL: gcc.dg/lto/20090313 c_lto_20090313_0.o-c_lto_20090313_0.o link
UNRESOLVED: gcc.dg/lto/20090313 c_lto_20090313_0.o-c_lto_20090313_0.o execute -O2 -fwhopr
FAIL: gcc.dg/lto/20090313 c_lto_20090313_0.o-c_lto_20090313_0.o link
UNRESOLVED: gcc.dg/lto/20090313 c_lto_20090313_0.o-c_lto_20090313_0.o execute -O0 -flto
FAIL: gcc.dg/lto/20090313 c_lto_20090313_0.o-c_lto_20090313_0.o link
UNRESOLVED: gcc.dg/lto/20090313 c_lto_20090313_0.o-c_lto_20090313_0.o execute -O2 -flto
FAIL: gcc.dg/lto/20100423-2 c_lto_20100423-2_0.o-c_lto_20100423-2_1.o link
UNRESOLVED: gcc.dg/lto/20100423-2 c_lto_20100423-2_0.o-c_lto_20100423-2_1.o execute -O2 -flto
FAIL: gcc.dg/lto/20100423-2 c_lto_20100423-2_0.o-c_lto_20100423-2_1.o link
UNRESOLVED: gcc.dg/lto/20100423-2 c_lto_20100423-2_0.o-c_lto_20100423-2_1.o execute -O2 -fwhopr
FAIL: gcc.dg/lto/20100423-2 c_lto_20100423-2_0.o-c_lto_20100423-2_1.o link
UNRESOLVED: gcc.dg/lto/20100423-2 c_lto_20100423-2_0.o-c_lto_20100423-2_1.o execute -O3 -flto
FAIL: gcc.dg/lto/20100423-2 c_lto_20100423-2_0.o-c_lto_20100423-2_1.o link
UNRESOLVED: gcc.dg/lto/20100423-2 c_lto_20100423-2_0.o-c_lto_20100423-2_1.o execute -O3 -fwhopr
FAIL: gcc.dg/torture/pr37868.c  -O0  execution test
FAIL: gcc.dg/torture/pr37868.c  -O1  execution test
FAIL: gcc.dg/torture/pr37868.c  -O2  execution test
FAIL: gcc.dg/torture/pr37868.c  -O3 -fomit-frame-pointer  execution test
FAIL: gcc.dg/torture/pr37868.c  -O3 -g  execution test
FAIL: gcc.dg/torture/pr37868.c  -Os  execution test
FAIL: gcc.dg/torture/pr37868.c  -O2 -flto  execution test
FAIL: gcc.dg/torture/pr37868.c  -O2 -fwhopr  execution test
FAIL: gcc.dg/tree-ssa/ivopts-2.c scan-tree-dump-not ivopts "\\n  candidates \\d+, \\d+,[^\\n]*\\n[^\\n]*\\nFinal cost"
FAIL: gcc.dg/tree-ssa/loop-1.c scan-assembler-times foo 5
FAIL: gcc.dg/tree-ssa/loop-5.c scan-tree-dump-times optimized "jter_[0-9]* = PHI" 0
FAIL: gcc.dg/tree-ssa/loop-5.c scan-tree-dump-times optimized " \\+ 2" 1
FAIL: gcc.dg/tree-ssa/vrp47.c scan-tree-dump-times vrp1 "[xy][^ ]* !=" 0
FAIL: gcc.dg/tree-ssa/vrp47.c scan-tree-dump-times dom1 "x[^ ]* & y" 1
FAIL: gcc.dg/tree-ssa/vrp47.c scan-tree-dump-times vrp1 "x[^ ]* [|] y" 1

		=== gcc Summary ===

# of expected passes		62500
# of unexpected failures	72
# of expected failures		78
# of unresolved testcases	19
# of unsupported tests		817
/home/green/gcc-moxie-elf/gcc/xgcc  version 4.6.0 20100428 (experimental) [trunk revision 158821] (GCC) 

Host   is x86_64-unknown-linux-gnu

		=== g++ tests ===


Running target moxie-sim
FAIL: g++.dg/abi/bitfield12.C  (test for warnings, line 3)
FAIL: g++.dg/abi/packed1.C (test for excess errors)
FAIL: g++.dg/cpp/_Pragma1.C (test for excess errors)
WARNING: program timed out.
FAIL: g++.dg/init/array15.C execution test
WARNING: program timed out.
FAIL: g++.dg/init/array16.C execution test
FAIL: g++.dg/opt/asm1.C double sized union element should be addressible (test for bogus messages, line 8)
FAIL: g++.dg/opt/pr15551.C execution test
FAIL: g++.dg/opt/pr23478.C (test for excess errors)
UNRESOLVED: g++.dg/opt/pr23478.C compilation failed to produce executable
FAIL: g++.dg/opt/pr36449.C execution test
FAIL: g++.dg/torture/pr37922.C  -Os  execution test
FAIL: g++.old-deja/g++.eh/ia64-1.C (test for excess errors)
UNRESOLVED: g++.old-deja/g++.eh/ia64-1.C compilation failed to produce executable
FAIL: g++.old-deja/g++.jason/thunk3.C (test for excess errors)
UNRESOLVED: g++.old-deja/g++.jason/thunk3.C compilation failed to produce executable

		=== g++ Summary ===

# of expected passes		21382
# of unexpected failures	12
# of expected failures		150
# of unresolved testcases	3
# of unsupported tests		232
/home/green/gcc-moxie-elf/gcc/testsuite/g++/../../g++  version 4.6.0 20100428 (experimental) [trunk revision 158821] (GCC) 


Compiler version: 4.6.0 20100428 (experimental) [trunk revision 158821] (GCC) 
Platform: moxie-unknown-elf
configure flags: --prefix=/home/green/root/usr --target=moxie-elf --enable-languages=c,c++ --disable-libssp --with-newlib --with-headers=/home/green/root/usr/moxie-elf/include --enable-lto --with-libelf=/opt/cfarm/libelf-0.8.12 --with-mpfr=/opt/cfarm/mpfr-2.4.1 --with-gmp=/opt/cfarm/gmp-4.2.4 --with-mpc=/opt/cfarm/mpc-0.8


Index Nav: [Date Index] [Subject Index] [Author Index] [Thread Index]
Message Nav: [Date Prev] [Date Next] [Thread Prev] [Thread Next]