This is the mail archive of the gcc-testresults@gcc.gnu.org mailing list for the GCC project.


Index Nav: [Date Index] [Subject Index] [Author Index] [Thread Index]
Message Nav: [Date Prev] [Date Next] [Thread Prev] [Thread Next]
Other format: [Raw text]

Results for 4.6.0 20100427 (experimental) [trunk revision 158765] (GCC) testsuite on armv7l-unknown-linux-gnueabi


LAST_UPDATED: Tue Apr 27 03:14:49 UTC 2010 (revision 158765)

Native configuration is armv7l-unknown-linux-gnueabi

		=== libgomp tests ===


Running target unix

		=== libgomp Summary ===

# of expected passes		252
# of unsupported tests		7
		=== libmudflap tests ===


Running target unix

		=== libmudflap Summary ===

# of expected passes		1740
# of unsupported tests		2
		=== gcc tests ===


Running target unix
FAIL: gcc.c-torture/compile/pr42196-2.c  -O3 -fomit-frame-pointer  (internal compiler error)
FAIL: gcc.c-torture/compile/pr42196-2.c  -O3 -fomit-frame-pointer  (test for excess errors)
FAIL: gcc.c-torture/compile/pr42196-2.c  -O3 -g  (internal compiler error)
FAIL: gcc.c-torture/compile/pr42196-2.c  -O3 -g  (test for excess errors)
FAIL: gcc.dg/Walways-true-1.c correct warning (test for warnings, line 29)
FAIL: gcc.dg/Walways-true-1.c correct warning (test for warnings, line 33)
FAIL: gcc.dg/Walways-true-1.c correct warning (test for warnings, line 37)
FAIL: gcc.dg/Walways-true-1.c correct warning (test for warnings, line 41)
FAIL: gcc.dg/Walways-true-1.c correct warning (test for warnings, line 43)
FAIL: gcc.dg/Walways-true-1.c correct warning (test for warnings, line 47)
FAIL: gcc.dg/Walways-true-1.c correct warning (test for warnings, line 51)
FAIL: gcc.dg/Walways-true-1.c correct warning (test for warnings, line 55)
FAIL: gcc.dg/Walways-true-1.c (test for excess errors)
FAIL: gcc.dg/Walways-true-2.c correct warning (test for warnings, line 40)
FAIL: gcc.dg/Walways-true-2.c correct warning (test for warnings, line 44)
FAIL: gcc.dg/Walways-true-2.c correct warning (test for warnings, line 54)
FAIL: gcc.dg/Walways-true-2.c correct warning (test for warnings, line 58)
FAIL: gcc.dg/Walways-true-2.c (test for excess errors)
FAIL: gcc.dg/c99-stdint-1.c (test for excess errors)
FAIL: gcc.dg/c99-stdint-7.c (test for excess errors)
FAIL: gcc.dg/cproj-fails-with-broken-glibc.c execution test
FAIL: gcc.dg/misc-column.c  (test for warnings, line 22)
FAIL: gcc.dg/misc-column.c (test for excess errors)
FAIL: gcc.dg/pr17957.c (internal compiler error)
FAIL: gcc.dg/pr17957.c (test for excess errors)
FAIL: gcc.dg/pr32207.c  (test for warnings, line 8)
FAIL: gcc.dg/pr32207.c  (test for warnings, line 9)
FAIL: gcc.dg/pr32207.c (test for excess errors)
FAIL: gcc.dg/pr34668-1.c (internal compiler error)
FAIL: gcc.dg/pr34668-1.c (test for excess errors)
FAIL: gcc.dg/uninit-13.c unconditional (test for warnings, line 8)
FAIL: gcc.dg/uninit-13.c (test for excess errors)
FAIL: gcc.dg/warn-addr-cmp.c  (test for warnings, line 39)
FAIL: gcc.dg/warn-addr-cmp.c  (test for warnings, line 41)
FAIL: gcc.dg/warn-addr-cmp.c  (test for warnings, line 43)
FAIL: gcc.dg/warn-addr-cmp.c  (test for warnings, line 45)
FAIL: gcc.dg/warn-addr-cmp.c  (test for warnings, line 62)
FAIL: gcc.dg/warn-addr-cmp.c  (test for warnings, line 64)
FAIL: gcc.dg/warn-addr-cmp.c  (test for warnings, line 66)
FAIL: gcc.dg/warn-addr-cmp.c  (test for warnings, line 68)
FAIL: gcc.dg/warn-addr-cmp.c (test for excess errors)
FAIL: gcc.dg/tree-ssa/pr42585.c scan-tree-dump-times optimized "struct _fat_ptr _ans" 0
FAIL: gcc.dg/tree-ssa/pr42585.c scan-tree-dump-times optimized "struct _fat_ptr _T2" 0
FAIL: gcc.dg/vect/pr37027.c scan-tree-dump-times vect "vectorized 1 loops" 1
FAIL: gcc.dg/vect/pr37027.c scan-tree-dump-times vect "vectorizing stmts using SLP" 1
FAIL: gcc.dg/vect/pr43430-1.c scan-tree-dump-times vect "vectorized 1 loops" 1
FAIL: gcc.dg/vect/vect-35.c scan-tree-dump-times vect "vectorized 2 loops" 1
FAIL: gcc.dg/vect/slp-reduc-3.c scan-tree-dump-times vect "vectorizing stmts using SLP" 1
FAIL: gcc.dg/vect/slp-reduc-6.c scan-tree-dump-times vect "vectorized 1 loops" 2
ERROR: gcc.target/arm/neon-modes-1.c: Unrecognized option type: arm_neon for " dg-add-options 4 arm_neon "
UNRESOLVED: gcc.target/arm/neon-modes-1.c: Unrecognized option type: arm_neon for " dg-add-options 4 arm_neon "

		=== gcc Summary ===

# of expected passes		59306
# of unexpected failures	49
# of expected failures		219
# of unresolved testcases	1
# of unsupported tests		647
/var/builds/opt/trunk/objdir/gcc/xgcc  version 4.6.0 20100427 (experimental) [trunk revision 158765] (GCC) 


Compiler version: 4.6.0 20100427 (experimental) [trunk revision 158765] (GCC) 
Platform: armv7l-unknown-linux-gnueabi
configure flags: --prefix=/opt/install-gcc-trunk --enable-languages=c --with-cpu=cortex-a8 --with-fpu=neon --with-float=softfp --disable-werror

Build Logs: http://rcn-ee.homeip.net:81/dl/gcc/


Index Nav: [Date Index] [Subject Index] [Author Index] [Thread Index]
Message Nav: [Date Prev] [Date Next] [Thread Prev] [Thread Next]