This is the mail archive of the gcc-testresults@gcc.gnu.org mailing list for the GCC project.


Index Nav: [Date Index] [Subject Index] [Author Index] [Thread Index]
Message Nav: [Date Prev] [Date Next] [Thread Prev] [Thread Next]
Other format: [Raw text]

Results for 4.6.0 20100426 (experimental) [trunk revision 156672] (GCC) testsuite on xtensa-unknown-elf


LAST_UPDATED: Wed Feb 10 22:17:28 UTC 2010 (revision 156672)

Target is xtensa-unknown-elf
Host   is i686-pc-linux-gnu

		=== g++ tests ===


Running target xtensa-sim
UNRESOLVED: g++.dg/compat/abi/bitfield1 cp_compat_x_tst.o-cp_compat_y_tst.o link 
UNRESOLVED: g++.dg/compat/abi/bitfield1 cp_compat_x_tst.o-cp_compat_y_tst.o execute 
UNRESOLVED: g++.dg/compat/abi/bitfield2 cp_compat_x_tst.o-cp_compat_y_tst.o link 
UNRESOLVED: g++.dg/compat/abi/bitfield2 cp_compat_x_tst.o-cp_compat_y_tst.o execute 
UNRESOLVED: g++.dg/compat/abi/vbase8-10 cp_compat_x_tst.o-cp_compat_y_tst.o link 
UNRESOLVED: g++.dg/compat/abi/vbase8-10 cp_compat_x_tst.o-cp_compat_y_tst.o execute 
UNRESOLVED: g++.dg/compat/abi/vbase8-21 cp_compat_x_tst.o-cp_compat_y_tst.o link 
UNRESOLVED: g++.dg/compat/abi/vbase8-21 cp_compat_x_tst.o-cp_compat_y_tst.o execute 
UNRESOLVED: g++.dg/compat/abi/vbase8-22 cp_compat_x_tst.o-cp_compat_y_tst.o link 
UNRESOLVED: g++.dg/compat/abi/vbase8-22 cp_compat_x_tst.o-cp_compat_y_tst.o execute 
UNRESOLVED: g++.dg/compat/abi/vbase8-4 cp_compat_x_tst.o-cp_compat_y_tst.o link 
UNRESOLVED: g++.dg/compat/abi/vbase8-4 cp_compat_x_tst.o-cp_compat_y_tst.o execute 
UNRESOLVED: g++.dg/compat/break/bitfield5 cp_compat_x_tst.o-cp_compat_y_tst.o link 
UNRESOLVED: g++.dg/compat/break/bitfield5 cp_compat_x_tst.o-cp_compat_y_tst.o execute 
UNRESOLVED: g++.dg/compat/break/bitfield7 cp_compat_x_tst.o-cp_compat_y_tst.o link 
UNRESOLVED: g++.dg/compat/break/bitfield7 cp_compat_x_tst.o-cp_compat_y_tst.o execute 
UNRESOLVED: g++.dg/compat/break/empty6 cp_compat_x_tst.o-cp_compat_y_tst.o link 
UNRESOLVED: g++.dg/compat/break/empty6 cp_compat_x_tst.o-cp_compat_y_tst.o execute 
UNRESOLVED: g++.dg/compat/break/vbase10 cp_compat_x_tst.o-cp_compat_y_tst.o link 
UNRESOLVED: g++.dg/compat/break/vbase10 cp_compat_x_tst.o-cp_compat_y_tst.o execute 
UNRESOLVED: g++.dg/compat/break/vbase11 cp_compat_x_tst.o-cp_compat_y_tst.o link 
UNRESOLVED: g++.dg/compat/break/vbase11 cp_compat_x_tst.o-cp_compat_y_tst.o execute 
UNRESOLVED: g++.dg/compat/eh/ctor1 cp_compat_x_tst.o-cp_compat_y_tst.o link 
UNRESOLVED: g++.dg/compat/eh/ctor1 cp_compat_x_tst.o-cp_compat_y_tst.o execute 
UNRESOLVED: g++.dg/compat/eh/ctor2 cp_compat_x_tst.o-cp_compat_y_tst.o link 
UNRESOLVED: g++.dg/compat/eh/ctor2 cp_compat_x_tst.o-cp_compat_y_tst.o execute 
UNRESOLVED: g++.dg/compat/eh/dtor1 cp_compat_x_tst.o-cp_compat_y_tst.o link 
UNRESOLVED: g++.dg/compat/eh/dtor1 cp_compat_x_tst.o-cp_compat_y_tst.o execute 
UNRESOLVED: g++.dg/compat/eh/filter1 cp_compat_x_tst.o-cp_compat_y_tst.o link 
UNRESOLVED: g++.dg/compat/eh/filter1 cp_compat_x_tst.o-cp_compat_y_tst.o execute 
UNRESOLVED: g++.dg/compat/eh/filter2 cp_compat_x_tst.o-cp_compat_y_tst.o link 
UNRESOLVED: g++.dg/compat/eh/filter2 cp_compat_x_tst.o-cp_compat_y_tst.o execute 
UNRESOLVED: g++.dg/compat/eh/new1 cp_compat_x_tst.o-cp_compat_y_tst.o link 
UNRESOLVED: g++.dg/compat/eh/new1 cp_compat_x_tst.o-cp_compat_y_tst.o execute 
UNRESOLVED: g++.dg/compat/eh/nrv1 cp_compat_x_tst.o-cp_compat_y_tst.o link 
UNRESOLVED: g++.dg/compat/eh/nrv1 cp_compat_x_tst.o-cp_compat_y_tst.o execute 
UNRESOLVED: g++.dg/compat/eh/spec3 cp_compat_x_tst.o-cp_compat_y_tst.o link 
UNRESOLVED: g++.dg/compat/eh/spec3 cp_compat_x_tst.o-cp_compat_y_tst.o execute 
UNRESOLVED: g++.dg/compat/eh/template1 cp_compat_x_tst.o-cp_compat_y_tst.o link 
UNRESOLVED: g++.dg/compat/eh/template1 cp_compat_x_tst.o-cp_compat_y_tst.o execute 
UNRESOLVED: g++.dg/compat/eh/unexpected1 cp_compat_x_tst.o-cp_compat_y_tst.o link 
UNRESOLVED: g++.dg/compat/eh/unexpected1 cp_compat_x_tst.o-cp_compat_y_tst.o execute 
UNRESOLVED: g++.dg/compat/init/array5 cp_compat_x_tst.o-cp_compat_y_tst.o link 
UNRESOLVED: g++.dg/compat/init/array5 cp_compat_x_tst.o-cp_compat_y_tst.o execute 
UNRESOLVED: g++.dg/compat/init/byval1 cp_compat_x_tst.o-cp_compat_y_tst.o link 
UNRESOLVED: g++.dg/compat/init/byval1 cp_compat_x_tst.o-cp_compat_y_tst.o execute 
UNRESOLVED: g++.dg/compat/init/dtor1 cp_compat_x_tst.o-cp_compat_y_tst.o link 
UNRESOLVED: g++.dg/compat/init/dtor1 cp_compat_x_tst.o-cp_compat_y_tst.o execute 
UNRESOLVED: g++.dg/compat/init/elide1 cp_compat_x_tst.o-cp_compat_y_tst.o link 
UNRESOLVED: g++.dg/compat/init/elide1 cp_compat_x_tst.o-cp_compat_y_tst.o execute 
UNRESOLVED: g++.dg/compat/init/init-ref2 cp_compat_x_tst.o-cp_compat_y_tst.o link 
UNRESOLVED: g++.dg/compat/init/init-ref2 cp_compat_x_tst.o-cp_compat_y_tst.o execute 
UNRESOLVED: tmpdir-g++.dg-struct-layout-1/t001 cp_compat_x_tst.o-cp_compat_y_tst.o link 
UNRESOLVED: tmpdir-g++.dg-struct-layout-1/t001 cp_compat_x_tst.o-cp_compat_y_tst.o execute 
UNRESOLVED: tmpdir-g++.dg-struct-layout-1/t002 cp_compat_x_tst.o-cp_compat_y_tst.o link 
UNRESOLVED: tmpdir-g++.dg-struct-layout-1/t002 cp_compat_x_tst.o-cp_compat_y_tst.o execute 
UNRESOLVED: tmpdir-g++.dg-struct-layout-1/t003 cp_compat_x_tst.o-cp_compat_y_tst.o link 
UNRESOLVED: tmpdir-g++.dg-struct-layout-1/t003 cp_compat_x_tst.o-cp_compat_y_tst.o execute 
UNRESOLVED: tmpdir-g++.dg-struct-layout-1/t004 cp_compat_x_tst.o-cp_compat_y_tst.o link 
UNRESOLVED: tmpdir-g++.dg-struct-layout-1/t004 cp_compat_x_tst.o-cp_compat_y_tst.o execute 
UNRESOLVED: tmpdir-g++.dg-struct-layout-1/t005 cp_compat_x_tst.o-cp_compat_y_tst.o link 
UNRESOLVED: tmpdir-g++.dg-struct-layout-1/t005 cp_compat_x_tst.o-cp_compat_y_tst.o execute 
UNRESOLVED: tmpdir-g++.dg-struct-layout-1/t006 cp_compat_x_tst.o-cp_compat_y_tst.o link 
UNRESOLVED: tmpdir-g++.dg-struct-layout-1/t006 cp_compat_x_tst.o-cp_compat_y_tst.o execute 
UNRESOLVED: tmpdir-g++.dg-struct-layout-1/t007 cp_compat_x_tst.o-cp_compat_y_tst.o link 
UNRESOLVED: tmpdir-g++.dg-struct-layout-1/t007 cp_compat_x_tst.o-cp_compat_y_tst.o execute 
UNRESOLVED: tmpdir-g++.dg-struct-layout-1/t008 cp_compat_x_tst.o-cp_compat_y_tst.o link 
UNRESOLVED: tmpdir-g++.dg-struct-layout-1/t008 cp_compat_x_tst.o-cp_compat_y_tst.o execute 
UNRESOLVED: tmpdir-g++.dg-struct-layout-1/t009 cp_compat_x_tst.o-cp_compat_y_tst.o link 
UNRESOLVED: tmpdir-g++.dg-struct-layout-1/t009 cp_compat_x_tst.o-cp_compat_y_tst.o execute 
UNRESOLVED: tmpdir-g++.dg-struct-layout-1/t010 cp_compat_x_tst.o-cp_compat_y_tst.o link 
UNRESOLVED: tmpdir-g++.dg-struct-layout-1/t010 cp_compat_x_tst.o-cp_compat_y_tst.o execute 
UNRESOLVED: tmpdir-g++.dg-struct-layout-1/t011 cp_compat_x_tst.o-cp_compat_y_tst.o link 
UNRESOLVED: tmpdir-g++.dg-struct-layout-1/t011 cp_compat_x_tst.o-cp_compat_y_tst.o execute 
UNRESOLVED: tmpdir-g++.dg-struct-layout-1/t012 cp_compat_x_tst.o-cp_compat_y_tst.o link 
UNRESOLVED: tmpdir-g++.dg-struct-layout-1/t012 cp_compat_x_tst.o-cp_compat_y_tst.o execute 
UNRESOLVED: tmpdir-g++.dg-struct-layout-1/t013 cp_compat_x_tst.o-cp_compat_y_tst.o link 
UNRESOLVED: tmpdir-g++.dg-struct-layout-1/t013 cp_compat_x_tst.o-cp_compat_y_tst.o execute 
UNRESOLVED: tmpdir-g++.dg-struct-layout-1/t014 cp_compat_x_tst.o-cp_compat_y_tst.o link 
UNRESOLVED: tmpdir-g++.dg-struct-layout-1/t014 cp_compat_x_tst.o-cp_compat_y_tst.o execute 
UNRESOLVED: tmpdir-g++.dg-struct-layout-1/t015 cp_compat_x_tst.o-cp_compat_y_tst.o link 
UNRESOLVED: tmpdir-g++.dg-struct-layout-1/t015 cp_compat_x_tst.o-cp_compat_y_tst.o execute 
UNRESOLVED: tmpdir-g++.dg-struct-layout-1/t016 cp_compat_x_tst.o-cp_compat_y_tst.o link 
UNRESOLVED: tmpdir-g++.dg-struct-layout-1/t016 cp_compat_x_tst.o-cp_compat_y_tst.o execute 
UNRESOLVED: tmpdir-g++.dg-struct-layout-1/t017 cp_compat_x_tst.o-cp_compat_y_tst.o link 
UNRESOLVED: tmpdir-g++.dg-struct-layout-1/t017 cp_compat_x_tst.o-cp_compat_y_tst.o execute 
UNRESOLVED: tmpdir-g++.dg-struct-layout-1/t018 cp_compat_x_tst.o-cp_compat_y_tst.o link 
UNRESOLVED: tmpdir-g++.dg-struct-layout-1/t018 cp_compat_x_tst.o-cp_compat_y_tst.o execute 
UNRESOLVED: tmpdir-g++.dg-struct-layout-1/t019 cp_compat_x_tst.o-cp_compat_y_tst.o link 
UNRESOLVED: tmpdir-g++.dg-struct-layout-1/t019 cp_compat_x_tst.o-cp_compat_y_tst.o execute 
UNRESOLVED: tmpdir-g++.dg-struct-layout-1/t020 cp_compat_x_tst.o-cp_compat_y_tst.o link 
UNRESOLVED: tmpdir-g++.dg-struct-layout-1/t020 cp_compat_x_tst.o-cp_compat_y_tst.o execute 
UNRESOLVED: tmpdir-g++.dg-struct-layout-1/t021 cp_compat_x_tst.o-cp_compat_y_tst.o link 
UNRESOLVED: tmpdir-g++.dg-struct-layout-1/t021 cp_compat_x_tst.o-cp_compat_y_tst.o execute 
UNRESOLVED: tmpdir-g++.dg-struct-layout-1/t022 cp_compat_x_tst.o-cp_compat_y_tst.o link 
UNRESOLVED: tmpdir-g++.dg-struct-layout-1/t022 cp_compat_x_tst.o-cp_compat_y_tst.o execute 
UNRESOLVED: tmpdir-g++.dg-struct-layout-1/t023 cp_compat_x_tst.o-cp_compat_y_tst.o link 
UNRESOLVED: tmpdir-g++.dg-struct-layout-1/t023 cp_compat_x_tst.o-cp_compat_y_tst.o execute 
UNRESOLVED: tmpdir-g++.dg-struct-layout-1/t024 cp_compat_x_tst.o-cp_compat_y_tst.o link 
UNRESOLVED: tmpdir-g++.dg-struct-layout-1/t024 cp_compat_x_tst.o-cp_compat_y_tst.o execute 
UNRESOLVED: tmpdir-g++.dg-struct-layout-1/t025 cp_compat_x_tst.o-cp_compat_y_tst.o link 
UNRESOLVED: tmpdir-g++.dg-struct-layout-1/t025 cp_compat_x_tst.o-cp_compat_y_tst.o execute 
UNRESOLVED: tmpdir-g++.dg-struct-layout-1/t026 cp_compat_x_tst.o-cp_compat_y_tst.o link 
UNRESOLVED: tmpdir-g++.dg-struct-layout-1/t026 cp_compat_x_tst.o-cp_compat_y_tst.o execute 
UNRESOLVED: tmpdir-g++.dg-struct-layout-1/t027 cp_compat_x_tst.o-cp_compat_y_tst.o link 
UNRESOLVED: tmpdir-g++.dg-struct-layout-1/t027 cp_compat_x_tst.o-cp_compat_y_tst.o execute 
UNRESOLVED: tmpdir-g++.dg-struct-layout-1/t028 cp_compat_x_tst.o-cp_compat_y_tst.o link 
UNRESOLVED: tmpdir-g++.dg-struct-layout-1/t028 cp_compat_x_tst.o-cp_compat_y_tst.o execute 
UNRESOLVED: tmpdir-g++.dg-struct-layout-1/t029 cp_compat_x_tst.o-cp_compat_y_tst.o link 
UNRESOLVED: tmpdir-g++.dg-struct-layout-1/t029 cp_compat_x_tst.o-cp_compat_y_tst.o execute 
UNRESOLVED: tmpdir-g++.dg-struct-layout-1/t030 cp_compat_x_tst.o-cp_compat_y_tst.o link 
UNRESOLVED: tmpdir-g++.dg-struct-layout-1/t030 cp_compat_x_tst.o-cp_compat_y_tst.o execute 
FAIL: g++.dg/abi/packed1.C (test for excess errors)
WARNING: program timed out.
FAIL: g++.dg/init/array16.C execution test
FAIL: g++.dg/warn/string1.C  (test for warnings, line 17)
UNRESOLVED: g++.dg/lto/20080709 cp_lto_20080709_0.o-cp_lto_20080709_0.o link -O0 -fwhopr
UNRESOLVED: g++.dg/lto/20080709 cp_lto_20080709_0.o-cp_lto_20080709_0.o execute -O0 -fwhopr
UNRESOLVED: g++.dg/lto/20080709 cp_lto_20080709_0.o-cp_lto_20080709_0.o link -O2 -fwhopr
UNRESOLVED: g++.dg/lto/20080709 cp_lto_20080709_0.o-cp_lto_20080709_0.o execute -O2 -fwhopr
UNRESOLVED: g++.dg/lto/20080709 cp_lto_20080709_0.o-cp_lto_20080709_0.o link -O0 -flto
UNRESOLVED: g++.dg/lto/20080709 cp_lto_20080709_0.o-cp_lto_20080709_0.o execute -O0 -flto
UNRESOLVED: g++.dg/lto/20080709 cp_lto_20080709_0.o-cp_lto_20080709_0.o link -O2 -flto
UNRESOLVED: g++.dg/lto/20080709 cp_lto_20080709_0.o-cp_lto_20080709_0.o execute -O2 -flto
UNRESOLVED: g++.dg/lto/20080904 cp_lto_20080904_0.o-cp_lto_20080904_0.o link -O0 -fwhopr
UNRESOLVED: g++.dg/lto/20080904 cp_lto_20080904_0.o-cp_lto_20080904_0.o execute -O0 -fwhopr
UNRESOLVED: g++.dg/lto/20080904 cp_lto_20080904_0.o-cp_lto_20080904_0.o link -O2 -fwhopr
UNRESOLVED: g++.dg/lto/20080904 cp_lto_20080904_0.o-cp_lto_20080904_0.o execute -O2 -fwhopr
UNRESOLVED: g++.dg/lto/20080904 cp_lto_20080904_0.o-cp_lto_20080904_0.o link -O0 -flto
UNRESOLVED: g++.dg/lto/20080904 cp_lto_20080904_0.o-cp_lto_20080904_0.o execute -O0 -flto
UNRESOLVED: g++.dg/lto/20080904 cp_lto_20080904_0.o-cp_lto_20080904_0.o link -O2 -flto
UNRESOLVED: g++.dg/lto/20080904 cp_lto_20080904_0.o-cp_lto_20080904_0.o execute -O2 -flto
UNRESOLVED: g++.dg/lto/20080908-1 cp_lto_20080908-1_0.o-cp_lto_20080908-1_0.o link -O0 -fwhopr
UNRESOLVED: g++.dg/lto/20080908-1 cp_lto_20080908-1_0.o-cp_lto_20080908-1_0.o execute -O0 -fwhopr
UNRESOLVED: g++.dg/lto/20080908-1 cp_lto_20080908-1_0.o-cp_lto_20080908-1_0.o link -O2 -fwhopr
UNRESOLVED: g++.dg/lto/20080908-1 cp_lto_20080908-1_0.o-cp_lto_20080908-1_0.o execute -O2 -fwhopr
UNRESOLVED: g++.dg/lto/20080908-1 cp_lto_20080908-1_0.o-cp_lto_20080908-1_0.o link -O0 -flto
UNRESOLVED: g++.dg/lto/20080908-1 cp_lto_20080908-1_0.o-cp_lto_20080908-1_0.o execute -O0 -flto
UNRESOLVED: g++.dg/lto/20080908-1 cp_lto_20080908-1_0.o-cp_lto_20080908-1_0.o link -O2 -flto
UNRESOLVED: g++.dg/lto/20080908-1 cp_lto_20080908-1_0.o-cp_lto_20080908-1_0.o execute -O2 -flto
UNRESOLVED: g++.dg/lto/20080908-3 cp_lto_20080908-3_0.o-cp_lto_20080908-3_0.o link -O0 -fwhopr
UNRESOLVED: g++.dg/lto/20080908-3 cp_lto_20080908-3_0.o-cp_lto_20080908-3_0.o execute -O0 -fwhopr
UNRESOLVED: g++.dg/lto/20080908-3 cp_lto_20080908-3_0.o-cp_lto_20080908-3_0.o link -O2 -fwhopr
UNRESOLVED: g++.dg/lto/20080908-3 cp_lto_20080908-3_0.o-cp_lto_20080908-3_0.o execute -O2 -fwhopr
UNRESOLVED: g++.dg/lto/20080908-3 cp_lto_20080908-3_0.o-cp_lto_20080908-3_0.o link -O0 -flto
UNRESOLVED: g++.dg/lto/20080908-3 cp_lto_20080908-3_0.o-cp_lto_20080908-3_0.o execute -O0 -flto
UNRESOLVED: g++.dg/lto/20080908-3 cp_lto_20080908-3_0.o-cp_lto_20080908-3_0.o link -O2 -flto
UNRESOLVED: g++.dg/lto/20080908-3 cp_lto_20080908-3_0.o-cp_lto_20080908-3_0.o execute -O2 -flto
UNRESOLVED: g++.dg/lto/20081022 cp_lto_20081022_0.o-cp_lto_20081022_1.o link -O0 -fwhopr
UNRESOLVED: g++.dg/lto/20081022 cp_lto_20081022_0.o-cp_lto_20081022_1.o execute -O0 -fwhopr
UNRESOLVED: g++.dg/lto/20081022 cp_lto_20081022_0.o-cp_lto_20081022_1.o link -O2 -fwhopr
UNRESOLVED: g++.dg/lto/20081022 cp_lto_20081022_0.o-cp_lto_20081022_1.o execute -O2 -fwhopr
UNRESOLVED: g++.dg/lto/20081022 cp_lto_20081022_0.o-cp_lto_20081022_1.o link -O0 -flto
UNRESOLVED: g++.dg/lto/20081022 cp_lto_20081022_0.o-cp_lto_20081022_1.o execute -O0 -flto
UNRESOLVED: g++.dg/lto/20081022 cp_lto_20081022_0.o-cp_lto_20081022_1.o link -O2 -flto
UNRESOLVED: g++.dg/lto/20081022 cp_lto_20081022_0.o-cp_lto_20081022_1.o execute -O2 -flto
UNRESOLVED: g++.dg/lto/20081023 cp_lto_20081023_0.o-cp_lto_20081023_0.o link -O0 -fwhopr
UNRESOLVED: g++.dg/lto/20081023 cp_lto_20081023_0.o-cp_lto_20081023_0.o execute -O0 -fwhopr
UNRESOLVED: g++.dg/lto/20081023 cp_lto_20081023_0.o-cp_lto_20081023_0.o link -O2 -fwhopr
UNRESOLVED: g++.dg/lto/20081023 cp_lto_20081023_0.o-cp_lto_20081023_0.o execute -O2 -fwhopr
UNRESOLVED: g++.dg/lto/20081023 cp_lto_20081023_0.o-cp_lto_20081023_0.o link -O0 -flto
UNRESOLVED: g++.dg/lto/20081023 cp_lto_20081023_0.o-cp_lto_20081023_0.o execute -O0 -flto
UNRESOLVED: g++.dg/lto/20081023 cp_lto_20081023_0.o-cp_lto_20081023_0.o link -O2 -flto
UNRESOLVED: g++.dg/lto/20081023 cp_lto_20081023_0.o-cp_lto_20081023_0.o execute -O2 -flto
UNRESOLVED: g++.dg/lto/20081109-1 cp_lto_20081109-1_0.o-cp_lto_20081109-1_0.o link -fPIC -fwhopr
UNRESOLVED: g++.dg/lto/20081109-1 cp_lto_20081109-1_0.o-cp_lto_20081109-1_0.o execute -fPIC -fwhopr
UNRESOLVED: g++.dg/lto/20081109 cp_lto_20081109_0.o-cp_lto_20081109_1.o link -O0 -fwhopr
UNRESOLVED: g++.dg/lto/20081109 cp_lto_20081109_0.o-cp_lto_20081109_1.o execute -O0 -fwhopr
UNRESOLVED: g++.dg/lto/20081109 cp_lto_20081109_0.o-cp_lto_20081109_1.o link -O2 -fwhopr
UNRESOLVED: g++.dg/lto/20081109 cp_lto_20081109_0.o-cp_lto_20081109_1.o execute -O2 -fwhopr
UNRESOLVED: g++.dg/lto/20081109 cp_lto_20081109_0.o-cp_lto_20081109_1.o link -O0 -flto
UNRESOLVED: g++.dg/lto/20081109 cp_lto_20081109_0.o-cp_lto_20081109_1.o execute -O0 -flto
UNRESOLVED: g++.dg/lto/20081109 cp_lto_20081109_0.o-cp_lto_20081109_1.o link -O2 -flto
UNRESOLVED: g++.dg/lto/20081109 cp_lto_20081109_0.o-cp_lto_20081109_1.o execute -O2 -flto
UNRESOLVED: g++.dg/lto/20081118-1 cp_lto_20081118-1_0.o-cp_lto_20081118-1_1.o link -O0 -fwhopr
UNRESOLVED: g++.dg/lto/20081118-1 cp_lto_20081118-1_0.o-cp_lto_20081118-1_1.o execute -O0 -fwhopr
UNRESOLVED: g++.dg/lto/20081118-1 cp_lto_20081118-1_0.o-cp_lto_20081118-1_1.o link -O2 -fwhopr
UNRESOLVED: g++.dg/lto/20081118-1 cp_lto_20081118-1_0.o-cp_lto_20081118-1_1.o execute -O2 -fwhopr
UNRESOLVED: g++.dg/lto/20081118-1 cp_lto_20081118-1_0.o-cp_lto_20081118-1_1.o link -O0 -flto
UNRESOLVED: g++.dg/lto/20081118-1 cp_lto_20081118-1_0.o-cp_lto_20081118-1_1.o execute -O0 -flto
UNRESOLVED: g++.dg/lto/20081118-1 cp_lto_20081118-1_0.o-cp_lto_20081118-1_1.o link -O2 -flto
UNRESOLVED: g++.dg/lto/20081118-1 cp_lto_20081118-1_0.o-cp_lto_20081118-1_1.o execute -O2 -flto
UNRESOLVED: g++.dg/lto/20081118 cp_lto_20081118_0.o-cp_lto_20081118_1.o link -fPIC -fwhopr -r -nostdlib
UNRESOLVED: g++.dg/lto/20081118 cp_lto_20081118_0.o-cp_lto_20081118_1.o execute -fPIC -fwhopr -r -nostdlib
UNRESOLVED: g++.dg/lto/20081119-1 cp_lto_20081119-1_0.o-cp_lto_20081119-1_1.o link -fPIC -fwhopr -r -nostdlib
UNRESOLVED: g++.dg/lto/20081119-1 cp_lto_20081119-1_0.o-cp_lto_20081119-1_1.o execute -fPIC -fwhopr -r -nostdlib
UNRESOLVED: g++.dg/lto/20081119 cp_lto_20081119_0.o-cp_lto_20081119_1.o link -O0 -fwhopr
UNRESOLVED: g++.dg/lto/20081119 cp_lto_20081119_0.o-cp_lto_20081119_1.o execute -O0 -fwhopr
UNRESOLVED: g++.dg/lto/20081119 cp_lto_20081119_0.o-cp_lto_20081119_1.o link -O2 -fwhopr
UNRESOLVED: g++.dg/lto/20081119 cp_lto_20081119_0.o-cp_lto_20081119_1.o execute -O2 -fwhopr
UNRESOLVED: g++.dg/lto/20081119 cp_lto_20081119_0.o-cp_lto_20081119_1.o link -O0 -flto
UNRESOLVED: g++.dg/lto/20081119 cp_lto_20081119_0.o-cp_lto_20081119_1.o execute -O0 -flto
UNRESOLVED: g++.dg/lto/20081119 cp_lto_20081119_0.o-cp_lto_20081119_1.o link -O2 -flto
UNRESOLVED: g++.dg/lto/20081119 cp_lto_20081119_0.o-cp_lto_20081119_1.o execute -O2 -flto
UNRESOLVED: g++.dg/lto/20081120-1 cp_lto_20081120-1_0.o-cp_lto_20081120-1_1.o link -flto -r -nostdlib
UNRESOLVED: g++.dg/lto/20081120-1 cp_lto_20081120-1_0.o-cp_lto_20081120-1_1.o execute -flto -r -nostdlib
UNRESOLVED: g++.dg/lto/20081120-2 cp_lto_20081120-2_0.o-cp_lto_20081120-2_1.o link -flto -r -nostdlib
UNRESOLVED: g++.dg/lto/20081120-2 cp_lto_20081120-2_0.o-cp_lto_20081120-2_1.o execute -flto -r -nostdlib
UNRESOLVED: g++.dg/lto/20081123 cp_lto_20081123_0.o-cp_lto_20081123_1.o link -fwhopr -r -nostdlib -fPIC
UNRESOLVED: g++.dg/lto/20081123 cp_lto_20081123_0.o-cp_lto_20081123_1.o execute -fwhopr -r -nostdlib -fPIC
UNRESOLVED: g++.dg/lto/20081125 cp_lto_20081125_0.o-cp_lto_20081125_1.o link -fwhopr
UNRESOLVED: g++.dg/lto/20081125 cp_lto_20081125_0.o-cp_lto_20081125_1.o execute -fwhopr
UNRESOLVED: g++.dg/lto/20081127 cp_lto_20081127_0.o-cp_lto_20081127_1.o link -O0 -fwhopr
UNRESOLVED: g++.dg/lto/20081127 cp_lto_20081127_0.o-cp_lto_20081127_1.o execute -O0 -fwhopr
UNRESOLVED: g++.dg/lto/20081127 cp_lto_20081127_0.o-cp_lto_20081127_1.o link -O2 -fwhopr
UNRESOLVED: g++.dg/lto/20081127 cp_lto_20081127_0.o-cp_lto_20081127_1.o execute -O2 -fwhopr
UNRESOLVED: g++.dg/lto/20081127 cp_lto_20081127_0.o-cp_lto_20081127_1.o link -O0 -flto
UNRESOLVED: g++.dg/lto/20081127 cp_lto_20081127_0.o-cp_lto_20081127_1.o execute -O0 -flto
UNRESOLVED: g++.dg/lto/20081127 cp_lto_20081127_0.o-cp_lto_20081127_1.o link -O2 -flto
UNRESOLVED: g++.dg/lto/20081127 cp_lto_20081127_0.o-cp_lto_20081127_1.o execute -O2 -flto
UNRESOLVED: g++.dg/lto/20081203 cp_lto_20081203_0.o-cp_lto_20081203_1.o link -O0 -fwhopr
UNRESOLVED: g++.dg/lto/20081203 cp_lto_20081203_0.o-cp_lto_20081203_1.o execute -O0 -fwhopr
UNRESOLVED: g++.dg/lto/20081203 cp_lto_20081203_0.o-cp_lto_20081203_1.o link -O2 -fwhopr
UNRESOLVED: g++.dg/lto/20081203 cp_lto_20081203_0.o-cp_lto_20081203_1.o execute -O2 -fwhopr
UNRESOLVED: g++.dg/lto/20081203 cp_lto_20081203_0.o-cp_lto_20081203_1.o link -O0 -flto
UNRESOLVED: g++.dg/lto/20081203 cp_lto_20081203_0.o-cp_lto_20081203_1.o execute -O0 -flto
UNRESOLVED: g++.dg/lto/20081203 cp_lto_20081203_0.o-cp_lto_20081203_1.o link -O2 -flto
UNRESOLVED: g++.dg/lto/20081203 cp_lto_20081203_0.o-cp_lto_20081203_1.o execute -O2 -flto
UNRESOLVED: g++.dg/lto/20081204-1 cp_lto_20081204-1_0.o-cp_lto_20081204-1_1.o link -fwhopr -fPIC -r -nostdlib
UNRESOLVED: g++.dg/lto/20081204-1 cp_lto_20081204-1_0.o-cp_lto_20081204-1_1.o execute -fwhopr -fPIC -r -nostdlib
UNRESOLVED: g++.dg/lto/20081204-2 cp_lto_20081204-2_0.o-cp_lto_20081204-2_1.o link -fwhopr -O3
UNRESOLVED: g++.dg/lto/20081204-2 cp_lto_20081204-2_0.o-cp_lto_20081204-2_1.o execute -fwhopr -O3
UNRESOLVED: g++.dg/lto/20081209 cp_lto_20081209_0.o-cp_lto_20081209_1.o link -O0 -fwhopr
UNRESOLVED: g++.dg/lto/20081209 cp_lto_20081209_0.o-cp_lto_20081209_1.o execute -O0 -fwhopr
UNRESOLVED: g++.dg/lto/20081209 cp_lto_20081209_0.o-cp_lto_20081209_1.o link -O2 -fwhopr
UNRESOLVED: g++.dg/lto/20081209 cp_lto_20081209_0.o-cp_lto_20081209_1.o execute -O2 -fwhopr
UNRESOLVED: g++.dg/lto/20081209 cp_lto_20081209_0.o-cp_lto_20081209_1.o link -O0 -flto
UNRESOLVED: g++.dg/lto/20081209 cp_lto_20081209_0.o-cp_lto_20081209_1.o execute -O0 -flto
UNRESOLVED: g++.dg/lto/20081209 cp_lto_20081209_0.o-cp_lto_20081209_1.o link -O2 -flto
UNRESOLVED: g++.dg/lto/20081209 cp_lto_20081209_0.o-cp_lto_20081209_1.o execute -O2 -flto
UNRESOLVED: g++.dg/lto/20081211-1 cp_lto_20081211-1_0.o-cp_lto_20081211-1_1.o link -O0 -fwhopr
UNRESOLVED: g++.dg/lto/20081211-1 cp_lto_20081211-1_0.o-cp_lto_20081211-1_1.o execute -O0 -fwhopr
UNRESOLVED: g++.dg/lto/20081211-1 cp_lto_20081211-1_0.o-cp_lto_20081211-1_1.o link -O2 -fwhopr
UNRESOLVED: g++.dg/lto/20081211-1 cp_lto_20081211-1_0.o-cp_lto_20081211-1_1.o execute -O2 -fwhopr
UNRESOLVED: g++.dg/lto/20081211-1 cp_lto_20081211-1_0.o-cp_lto_20081211-1_1.o link -O0 -flto
UNRESOLVED: g++.dg/lto/20081211-1 cp_lto_20081211-1_0.o-cp_lto_20081211-1_1.o execute -O0 -flto
UNRESOLVED: g++.dg/lto/20081211-1 cp_lto_20081211-1_0.o-cp_lto_20081211-1_1.o link -O2 -flto
UNRESOLVED: g++.dg/lto/20081211-1 cp_lto_20081211-1_0.o-cp_lto_20081211-1_1.o execute -O2 -flto
UNRESOLVED: g++.dg/lto/20081217-1 cp_lto_20081217-1_0.o-cp_lto_20081217-1_0.o link -O0 -fwhopr
UNRESOLVED: g++.dg/lto/20081217-1 cp_lto_20081217-1_0.o-cp_lto_20081217-1_0.o execute -O0 -fwhopr
UNRESOLVED: g++.dg/lto/20081217-1 cp_lto_20081217-1_0.o-cp_lto_20081217-1_0.o link -O2 -fwhopr
UNRESOLVED: g++.dg/lto/20081217-1 cp_lto_20081217-1_0.o-cp_lto_20081217-1_0.o execute -O2 -fwhopr
UNRESOLVED: g++.dg/lto/20081217-1 cp_lto_20081217-1_0.o-cp_lto_20081217-1_0.o link -O0 -flto
UNRESOLVED: g++.dg/lto/20081217-1 cp_lto_20081217-1_0.o-cp_lto_20081217-1_0.o execute -O0 -flto
UNRESOLVED: g++.dg/lto/20081217-1 cp_lto_20081217-1_0.o-cp_lto_20081217-1_0.o link -O2 -flto
UNRESOLVED: g++.dg/lto/20081217-1 cp_lto_20081217-1_0.o-cp_lto_20081217-1_0.o execute -O2 -flto
UNRESOLVED: g++.dg/lto/20081217-2 cp_lto_20081217-2_0.o-cp_lto_20081217-2_0.o link -O0 -fwhopr
UNRESOLVED: g++.dg/lto/20081217-2 cp_lto_20081217-2_0.o-cp_lto_20081217-2_0.o execute -O0 -fwhopr
UNRESOLVED: g++.dg/lto/20081217-2 cp_lto_20081217-2_0.o-cp_lto_20081217-2_0.o link -O2 -fwhopr
UNRESOLVED: g++.dg/lto/20081217-2 cp_lto_20081217-2_0.o-cp_lto_20081217-2_0.o execute -O2 -fwhopr
UNRESOLVED: g++.dg/lto/20081217-2 cp_lto_20081217-2_0.o-cp_lto_20081217-2_0.o link -O0 -flto
UNRESOLVED: g++.dg/lto/20081217-2 cp_lto_20081217-2_0.o-cp_lto_20081217-2_0.o execute -O0 -flto
UNRESOLVED: g++.dg/lto/20081217-2 cp_lto_20081217-2_0.o-cp_lto_20081217-2_0.o link -O2 -flto
UNRESOLVED: g++.dg/lto/20081217-2 cp_lto_20081217-2_0.o-cp_lto_20081217-2_0.o execute -O2 -flto
UNRESOLVED: g++.dg/lto/20081219 cp_lto_20081219_0.o-cp_lto_20081219_1.o link -fPIC -fwhopr -O2
UNRESOLVED: g++.dg/lto/20081219 cp_lto_20081219_0.o-cp_lto_20081219_1.o execute -fPIC -fwhopr -O2
UNRESOLVED: g++.dg/lto/20090106 cp_lto_20090106_0.o-cp_lto_20090106_0.o link -O0 -fwhopr
UNRESOLVED: g++.dg/lto/20090106 cp_lto_20090106_0.o-cp_lto_20090106_0.o execute -O0 -fwhopr
UNRESOLVED: g++.dg/lto/20090106 cp_lto_20090106_0.o-cp_lto_20090106_0.o link -O2 -fwhopr
UNRESOLVED: g++.dg/lto/20090106 cp_lto_20090106_0.o-cp_lto_20090106_0.o execute -O2 -fwhopr
UNRESOLVED: g++.dg/lto/20090106 cp_lto_20090106_0.o-cp_lto_20090106_0.o link -O0 -flto
UNRESOLVED: g++.dg/lto/20090106 cp_lto_20090106_0.o-cp_lto_20090106_0.o execute -O0 -flto
UNRESOLVED: g++.dg/lto/20090106 cp_lto_20090106_0.o-cp_lto_20090106_0.o link -O2 -flto
UNRESOLVED: g++.dg/lto/20090106 cp_lto_20090106_0.o-cp_lto_20090106_0.o execute -O2 -flto
UNRESOLVED: g++.dg/lto/20090112 cp_lto_20090112_0.o-cp_lto_20090112_0.o link -O0 -fwhopr
UNRESOLVED: g++.dg/lto/20090112 cp_lto_20090112_0.o-cp_lto_20090112_0.o execute -O0 -fwhopr
UNRESOLVED: g++.dg/lto/20090112 cp_lto_20090112_0.o-cp_lto_20090112_0.o link -O2 -fwhopr
UNRESOLVED: g++.dg/lto/20090112 cp_lto_20090112_0.o-cp_lto_20090112_0.o execute -O2 -fwhopr
UNRESOLVED: g++.dg/lto/20090112 cp_lto_20090112_0.o-cp_lto_20090112_0.o link -O0 -flto
UNRESOLVED: g++.dg/lto/20090112 cp_lto_20090112_0.o-cp_lto_20090112_0.o execute -O0 -flto
UNRESOLVED: g++.dg/lto/20090112 cp_lto_20090112_0.o-cp_lto_20090112_0.o link -O2 -flto
UNRESOLVED: g++.dg/lto/20090112 cp_lto_20090112_0.o-cp_lto_20090112_0.o execute -O2 -flto
UNRESOLVED: g++.dg/lto/20090302 cp_lto_20090302_0.o-cp_lto_20090302_1.o link -fPIC -fwhopr -r -nostdlib
UNRESOLVED: g++.dg/lto/20090302 cp_lto_20090302_0.o-cp_lto_20090302_1.o execute -fPIC -fwhopr -r -nostdlib
UNRESOLVED: g++.dg/lto/20090303 cp_lto_20090303_0.o-cp_lto_20090303_0.o link -fwhopr
UNRESOLVED: g++.dg/lto/20090303 cp_lto_20090303_0.o-cp_lto_20090303_0.o execute -fwhopr
UNRESOLVED: g++.dg/lto/20090311-1 cp_lto_20090311-1_0.o-cp_lto_20090311-1_1.o link -O0 -fwhopr
UNRESOLVED: g++.dg/lto/20090311-1 cp_lto_20090311-1_0.o-cp_lto_20090311-1_1.o execute -O0 -fwhopr
UNRESOLVED: g++.dg/lto/20090311-1 cp_lto_20090311-1_0.o-cp_lto_20090311-1_1.o link -O2 -fwhopr
UNRESOLVED: g++.dg/lto/20090311-1 cp_lto_20090311-1_0.o-cp_lto_20090311-1_1.o execute -O2 -fwhopr
UNRESOLVED: g++.dg/lto/20090311-1 cp_lto_20090311-1_0.o-cp_lto_20090311-1_1.o link -O0 -flto
UNRESOLVED: g++.dg/lto/20090311-1 cp_lto_20090311-1_0.o-cp_lto_20090311-1_1.o execute -O0 -flto
UNRESOLVED: g++.dg/lto/20090311-1 cp_lto_20090311-1_0.o-cp_lto_20090311-1_1.o link -O2 -flto
UNRESOLVED: g++.dg/lto/20090311-1 cp_lto_20090311-1_0.o-cp_lto_20090311-1_1.o execute -O2 -flto
UNRESOLVED: g++.dg/lto/20090311 cp_lto_20090311_0.o-cp_lto_20090311_1.o link -O0 -fwhopr
UNRESOLVED: g++.dg/lto/20090311 cp_lto_20090311_0.o-cp_lto_20090311_1.o execute -O0 -fwhopr
UNRESOLVED: g++.dg/lto/20090311 cp_lto_20090311_0.o-cp_lto_20090311_1.o link -O2 -fwhopr
UNRESOLVED: g++.dg/lto/20090311 cp_lto_20090311_0.o-cp_lto_20090311_1.o execute -O2 -fwhopr
UNRESOLVED: g++.dg/lto/20090311 cp_lto_20090311_0.o-cp_lto_20090311_1.o link -O0 -flto
UNRESOLVED: g++.dg/lto/20090311 cp_lto_20090311_0.o-cp_lto_20090311_1.o execute -O0 -flto
UNRESOLVED: g++.dg/lto/20090311 cp_lto_20090311_0.o-cp_lto_20090311_1.o link -O2 -flto
UNRESOLVED: g++.dg/lto/20090311 cp_lto_20090311_0.o-cp_lto_20090311_1.o execute -O2 -flto
UNRESOLVED: g++.dg/lto/20090312 cp_lto_20090312_0.o-cp_lto_20090312_1.o link -O0 -fwhopr
UNRESOLVED: g++.dg/lto/20090312 cp_lto_20090312_0.o-cp_lto_20090312_1.o execute -O0 -fwhopr
UNRESOLVED: g++.dg/lto/20090312 cp_lto_20090312_0.o-cp_lto_20090312_1.o link -O2 -fwhopr
UNRESOLVED: g++.dg/lto/20090312 cp_lto_20090312_0.o-cp_lto_20090312_1.o execute -O2 -fwhopr
UNRESOLVED: g++.dg/lto/20090312 cp_lto_20090312_0.o-cp_lto_20090312_1.o link -O0 -flto
UNRESOLVED: g++.dg/lto/20090312 cp_lto_20090312_0.o-cp_lto_20090312_1.o execute -O0 -flto
UNRESOLVED: g++.dg/lto/20090312 cp_lto_20090312_0.o-cp_lto_20090312_1.o link -O2 -flto
UNRESOLVED: g++.dg/lto/20090312 cp_lto_20090312_0.o-cp_lto_20090312_1.o execute -O2 -flto
UNRESOLVED: g++.dg/lto/20090313 cp_lto_20090313_0.o-cp_lto_20090313_1.o link -fwhopr -fPIC
UNRESOLVED: g++.dg/lto/20090313 cp_lto_20090313_0.o-cp_lto_20090313_1.o execute -fwhopr -fPIC
UNRESOLVED: g++.dg/lto/20090315 cp_lto_20090315_0.o-cp_lto_20090315_1.o link -O0 -fwhopr
UNRESOLVED: g++.dg/lto/20090315 cp_lto_20090315_0.o-cp_lto_20090315_1.o execute -O0 -fwhopr
UNRESOLVED: g++.dg/lto/20090315 cp_lto_20090315_0.o-cp_lto_20090315_1.o link -O2 -fwhopr
UNRESOLVED: g++.dg/lto/20090315 cp_lto_20090315_0.o-cp_lto_20090315_1.o execute -O2 -fwhopr
UNRESOLVED: g++.dg/lto/20090315 cp_lto_20090315_0.o-cp_lto_20090315_1.o link -O0 -flto
UNRESOLVED: g++.dg/lto/20090315 cp_lto_20090315_0.o-cp_lto_20090315_1.o execute -O0 -flto
UNRESOLVED: g++.dg/lto/20090315 cp_lto_20090315_0.o-cp_lto_20090315_1.o link -O2 -flto
UNRESOLVED: g++.dg/lto/20090315 cp_lto_20090315_0.o-cp_lto_20090315_1.o execute -O2 -flto
UNRESOLVED: g++.dg/lto/20091002-1 cp_lto_20091002-1_0.o-cp_lto_20091002-1_0.o link -fPIC -flto
UNRESOLVED: g++.dg/lto/20091002-1 cp_lto_20091002-1_0.o-cp_lto_20091002-1_0.o execute -fPIC -flto
UNRESOLVED: g++.dg/lto/20091002-2 cp_lto_20091002-2_0.o-cp_lto_20091002-2_0.o link -fPIC
UNRESOLVED: g++.dg/lto/20091002-2 cp_lto_20091002-2_0.o-cp_lto_20091002-2_0.o execute -fPIC
UNRESOLVED: g++.dg/lto/20091002-3 cp_lto_20091002-3_0.o-cp_lto_20091002-3_0.o link -fPIC
UNRESOLVED: g++.dg/lto/20091002-3 cp_lto_20091002-3_0.o-cp_lto_20091002-3_0.o execute -fPIC
UNRESOLVED: g++.dg/lto/20091004-1 cp_lto_20091004-1_0.o-cp_lto_20091004-1_1.o link -fPIC -O -flto
UNRESOLVED: g++.dg/lto/20091004-1 cp_lto_20091004-1_0.o-cp_lto_20091004-1_1.o execute -fPIC -O -flto
UNRESOLVED: g++.dg/lto/20091004-2 cp_lto_20091004-2_0.o-cp_lto_20091004-2_1.o link -fPIC -O -flto
UNRESOLVED: g++.dg/lto/20091004-2 cp_lto_20091004-2_0.o-cp_lto_20091004-2_1.o execute -fPIC -O -flto
UNRESOLVED: g++.dg/lto/20091022-1 cp_lto_20091022-1_0.o-cp_lto_20091022-1_0.o link -O0 -fwhopr
UNRESOLVED: g++.dg/lto/20091022-1 cp_lto_20091022-1_0.o-cp_lto_20091022-1_0.o execute -O0 -fwhopr
UNRESOLVED: g++.dg/lto/20091022-1 cp_lto_20091022-1_0.o-cp_lto_20091022-1_0.o link -O2 -fwhopr
UNRESOLVED: g++.dg/lto/20091022-1 cp_lto_20091022-1_0.o-cp_lto_20091022-1_0.o execute -O2 -fwhopr
UNRESOLVED: g++.dg/lto/20091022-1 cp_lto_20091022-1_0.o-cp_lto_20091022-1_0.o link -O0 -flto
UNRESOLVED: g++.dg/lto/20091022-1 cp_lto_20091022-1_0.o-cp_lto_20091022-1_0.o execute -O0 -flto
UNRESOLVED: g++.dg/lto/20091022-1 cp_lto_20091022-1_0.o-cp_lto_20091022-1_0.o link -O2 -flto
UNRESOLVED: g++.dg/lto/20091022-1 cp_lto_20091022-1_0.o-cp_lto_20091022-1_0.o execute -O2 -flto
UNRESOLVED: g++.dg/lto/20091022-2 cp_lto_20091022-2_0.o-cp_lto_20091022-2_0.o link -O3 -flto -Winline
UNRESOLVED: g++.dg/lto/20091022-2 cp_lto_20091022-2_0.o-cp_lto_20091022-2_0.o execute -O3 -flto -Winline
UNRESOLVED: g++.dg/lto/20091026-1 cp_lto_20091026-1_0.o-cp_lto_20091026-1_1.o link -O0 -fwhopr
UNRESOLVED: g++.dg/lto/20091026-1 cp_lto_20091026-1_0.o-cp_lto_20091026-1_1.o execute -O0 -fwhopr
UNRESOLVED: g++.dg/lto/20091026-1 cp_lto_20091026-1_0.o-cp_lto_20091026-1_1.o link -O2 -fwhopr
UNRESOLVED: g++.dg/lto/20091026-1 cp_lto_20091026-1_0.o-cp_lto_20091026-1_1.o execute -O2 -fwhopr
UNRESOLVED: g++.dg/lto/20091026-1 cp_lto_20091026-1_0.o-cp_lto_20091026-1_1.o link -O0 -flto
UNRESOLVED: g++.dg/lto/20091026-1 cp_lto_20091026-1_0.o-cp_lto_20091026-1_1.o execute -O0 -flto
UNRESOLVED: g++.dg/lto/20091026-1 cp_lto_20091026-1_0.o-cp_lto_20091026-1_1.o link -O2 -flto
UNRESOLVED: g++.dg/lto/20091026-1 cp_lto_20091026-1_0.o-cp_lto_20091026-1_1.o execute -O2 -flto
UNRESOLVED: g++.dg/lto/20091210-1 cp_lto_20091210-1_0.o-cp_lto_20091210-1_1.o link -O0 -fwhopr
UNRESOLVED: g++.dg/lto/20091210-1 cp_lto_20091210-1_0.o-cp_lto_20091210-1_1.o execute -O0 -fwhopr
UNRESOLVED: g++.dg/lto/20091210-1 cp_lto_20091210-1_0.o-cp_lto_20091210-1_1.o link -O2 -fwhopr
UNRESOLVED: g++.dg/lto/20091210-1 cp_lto_20091210-1_0.o-cp_lto_20091210-1_1.o execute -O2 -fwhopr
UNRESOLVED: g++.dg/lto/20091210-1 cp_lto_20091210-1_0.o-cp_lto_20091210-1_1.o link -O0 -flto
UNRESOLVED: g++.dg/lto/20091210-1 cp_lto_20091210-1_0.o-cp_lto_20091210-1_1.o execute -O0 -flto
UNRESOLVED: g++.dg/lto/20091210-1 cp_lto_20091210-1_0.o-cp_lto_20091210-1_1.o link -O2 -flto
UNRESOLVED: g++.dg/lto/20091210-1 cp_lto_20091210-1_0.o-cp_lto_20091210-1_1.o execute -O2 -flto
UNRESOLVED: g++.dg/lto/20091219 cp_lto_20091219_0.o-cp_lto_20091219_0.o link -O3 -flto
UNRESOLVED: g++.dg/lto/20091219 cp_lto_20091219_0.o-cp_lto_20091219_0.o execute -O3 -flto
FAIL: g++.dg/pch/array-1.C -g
FAIL: g++.dg/pch/array-1.C -g assembly comparison
FAIL: g++.dg/pch/array-1.C -O2 -g
FAIL: g++.dg/pch/array-1.C -O2 -g assembly comparison
FAIL: g++.dg/pch/array-1.C -O2
FAIL: g++.dg/pch/array-1.C -O2 assembly comparison
FAIL: g++.dg/pch/empty.C -g
FAIL: g++.dg/pch/empty.C -g assembly comparison
FAIL: g++.dg/pch/empty.C -O2 -g
FAIL: g++.dg/pch/empty.C -O2 -g assembly comparison
FAIL: g++.dg/pch/empty.C -O2
FAIL: g++.dg/pch/empty.C -O2 assembly comparison
FAIL: g++.dg/pch/externc-1.C -g
FAIL: g++.dg/pch/externc-1.C -g assembly comparison
FAIL: g++.dg/pch/externc-1.C -O2 -g
FAIL: g++.dg/pch/externc-1.C -O2 -g assembly comparison
FAIL: g++.dg/pch/externc-1.C -O2
FAIL: g++.dg/pch/externc-1.C -O2 assembly comparison
FAIL: g++.dg/pch/local-1.C -g
FAIL: g++.dg/pch/local-1.C -g assembly comparison
FAIL: g++.dg/pch/local-1.C -O2 -g
FAIL: g++.dg/pch/local-1.C -O2 -g assembly comparison
FAIL: g++.dg/pch/local-1.C -O2
FAIL: g++.dg/pch/local-1.C -O2 assembly comparison
FAIL: g++.dg/pch/pch.C -g
FAIL: g++.dg/pch/pch.C -g assembly comparison
FAIL: g++.dg/pch/pch.C -O2 -g
FAIL: g++.dg/pch/pch.C -O2 -g assembly comparison
FAIL: g++.dg/pch/pch.C -O2
FAIL: g++.dg/pch/pch.C -O2 assembly comparison
FAIL: g++.dg/pch/static-1.C -g
FAIL: g++.dg/pch/static-1.C -g assembly comparison
FAIL: g++.dg/pch/static-1.C -O2 -g
FAIL: g++.dg/pch/static-1.C -O2 -g assembly comparison
FAIL: g++.dg/pch/static-1.C -O2
FAIL: g++.dg/pch/static-1.C -O2 assembly comparison
FAIL: g++.dg/pch/system-1.C -g
FAIL: g++.dg/pch/system-1.C -g assembly comparison
FAIL: g++.dg/pch/system-1.C -O2 -g
FAIL: g++.dg/pch/system-1.C -O2 -g assembly comparison
FAIL: g++.dg/pch/system-1.C -O2
FAIL: g++.dg/pch/system-1.C -O2 assembly comparison
FAIL: g++.dg/pch/system-2.C -g
FAIL: g++.dg/pch/system-2.C -g assembly comparison
FAIL: g++.dg/pch/system-2.C -O2 -g
FAIL: g++.dg/pch/system-2.C -O2 -g assembly comparison
FAIL: g++.dg/pch/system-2.C -O2
FAIL: g++.dg/pch/system-2.C -O2 assembly comparison
FAIL: g++.dg/pch/template-1.C -g
FAIL: g++.dg/pch/template-1.C -g assembly comparison
FAIL: g++.dg/pch/template-1.C -O2 -g
FAIL: g++.dg/pch/template-1.C -O2 -g assembly comparison
FAIL: g++.dg/pch/template-1.C -O2
FAIL: g++.dg/pch/template-1.C -O2 assembly comparison
FAIL: g++.dg/pch/uninst.C -g
FAIL: g++.dg/pch/uninst.C -g assembly comparison
FAIL: g++.dg/pch/uninst.C -O2 -g
FAIL: g++.dg/pch/uninst.C -O2 -g assembly comparison
FAIL: g++.dg/pch/uninst.C -O2
FAIL: g++.dg/pch/uninst.C -O2 assembly comparison
FAIL: g++.dg/pch/wchar-1.C -g
FAIL: g++.dg/pch/wchar-1.C -g assembly comparison
FAIL: g++.dg/pch/wchar-1.C -O2 -g
FAIL: g++.dg/pch/wchar-1.C -O2 -g assembly comparison
FAIL: g++.dg/pch/wchar-1.C -O2
FAIL: g++.dg/pch/wchar-1.C -O2 assembly comparison
FAIL: c-c++-common/torture/complex-alias-1.c (internal compiler error)
FAIL: c-c++-common/torture/complex-alias-1.c (test for excess errors)
WARNING: c-c++-common/torture/complex-alias-1.c compilation failed to produce executable
FAIL: c-c++-common/torture/complex-sign-add.c (internal compiler error)
FAIL: c-c++-common/torture/complex-sign-add.c (test for excess errors)
WARNING: c-c++-common/torture/complex-sign-add.c compilation failed to produce executable
FAIL: c-c++-common/torture/complex-sign-mixed-add.c (internal compiler error)
FAIL: c-c++-common/torture/complex-sign-mixed-add.c (test for excess errors)
WARNING: c-c++-common/torture/complex-sign-mixed-add.c compilation failed to produce executable
FAIL: c-c++-common/torture/complex-sign-mixed-div.c (internal compiler error)
FAIL: c-c++-common/torture/complex-sign-mixed-div.c (test for excess errors)
WARNING: c-c++-common/torture/complex-sign-mixed-div.c compilation failed to produce executable
FAIL: c-c++-common/torture/complex-sign-mixed-mul.c (internal compiler error)
FAIL: c-c++-common/torture/complex-sign-mixed-mul.c (test for excess errors)
WARNING: c-c++-common/torture/complex-sign-mixed-mul.c compilation failed to produce executable
FAIL: c-c++-common/torture/complex-sign-mixed-sub.c (internal compiler error)
FAIL: c-c++-common/torture/complex-sign-mixed-sub.c (test for excess errors)
WARNING: c-c++-common/torture/complex-sign-mixed-sub.c compilation failed to produce executable
FAIL: c-c++-common/torture/complex-sign-mul-minus-one.c (internal compiler error)
FAIL: c-c++-common/torture/complex-sign-mul-minus-one.c (test for excess errors)
WARNING: c-c++-common/torture/complex-sign-mul-minus-one.c compilation failed to produce executable
FAIL: c-c++-common/torture/complex-sign-mul-one.c (internal compiler error)
FAIL: c-c++-common/torture/complex-sign-mul-one.c (test for excess errors)
WARNING: c-c++-common/torture/complex-sign-mul-one.c compilation failed to produce executable
FAIL: c-c++-common/torture/complex-sign-mul.c (internal compiler error)
FAIL: c-c++-common/torture/complex-sign-mul.c (test for excess errors)
WARNING: c-c++-common/torture/complex-sign-mul.c compilation failed to produce executable
FAIL: c-c++-common/torture/complex-sign-sub.c (internal compiler error)
FAIL: c-c++-common/torture/complex-sign-sub.c (test for excess errors)
WARNING: c-c++-common/torture/complex-sign-sub.c compilation failed to produce executable
FAIL: g++.dg/torture/pr30252.C (internal compiler error)
FAIL: g++.dg/torture/pr30252.C (test for excess errors)
WARNING: g++.dg/torture/pr30252.C compilation failed to produce executable
FAIL: g++.dg/torture/pr30567.C (internal compiler error)
FAIL: g++.dg/torture/pr30567.C (test for excess errors)
WARNING: g++.dg/torture/pr30567.C compilation failed to produce executable
FAIL: g++.dg/torture/pr31863.C (internal compiler error)
FAIL: g++.dg/torture/pr31863.C (test for excess errors)
FAIL: g++.dg/torture/pr33572.C (internal compiler error)
FAIL: g++.dg/torture/pr33572.C (test for excess errors)
WARNING: g++.dg/torture/pr33572.C compilation failed to produce executable
FAIL: g++.dg/torture/pr33819.C (internal compiler error)
FAIL: g++.dg/torture/pr33819.C (test for excess errors)
WARNING: g++.dg/torture/pr33819.C compilation failed to produce executable
FAIL: g++.dg/torture/pr33887-1.C (internal compiler error)
FAIL: g++.dg/torture/pr33887-1.C (test for excess errors)
WARNING: g++.dg/torture/pr33887-1.C compilation failed to produce executable
FAIL: g++.dg/torture/pr33887-2.C (internal compiler error)
FAIL: g++.dg/torture/pr33887-2.C (test for excess errors)
WARNING: g++.dg/torture/pr33887-2.C compilation failed to produce executable
FAIL: g++.dg/torture/pr33887-3.C (internal compiler error)
FAIL: g++.dg/torture/pr33887-3.C (test for excess errors)
WARNING: g++.dg/torture/pr33887-3.C compilation failed to produce executable
FAIL: g++.dg/torture/pr34099.C (internal compiler error)
FAIL: g++.dg/torture/pr34099.C (test for excess errors)
WARNING: g++.dg/torture/pr34099.C compilation failed to produce executable
FAIL: g++.dg/torture/pr34235.C (internal compiler error)
FAIL: g++.dg/torture/pr34235.C (test for excess errors)
WARNING: g++.dg/torture/pr34235.C compilation failed to produce executable
FAIL: g++.dg/torture/pr37146-1.C (internal compiler error)
FAIL: g++.dg/torture/pr37146-1.C (test for excess errors)
WARNING: g++.dg/torture/pr37146-1.C compilation failed to produce executable
FAIL: g++.dg/torture/pr37146-2.C (internal compiler error)
FAIL: g++.dg/torture/pr37146-2.C (test for excess errors)
WARNING: g++.dg/torture/pr37146-2.C compilation failed to produce executable
FAIL: g++.dg/torture/pr37922.C (internal compiler error)
FAIL: g++.dg/torture/pr37922.C (test for excess errors)
WARNING: g++.dg/torture/pr37922.C compilation failed to produce executable
FAIL: g++.dg/torture/pr38747.C (internal compiler error)
FAIL: g++.dg/torture/pr38747.C (test for excess errors)
WARNING: g++.dg/torture/pr38747.C compilation failed to produce executable
FAIL: g++.dg/torture/pr39002.C (internal compiler error)
FAIL: g++.dg/torture/pr39002.C (test for excess errors)
WARNING: g++.dg/torture/pr39002.C compilation failed to produce executable
FAIL: g++.dg/torture/pr39417.C (internal compiler error)
FAIL: g++.dg/torture/pr39417.C (test for excess errors)
WARNING: g++.dg/torture/pr39417.C compilation failed to produce executable
FAIL: g++.dg/torture/pr39678.C (internal compiler error)
FAIL: g++.dg/torture/pr39678.C (test for excess errors)
WARNING: g++.dg/torture/pr39678.C compilation failed to produce executable
FAIL: g++.dg/torture/pr40335.C (internal compiler error)
FAIL: g++.dg/torture/pr40335.C (test for excess errors)
WARNING: g++.dg/torture/pr40335.C compilation failed to produce executable
FAIL: g++.dg/torture/pr40389.C (internal compiler error)
FAIL: g++.dg/torture/pr40389.C (test for excess errors)
WARNING: g++.dg/torture/pr40389.C compilation failed to produce executable
FAIL: g++.dg/torture/pr40834.C (internal compiler error)
FAIL: g++.dg/torture/pr40834.C (test for excess errors)
WARNING: g++.dg/torture/pr40834.C compilation failed to produce executable
FAIL: g++.dg/torture/pr40924.C (internal compiler error)
FAIL: g++.dg/torture/pr40924.C (test for excess errors)
WARNING: g++.dg/torture/pr40924.C compilation failed to produce executable
FAIL: g++.dg/torture/pr41186.C (internal compiler error)
FAIL: g++.dg/torture/pr41186.C (test for excess errors)
WARNING: g++.dg/torture/pr41186.C compilation failed to produce executable
FAIL: g++.dg/torture/pr41257-2.C (internal compiler error)
FAIL: g++.dg/torture/pr41257-2.C (test for excess errors)
FAIL: g++.dg/torture/pr42462.C (internal compiler error)
FAIL: g++.dg/torture/pr42462.C (test for excess errors)
WARNING: g++.dg/torture/pr42462.C compilation failed to produce executable
FAIL: g++.dg/torture/pushpop_macro.C (internal compiler error)
FAIL: g++.dg/torture/pushpop_macro.C (test for excess errors)
WARNING: g++.dg/torture/pushpop_macro.C compilation failed to produce executable
FAIL: g++.dg/torture/type-generic-1.C (internal compiler error)
FAIL: g++.dg/torture/type-generic-1.C (test for excess errors)
WARNING: g++.dg/torture/type-generic-1.C compilation failed to produce executable
FAIL: g++.old-deja/g++.jason/thunk3.C (test for excess errors)
WARNING: g++.old-deja/g++.jason/thunk3.C compilation failed to produce executable

		=== g++ Summary ===

# of expected passes		20968
# of unexpected failures	142
# of expected failures		150
# of unresolved testcases	344
# of unsupported tests		227
/fac/vol6/software/sterling/fsf/build-xtensa/gcc/gcc/testsuite/g++/../../g++  version 4.6.0 20100426 (experimental) [trunk revision 156672] (GCC) 

Host   is xtensa-unknown-elf

		=== libstdc++ tests ===


Running target xtensa-sim
FAIL: 17_intro/headers/c++200x/all_no_exceptions.cc (test for excess errors)
FAIL: 17_intro/headers/c++200x/all_no_rtti.cc (test for excess errors)
FAIL: 17_intro/headers/c++200x/all_pedantic_errors.cc (test for excess errors)
XPASS: 20_util/shared_ptr/cons/weak_ptr_expired.cc execution test
FAIL: 21_strings/basic_string/requirements/typedefs.cc (test for excess errors)
WARNING: program timed out.
FAIL: 22_locale/locale/cons/12438.cc execution test
FAIL: 26_numerics/headers/cmath/25913.cc (test for excess errors)
FAIL: 26_numerics/headers/cmath/c99_classification_macros_c++.cc (test for excess errors)
FAIL: 26_numerics/headers/random/types_std_c++0x.cc (test for excess errors)
XPASS: 27_io/ios_base/sync_with_stdio/1.cc execution test
XPASS: 27_io/objects/char/12048-5.cc execution test
FAIL: ext/profile/all.cc (test for excess errors)
FAIL: ext/throw_allocator/variadic_construct.cc (test for excess errors)
WARNING: ext/throw_allocator/variadic_construct.cc compilation failed to produce executable
FAIL: ext/throw_value/cons.cc (test for excess errors)
WARNING: ext/throw_value/cons.cc compilation failed to produce executable

		=== libstdc++ Summary ===

# of expected passes		2995
# of unexpected failures	11
# of unexpected successes	3
# of expected failures		51
# of unsupported tests		291

Compiler version: 4.6.0 20100426 (experimental) [trunk revision 156672] (GCC) 
Platform: xtensa-unknown-elf
configure flags: --target=xtensa-elf --prefix=/fac/vol6/software/sterling/fsf/build-xtensa/ --enable-languages=c,c++ --disable-shared --with-as=/fac/vol6/software/sterling/fsf/build-xtensa//bin/xtensa-elf-as --with-ld=/fac/vol6/software/sterling/fsf/build-xtensa//bin/xtensa-elf-ld --with-gxx-include-dir=/fac/vol6/software/sterling/fsf/build-xtensa//xtensa-elf/include/c++ --with-gmp=/fac/vol6/software/sterling/fsf/install-native/ --with-mpfr=/fac/vol6/software/sterling/fsf/install-native/ --with-newlib


Index Nav: [Date Index] [Subject Index] [Author Index] [Thread Index]
Message Nav: [Date Prev] [Date Next] [Thread Prev] [Thread Next]