This is the mail archive of the gcc-testresults@gcc.gnu.org mailing list for the GCC project.


Index Nav: [Date Index] [Subject Index] [Author Index] [Thread Index]
Message Nav: [Date Prev] [Date Next] [Thread Prev] [Thread Next]
Other format: [Raw text]

Results for 4.6.0 20100427 (experimental) [trunk revision 158765] (GCC) testsuite on i686-pc-linux-gnu


LAST_UPDATED: Tue Apr 27 04:25:49 UTC 2010 (revision 158765)

Native configuration is i686-pc-linux-gnu

		=== g++ tests ===


Running target unix
FAIL: g++.dg/warn/string1.C  (test for warnings, line 17)

		=== g++ Summary ===

# of expected passes		23227
# of unexpected failures	1
# of expected failures		151
# of unsupported tests		112
/export/gnu/import/svn/gcc-test/bld/gcc/testsuite/g++/../../g++  version 4.6.0 20100427 (experimental) [trunk revision 158765] (GCC) 

		=== gcc tests ===


Running target unix
FAIL: gcc.dg/Walways-true-1.c correct warning (test for warnings, line 29)
FAIL: gcc.dg/Walways-true-1.c correct warning (test for warnings, line 33)
FAIL: gcc.dg/Walways-true-1.c correct warning (test for warnings, line 37)
FAIL: gcc.dg/Walways-true-1.c correct warning (test for warnings, line 41)
FAIL: gcc.dg/Walways-true-1.c correct warning (test for warnings, line 43)
FAIL: gcc.dg/Walways-true-1.c correct warning (test for warnings, line 47)
FAIL: gcc.dg/Walways-true-1.c correct warning (test for warnings, line 51)
FAIL: gcc.dg/Walways-true-1.c correct warning (test for warnings, line 55)
FAIL: gcc.dg/Walways-true-1.c (test for excess errors)
FAIL: gcc.dg/Walways-true-2.c correct warning (test for warnings, line 40)
FAIL: gcc.dg/Walways-true-2.c correct warning (test for warnings, line 44)
FAIL: gcc.dg/Walways-true-2.c correct warning (test for warnings, line 54)
FAIL: gcc.dg/Walways-true-2.c correct warning (test for warnings, line 58)
FAIL: gcc.dg/Walways-true-2.c (test for excess errors)
FAIL: gcc.dg/cproj-fails-with-broken-glibc.c execution test
FAIL: gcc.dg/misc-column.c  (test for warnings, line 22)
FAIL: gcc.dg/misc-column.c (test for excess errors)
FAIL: gcc.dg/pr32207.c  (test for warnings, line 8)
FAIL: gcc.dg/pr32207.c  (test for warnings, line 9)
FAIL: gcc.dg/pr32207.c (test for excess errors)
FAIL: gcc.dg/pr34668-1.c (internal compiler error)
FAIL: gcc.dg/pr34668-1.c (test for excess errors)
FAIL: gcc.dg/warn-addr-cmp.c  (test for warnings, line 39)
FAIL: gcc.dg/warn-addr-cmp.c  (test for warnings, line 41)
FAIL: gcc.dg/warn-addr-cmp.c  (test for warnings, line 43)
FAIL: gcc.dg/warn-addr-cmp.c  (test for warnings, line 45)
FAIL: gcc.dg/warn-addr-cmp.c  (test for warnings, line 62)
FAIL: gcc.dg/warn-addr-cmp.c  (test for warnings, line 64)
FAIL: gcc.dg/warn-addr-cmp.c  (test for warnings, line 66)
FAIL: gcc.dg/warn-addr-cmp.c  (test for warnings, line 68)
FAIL: gcc.dg/warn-addr-cmp.c (test for excess errors)
XPASS: gcc.dg/guality/example.c  -O0  execution test
XPASS: gcc.dg/guality/example.c  -O1  execution test
XPASS: gcc.dg/guality/example.c  -O2  execution test
XPASS: gcc.dg/guality/example.c  -O2 -flto  execution test
XPASS: gcc.dg/guality/example.c  -O2 -fwhopr  execution test
XPASS: gcc.dg/guality/guality.c  -O0  execution test
XPASS: gcc.dg/guality/guality.c  -O1  execution test
XPASS: gcc.dg/guality/guality.c  -O2  execution test
XPASS: gcc.dg/guality/guality.c  -O3 -fomit-frame-pointer  execution test
XPASS: gcc.dg/guality/guality.c  -O3 -g  execution test
XPASS: gcc.dg/guality/guality.c  -Os  execution test
XPASS: gcc.dg/guality/guality.c  -O2 -flto  execution test
XPASS: gcc.dg/guality/guality.c  -O2 -fwhopr  execution test
XPASS: gcc.dg/guality/inline-params.c  -O2  execution test
XPASS: gcc.dg/guality/inline-params.c  -O3 -fomit-frame-pointer  execution test
XPASS: gcc.dg/guality/inline-params.c  -O3 -g  execution test
XPASS: gcc.dg/guality/inline-params.c  -Os  execution test
XPASS: gcc.dg/guality/pr41353-1.c  -O0  line 28 j == 28 + 37
XPASS: gcc.dg/guality/pr41353-1.c  -O1  line 28 j == 28 + 37
XPASS: gcc.dg/guality/pr41353-1.c  -O2  line 28 j == 28 + 37
XPASS: gcc.dg/guality/pr41353-1.c  -O3 -fomit-frame-pointer  line 28 j == 28 + 37
XPASS: gcc.dg/guality/pr41353-1.c  -O3 -g  line 28 j == 28 + 37
XPASS: gcc.dg/guality/pr41353-1.c  -Os  line 28 j == 28 + 37
FAIL: gcc.dg/guality/pr41353-1.c  -O2 -flto  line 28 i == 37
FAIL: gcc.dg/guality/pr41353-1.c  -O2 -flto  line 28 i1 == 2 * 37
FAIL: gcc.dg/guality/pr41353-1.c  -O2 -flto  line 28 i2 == 3 * 37
FAIL: gcc.dg/guality/pr41353-1.c  -O2 -fwhopr  line 28 i == 37
FAIL: gcc.dg/guality/pr41353-1.c  -O2 -fwhopr  line 28 i1 == 2 * 37
FAIL: gcc.dg/guality/pr41353-1.c  -O2 -fwhopr  line 28 i2 == 3 * 37
XPASS: gcc.dg/guality/pr41447-1.c  -O0  execution test
XPASS: gcc.dg/guality/pr41447-1.c  -O1  execution test
XPASS: gcc.dg/guality/pr41447-1.c  -O2  execution test
XPASS: gcc.dg/guality/pr41447-1.c  -O3 -g  execution test
XPASS: gcc.dg/guality/pr41447-1.c  -Os  execution test
XPASS: gcc.dg/guality/pr41447-1.c  -O2 -flto  execution test
XPASS: gcc.dg/guality/pr41616-1.c  -O0  execution test
XPASS: gcc.dg/guality/pr41616-1.c  -O1  execution test
XPASS: gcc.dg/guality/pr41616-1.c  -O2  execution test
XPASS: gcc.dg/guality/pr41616-1.c  -O3 -fomit-frame-pointer  execution test
XPASS: gcc.dg/guality/pr41616-1.c  -O3 -g  execution test
XPASS: gcc.dg/guality/pr41616-1.c  -Os  execution test
XPASS: gcc.dg/guality/pr41616-1.c  -O2 -flto  execution test
XPASS: gcc.dg/guality/pr41616-1.c  -O2 -fwhopr  execution test
FAIL: gcc.dg/guality/vla-1.c  -O2 -flto  line 17 sizeof (a) == 6
FAIL: gcc.dg/guality/vla-1.c  -O2 -flto  line 24 sizeof (a) == 17 * sizeof (short)
FAIL: gcc.dg/guality/vla-1.c  -O2 -fwhopr  line 17 sizeof (a) == 6
FAIL: gcc.dg/guality/vla-1.c  -O2 -fwhopr  line 24 sizeof (a) == 17 * sizeof (short)
FAIL: gcc.dg/lto/20081201-2 c_lto_20081201-2_0.o-c_lto_20081201-2_1.o execute -O3 -fwhopr
FAIL: gcc.dg/lto/20090126-1 c_lto_20090126-1_0.o-c_lto_20090126-1_0.o link,  (internal compiler error)
UNRESOLVED: gcc.dg/lto/20090126-1 c_lto_20090126-1_0.o-c_lto_20090126-1_0.o execute -O0 -fwhopr

		=== gcc Summary ===

# of expected passes		73304
# of unexpected failures	43
# of unexpected successes	37
# of expected failures		193
# of unresolved testcases	1
# of unsupported tests		615
/export/gnu/import/svn/gcc-test/bld/gcc/xgcc  version 4.6.0 20100427 (experimental) [trunk revision 158765] (GCC) 

		=== gfortran tests ===


Running target unix

		=== gfortran Summary ===

# of expected passes		34229
# of expected failures		31
# of unsupported tests		121
/export/gnu/import/svn/gcc-test/bld/gcc/testsuite/gfortran/../../gfortran  version 4.6.0 20100427 (experimental) [trunk revision 158765] (GCC) 

		=== objc tests ===


Running target unix

		=== objc Summary ===

# of expected passes		1877
# of expected failures		7
# of unsupported tests		20
/export/gnu/import/svn/gcc-test/bld/gcc/xgcc  version 4.6.0 20100427 (experimental) [trunk revision 158765] (GCC) 

		=== libffi tests ===


Running target unix

		=== libffi Summary ===

# of expected passes		1624
# of expected failures		10
# of unsupported tests		15
		=== libgomp tests ===


Running target unix
FAIL: libgomp.graphite/force-parallel-1.c execution test

		=== libgomp Summary ===

# of expected passes		2539
# of unexpected failures	1
		=== libjava tests ===


Running target unix

		=== libjava Summary ===

# of expected passes		2574
		=== libmudflap tests ===


Running target unix
FAIL: libmudflap.c++/pass57-frag.cxx (test for excess errors)
FAIL: libmudflap.c++/pass57-frag.cxx ( -O) (test for excess errors)
FAIL: libmudflap.c++/pass57-frag.cxx (-O2) (test for excess errors)
FAIL: libmudflap.c++/pass57-frag.cxx (-O3) (test for excess errors)
FAIL: libmudflap.cth/pass39-frag.c (-O3) (rerun 11) execution test
FAIL: libmudflap.cth/pass39-frag.c (-O3) (rerun 11) output pattern test

		=== libmudflap Summary ===

# of expected passes		1421
# of unexpected failures	6
		=== libstdc++ tests ===


Running target unix

		=== libstdc++ Summary ===

# of expected passes		7722
# of expected failures		95
# of unsupported tests		11

Compiler version: 4.6.0 20100427 (experimental) [trunk revision 158765] (GCC) 
Platform: i686-pc-linux-gnu
configure flags: --enable-clocale=gnu --with-system-zlib --enable-shared --with-demangler-in-ld -with-plugin-ld=ld.gold --enable-gold --with-fpmath=sse


Index Nav: [Date Index] [Subject Index] [Author Index] [Thread Index]
Message Nav: [Date Prev] [Date Next] [Thread Prev] [Thread Next]