This is the mail archive of the gcc-testresults@gcc.gnu.org mailing list for the GCC project.


Index Nav: [Date Index] [Subject Index] [Author Index] [Thread Index]
Message Nav: [Date Prev] [Date Next] [Thread Prev] [Thread Next]
Other format: [Raw text]

Results for 4.6.0 20100425 (experimental) [trunk revision 158712] (GCC) gcc testsuite on m32c-unknown-elf


Debian 5 on x86_64
cross tool versions:
GNU assembler (GNU Binutils) 2.18.50.20080419
GNU gdb 6.8.50.20080419-cvs
GNU ld (GNU Binutils) 2.18.50.20080419

GNU Make 3.81
expect version 5.43.0
host gcc version: gcc (GCC) 4.6.0 20100425 (experimental) [trunk revision 158712]
LAST_UPDATED: Sun Apr 25 22:04:13 UTC 2010 (revision 158712)

Target is m32c-unknown-elf
Host   is x86_64-unknown-linux-gnu

		=== gcc tests ===


Running target m32c-sim
FAIL: gcc.c-torture/compile/pr35318.c  -O0  (test for excess errors)
FAIL: gcc.c-torture/compile/pr35318.c  -O1  (test for excess errors)
FAIL: gcc.c-torture/compile/pr35318.c  -O2  (test for excess errors)
FAIL: gcc.c-torture/compile/pr35318.c  -O3 -fomit-frame-pointer  (test for excess errors)
FAIL: gcc.c-torture/compile/pr35318.c  -O3 -g  (test for excess errors)
FAIL: gcc.c-torture/compile/pr35318.c  -Os  (test for excess errors)
FAIL: gcc.c-torture/compile/pr35318.c  -O2 -flto  (test for excess errors)
FAIL: gcc.c-torture/compile/pr35318.c  -O2 -fwhopr  (test for excess errors)
FAIL: gcc.c-torture/compile/pr41181.c  -O0  (test for excess errors)
FAIL: gcc.c-torture/compile/pr41181.c  -O1  (test for excess errors)
FAIL: gcc.c-torture/compile/pr41181.c  -O2  (test for excess errors)
FAIL: gcc.c-torture/compile/pr41181.c  -O3 -fomit-frame-pointer  (test for excess errors)
FAIL: gcc.c-torture/compile/pr41181.c  -O3 -g  (test for excess errors)
FAIL: gcc.c-torture/compile/pr41181.c  -Os  (test for excess errors)
FAIL: gcc.c-torture/compile/pr41181.c  -O2 -flto  (test for excess errors)
FAIL: gcc.c-torture/compile/pr41181.c  -O2 -fwhopr  (test for excess errors)
FAIL: gcc.c-torture/compile/pr43191.c  -O0  (test for excess errors)
FAIL: gcc.c-torture/compile/pr43191.c  -O1  (test for excess errors)
FAIL: gcc.c-torture/compile/pr43191.c  -O2  (test for excess errors)
FAIL: gcc.c-torture/compile/pr43191.c  -O3 -fomit-frame-pointer  (test for excess errors)
FAIL: gcc.c-torture/compile/pr43191.c  -O3 -g  (test for excess errors)
FAIL: gcc.c-torture/compile/pr43191.c  -Os  (test for excess errors)
FAIL: gcc.c-torture/compile/pr43191.c  -O2 -flto  (test for excess errors)
FAIL: gcc.c-torture/compile/pr43191.c  -O2 -fwhopr  (test for excess errors)
FAIL: gcc.c-torture/execute/20001027-1.c execution,  -O2 -flto 
FAIL: gcc.c-torture/execute/20001027-1.c execution,  -O2 -fwhopr 
FAIL: gcc.c-torture/execute/20080522-1.c execution,  -O2 -flto 
FAIL: gcc.c-torture/execute/20080522-1.c execution,  -O2 -fwhopr 
FAIL: gcc.c-torture/execute/20090113-1.c compilation,  -O2 -flto  (internal compiler error)
UNRESOLVED: gcc.c-torture/execute/20090113-1.c execution,  -O2 -flto 
FAIL: gcc.c-torture/execute/20090113-1.c compilation,  -O2 -fwhopr  (internal compiler error)
UNRESOLVED: gcc.c-torture/execute/20090113-1.c execution,  -O2 -fwhopr 
FAIL: gcc.c-torture/execute/930518-1.c execution,  -O2 -flto 
FAIL: gcc.c-torture/execute/930518-1.c execution,  -O2 -fwhopr 
WARNING: program timed out.
FAIL: gcc.c-torture/execute/990127-1.c execution,  -O2 -flto 
FAIL: gcc.c-torture/execute/990127-1.c execution,  -O2 -fwhopr 
FAIL: gcc.c-torture/execute/990513-1.c execution,  -O2 -flto 
FAIL: gcc.c-torture/execute/990513-1.c execution,  -O2 -fwhopr 
WARNING: program timed out.
FAIL: gcc.c-torture/execute/arith-rand-ll.c execution,  -O1 
WARNING: program timed out.
FAIL: gcc.c-torture/execute/arith-rand-ll.c execution,  -O3 -fomit-frame-pointer -funroll-loops 
FAIL: gcc.c-torture/execute/arith-rand-ll.c execution,  -O3 -fomit-frame-pointer -funroll-all-loops -finline-functions 
WARNING: program timed out.
FAIL: gcc.c-torture/execute/arith-rand-ll.c execution,  -O3 -g 
WARNING: program timed out.
FAIL: gcc.c-torture/execute/arith-rand-ll.c execution,  -Os 
WARNING: program timed out.
FAIL: gcc.c-torture/execute/arith-rand-ll.c execution,  -O2 -flto 
FAIL: gcc.c-torture/execute/arith-rand-ll.c execution,  -O2 -fwhopr 
FAIL: gcc.c-torture/execute/mode-dependent-address.c execution,  -O3 -fomit-frame-pointer -funroll-loops 
FAIL: gcc.c-torture/execute/mode-dependent-address.c execution,  -O3 -fomit-frame-pointer -funroll-all-loops -finline-functions 
FAIL: gcc.c-torture/execute/pr28778.c compilation,  -O2 -flto  (internal compiler error)
UNRESOLVED: gcc.c-torture/execute/pr28778.c execution,  -O2 -flto 
FAIL: gcc.c-torture/execute/pr28778.c compilation,  -O2 -fwhopr  (internal compiler error)
UNRESOLVED: gcc.c-torture/execute/pr28778.c execution,  -O2 -fwhopr 
FAIL: gcc.c-torture/execute/pr38236.c execution,  -O2 -flto 
FAIL: gcc.c-torture/execute/pr38236.c execution,  -O2 -fwhopr 
WARNING: program timed out.
FAIL: gcc.c-torture/execute/pr43220.c execution,  -O0 
FAIL: gcc.c-torture/execute/pr43220.c execution,  -O2 
FAIL: gcc.c-torture/execute/pr43220.c execution,  -O3 -fomit-frame-pointer 
FAIL: gcc.c-torture/execute/pr43220.c execution,  -O3 -g 
FAIL: gcc.c-torture/execute/pr43220.c execution,  -O2 -flto 
FAIL: gcc.c-torture/execute/pr43220.c execution,  -O2 -fwhopr 
FAIL: gcc.dg/cpp/warn-multichar-2.c  (test for warnings, line )
FAIL: gcc.dg/cpp/warn-multichar-2.c  (test for errors, line 4)
FAIL: gcc.dg/cpp/warn-multichar-2.c (test for excess errors)
FAIL: gcc.dg/cpp/warn-multichar.c  (test for warnings, line 4)
FAIL: gcc.dg/cpp/warn-multichar.c (test for excess errors)
FAIL: gcc.dg/c99-stdint-1.c ptrdiff is 16bits (test for bogus messages, line 218)
FAIL: gcc.dg/c99-stdint-1.c (test for excess errors)
FAIL: gcc.dg/c99-stdint-2.c (test for excess errors)
FAIL: gcc.dg/c99-stdint-7.c (test for excess errors)
FAIL: gcc.dg/cdce1.c (test for excess errors)
FAIL: gcc.dg/cleanup-12.c execution test
FAIL: gcc.dg/cleanup-13.c execution test
FAIL: gcc.dg/cleanup-5.c execution test
FAIL: gcc.dg/initpri1.c execution test
FAIL: gcc.dg/large-size-array-2.c (internal compiler error)
FAIL: gcc.dg/large-size-array-2.c  (test for errors, line 6)
FAIL: gcc.dg/large-size-array-2.c (test for excess errors)
FAIL: gcc.dg/large-size-array-4.c (internal compiler error)
FAIL: gcc.dg/large-size-array-4.c  (test for errors, line 6)
FAIL: gcc.dg/large-size-array-4.c (test for excess errors)
FAIL: gcc.dg/plugindir1.c (test for excess errors)
FAIL: gcc.dg/plugindir2.c (test for excess errors)
FAIL: gcc.dg/plugindir3.c (test for excess errors)
FAIL: gcc.dg/plugindir4.c (test for excess errors)
FAIL: gcc.dg/pr34225.c (test for excess errors)
FAIL: gcc.dg/pr34668-1.c (internal compiler error)
FAIL: gcc.dg/pr34668-1.c (test for excess errors)
FAIL: gcc.dg/pr40971.c (test for excess errors)
FAIL: gcc.dg/pr41551.c (test for excess errors)
FAIL: gcc.dg/pr42629.c (test for excess errors)
WARNING: program timed out.
FAIL: gcc.dg/pr43058.c (test for excess errors)
FAIL: gcc.dg/pr43402.c (test for excess errors)
FAIL: gcc.dg/pr43419.c execution test
FAIL: gcc.dg/sibcall-3.c execution test
FAIL: gcc.dg/sibcall-4.c execution test
FAIL: gcc.dg/utf-array-short-wchar.c  (test for warnings, line 35)
FAIL: gcc.dg/utf-array-short-wchar.c  (test for warnings, line 36)
FAIL: gcc.dg/utf-array-short-wchar.c  (test for warnings, line 37)
FAIL: gcc.dg/utf-array.c  (test for warnings, line 35)
FAIL: gcc.dg/utf-array.c  (test for warnings, line 36)
FAIL: gcc.dg/utf-array.c  (test for warnings, line 37)
FAIL: gcc.dg/utf-cvt.c (test for excess errors)
FAIL: c-c++-common/pr41779.c  -Wc++-compat   (test for warnings, line 30)
FAIL: c-c++-common/pr41779.c  -Wc++-compat   (test for warnings, line 55)
FAIL: gcc.dg/lto/20081201-2 c_lto_20081201-2_0.o-c_lto_20081201-2_1.o execute -O3 -fwhopr
FAIL: gcc.dg/lto/20081222 c_lto_20081222_1.o assemble, -O0 -fwhopr
UNRESOLVED: gcc.dg/lto/20081222 c_lto_20081222_0.o-c_lto_20081222_1.o link -O0 -fwhopr
UNRESOLVED: gcc.dg/lto/20081222 c_lto_20081222_0.o-c_lto_20081222_1.o execute -O0 -fwhopr
FAIL: gcc.dg/lto/20081222 c_lto_20081222_1.o assemble, -O2 -fwhopr
UNRESOLVED: gcc.dg/lto/20081222 c_lto_20081222_0.o-c_lto_20081222_1.o link -O2 -fwhopr
UNRESOLVED: gcc.dg/lto/20081222 c_lto_20081222_0.o-c_lto_20081222_1.o execute -O2 -fwhopr
FAIL: gcc.dg/lto/20081222 c_lto_20081222_1.o assemble, -O0 -flto
UNRESOLVED: gcc.dg/lto/20081222 c_lto_20081222_0.o-c_lto_20081222_1.o link -O0 -flto
UNRESOLVED: gcc.dg/lto/20081222 c_lto_20081222_0.o-c_lto_20081222_1.o execute -O0 -flto
FAIL: gcc.dg/lto/20081222 c_lto_20081222_1.o assemble, -O2 -flto
UNRESOLVED: gcc.dg/lto/20081222 c_lto_20081222_0.o-c_lto_20081222_1.o link -O2 -flto
UNRESOLVED: gcc.dg/lto/20081222 c_lto_20081222_0.o-c_lto_20081222_1.o execute -O2 -flto
FAIL: gcc.dg/lto/20090218-2 c_lto_20090218-2_1.o assemble, -O0 -fwhopr
FAIL: gcc.dg/lto/20090218-2 c_lto_20090218-2_1.o assemble, -O2 -fwhopr
FAIL: gcc.dg/lto/20090218-2 c_lto_20090218-2_1.o assemble, -O0 -flto
FAIL: gcc.dg/lto/20090218-2 c_lto_20090218-2_1.o assemble, -O2 -flto
FAIL: gcc.dg/lto/20090313 c_lto_20090313_0.o-c_lto_20090313_0.o link
UNRESOLVED: gcc.dg/lto/20090313 c_lto_20090313_0.o-c_lto_20090313_0.o execute -O0 -fwhopr
FAIL: gcc.dg/lto/20090313 c_lto_20090313_0.o-c_lto_20090313_0.o link
UNRESOLVED: gcc.dg/lto/20090313 c_lto_20090313_0.o-c_lto_20090313_0.o execute -O2 -fwhopr
FAIL: gcc.dg/lto/20090313 c_lto_20090313_0.o-c_lto_20090313_0.o link
UNRESOLVED: gcc.dg/lto/20090313 c_lto_20090313_0.o-c_lto_20090313_0.o execute -O0 -flto
FAIL: gcc.dg/lto/20090313 c_lto_20090313_0.o-c_lto_20090313_0.o link
UNRESOLVED: gcc.dg/lto/20090313 c_lto_20090313_0.o-c_lto_20090313_0.o execute -O2 -flto
FAIL: gcc.dg/lto/20091013-1 c_lto_20091013-1_1.o assemble, -fPIC -r -nostdlib -flto
FAIL: gcc.dg/lto/20091013-1 c_lto_20091013-1_2.o assemble, -fPIC -r -nostdlib -flto
FAIL: gcc.dg/lto/20091013-1 c_lto_20091013-1_1.o assemble, -fPIC -r -nostdlib -O2 -flto
FAIL: gcc.dg/lto/20091013-1 c_lto_20091013-1_2.o assemble, -fPIC -r -nostdlib -O2 -flto
FAIL: gcc.dg/lto/20100423-2 c_lto_20100423-2_0.o-c_lto_20100423-2_1.o link
UNRESOLVED: gcc.dg/lto/20100423-2 c_lto_20100423-2_0.o-c_lto_20100423-2_1.o execute -O2 -flto
FAIL: gcc.dg/lto/20100423-2 c_lto_20100423-2_0.o-c_lto_20100423-2_1.o link
UNRESOLVED: gcc.dg/lto/20100423-2 c_lto_20100423-2_0.o-c_lto_20100423-2_1.o execute -O2 -fwhopr
FAIL: gcc.dg/lto/20100423-2 c_lto_20100423-2_0.o-c_lto_20100423-2_1.o link
UNRESOLVED: gcc.dg/lto/20100423-2 c_lto_20100423-2_0.o-c_lto_20100423-2_1.o execute -O3 -flto
FAIL: gcc.dg/lto/20100423-2 c_lto_20100423-2_0.o-c_lto_20100423-2_1.o link
UNRESOLVED: gcc.dg/lto/20100423-2 c_lto_20100423-2_0.o-c_lto_20100423-2_1.o execute -O3 -fwhopr
FAIL: gcc.dg/special/gcsec-1.c (test for excess errors)
FAIL: gcc.dg/torture/20090618-1.c  -O2 -flto  execution test
FAIL: gcc.dg/torture/20090618-1.c  -O2 -fwhopr  execution test
FAIL: gcc.dg/torture/ipa-pta-2.c  -O2 -flto  execution test
FAIL: gcc.dg/torture/ipa-pta-2.c  -O2 -fwhopr  execution test
FAIL: gcc.dg/torture/pr39074-3.c  -O2 -flto  execution test
FAIL: gcc.dg/torture/pr39074-3.c  -O2 -fwhopr  execution test
FAIL: gcc.dg/torture/pr43165.c  -O0  (test for excess errors)
FAIL: gcc.dg/torture/pr43165.c  -O1  (test for excess errors)
FAIL: gcc.dg/torture/pr43165.c  -O2  (test for excess errors)
FAIL: gcc.dg/torture/pr43165.c  -O3 -fomit-frame-pointer  (test for excess errors)
FAIL: gcc.dg/torture/pr43165.c  -O3 -fomit-frame-pointer -funroll-loops  (test for excess errors)
FAIL: gcc.dg/torture/pr43165.c  -O3 -fomit-frame-pointer -funroll-all-loops -finline-functions  (test for excess errors)
FAIL: gcc.dg/torture/pr43165.c  -O3 -g  (test for excess errors)
FAIL: gcc.dg/torture/pr43165.c  -Os  (test for excess errors)
FAIL: gcc.dg/torture/pr43165.c  -O2 -flto  (test for excess errors)
FAIL: gcc.dg/torture/pr43165.c  -O2 -fwhopr  (test for excess errors)
FAIL: gcc.dg/torture/pta-ptrarith-2.c  -O2 -flto  execution test
FAIL: gcc.dg/torture/pta-ptrarith-2.c  -O2 -fwhopr  execution test
FAIL: gcc.dg/torture/pta-ptrarith-3.c  -O2 -flto  execution test
FAIL: gcc.dg/torture/pta-ptrarith-3.c  -O2 -fwhopr  execution test
FAIL: gcc.dg/torture/ssa-pta-fn-1.c  -O2 -flto  execution test
FAIL: gcc.dg/torture/ssa-pta-fn-1.c  -O2 -fwhopr  execution test
XPASS: gcc.dg/tree-ssa/20040204-1.c scan-tree-dump-times optimized "link_error" 0
FAIL: gcc.dg/tree-ssa/gen-vect-11.c scan-tree-dump-times vect "vectorized 1 loops" 1
FAIL: gcc.dg/tree-ssa/gen-vect-25.c scan-tree-dump-times vect "vectorized 2 loops" 1
FAIL: gcc.dg/tree-ssa/loop-35.c scan-tree-dump-times lim1 "Executing store motion of" 8
FAIL: gcc.dg/tree-ssa/loop-5.c scan-tree-dump-times optimized "jter_[0-9]* = PHI" 0
FAIL: gcc.dg/tree-ssa/loop-5.c scan-tree-dump-times optimized " \\+ 2" 1
FAIL: gcc.dg/tree-ssa/pr23455.c scan-tree-dump-times pre "Eliminated: 3" 1
FAIL: gcc.dg/tree-ssa/pr42585.c scan-tree-dump-times optimized "struct _fat_ptr _ans" 0
FAIL: gcc.dg/tree-ssa/pr42585.c scan-tree-dump-times optimized "struct _fat_ptr _T2" 0
FAIL: gcc.dg/tree-ssa/ssa-fre-26.c scan-tree-dump fre "Replaced u.i with 0 in"
FAIL: gcc.dg/tree-ssa/vrp47.c scan-tree-dump-times vrp1 "[xy][^ ]* !=" 0
FAIL: gcc.dg/tree-ssa/vrp47.c scan-tree-dump-times dom1 "x[^ ]* & y" 1
FAIL: gcc.dg/tree-ssa/vrp47.c scan-tree-dump-times vrp1 "x[^ ]* [|] y" 1

		=== gcc Summary ===

# of expected passes		61525
# of unexpected failures	155
# of unexpected successes	1
# of expected failures		87
# of unresolved testcases	20
# of unsupported tests		1037
/home/mstein/sim/trunk/m32c-elf/build/gcc/xgcc  version 4.6.0 20100425 (experimental) [trunk revision 158712] (GCC) 


Compiler version: 4.6.0 20100425 (experimental) [trunk revision 158712] (GCC) gcc 
Platform: m32c-unknown-elf
configure flags: --target=m32c-elf --prefix=/home/mstein/cross-local/m32c-elf --enable-languages=c --disable-nls --disable-build-warnings --with-sysroot=/home/mstein/cross-local/m32c-elf --with-build-sysroot=/home/mstein/cross-local/m32c-elf --with-ld=/home/mstein/cross-local/m32c-elf/usr/bin/ld --with-as=/home/mstein/cross-local/m32c-elf/usr/bin/as --disable-libssp --with-mpfr=/opt/cfarm/mpfr-2.4.1 --with-gmp=/opt/cfarm/gmp-4.2.4 --with-libelf=/opt/cfarm/libelf-0.8.12 --with-mpc=/opt/cfarm/mpc-0.8


Index Nav: [Date Index] [Subject Index] [Author Index] [Thread Index]
Message Nav: [Date Prev] [Date Next] [Thread Prev] [Thread Next]