This is the mail archive of the gcc-testresults@gcc.gnu.org mailing list for the GCC project.


Index Nav: [Date Index] [Subject Index] [Author Index] [Thread Index]
Message Nav: [Date Prev] [Date Next] [Thread Prev] [Thread Next]
Other format: [Raw text]

Results for 4.5.1 20100420 (prerelease) [gcc-4_5-branch revision 158579] (GCC) testsuite on hppa2.0w-hp-hpux11.00


		=== acats tests ===

		=== acats Summary ===
# of expected passes		2321
# of unexpected failures	0
Native configuration is hppa2.0w-hp-hpux11.00

		=== g++ tests ===


Running target unix
FAIL: g++.dg/ext/label13.C  (test for bogus messages, line 11)
WARNING: g++.dg/ext/label13.C compilation failed to produce executable

		=== g++ Summary ===

# of expected passes		19964
# of unexpected failures	1
# of expected failures		151
# of unsupported tests		292
/home/gnu/gcc/objdir/gcc/testsuite/g++/../../g++  version 4.5.1 20100420 (prerelease) [gcc-4_5-branch revision 158579] (GCC) 

		=== gcc tests ===


Running target unix
FAIL: gcc.dg/pr42427.c (test for excess errors)
FAIL: gcc.dg/pr43643.c (test for excess errors)
WARNING: program timed out.

		=== gcc Summary ===

# of expected passes		52182
# of unexpected failures	2
# of expected failures		87
# of unsupported tests		759
/home/gnu/gcc/objdir/gcc/xgcc  version 4.5.1 20100420 (prerelease) [gcc-4_5-branch revision 158579] (GCC) 

		=== gfortran tests ===


Running target unix
WARNING: program timed out.
FAIL: gfortran.dg/array_constructor_33.f90  -O  (test for excess errors)
FAIL: gfortran.dg/pr41928.f90  -O  (internal compiler error)
FAIL: gfortran.dg/pr41928.f90  -O  (test for excess errors)

		=== gfortran Summary ===

# of expected passes		32823
# of unexpected failures	3
# of expected failures		21
# of unsupported tests		305
/home/gnu/gcc/objdir/gcc/testsuite/gfortran/../../gfortran  version 4.5.1 20100420 (prerelease) [gcc-4_5-branch revision 158579] (GCC) 

		=== gnat tests ===


Running target unix

		=== gnat Summary ===

# of expected passes		758
# of expected failures		7
# of unsupported tests		1
		=== obj-c++ tests ===


Running target unix
XPASS: obj-c++.dg/comp-types-10.mm -fgnu-runtime (test for excess errors)
WARNING: obj-c++.dg/lookup-2.mm -fgnu-runtime compilation failed to produce executable
WARNING: obj-c++.dg/try-catch-2.mm -fgnu-runtime compilation failed to produce executable
WARNING: obj-c++.dg/try-catch-9.mm -fgnu-runtime compilation failed to produce executable

		=== obj-c++ Summary ===

# of expected passes		434
# of unexpected successes	1
# of expected failures		6
# of unsupported tests		14
/home/gnu/gcc/objdir/gcc/testsuite/obj-c++/../../g++  version 4.5.1 20100420 (prerelease) [gcc-4_5-branch revision 158579] (GCC) 

		=== objc tests ===


Running target unix

		=== objc Summary ===

# of expected passes		1862
# of expected failures		15
# of unsupported tests		24
/home/gnu/gcc/objdir/gcc/xgcc  version 4.5.1 20100420 (prerelease) [gcc-4_5-branch revision 158579] (GCC) 

		=== libffi tests ===


Running target unix

		=== libffi Summary ===

# of expected passes		1624
# of expected failures		10
# of unsupported tests		15
		=== libgomp tests ===


Running target unix

		=== libgomp Summary ===

# of expected passes		2442
# of unsupported tests		9
		=== libjava tests ===


Running target unix
FAIL: LargeFile execution - source compiled test
FAIL: LargeFile -findirect-dispatch execution - source compiled test
FAIL: LargeFile -O3 execution - source compiled test
FAIL: LargeFile -O3 -findirect-dispatch execution - source compiled test

		=== libjava Summary ===

# of expected passes		2566
# of unexpected failures	4
# of untested testcases		4
		=== libstdc++ tests ===


Running target unix
FAIL: 18_support/numeric_limits/lowest.cc execution test
FAIL: 21_strings/basic_string/requirements/typedefs.cc (test for excess errors)
WARNING: program timed out.
FAIL: 23_containers/vector/bool/modifiers/insert/31370.cc execution test
FAIL: ext/profile/all.cc (test for excess errors)

		=== libstdc++ Summary ===

# of expected passes		5412
# of unexpected failures	4
# of expected failures		87
# of unsupported tests		464

Compiler version: 4.5.1 20100420 (prerelease) [gcc-4_5-branch revision 158579] (GCC) 
Platform: hppa2.0w-hp-hpux11.00
configure flags:Test Run By dave on Fri Apr 23 05:56:37 EDT 2010


Index Nav: [Date Index] [Subject Index] [Author Index] [Thread Index]
Message Nav: [Date Prev] [Date Next] [Thread Prev] [Thread Next]