This is the mail archive of the gcc-testresults@gcc.gnu.org mailing list for the GCC project.


Index Nav: [Date Index] [Subject Index] [Author Index] [Thread Index]
Message Nav: [Date Prev] [Date Next] [Thread Prev] [Thread Next]
Other format: [Raw text]

Results for 4.4.4 20100423 (prerelease) [gcc-4_4-branch revision 158676] (GCC) testsuite on powerpc-unknown-linux-gnu


LAST_UPDATED: Sat Apr 24 00:15:29 UTC 2010 (revision 158676)

Native configuration is powerpc-unknown-linux-gnu

		=== g++ tests ===


Running target unix/-fPIC

		=== g++ Summary for unix/-fPIC ===

# of expected passes		19746
# of expected failures		157
# of unsupported tests		139

Running target unix/-fpic

		=== g++ Summary for unix/-fpic ===

# of expected passes		19746
# of expected failures		157
# of unsupported tests		139

Running target unix

		=== g++ Summary for unix ===

# of expected passes		19746
# of expected failures		157
# of unsupported tests		139

		=== g++ Summary ===

# of expected passes		59238
# of expected failures		471
# of unsupported tests		417
/home/ghazi/gcc-testing/44/build/gcc/testsuite/g++/../../g++  version 4.4.4 20100423 (prerelease) [gcc-4_4-branch revision 158676] (GCC) 

		=== gcc tests ===


Running target unix/-fPIC
FAIL: gcc.dg/20020103-1.c scan-assembler-not LC[0-9]
FAIL: gcc.dg/tree-ssa/pr42585.c scan-tree-dump-times optimized "struct _fat_ptr _ans" 0
FAIL: gcc.dg/tree-ssa/pr42585.c scan-tree-dump-times optimized "struct _fat_ptr _T2" 0
FAIL: gcc.target/powerpc/dfp-dd.c scan-assembler dadd
FAIL: gcc.target/powerpc/dfp-dd.c scan-assembler ddiv
FAIL: gcc.target/powerpc/dfp-dd.c scan-assembler dmul
FAIL: gcc.target/powerpc/dfp-dd.c scan-assembler dsub
FAIL: gcc.target/powerpc/dfp-dd.c scan-assembler-times dcmpu 6
FAIL: gcc.target/powerpc/dfp-dd.c scan-assembler-times dctfix 2
FAIL: gcc.target/powerpc/dfp-dd.c scan-assembler-times drintn 2
FAIL: gcc.target/powerpc/dfp-dd.c scan-assembler-times dcffixq 2
FAIL: gcc.target/powerpc/dfp-td.c scan-assembler daddq
FAIL: gcc.target/powerpc/dfp-td.c scan-assembler ddivq
FAIL: gcc.target/powerpc/dfp-td.c scan-assembler dmulq
FAIL: gcc.target/powerpc/dfp-td.c scan-assembler dsubq
FAIL: gcc.target/powerpc/dfp-td.c scan-assembler-times dcmpuq 6
FAIL: gcc.target/powerpc/dfp-td.c scan-assembler-times dctfixq 2
FAIL: gcc.target/powerpc/dfp-td.c scan-assembler-times drintnq 2
FAIL: gcc.target/powerpc/dfp-td.c scan-assembler-times dcffixq 2
FAIL: gcc.target/powerpc/gcse-1.c scan-assembler-times @ha 1
FAIL: gcc.target/powerpc/ppc64-double-1.c scan-assembler-not stfd
FAIL: gcc.target/powerpc/ppu-intrinsics.c (test for excess errors)

		=== gcc Summary for unix/-fPIC ===

# of expected passes		54607
# of unexpected failures	22
# of expected failures		191
# of unsupported tests		593

Running target unix/-fpic
FAIL: gcc.dg/tree-ssa/pr42585.c scan-tree-dump-times optimized "struct _fat_ptr _ans" 0
FAIL: gcc.dg/tree-ssa/pr42585.c scan-tree-dump-times optimized "struct _fat_ptr _T2" 0
FAIL: gcc.target/powerpc/dfp-dd.c scan-assembler dadd
FAIL: gcc.target/powerpc/dfp-dd.c scan-assembler ddiv
FAIL: gcc.target/powerpc/dfp-dd.c scan-assembler dmul
FAIL: gcc.target/powerpc/dfp-dd.c scan-assembler dsub
FAIL: gcc.target/powerpc/dfp-dd.c scan-assembler-times dcmpu 6
FAIL: gcc.target/powerpc/dfp-dd.c scan-assembler-times dctfix 2
FAIL: gcc.target/powerpc/dfp-dd.c scan-assembler-times drintn 2
FAIL: gcc.target/powerpc/dfp-dd.c scan-assembler-times dcffixq 2
FAIL: gcc.target/powerpc/dfp-td.c scan-assembler daddq
FAIL: gcc.target/powerpc/dfp-td.c scan-assembler ddivq
FAIL: gcc.target/powerpc/dfp-td.c scan-assembler dmulq
FAIL: gcc.target/powerpc/dfp-td.c scan-assembler dsubq
FAIL: gcc.target/powerpc/dfp-td.c scan-assembler-times dcmpuq 6
FAIL: gcc.target/powerpc/dfp-td.c scan-assembler-times dctfixq 2
FAIL: gcc.target/powerpc/dfp-td.c scan-assembler-times drintnq 2
FAIL: gcc.target/powerpc/dfp-td.c scan-assembler-times dcffixq 2
FAIL: gcc.target/powerpc/gcse-1.c scan-assembler-times @ha 1
FAIL: gcc.target/powerpc/ppc64-double-1.c scan-assembler-not stfd
FAIL: gcc.target/powerpc/ppu-intrinsics.c (test for excess errors)

		=== gcc Summary for unix/-fpic ===

# of expected passes		54608
# of unexpected failures	21
# of expected failures		191
# of unsupported tests		593

Running target unix
FAIL: gcc.dg/tree-ssa/pr42585.c scan-tree-dump-times optimized "struct _fat_ptr _ans" 0
FAIL: gcc.dg/tree-ssa/pr42585.c scan-tree-dump-times optimized "struct _fat_ptr _T2" 0
FAIL: gcc.target/powerpc/dfp-dd.c scan-assembler dadd
FAIL: gcc.target/powerpc/dfp-dd.c scan-assembler ddiv
FAIL: gcc.target/powerpc/dfp-dd.c scan-assembler dmul
FAIL: gcc.target/powerpc/dfp-dd.c scan-assembler dsub
FAIL: gcc.target/powerpc/dfp-dd.c scan-assembler-times dcmpu 6
FAIL: gcc.target/powerpc/dfp-dd.c scan-assembler-times dctfix 2
FAIL: gcc.target/powerpc/dfp-dd.c scan-assembler-times drintn 2
FAIL: gcc.target/powerpc/dfp-dd.c scan-assembler-times dcffixq 2
FAIL: gcc.target/powerpc/dfp-td.c scan-assembler daddq
FAIL: gcc.target/powerpc/dfp-td.c scan-assembler ddivq
FAIL: gcc.target/powerpc/dfp-td.c scan-assembler dmulq
FAIL: gcc.target/powerpc/dfp-td.c scan-assembler dsubq
FAIL: gcc.target/powerpc/dfp-td.c scan-assembler-times dcmpuq 6
FAIL: gcc.target/powerpc/dfp-td.c scan-assembler-times dctfixq 2
FAIL: gcc.target/powerpc/dfp-td.c scan-assembler-times drintnq 2
FAIL: gcc.target/powerpc/dfp-td.c scan-assembler-times dcffixq 2
FAIL: gcc.target/powerpc/ppc64-double-1.c scan-assembler-not stfd
FAIL: gcc.target/powerpc/ppu-intrinsics.c (test for excess errors)

		=== gcc Summary for unix ===

# of expected passes		54649
# of unexpected failures	20
# of expected failures		191
# of unsupported tests		577

		=== gcc Summary ===

# of expected passes		163864
# of unexpected failures	63
# of expected failures		573
# of unsupported tests		1763
/home/ghazi/gcc-testing/44/build/gcc/xgcc  version 4.4.4 20100423 (prerelease) [gcc-4_4-branch revision 158676] (GCC) 

		=== gfortran tests ===


Running target unix/-fPIC

		=== gfortran Summary for unix/-fPIC ===

# of expected passes		29842
# of expected failures		11
# of unsupported tests		264

Running target unix/-fpic

		=== gfortran Summary for unix/-fpic ===

# of expected passes		29842
# of expected failures		11
# of unsupported tests		264

Running target unix

		=== gfortran Summary for unix ===

# of expected passes		29842
# of expected failures		11
# of unsupported tests		264

		=== gfortran Summary ===

# of expected passes		89526
# of expected failures		33
# of unsupported tests		792
/home/ghazi/gcc-testing/44/build/gcc/testsuite/gfortran/../../gfortran  version 4.4.4 20100423 (prerelease) [gcc-4_4-branch revision 158676] (GCC) 

		=== obj-c++ tests ===


Running target unix/-fPIC
XPASS: obj-c++.dg/comp-types-10.mm (test for excess errors)
UNRESOLVED: obj-c++.dg/lookup-2.mm compilation failed to produce executable
UNRESOLVED: obj-c++.dg/try-catch-2.mm compilation failed to produce executable
UNRESOLVED: obj-c++.dg/try-catch-9.mm compilation failed to produce executable

		=== obj-c++ Summary for unix/-fPIC ===

# of expected passes		436
# of unexpected successes	1
# of expected failures		9
# of unresolved testcases	3
# of unsupported tests		13

Running target unix/-fpic
XPASS: obj-c++.dg/comp-types-10.mm (test for excess errors)
UNRESOLVED: obj-c++.dg/lookup-2.mm compilation failed to produce executable
UNRESOLVED: obj-c++.dg/try-catch-2.mm compilation failed to produce executable
UNRESOLVED: obj-c++.dg/try-catch-9.mm compilation failed to produce executable

		=== obj-c++ Summary for unix/-fpic ===

# of expected passes		436
# of unexpected successes	1
# of expected failures		9
# of unresolved testcases	3
# of unsupported tests		13

Running target unix
XPASS: obj-c++.dg/comp-types-10.mm (test for excess errors)
UNRESOLVED: obj-c++.dg/lookup-2.mm compilation failed to produce executable
UNRESOLVED: obj-c++.dg/try-catch-2.mm compilation failed to produce executable
UNRESOLVED: obj-c++.dg/try-catch-9.mm compilation failed to produce executable

		=== obj-c++ Summary for unix ===

# of expected passes		436
# of unexpected successes	1
# of expected failures		9
# of unresolved testcases	3
# of unsupported tests		13

		=== obj-c++ Summary ===

# of expected passes		1308
# of unexpected successes	3
# of expected failures		27
# of unresolved testcases	9
# of unsupported tests		39
/home/ghazi/gcc-testing/44/build/gcc/testsuite/obj-c++/../../g++  version 4.4.4 20100423 (prerelease) [gcc-4_4-branch revision 158676] (GCC) 

		=== objc tests ===


Running target unix/-fPIC

		=== objc Summary for unix/-fPIC ===

# of expected passes		1866
# of expected failures		15
# of unsupported tests		24

Running target unix/-fpic

		=== objc Summary for unix/-fpic ===

# of expected passes		1866
# of expected failures		15
# of unsupported tests		24

Running target unix

		=== objc Summary for unix ===

# of expected passes		1866
# of expected failures		15
# of unsupported tests		24

		=== objc Summary ===

# of expected passes		5598
# of expected failures		45
# of unsupported tests		72
/home/ghazi/gcc-testing/44/build/gcc/xgcc  version 4.4.4 20100423 (prerelease) [gcc-4_4-branch revision 158676] (GCC) 

		=== libffi tests ===


Running target unix/-fPIC

		=== libffi Summary for unix/-fPIC ===

# of expected passes		1389
# of unsupported tests		10

Running target unix/-fpic

		=== libffi Summary for unix/-fpic ===

# of expected passes		1389
# of unsupported tests		10

Running target unix

		=== libffi Summary for unix ===

# of expected passes		1389
# of unsupported tests		10

		=== libffi Summary ===

# of expected passes		4167
# of unsupported tests		30
		=== libgomp tests ===


Running target unix/-fPIC

		=== libgomp Summary for unix/-fPIC ===

# of expected passes		2458

Running target unix/-fpic

		=== libgomp Summary for unix/-fpic ===

# of expected passes		2458

Running target unix

		=== libgomp Summary for unix ===

# of expected passes		2458

		=== libgomp Summary ===

# of expected passes		7374
		=== libjava tests ===


Running target unix/-fPIC

		=== libjava Summary for unix/-fPIC ===

# of expected passes		2574

Running target unix/-fpic

		=== libjava Summary for unix/-fpic ===

# of expected passes		2574

Running target unix

		=== libjava Summary for unix ===

# of expected passes		2574

		=== libjava Summary ===

# of expected passes		7722
		=== libmudflap tests ===


Running target unix/-fPIC
FAIL: libmudflap.c++/pass41-frag.cxx execution test
FAIL: libmudflap.c++/pass41-frag.cxx (-static) execution test
FAIL: libmudflap.c++/pass41-frag.cxx ( -O) execution test
FAIL: libmudflap.c++/pass41-frag.cxx (-O2) execution test
FAIL: libmudflap.c++/pass41-frag.cxx (-O3) execution test

		=== libmudflap Summary for unix/-fPIC ===

# of expected passes		1889
# of unexpected failures	5

Running target unix/-fpic
FAIL: libmudflap.c++/pass41-frag.cxx execution test
FAIL: libmudflap.c++/pass41-frag.cxx (-static) execution test
FAIL: libmudflap.c++/pass41-frag.cxx ( -O) execution test
FAIL: libmudflap.c++/pass41-frag.cxx (-O2) execution test
FAIL: libmudflap.c++/pass41-frag.cxx (-O3) execution test

		=== libmudflap Summary for unix/-fpic ===

# of expected passes		1889
# of unexpected failures	5

Running target unix
FAIL: libmudflap.c++/pass41-frag.cxx execution test
FAIL: libmudflap.c++/pass41-frag.cxx (-static) execution test
FAIL: libmudflap.c++/pass41-frag.cxx ( -O) execution test
FAIL: libmudflap.c++/pass41-frag.cxx (-O2) execution test
FAIL: libmudflap.c++/pass41-frag.cxx (-O3) execution test

		=== libmudflap Summary for unix ===

# of expected passes		1889
# of unexpected failures	5

		=== libmudflap Summary ===

# of expected passes		5667
# of unexpected failures	15
		=== libstdc++ tests ===


Running target unix/-fPIC
FAIL: abi_check

		=== libstdc++ Summary for unix/-fPIC ===

# of expected passes		5870
# of unexpected failures	1
# of expected failures		80
# of unsupported tests		333

Running target unix/-fpic
FAIL: abi_check

		=== libstdc++ Summary for unix/-fpic ===

# of expected passes		5870
# of unexpected failures	1
# of expected failures		80
# of unsupported tests		333

Running target unix
FAIL: abi_check

		=== libstdc++ Summary for unix ===

# of expected passes		5870
# of unexpected failures	1
# of expected failures		80
# of unsupported tests		333

		=== libstdc++ Summary ===

# of expected passes		17610
# of unexpected failures	3
# of expected failures		240
# of unsupported tests		999

Compiler version: 4.4.4 20100423 (prerelease) [gcc-4_4-branch revision 158676] (GCC) 
Platform: powerpc-unknown-linux-gnu
configure flags: --enable-languages=c,c++,objc,f95,obj-c++,java --with-mpc=/opt/cfarm/mpc-0.8 --with-mpfr=/opt/cfarm/mpfr-2.4.1 --with-gmp=/opt/cfarm/gmp-4.2.4


Index Nav: [Date Index] [Subject Index] [Author Index] [Thread Index]
Message Nav: [Date Prev] [Date Next] [Thread Prev] [Thread Next]