This is the mail archive of the gcc-testresults@gcc.gnu.org mailing list for the GCC project.


Index Nav: [Date Index] [Subject Index] [Author Index] [Thread Index]
Message Nav: [Date Prev] [Date Next] [Thread Prev] [Thread Next]
Other format: [Raw text]

Results for 4.6.0 20100422 (experimental) [trunk revision 158628] (GCC) testsuite on hppa-unknown-linux-gnu


LAST_UPDATED: Thu Apr 22 00:29:00 UTC 2010 (revision 158628)

Native configuration is hppa-unknown-linux-gnu

		=== g++ tests ===


Running target unix
UNRESOLVED: selfassign.c compilation, -I. -I/home2/dave/gcc-4.6/gcc/gcc/testsuite -I/home2/dave/gcc-4.6/gcc/gcc/testsuite/../../gcc -I/home2/dave/gcc-4.6/objdir/gcc/testsuite/g++/../../../gcc  -I/home2/dave/gcc-4.6/gcc/gcc/testsuite/../../include -I/home2/dave/gcc-4.6/gcc/gcc/testsuite/../../libcpp/include   -O -DIN_GCC -fPIC -shared

		=== g++ Summary ===

# of expected passes		22099
# of expected failures		151
# of unresolved testcases	1
# of unsupported tests		190
/home2/dave/gcc-4.6/objdir/gcc/testsuite/g++/../../g++  version 4.6.0 20100422 (experimental) [trunk revision 158628] (GCC) 

		=== gcc tests ===


Running target unix
FAIL: gcc.dg/pr34668-1.c (internal compiler error)
FAIL: gcc.dg/pr34668-1.c (test for excess errors)
FAIL: gcc.dg/ipa/ipa-pta-10.c scan-ipa-dump pta "ESCAPED = { }"
FAIL: gcc.dg/lto/20090126-1 c_lto_20090126-1_0.o-c_lto_20090126-1_0.o link,  (internal compiler error)
UNRESOLVED: gcc.dg/lto/20090126-1 c_lto_20090126-1_0.o-c_lto_20090126-1_0.o execute -O0 -fwhopr
FAIL: gcc.dg/torture/builtin-cproj-1.c  -O1  (test for excess errors)
FAIL: gcc.dg/torture/builtin-cproj-3.c  -O0  execution test
FAIL: gcc.dg/torture/builtin-cproj-3.c  -O1  execution test
FAIL: gcc.dg/torture/builtin-cproj-3.c  -O2  execution test
FAIL: gcc.dg/torture/builtin-cproj-3.c  -O3 -fomit-frame-pointer  execution test
FAIL: gcc.dg/torture/builtin-cproj-3.c  -O3 -g  execution test
FAIL: gcc.dg/torture/builtin-cproj-3.c  -Os  execution test
FAIL: gcc.dg/torture/builtin-cproj-3.c  -O2 -flto  execution test
FAIL: gcc.dg/torture/builtin-cproj-3.c  -O2 -fwhopr  execution test
XPASS: gcc.dg/tree-ssa/loop-1.c scan-assembler-times foo 5

		=== gcc Summary ===

# of expected passes		63473
# of unexpected failures	13
# of unexpected successes	1
# of expected failures		88
# of unresolved testcases	1
# of unsupported tests		721
/home2/dave/gcc-4.6/objdir/gcc/xgcc  version 4.6.0 20100422 (experimental) [trunk revision 158628] (GCC) 

		=== gfortran tests ===


Running target unix
FAIL: gfortran.dg/pr41928.f90  -O  (internal compiler error)
FAIL: gfortran.dg/pr41928.f90  -O  (test for excess errors)

		=== gfortran Summary ===

# of expected passes		33268
# of unexpected failures	2
# of expected failures		20
# of unsupported tests		288
/home2/dave/gcc-4.6/objdir/gcc/testsuite/gfortran/../../gfortran  version 4.6.0 20100422 (experimental) [trunk revision 158628] (GCC) 

		=== objc tests ===


Running target unix

		=== objc Summary ===

# of expected passes		1869
# of expected failures		15
# of unsupported tests		20
/home2/dave/gcc-4.6/objdir/gcc/xgcc  version 4.6.0 20100422 (experimental) [trunk revision 158628] (GCC) 

		=== libffi tests ===


Running target unix

		=== libffi Summary ===

# of expected passes		1624
# of expected failures		10
# of unsupported tests		15
		=== libgomp tests ===


Running target unix

		=== libgomp Summary ===

# of expected passes		2462
# of unsupported tests		7
		=== libjava tests ===


Running target unix

		=== libjava Summary ===

# of expected passes		2574
		=== libmudflap tests ===


Running target unix
FAIL: libmudflap.c/fail31-frag.c (-O3) crash test
FAIL: libmudflap.c/fail31-frag.c (-O3) output pattern test
FAIL: libmudflap.c/pass45-frag.c (-O3) execution test
FAIL: libmudflap.c/pass45-frag.c (-O3) output pattern test
FAIL: libmudflap.c/pass45-frag.c (-O3) execution test
FAIL: libmudflap.c/pass45-frag.c (-O3) output pattern test
FAIL: libmudflap.c++/pass41-frag.cxx (test for excess errors)
FAIL: libmudflap.c++/pass41-frag.cxx execution test
FAIL: libmudflap.c++/pass57-frag.cxx (test for excess errors)
FAIL: libmudflap.c++/pass41-frag.cxx (-static) (test for excess errors)
FAIL: libmudflap.c++/pass41-frag.cxx (-static) execution test
FAIL: libmudflap.c++/pass57-frag.cxx (-static) (test for excess errors)
FAIL: libmudflap.c++/pass41-frag.cxx ( -O) (test for excess errors)
FAIL: libmudflap.c++/pass41-frag.cxx ( -O) execution test
FAIL: libmudflap.c++/pass57-frag.cxx ( -O) (test for excess errors)
FAIL: libmudflap.c++/pass41-frag.cxx (-O2) (test for excess errors)
FAIL: libmudflap.c++/pass41-frag.cxx (-O2) execution test
FAIL: libmudflap.c++/pass57-frag.cxx (-O2) (test for excess errors)
FAIL: libmudflap.c++/pass41-frag.cxx (-O3) (test for excess errors)
FAIL: libmudflap.c++/pass41-frag.cxx (-O3) execution test
FAIL: libmudflap.c++/pass57-frag.cxx (-O3) (test for excess errors)

		=== libmudflap Summary ===

# of expected passes		1873
# of unexpected failures	21
		=== libstdc++ tests ===


Running target unix
FAIL: ext/profile/all.cc (test for excess errors)
FAIL: ext/profile/mh.cc (test for excess errors)

		=== libstdc++ Summary ===

# of expected passes		6839
# of unexpected failures	2
# of expected failures		93
# of unsupported tests		355

Compiler version: 4.6.0 20100422 (experimental) [trunk revision 158628] (GCC) 
Platform: hppa-unknown-linux-gnu
configure flags: --with-gnu-as --with-gnu-ld --enable-shared --enable-nls --prefix=/home2/dave/opt/gnu/gcc/gcc-4.6.0 --with-local-prefix=/home2/dave/opt/gnu --enable-threads=posix --enable-__cxa_atexit --build=hppa-linux --enable-clocale=gnu --enable-java-gc=boehm --enable-java-awt=xlib --enable-languages=c,c++,objc,fortran,obj-c++,java,ada


Index Nav: [Date Index] [Subject Index] [Author Index] [Thread Index]
Message Nav: [Date Prev] [Date Next] [Thread Prev] [Thread Next]