This is the mail archive of the
gcc-testresults@gcc.gnu.org
mailing list for the GCC project.
Results for 4.6.0 20100423 (experimental) [trunk revision 158664] (GCC) testsuite on powerpc-ibm-aix5.3.0.0
- From: David Edelsohn <dje at watson dot ibm dot com>
- To: gcc-testresults at gcc dot gnu dot org
- Date: Fri, 23 Apr 2010 21:32:46 -0400
- Subject: Results for 4.6.0 20100423 (experimental) [trunk revision 158664] (GCC) testsuite on powerpc-ibm-aix5.3.0.0
LAST_UPDATED: Fri Apr 23 14:03:12 UTC 2010 (revision 158664)
Native configuration is powerpc-ibm-aix5.3.0.0
=== g++ tests ===
Running target unix
FAIL: g++.dg/bprob/g++-bprob-1.C compilation, -g -fprofile-arcs (internal compiler error)
UNRESOLVED: g++.dg/bprob/g++-bprob-1.C execution, -g -fprofile-arcs
UNRESOLVED: g++.dg/bprob/g++-bprob-1.C compilation, -g -fprofile-use
UNRESOLVED: g++.dg/bprob/g++-bprob-1.C execution, -g -fprofile-use
FAIL: g++.dg/bprob/g++-bprob-1.C compilation, -O0 -fprofile-arcs (internal compiler error)
UNRESOLVED: g++.dg/bprob/g++-bprob-1.C execution, -O0 -fprofile-arcs
UNRESOLVED: g++.dg/bprob/g++-bprob-1.C compilation, -O0 -fprofile-use
UNRESOLVED: g++.dg/bprob/g++-bprob-1.C execution, -O0 -fprofile-use
FAIL: g++.dg/bprob/g++-bprob-1.C compilation, -O1 -fprofile-arcs (internal compiler error)
UNRESOLVED: g++.dg/bprob/g++-bprob-1.C execution, -O1 -fprofile-arcs
UNRESOLVED: g++.dg/bprob/g++-bprob-1.C compilation, -O1 -fprofile-use
UNRESOLVED: g++.dg/bprob/g++-bprob-1.C execution, -O1 -fprofile-use
FAIL: g++.dg/bprob/g++-bprob-1.C compilation, -O2 -fprofile-arcs (internal compiler error)
UNRESOLVED: g++.dg/bprob/g++-bprob-1.C execution, -O2 -fprofile-arcs
UNRESOLVED: g++.dg/bprob/g++-bprob-1.C compilation, -O2 -fprofile-use
UNRESOLVED: g++.dg/bprob/g++-bprob-1.C execution, -O2 -fprofile-use
FAIL: g++.dg/bprob/g++-bprob-1.C compilation, -O3 -fprofile-arcs (internal compiler error)
UNRESOLVED: g++.dg/bprob/g++-bprob-1.C execution, -O3 -fprofile-arcs
UNRESOLVED: g++.dg/bprob/g++-bprob-1.C compilation, -O3 -fprofile-use
UNRESOLVED: g++.dg/bprob/g++-bprob-1.C execution, -O3 -fprofile-use
FAIL: g++.dg/bprob/g++-bprob-1.C compilation, -O3 -g -fprofile-arcs (internal compiler error)
UNRESOLVED: g++.dg/bprob/g++-bprob-1.C execution, -O3 -g -fprofile-arcs
UNRESOLVED: g++.dg/bprob/g++-bprob-1.C compilation, -O3 -g -fprofile-use
UNRESOLVED: g++.dg/bprob/g++-bprob-1.C execution, -O3 -g -fprofile-use
FAIL: g++.dg/bprob/g++-bprob-1.C compilation, -Os -fprofile-arcs (internal compiler error)
UNRESOLVED: g++.dg/bprob/g++-bprob-1.C execution, -Os -fprofile-arcs
UNRESOLVED: g++.dg/bprob/g++-bprob-1.C compilation, -Os -fprofile-use
UNRESOLVED: g++.dg/bprob/g++-bprob-1.C execution, -Os -fprofile-use
FAIL: g++.dg/bprob/g++-bprob-2.C compilation, -g -fprofile-arcs (internal compiler error)
UNRESOLVED: g++.dg/bprob/g++-bprob-2.C execution, -g -fprofile-arcs
UNRESOLVED: g++.dg/bprob/g++-bprob-2.C compilation, -g -fprofile-use
UNRESOLVED: g++.dg/bprob/g++-bprob-2.C execution, -g -fprofile-use
FAIL: g++.dg/bprob/g++-bprob-2.C compilation, -O0 -fprofile-arcs (internal compiler error)
UNRESOLVED: g++.dg/bprob/g++-bprob-2.C execution, -O0 -fprofile-arcs
UNRESOLVED: g++.dg/bprob/g++-bprob-2.C compilation, -O0 -fprofile-use
UNRESOLVED: g++.dg/bprob/g++-bprob-2.C execution, -O0 -fprofile-use
FAIL: g++.dg/bprob/g++-bprob-2.C compilation, -O1 -fprofile-arcs (internal compiler error)
UNRESOLVED: g++.dg/bprob/g++-bprob-2.C execution, -O1 -fprofile-arcs
UNRESOLVED: g++.dg/bprob/g++-bprob-2.C compilation, -O1 -fprofile-use
UNRESOLVED: g++.dg/bprob/g++-bprob-2.C execution, -O1 -fprofile-use
FAIL: g++.dg/bprob/g++-bprob-2.C compilation, -O2 -fprofile-arcs (internal compiler error)
UNRESOLVED: g++.dg/bprob/g++-bprob-2.C execution, -O2 -fprofile-arcs
UNRESOLVED: g++.dg/bprob/g++-bprob-2.C compilation, -O2 -fprofile-use
UNRESOLVED: g++.dg/bprob/g++-bprob-2.C execution, -O2 -fprofile-use
FAIL: g++.dg/bprob/g++-bprob-2.C compilation, -O3 -fprofile-arcs (internal compiler error)
UNRESOLVED: g++.dg/bprob/g++-bprob-2.C execution, -O3 -fprofile-arcs
UNRESOLVED: g++.dg/bprob/g++-bprob-2.C compilation, -O3 -fprofile-use
UNRESOLVED: g++.dg/bprob/g++-bprob-2.C execution, -O3 -fprofile-use
FAIL: g++.dg/bprob/g++-bprob-2.C compilation, -O3 -g -fprofile-arcs (internal compiler error)
UNRESOLVED: g++.dg/bprob/g++-bprob-2.C execution, -O3 -g -fprofile-arcs
UNRESOLVED: g++.dg/bprob/g++-bprob-2.C compilation, -O3 -g -fprofile-use
UNRESOLVED: g++.dg/bprob/g++-bprob-2.C execution, -O3 -g -fprofile-use
FAIL: g++.dg/bprob/g++-bprob-2.C compilation, -Os -fprofile-arcs (internal compiler error)
UNRESOLVED: g++.dg/bprob/g++-bprob-2.C execution, -Os -fprofile-arcs
UNRESOLVED: g++.dg/bprob/g++-bprob-2.C compilation, -Os -fprofile-use
UNRESOLVED: g++.dg/bprob/g++-bprob-2.C execution, -Os -fprofile-use
FAIL: tmpdir-g++.dg-struct-layout-1/t026 cp_compat_x_tst.o-cp_compat_y_tst.o execute
FAIL: tmpdir-g++.dg-struct-layout-1/t027 cp_compat_x_tst.o-cp_compat_y_tst.o execute
FAIL: tmpdir-g++.dg-struct-layout-1/t029 cp_compat_x_tst.o-cp_compat_y_tst.o execute
FAIL: tmpdir-g++.dg-struct-layout-1/t030 cp_compat_x_tst.o-cp_compat_y_tst.o execute
FAIL: g++.dg/abi/local1.C execution test
FAIL: g++.dg/conversion/ptrmem2.C (test for errors, line 26)
FAIL: g++.dg/conversion/ptrmem2.C (test for errors, line 27)
FAIL: g++.dg/conversion/ptrmem3.C (test for errors, line 26)
FAIL: g++.dg/conversion/ptrmem3.C (test for errors, line 27)
FAIL: g++.dg/conversion/ptrmem4.C (test for errors, line 27)
FAIL: g++.dg/conversion/ptrmem4.C (test for errors, line 28)
FAIL: g++.dg/conversion/ptrmem5.C (test for errors, line 27)
FAIL: g++.dg/conversion/ptrmem5.C (test for errors, line 28)
FAIL: g++.dg/conversion/ptrmem6.C (test for errors, line 26)
FAIL: g++.dg/conversion/ptrmem7.C (test for errors, line 26)
FAIL: g++.dg/cpp/ucn-1.C (test for excess errors)
FAIL: g++.dg/expr/static_cast5.C (test for errors, line 10)
FAIL: g++.dg/expr/static_cast5.C (test for errors, line 12)
FAIL: g++.dg/expr/static_cast5.C (test for errors, line 15)
FAIL: g++.dg/ext/alignof2.C execution test
FAIL: g++.dg/ext/altivec-1.C (test for excess errors)
FAIL: g++.dg/ext/altivec-10.C (test for excess errors)
FAIL: g++.dg/ext/altivec-12.C (test for excess errors)
FAIL: g++.dg/ext/altivec-13.C (test for excess errors)
FAIL: g++.dg/ext/altivec-14.C (test for excess errors)
FAIL: g++.dg/ext/altivec-16.C (test for excess errors)
FAIL: g++.dg/ext/altivec-17.C (test for errors, line 15)
FAIL: g++.dg/ext/altivec-17.C (test for excess errors)
FAIL: g++.dg/ext/altivec-2.C (test for excess errors)
FAIL: g++.dg/ext/altivec-3.C (test for excess errors)
FAIL: g++.dg/ext/altivec-4.C (test for excess errors)
FAIL: g++.dg/ext/altivec-5.C (test for excess errors)
FAIL: g++.dg/ext/altivec-6.C (test for excess errors)
FAIL: g++.dg/ext/altivec-7.C (test for excess errors)
ERROR: g++.dg/ext/altivec-7.C: error executing dg-final: couldn't open "altivec-7.s": no such file or directory
UNRESOLVED: g++.dg/ext/altivec-7.C: error executing dg-final: couldn't open "altivec-7.s": no such file or directory
FAIL: g++.dg/ext/altivec-8.C (test for excess errors)
FAIL: g++.dg/ext/altivec-9.C (test for excess errors)
FAIL: g++.dg/ext/altivec-cell-1.C (test for excess errors)
FAIL: g++.dg/ext/altivec-cell-2.C (test for excess errors)
FAIL: g++.dg/ext/altivec-cell-3.C (test for excess errors)
FAIL: g++.dg/ext/altivec-cell-4.C (test for excess errors)
FAIL: g++.dg/ext/altivec-cell-5.C (test for excess errors)
FAIL: g++.dg/ext/visibility/anon1.C scan-assembler-not globl.*_ZN.*1fEv
FAIL: g++.dg/ext/visibility/anon2.C scan-assembler-not globl.*_Z1fv
FAIL: g++.dg/inherit/covariant7.C (test for warnings, line 30)
FAIL: g++.dg/inherit/override1.C (test for excess errors)
FAIL: g++.dg/other/anon5.C undefined (test for warnings, line )
FAIL: g++.dg/other/anon5.C (test for excess errors)
FAIL: g++.dg/other/pr42685.C (test for excess errors)
FAIL: g++.dg/other/profile1.C (internal compiler error)
FAIL: g++.dg/other/profile1.C (test for excess errors)
WARNING: g++.dg/other/profile1.C compilation failed to produce executable
FAIL: g++.dg/other/unused1.C scan-assembler (string|ascii?)z?[\\t ]"printer("|\\\\\\\\0)
FAIL: g++.dg/parse/crash42.C (internal compiler error)
FAIL: g++.dg/parse/crash42.C (test for excess errors)
FAIL: g++.dg/tc1/dr52.C (test for excess errors)
FAIL: g++.dg/tree-ssa/dom-invalid.C (internal compiler error)
FAIL: g++.dg/tree-ssa/dom-invalid.C (test for excess errors)
WARNING: g++.dg/tree-ssa/dom-invalid.C compilation failed to produce executable
FAIL: g++.dg/warn/pr31246.C (test for excess errors)
FAIL: g++.dg/gcov/gcov-1.C (internal compiler error)
FAIL: g++.dg/gcov/gcov-1.C (test for excess errors)
WARNING: g++.dg/gcov/gcov-1.C compilation failed to produce executable
FAIL: g++.dg/gcov/gcov-1.C gcov failed: gcov-1.C.gcov does not exist
FAIL: g++.dg/gcov/gcov-3.C (internal compiler error)
FAIL: g++.dg/gcov/gcov-3.C (test for excess errors)
WARNING: g++.dg/gcov/gcov-3.C compilation failed to produce executable
FAIL: g++.dg/gcov/gcov-3.C gcov failed: gcov-3.C.gcov does not exist
FAIL: g++.dg/gcov/gcov-4.C (internal compiler error)
FAIL: g++.dg/gcov/gcov-4.C (test for excess errors)
WARNING: g++.dg/gcov/gcov-4.C compilation failed to produce executable
FAIL: g++.dg/gcov/gcov-4.C gcov failed: gcov-4.C.gcov does not exist
FAIL: g++.dg/gcov/gcov-5.C (internal compiler error)
FAIL: g++.dg/gcov/gcov-5.C (test for excess errors)
WARNING: g++.dg/gcov/gcov-5.C compilation failed to produce executable
FAIL: g++.dg/gcov/gcov-5.C gcov failed: gcov-5.C.gcov does not exist
FAIL: g++.dg/gomp/pr34608.C (internal compiler error)
FAIL: g++.dg/gomp/pr34608.C (test for excess errors)
FAIL: g++.dg/torture/pr40642.C -O0 (internal compiler error)
FAIL: g++.dg/torture/pr40642.C -O0 (test for excess errors)
FAIL: g++.dg/torture/pr40642.C -O1 (internal compiler error)
FAIL: g++.dg/torture/pr40642.C -O1 (test for excess errors)
FAIL: g++.dg/torture/pr40642.C -O2 (internal compiler error)
FAIL: g++.dg/torture/pr40642.C -O2 (test for excess errors)
FAIL: g++.dg/torture/pr40642.C -O3 -fomit-frame-pointer (internal compiler error)
FAIL: g++.dg/torture/pr40642.C -O3 -fomit-frame-pointer (test for excess errors)
FAIL: g++.dg/torture/pr40642.C -O3 -g (internal compiler error)
FAIL: g++.dg/torture/pr40642.C -O3 -g (test for excess errors)
FAIL: g++.dg/torture/pr40642.C -Os (internal compiler error)
FAIL: g++.dg/torture/pr40642.C -Os (test for excess errors)
FAIL: g++.dg/tree-prof/partition1.C compilation, -g -fprofile-generate (internal compiler error)
UNRESOLVED: g++.dg/tree-prof/partition1.C execution, -g -fprofile-generate
UNRESOLVED: g++.dg/tree-prof/partition1.C compilation, -g -fprofile-use
UNRESOLVED: g++.dg/tree-prof/partition1.C execution, -g -fprofile-use
FAIL: g++.dg/tree-prof/partition1.C compilation, -O0 -fprofile-generate (internal compiler error)
UNRESOLVED: g++.dg/tree-prof/partition1.C execution, -O0 -fprofile-generate
UNRESOLVED: g++.dg/tree-prof/partition1.C compilation, -O0 -fprofile-use
UNRESOLVED: g++.dg/tree-prof/partition1.C execution, -O0 -fprofile-use
FAIL: g++.dg/tree-prof/partition1.C compilation, -O1 -fprofile-generate (internal compiler error)
UNRESOLVED: g++.dg/tree-prof/partition1.C execution, -O1 -fprofile-generate
UNRESOLVED: g++.dg/tree-prof/partition1.C compilation, -O1 -fprofile-use
UNRESOLVED: g++.dg/tree-prof/partition1.C execution, -O1 -fprofile-use
FAIL: g++.dg/tree-prof/partition1.C compilation, -O2 -fprofile-generate (internal compiler error)
UNRESOLVED: g++.dg/tree-prof/partition1.C execution, -O2 -fprofile-generate
UNRESOLVED: g++.dg/tree-prof/partition1.C compilation, -O2 -fprofile-use
UNRESOLVED: g++.dg/tree-prof/partition1.C execution, -O2 -fprofile-use
FAIL: g++.dg/tree-prof/partition1.C compilation, -O3 -fprofile-generate (internal compiler error)
UNRESOLVED: g++.dg/tree-prof/partition1.C execution, -O3 -fprofile-generate
UNRESOLVED: g++.dg/tree-prof/partition1.C compilation, -O3 -fprofile-use
UNRESOLVED: g++.dg/tree-prof/partition1.C execution, -O3 -fprofile-use
FAIL: g++.dg/tree-prof/partition1.C compilation, -O3 -g -fprofile-generate (internal compiler error)
UNRESOLVED: g++.dg/tree-prof/partition1.C execution, -O3 -g -fprofile-generate
UNRESOLVED: g++.dg/tree-prof/partition1.C compilation, -O3 -g -fprofile-use
UNRESOLVED: g++.dg/tree-prof/partition1.C execution, -O3 -g -fprofile-use
FAIL: g++.dg/tree-prof/partition1.C compilation, -Os -fprofile-generate (internal compiler error)
UNRESOLVED: g++.dg/tree-prof/partition1.C execution, -Os -fprofile-generate
UNRESOLVED: g++.dg/tree-prof/partition1.C compilation, -Os -fprofile-use
UNRESOLVED: g++.dg/tree-prof/partition1.C execution, -Os -fprofile-use
FAIL: g++.old-deja/g++.abi/vmihint.C execution test
FAIL: g++.old-deja/g++.brendan/crash17.C (test for warnings, line 33)
FAIL: g++.old-deja/g++.eh/catch3.C execution test
FAIL: g++.old-deja/g++.eh/catch3p.C execution test
FAIL: g++.old-deja/g++.eh/catch5.C execution test
FAIL: g++.old-deja/g++.eh/catch5p.C execution test
FAIL: g++.old-deja/g++.eh/catch6.C execution test
FAIL: g++.old-deja/g++.eh/catch6p.C execution test
FAIL: g++.old-deja/g++.eh/catch7.C execution test
FAIL: g++.old-deja/g++.eh/catch7p.C execution test
FAIL: g++.old-deja/g++.eh/catch8.C execution test
FAIL: g++.old-deja/g++.eh/catch8p.C execution test
FAIL: g++.old-deja/g++.eh/catch9.C execution test
FAIL: g++.old-deja/g++.eh/catch9p.C execution test
FAIL: g++.old-deja/g++.eh/spec6.C (test for errors, line 91)
FAIL: g++.old-deja/g++.eh/spec6.C (test for errors, line 108)
FAIL: g++.old-deja/g++.jason/destruct2.C (test for warnings, line 13)
FAIL: g++.old-deja/g++.mike/misc7.C (test for errors, line 15)
FAIL: g++.old-deja/g++.mike/p3538a.C (test for warnings, line 27)
FAIL: g++.old-deja/g++.mike/p3538b.C (test for warnings, line 29)
FAIL: g++.old-deja/g++.mike/virt3.C (test for warnings, line 13)
FAIL: g++.old-deja/g++.other/ambig2.C (test for errors, line 17)
FAIL: g++.old-deja/g++.other/ambig2.C (test for errors, line 18)
FAIL: g++.old-deja/g++.other/ambig2.C (test for errors, line 19)
FAIL: g++.old-deja/g++.other/ambig2.C (test for errors, line 20)
FAIL: g++.old-deja/g++.other/dyncast5.C execution test
XPASS: g++.old-deja/g++.other/init19.C execution test
FAIL: g++.old-deja/g++.other/lookup18.C (test for errors, line 17)
FAIL: g++.old-deja/g++.other/lookup18.C (test for errors, line 22)
=== g++ Summary ===
# of expected passes 19768
# of unexpected failures 132
# of unexpected successes 1
# of expected failures 153
# of unresolved testcases 64
# of unsupported tests 284
/tmp/20100423/gcc/testsuite/g++/../../g++ version 4.6.0 20100423 (experimental) [trunk revision 158664] (GCC)
=== gcc tests ===
Running target unix
XPASS: gcc.c-torture/execute/eeprof-1.c execution, -O0
XPASS: gcc.c-torture/execute/eeprof-1.c execution, -O1
XPASS: gcc.c-torture/execute/eeprof-1.c execution, -O2
XPASS: gcc.c-torture/execute/eeprof-1.c execution, -O3 -fomit-frame-pointer
XPASS: gcc.c-torture/execute/eeprof-1.c execution, -O3 -g
XPASS: gcc.c-torture/execute/eeprof-1.c execution, -Os
FAIL: gcc.dg/20020201-1.c (internal compiler error)
FAIL: gcc.dg/20020201-1.c (test for excess errors)
WARNING: gcc.dg/20020201-1.c compilation failed to produce executable
FAIL: gcc.dg/20050309-1.c (internal compiler error)
FAIL: gcc.dg/20050309-1.c (test for excess errors)
FAIL: gcc.dg/20050330-2.c (internal compiler error)
FAIL: gcc.dg/20050330-2.c (test for excess errors)
FAIL: gcc.dg/alias-7.c execution test
FAIL: gcc.dg/asm-names.c scan-assembler-not ____frob14
FAIL: gcc.dg/plugindir1.c (test for excess errors)
FAIL: gcc.dg/plugindir2.c (test for excess errors)
FAIL: gcc.dg/plugindir3.c (test for excess errors)
FAIL: gcc.dg/plugindir4.c (test for excess errors)
FAIL: gcc.dg/pr32773.c (internal compiler error)
FAIL: gcc.dg/pr32773.c (test for warnings, line 9)
FAIL: gcc.dg/pr32773.c (test for excess errors)
FAIL: gcc.dg/pr34668-1.c (internal compiler error)
FAIL: gcc.dg/pr34668-1.c (test for excess errors)
FAIL: gcc.dg/pr40209.c (internal compiler error)
FAIL: gcc.dg/pr40209.c (test for excess errors)
FAIL: gcc.dg/pr41241.c (test for excess errors)
FAIL: gcc.dg/pr41345.c (test for excess errors)
FAIL: gcc.dg/pr41837.c (internal compiler error)
FAIL: gcc.dg/pr41837.c (test for excess errors)
FAIL: gcc.dg/pr42629.c (test for excess errors)
FAIL: gcc.dg/pr42630.c (test for excess errors)
FAIL: gcc.dg/pr42631.c (test for excess errors)
FAIL: gcc.dg/pr42719.c (test for excess errors)
FAIL: gcc.dg/pr42728.c (test for excess errors)
FAIL: gcc.dg/pr42889.c (test for excess errors)
FAIL: gcc.dg/pr42916.c (test for excess errors)
FAIL: gcc.dg/pr42917.c (test for excess errors)
FAIL: gcc.dg/pr43084.c (test for excess errors)
FAIL: gcc.dg/pr43670.c (test for excess errors)
FAIL: gcc.dg/profile-generate-1.c (internal compiler error)
FAIL: gcc.dg/profile-generate-1.c (test for excess errors)
FAIL: gcc.dg/pthread-init-1.c (test for excess errors)
FAIL: gcc.dg/pthread-init-2.c (test for excess errors)
FAIL: gcc.dg/sms-2.c scan-rtl-dump-times sms "SMS succeeded" 1
FAIL: gcc.dg/sms-3.c scan-rtl-dump-times sms "SMS succeeded" 1
FAIL: gcc.dg/sms-4.c scan-rtl-dump-times sms "SMS succeeded" 1
FAIL: gcc.dg/sms-6.c scan-rtl-dump-times sms "SMS succeeded" 3
FAIL: gcc.dg/sms-7.c scan-rtl-dump-times sms "SMS succeeded" 3
FAIL: gcc.dg/sms-8.c scan-rtl-dump-times sms "SMS succeeded" 1
FAIL: gcc.dg/ucnid-13.c (test for warnings, line 6)
FAIL: gcc.dg/ucnid-13.c (test for warnings, line 9)
FAIL: gcc.dg/ucnid-13.c (test for warnings, line 11)
FAIL: gcc.dg/ucnid-13.c (test for errors, line 13)
FAIL: gcc.dg/ucnid-13.c (test for excess errors)
XPASS: gcc.dg/ucnid-5.c (test for excess errors)
FAIL: gcc.dg/ucnid-7.c (test for errors, line 6)
FAIL: gcc.dg/ucnid-7.c (test for errors, line 7)
FAIL: gcc.dg/ucnid-7.c (test for excess errors)
FAIL: gcc.dg/ucnid-8.c (test for errors, line 6)
FAIL: gcc.dg/ucnid-8.c (test for errors, line 7)
FAIL: gcc.dg/ucnid-8.c (test for warnings, line 9)
FAIL: gcc.dg/ucnid-8.c (test for errors, line 11)
FAIL: gcc.dg/ucnid-8.c UCN diag (test for warnings, line 13)
FAIL: gcc.dg/ucnid-8.c (test for excess errors)
FAIL: gcc.dg/gomp/pr27573.c (internal compiler error)
FAIL: gcc.dg/gomp/pr27573.c (test for excess errors)
FAIL: gcc.dg/gomp/pr34610.c (internal compiler error)
FAIL: gcc.dg/gomp/pr34610.c (test for excess errors)
FAIL: gcc.dg/graphite/block-mvt.c (test for excess errors)
WARNING: gcc.dg/graphite/block-mvt.c compilation failed to produce executable
FAIL: gcc.dg/graphite/pr43012.c execution test
FAIL: gcc.dg/tree-prof/indir-call-prof.c compilation, -fprofile-generate -D_PROFILE_GENERATE (internal compiler error)
UNRESOLVED: gcc.dg/tree-prof/indir-call-prof.c execution, -fprofile-generate -D_PROFILE_GENERATE
UNRESOLVED: gcc.dg/tree-prof/indir-call-prof.c compilation, -fprofile-use -D_PROFILE_USE
UNRESOLVED: gcc.dg/tree-prof/indir-call-prof.c execution, -fprofile-use -D_PROFILE_USE
FAIL: gcc.dg/tree-prof/inliner-1.c compilation, -fprofile-generate -D_PROFILE_GENERATE (internal compiler error)
UNRESOLVED: gcc.dg/tree-prof/inliner-1.c execution, -fprofile-generate -D_PROFILE_GENERATE
UNRESOLVED: gcc.dg/tree-prof/inliner-1.c compilation, -fprofile-use -D_PROFILE_USE
UNRESOLVED: gcc.dg/tree-prof/inliner-1.c execution, -fprofile-use -D_PROFILE_USE
FAIL: gcc.dg/tree-prof/pr34999.c compilation, -fprofile-generate -D_PROFILE_GENERATE (internal compiler error)
UNRESOLVED: gcc.dg/tree-prof/pr34999.c execution, -fprofile-generate -D_PROFILE_GENERATE
UNRESOLVED: gcc.dg/tree-prof/pr34999.c compilation, -fprofile-use -D_PROFILE_USE
UNRESOLVED: gcc.dg/tree-prof/pr34999.c execution, -fprofile-use -D_PROFILE_USE
FAIL: gcc.dg/tree-prof/stringop-1.c compilation, -fprofile-generate -D_PROFILE_GENERATE (internal compiler error)
UNRESOLVED: gcc.dg/tree-prof/stringop-1.c execution, -fprofile-generate -D_PROFILE_GENERATE
UNRESOLVED: gcc.dg/tree-prof/stringop-1.c compilation, -fprofile-use -D_PROFILE_USE
UNRESOLVED: gcc.dg/tree-prof/stringop-1.c execution, -fprofile-use -D_PROFILE_USE
FAIL: gcc.dg/tree-prof/stringop-2.c compilation, -fprofile-generate -D_PROFILE_GENERATE (internal compiler error)
UNRESOLVED: gcc.dg/tree-prof/stringop-2.c execution, -fprofile-generate -D_PROFILE_GENERATE
UNRESOLVED: gcc.dg/tree-prof/stringop-2.c compilation, -fprofile-use -D_PROFILE_USE
UNRESOLVED: gcc.dg/tree-prof/stringop-2.c execution, -fprofile-use -D_PROFILE_USE
FAIL: gcc.dg/tree-prof/update-cunroll-2.c compilation, -fprofile-generate -D_PROFILE_GENERATE (internal compiler error)
UNRESOLVED: gcc.dg/tree-prof/update-cunroll-2.c execution, -fprofile-generate -D_PROFILE_GENERATE
UNRESOLVED: gcc.dg/tree-prof/update-cunroll-2.c compilation, -fprofile-use -D_PROFILE_USE
UNRESOLVED: gcc.dg/tree-prof/update-cunroll-2.c execution, -fprofile-use -D_PROFILE_USE
FAIL: gcc.dg/tree-prof/update-tailcall.c compilation, -fprofile-generate -D_PROFILE_GENERATE (internal compiler error)
UNRESOLVED: gcc.dg/tree-prof/update-tailcall.c execution, -fprofile-generate -D_PROFILE_GENERATE
UNRESOLVED: gcc.dg/tree-prof/update-tailcall.c compilation, -fprofile-use -D_PROFILE_USE
UNRESOLVED: gcc.dg/tree-prof/update-tailcall.c execution, -fprofile-use -D_PROFILE_USE
FAIL: gcc.dg/tree-prof/val-prof-6.c compilation, -fprofile-generate -D_PROFILE_GENERATE (internal compiler error)
UNRESOLVED: gcc.dg/tree-prof/val-prof-6.c execution, -fprofile-generate -D_PROFILE_GENERATE
UNRESOLVED: gcc.dg/tree-prof/val-prof-6.c compilation, -fprofile-use -D_PROFILE_USE
UNRESOLVED: gcc.dg/tree-prof/val-prof-6.c execution, -fprofile-use -D_PROFILE_USE
FAIL: gcc.dg/tree-prof/wcoverage-mismatch.c compilation, -fprofile-use -D_PROFILE_USE (internal compiler error)
UNRESOLVED: gcc.dg/tree-prof/wcoverage-mismatch.c execution, -fprofile-use -D_PROFILE_USE
FAIL: gcc.dg/tree-ssa/pr42585.c scan-tree-dump-times optimized "struct _fat_ptr _ans" 0
FAIL: gcc.dg/tree-ssa/pr42585.c scan-tree-dump-times optimized "struct _fat_ptr _T2" 0
FAIL: gcc.dg/tree-ssa/vrp47.c scan-tree-dump-times vrp1 "[xy][^ ]* !=" 0
FAIL: gcc.dg/tree-ssa/vrp47.c scan-tree-dump-times dom1 "x[^ ]* & y" 1
FAIL: gcc.dg/vect/costmodel/ppc/costmodel-vect-31d.c scan-tree-dump-times vect "vectorization not profitable" 1
FAIL: gcc.dg/vect/costmodel/ppc/costmodel-vect-68d.c scan-tree-dump-times vect "vectorization not profitable" 1
FAIL: gcc.dg/vect/costmodel/ppc/costmodel-vect-76a.c scan-tree-dump-times vect "vectorized 1 loops" 1
FAIL: gcc.dg/vect/costmodel/ppc/costmodel-vect-76b.c scan-tree-dump-times vect "vectorization not profitable" 1
FAIL: gcc.dg/vect/pr35821-altivec.c scan-tree-dump-times vect "vectorized 1 loops" 1
FAIL: gcc.dg/vect/vect-44.c scan-tree-dump-times vect "Alignment of access forced using peeling" 1
FAIL: gcc.dg/vect/vect-50.c scan-tree-dump-times vect "Alignment of access forced using peeling" 1
FAIL: gcc.dg/vect/vect-82_64.c (test for excess errors)
FAIL: gcc.dg/vect/vect-82_64.c scan-tree-dump-times vect "vectorized 1 loops" 1: dump file does not exist
FAIL: gcc.dg/vect/vect-83_64.c (test for excess errors)
FAIL: gcc.dg/vect/vect-83_64.c scan-tree-dump-times vect "vectorized 1 loops" 1: dump file does not exist
FAIL: gcc.misc-tests/bprob-1.c compilation, -fprofile-arcs (internal compiler error)
UNRESOLVED: gcc.misc-tests/bprob-1.c execution, -fprofile-arcs
UNRESOLVED: gcc.misc-tests/bprob-1.c compilation, -fprofile-use
UNRESOLVED: gcc.misc-tests/bprob-1.c execution, -fprofile-use
FAIL: gcc.misc-tests/bprob-2.c compilation, -fprofile-arcs (internal compiler error)
UNRESOLVED: gcc.misc-tests/bprob-2.c execution, -fprofile-arcs
UNRESOLVED: gcc.misc-tests/bprob-2.c compilation, -fprofile-use
UNRESOLVED: gcc.misc-tests/bprob-2.c execution, -fprofile-use
FAIL: gcc.misc-tests/gcov-1.c (internal compiler error)
FAIL: gcc.misc-tests/gcov-1.c (test for excess errors)
WARNING: gcc.misc-tests/gcov-1.c compilation failed to produce executable
FAIL: gcc.misc-tests/gcov-1.c gcov failed: gcov-1.c.gcov does not exist
FAIL: gcc.misc-tests/gcov-10.c (internal compiler error)
FAIL: gcc.misc-tests/gcov-10.c (test for excess errors)
WARNING: gcc.misc-tests/gcov-10.c compilation failed to produce executable
FAIL: gcc.misc-tests/gcov-10.c gcov failed: gcov-10.c.gcov does not exist
FAIL: gcc.misc-tests/gcov-10b.c (internal compiler error)
FAIL: gcc.misc-tests/gcov-10b.c (test for excess errors)
WARNING: gcc.misc-tests/gcov-10b.c compilation failed to produce executable
FAIL: gcc.misc-tests/gcov-10b.c gcov failed: gcov-10b.c.gcov does not exist
FAIL: gcc.misc-tests/gcov-11.c (internal compiler error)
FAIL: gcc.misc-tests/gcov-11.c (test for excess errors)
WARNING: gcc.misc-tests/gcov-11.c compilation failed to produce executable
FAIL: gcc.misc-tests/gcov-11.c gcov failed: gcov-11.c.gcov does not exist
FAIL: gcc.misc-tests/gcov-2.c (internal compiler error)
FAIL: gcc.misc-tests/gcov-2.c (test for excess errors)
WARNING: gcc.misc-tests/gcov-2.c compilation failed to produce executable
FAIL: gcc.misc-tests/gcov-2.c gcov failed: gcov-2.c.gcov does not exist
FAIL: gcc.misc-tests/gcov-3.c (internal compiler error)
FAIL: gcc.misc-tests/gcov-3.c (test for excess errors)
WARNING: gcc.misc-tests/gcov-3.c compilation failed to produce executable
FAIL: gcc.misc-tests/gcov-3.c gcov failed: gcov-3.c.gcov does not exist
FAIL: gcc.misc-tests/gcov-4.c (internal compiler error)
FAIL: gcc.misc-tests/gcov-4.c (test for excess errors)
WARNING: gcc.misc-tests/gcov-4.c compilation failed to produce executable
FAIL: gcc.misc-tests/gcov-4.c gcov failed: gcov-4.c.gcov does not exist
FAIL: gcc.misc-tests/gcov-4b.c (internal compiler error)
FAIL: gcc.misc-tests/gcov-4b.c (test for excess errors)
WARNING: gcc.misc-tests/gcov-4b.c compilation failed to produce executable
FAIL: gcc.misc-tests/gcov-4b.c gcov failed: gcov-4b.gcda:cannot open data file, assuming not executed
FAIL: gcc.misc-tests/gcov-5b.c (internal compiler error)
FAIL: gcc.misc-tests/gcov-5b.c (test for excess errors)
WARNING: gcc.misc-tests/gcov-5b.c compilation failed to produce executable
FAIL: gcc.misc-tests/gcov-5b.c gcov failed: gcov-5b.c.gcov does not exist
FAIL: gcc.misc-tests/gcov-6.c (internal compiler error)
FAIL: gcc.misc-tests/gcov-6.c (test for excess errors)
WARNING: gcc.misc-tests/gcov-6.c compilation failed to produce executable
FAIL: gcc.misc-tests/gcov-6.c gcov failed: gcov-6.c.gcov does not exist
FAIL: gcc.misc-tests/gcov-7.c (internal compiler error)
FAIL: gcc.misc-tests/gcov-7.c (test for excess errors)
WARNING: gcc.misc-tests/gcov-7.c compilation failed to produce executable
FAIL: gcc.misc-tests/gcov-7.c gcov failed: gcov-7.c.gcov does not exist
FAIL: gcc.misc-tests/gcov-8.c (internal compiler error)
FAIL: gcc.misc-tests/gcov-8.c (test for excess errors)
WARNING: gcc.misc-tests/gcov-8.c compilation failed to produce executable
FAIL: gcc.misc-tests/gcov-8.c gcov failed: gcov-8.c.gcov does not exist
FAIL: gcc.target/powerpc/popcount-2.c scan-assembler popcntw
=== gcc Summary ===
# of expected passes 53431
# of unexpected failures 126
# of unexpected successes 7
# of expected failures 174
# of unresolved testcases 31
# of unsupported tests 859
/tmp/20100423/gcc/xgcc version 4.6.0 20100423 (experimental) [trunk revision 158664] (GCC)
=== gfortran tests ===
Running target unix
FAIL: gfortran.dg/default_format_1.f90 -O0 execution test
FAIL: gfortran.dg/default_format_1.f90 -O1 execution test
FAIL: gfortran.dg/default_format_1.f90 -O2 execution test
FAIL: gfortran.dg/default_format_1.f90 -O3 -fomit-frame-pointer execution test
FAIL: gfortran.dg/default_format_1.f90 -O3 -fomit-frame-pointer -funroll-loops execution test
FAIL: gfortran.dg/default_format_1.f90 -O3 -fomit-frame-pointer -funroll-all-loops -finline-functions execution test
FAIL: gfortran.dg/default_format_1.f90 -O3 -g execution test
FAIL: gfortran.dg/default_format_1.f90 -Os execution test
FAIL: gfortran.dg/default_format_denormal_1.f90 -O0 execution test
FAIL: gfortran.dg/default_format_denormal_1.f90 -O1 execution test
FAIL: gfortran.dg/default_format_denormal_1.f90 -O2 execution test
FAIL: gfortran.dg/default_format_denormal_1.f90 -O3 -fomit-frame-pointer execution test
FAIL: gfortran.dg/default_format_denormal_1.f90 -O3 -fomit-frame-pointer -funroll-loops execution test
FAIL: gfortran.dg/default_format_denormal_1.f90 -O3 -fomit-frame-pointer -funroll-all-loops -finline-functions execution test
FAIL: gfortran.dg/default_format_denormal_1.f90 -O3 -g execution test
FAIL: gfortran.dg/default_format_denormal_1.f90 -Os execution test
FAIL: gfortran.dg/nint_2.f90 -O0 execution test
FAIL: gfortran.dg/pr19155.f -O0 execution test
FAIL: gfortran.dg/pr19155.f -O1 execution test
FAIL: gfortran.dg/pr19155.f -O2 execution test
FAIL: gfortran.dg/pr19155.f -O3 -fomit-frame-pointer execution test
FAIL: gfortran.dg/pr19155.f -O3 -fomit-frame-pointer -funroll-loops execution test
FAIL: gfortran.dg/pr19155.f -O3 -fomit-frame-pointer -funroll-all-loops -finline-functions execution test
FAIL: gfortran.dg/pr19155.f -O3 -g execution test
FAIL: gfortran.dg/pr19155.f -Os execution test
FAIL: gfortran.dg/gomp/pr27573.f90 -O (internal compiler error)
FAIL: gfortran.dg/gomp/pr27573.f90 -O (test for excess errors)
FAIL: gfortran.fortran-torture/execute/intrinsic_nearest.f90 execution, -O0
FAIL: gfortran.fortran-torture/execute/intrinsic_nearest.f90 execution, -O1
FAIL: gfortran.fortran-torture/execute/intrinsic_nearest.f90 execution, -O2
FAIL: gfortran.fortran-torture/execute/intrinsic_nearest.f90 execution, -O2 -fomit-frame-pointer -finline-functions
FAIL: gfortran.fortran-torture/execute/intrinsic_nearest.f90 execution, -O2 -fomit-frame-pointer -finline-functions -funroll-loops
FAIL: gfortran.fortran-torture/execute/intrinsic_nearest.f90 execution, -O2 -fbounds-check
FAIL: gfortran.fortran-torture/execute/intrinsic_nearest.f90 execution, -O3 -g
FAIL: gfortran.fortran-torture/execute/intrinsic_nearest.f90 execution, -Os
=== gfortran Summary ===
# of expected passes 33079
# of unexpected failures 35
# of expected failures 31
# of unsupported tests 318
/tmp/20100423/gcc/testsuite/gfortran/../../gfortran version 4.6.0 20100423 (experimental) [trunk revision 158664] (GCC)
=== objc tests ===
Running target unix
=== objc Summary ===
# of expected passes 1823
# of expected failures 25
# of unsupported tests 24
/tmp/20100423/gcc/xgcc version 4.6.0 20100423 (experimental) [trunk revision 158664] (GCC)
=== libgomp tests ===
Running target unix
FAIL: libgomp.fortran/do1.f90 -Os execution test
FAIL: libgomp.fortran/do2.f90 -Os execution test
FAIL: libgomp.fortran/recursion1.f90 -O0 execution test
FAIL: libgomp.fortran/recursion1.f90 -O1 execution test
FAIL: libgomp.fortran/recursion1.f90 -O2 execution test
FAIL: libgomp.fortran/recursion1.f90 -O3 -fomit-frame-pointer execution test
FAIL: libgomp.fortran/recursion1.f90 -O3 -fomit-frame-pointer -funroll-loops execution test
FAIL: libgomp.fortran/recursion1.f90 -O3 -fomit-frame-pointer -funroll-all-loops -finline-functions execution test
FAIL: libgomp.fortran/recursion1.f90 -O3 -g execution test
FAIL: libgomp.fortran/recursion1.f90 -Os execution test
=== libgomp Summary ===
# of expected passes 2508
# of unexpected failures 10
# of unsupported tests 2
=== libstdc++ tests ===
Running target unix
FAIL: 18_support/bad_alloc/cons_virtual_derivation.cc execution test
FAIL: 18_support/bad_cast/cons_virtual_derivation.cc execution test
FAIL: 18_support/bad_exception/cons_virtual_derivation.cc execution test
FAIL: 18_support/bad_typeid/cons_virtual_derivation.cc execution test
FAIL: 19_diagnostics/logic_error/cons_virtual_derivation.cc execution test
FAIL: 19_diagnostics/runtime_error/cons_virtual_derivation.cc execution test
FAIL: 19_diagnostics/system_error/cons_virtual_derivation.cc execution test
FAIL: 20_util/bad_function_call/cons_virtual_derivation.cc execution test
FAIL: 21_strings/basic_string/inserters_extractors/wchar_t/28277.cc execution test
FAIL: 22_locale/ctype/is/char/3.cc execution test
FAIL: 23_containers/vector/profile/vector.cc execution test
FAIL: 26_numerics/headers/cmath/c99_classification_macros_c.cc (test for excess errors)
FAIL: 27_io/basic_filebuf/close/char/1.cc execution test
FAIL: 27_io/basic_filebuf/is_open/char/1.cc execution test
FAIL: 27_io/basic_filebuf/open/char/1.cc execution test
FAIL: 27_io/basic_filebuf/seekoff/char/3-in.cc execution test
FAIL: 27_io/basic_filebuf/seekoff/char/3-io.cc execution test
FAIL: 27_io/basic_ifstream/cons/char/1.cc execution test
FAIL: 27_io/basic_ifstream/open/char/1.cc execution test
FAIL: 27_io/basic_ostream/inserters_character/wchar_t/28277-3.cc execution test
FAIL: 27_io/basic_ostream/inserters_character/wchar_t/28277-4.cc execution test
FAIL: 27_io/ios_base/failure/cons_virtual_derivation.cc execution test
FAIL: 27_io/ios_base/storage/11584.cc execution test
FAIL: 27_io/objects/char/6.cc execution test
FAIL: 27_io/objects/wchar_t/6.cc execution test
FAIL: ext/concurrence_lock_error/cons_virtual_derivation.cc execution test
FAIL: ext/concurrence_unlock_error/cons_virtual_derivation.cc execution test
FAIL: ext/forced_error/cons_virtual_derivation.cc execution test
FAIL: ext/mt_allocator/check_new.cc execution test
FAIL: ext/pool_allocator/check_new.cc execution test
FAIL: ext/profile/all.cc (test for excess errors)
FAIL: ext/vstring/inserters_extractors/wchar_t/28277.cc execution test
=== libstdc++ Summary ===
# of expected passes 6372
# of unexpected failures 32
# of expected failures 83
# of unsupported tests 363
Compiler version: 4.6.0 20100423 (experimental) [trunk revision 158664] (GCC)
Platform: powerpc-ibm-aix5.3.0.0
configure flags: --prefix=/farm/dje/install/powerpc-ibm-aix5.3.0.0-20100423 --disable-werror --enable-languages=c,c++,fortran,objc --with-gmp=/usr/gnu --with-mpfr=/usr/gnu --with-mpc=/usr/gnu --with-ppl=/usr/gnu --with-cloog=/usr/gnu