This is the mail archive of the gcc-testresults@gcc.gnu.org mailing list for the GCC project.


Index Nav: [Date Index] [Subject Index] [Author Index] [Thread Index]
Message Nav: [Date Prev] [Date Next] [Thread Prev] [Thread Next]
Other format: [Raw text]

Results for 4.4.4 20100421 (prerelease) [gcc-4_4-branch revision 158624] (GCC) testsuite on powerpc64-unknown-linux-gnu


LAST_UPDATED: Thu Apr 22 00:14:12 UTC 2010 (revision 158624)

Native configuration is powerpc64-unknown-linux-gnu

		=== g++ tests ===


Running target unix/-m32/-fPIC

		=== g++ Summary for unix/-m32/-fPIC ===

# of expected passes		19746
# of expected failures		157
# of unsupported tests		139

Running target unix/-m32/-fpic

		=== g++ Summary for unix/-m32/-fpic ===

# of expected passes		19746
# of expected failures		157
# of unsupported tests		139

Running target unix/-m32

		=== g++ Summary for unix/-m32 ===

# of expected passes		19746
# of expected failures		157
# of unsupported tests		139

Running target unix/-fPIC

		=== g++ Summary for unix/-fPIC ===

# of expected passes		19712
# of expected failures		157
# of unsupported tests		141

Running target unix/-fpic

		=== g++ Summary for unix/-fpic ===

# of expected passes		19712
# of expected failures		157
# of unsupported tests		141

Running target unix

		=== g++ Summary for unix ===

# of expected passes		19712
# of expected failures		157
# of unsupported tests		141

		=== g++ Summary ===

# of expected passes		118374
# of expected failures		942
# of unsupported tests		840
/home/ghazi/gcc-testing/44/build/gcc/testsuite/g++/../../g++  version 4.4.4 20100421 (prerelease) [gcc-4_4-branch revision 158624] (GCC) 

		=== gcc tests ===


Running target unix/-m32/-fPIC
FAIL: gcc.c-torture/compile/limits-structnest.c  -O2  (test for excess errors)
FAIL: gcc.c-torture/compile/limits-structnest.c  -O3 -fomit-frame-pointer  (test for excess errors)
FAIL: gcc.c-torture/compile/limits-structnest.c  -O3 -g  (test for excess errors)
FAIL: gcc.c-torture/compile/limits-structnest.c  -Os  (test for excess errors)
FAIL: gcc.dg/20020103-1.c scan-assembler-not LC[0-9]
FAIL: gcc.dg/tree-ssa/pr42585.c scan-tree-dump-times optimized "struct _fat_ptr _ans" 0
FAIL: gcc.dg/tree-ssa/pr42585.c scan-tree-dump-times optimized "struct _fat_ptr _T2" 0
FAIL: gcc.target/powerpc/dfp-dd.c scan-assembler dadd
FAIL: gcc.target/powerpc/dfp-dd.c scan-assembler ddiv
FAIL: gcc.target/powerpc/dfp-dd.c scan-assembler dmul
FAIL: gcc.target/powerpc/dfp-dd.c scan-assembler dsub
FAIL: gcc.target/powerpc/dfp-dd.c scan-assembler-times dcmpu 6
FAIL: gcc.target/powerpc/dfp-dd.c scan-assembler-times dctfix 2
FAIL: gcc.target/powerpc/dfp-dd.c scan-assembler-times drintn 2
FAIL: gcc.target/powerpc/dfp-dd.c scan-assembler-times dcffixq 2
FAIL: gcc.target/powerpc/dfp-td.c scan-assembler daddq
FAIL: gcc.target/powerpc/dfp-td.c scan-assembler ddivq
FAIL: gcc.target/powerpc/dfp-td.c scan-assembler dmulq
FAIL: gcc.target/powerpc/dfp-td.c scan-assembler dsubq
FAIL: gcc.target/powerpc/dfp-td.c scan-assembler-times dcmpuq 6
FAIL: gcc.target/powerpc/dfp-td.c scan-assembler-times dctfixq 2
FAIL: gcc.target/powerpc/dfp-td.c scan-assembler-times drintnq 2
FAIL: gcc.target/powerpc/dfp-td.c scan-assembler-times dcffixq 2
FAIL: gcc.target/powerpc/gcse-1.c scan-assembler-times @ha 1
FAIL: gcc.target/powerpc/ppu-intrinsics.c (test for excess errors)

		=== gcc Summary for unix/-m32/-fPIC ===

# of expected passes		54606
# of unexpected failures	25
# of expected failures		191
# of unsupported tests		592

Running target unix/-m32/-fpic
FAIL: gcc.c-torture/compile/limits-structnest.c  -O2  (test for excess errors)
FAIL: gcc.c-torture/compile/limits-structnest.c  -O3 -fomit-frame-pointer  (test for excess errors)
FAIL: gcc.c-torture/compile/limits-structnest.c  -O3 -g  (test for excess errors)
FAIL: gcc.c-torture/compile/limits-structnest.c  -Os  (test for excess errors)
FAIL: gcc.dg/tree-ssa/pr42585.c scan-tree-dump-times optimized "struct _fat_ptr _ans" 0
FAIL: gcc.dg/tree-ssa/pr42585.c scan-tree-dump-times optimized "struct _fat_ptr _T2" 0
FAIL: gcc.target/powerpc/dfp-dd.c scan-assembler dadd
FAIL: gcc.target/powerpc/dfp-dd.c scan-assembler ddiv
FAIL: gcc.target/powerpc/dfp-dd.c scan-assembler dmul
FAIL: gcc.target/powerpc/dfp-dd.c scan-assembler dsub
FAIL: gcc.target/powerpc/dfp-dd.c scan-assembler-times dcmpu 6
FAIL: gcc.target/powerpc/dfp-dd.c scan-assembler-times dctfix 2
FAIL: gcc.target/powerpc/dfp-dd.c scan-assembler-times drintn 2
FAIL: gcc.target/powerpc/dfp-dd.c scan-assembler-times dcffixq 2
FAIL: gcc.target/powerpc/dfp-td.c scan-assembler daddq
FAIL: gcc.target/powerpc/dfp-td.c scan-assembler ddivq
FAIL: gcc.target/powerpc/dfp-td.c scan-assembler dmulq
FAIL: gcc.target/powerpc/dfp-td.c scan-assembler dsubq
FAIL: gcc.target/powerpc/dfp-td.c scan-assembler-times dcmpuq 6
FAIL: gcc.target/powerpc/dfp-td.c scan-assembler-times dctfixq 2
FAIL: gcc.target/powerpc/dfp-td.c scan-assembler-times drintnq 2
FAIL: gcc.target/powerpc/dfp-td.c scan-assembler-times dcffixq 2
FAIL: gcc.target/powerpc/gcse-1.c scan-assembler-times @ha 1
FAIL: gcc.target/powerpc/ppu-intrinsics.c (test for excess errors)

		=== gcc Summary for unix/-m32/-fpic ===

# of expected passes		54607
# of unexpected failures	24
# of expected failures		191
# of unsupported tests		592

Running target unix/-m32
FAIL: gcc.c-torture/compile/limits-structnest.c  -O2  (test for excess errors)
FAIL: gcc.c-torture/compile/limits-structnest.c  -O3 -fomit-frame-pointer  (test for excess errors)
FAIL: gcc.c-torture/compile/limits-structnest.c  -O3 -g  (test for excess errors)
FAIL: gcc.c-torture/compile/limits-structnest.c  -Os  (test for excess errors)
FAIL: gcc.dg/tree-ssa/pr42585.c scan-tree-dump-times optimized "struct _fat_ptr _ans" 0
FAIL: gcc.dg/tree-ssa/pr42585.c scan-tree-dump-times optimized "struct _fat_ptr _T2" 0
FAIL: gcc.target/powerpc/dfp-dd.c scan-assembler dadd
FAIL: gcc.target/powerpc/dfp-dd.c scan-assembler ddiv
FAIL: gcc.target/powerpc/dfp-dd.c scan-assembler dmul
FAIL: gcc.target/powerpc/dfp-dd.c scan-assembler dsub
FAIL: gcc.target/powerpc/dfp-dd.c scan-assembler-times dcmpu 6
FAIL: gcc.target/powerpc/dfp-dd.c scan-assembler-times dctfix 2
FAIL: gcc.target/powerpc/dfp-dd.c scan-assembler-times drintn 2
FAIL: gcc.target/powerpc/dfp-dd.c scan-assembler-times dcffixq 2
FAIL: gcc.target/powerpc/dfp-td.c scan-assembler daddq
FAIL: gcc.target/powerpc/dfp-td.c scan-assembler ddivq
FAIL: gcc.target/powerpc/dfp-td.c scan-assembler dmulq
FAIL: gcc.target/powerpc/dfp-td.c scan-assembler dsubq
FAIL: gcc.target/powerpc/dfp-td.c scan-assembler-times dcmpuq 6
FAIL: gcc.target/powerpc/dfp-td.c scan-assembler-times dctfixq 2
FAIL: gcc.target/powerpc/dfp-td.c scan-assembler-times drintnq 2
FAIL: gcc.target/powerpc/dfp-td.c scan-assembler-times dcffixq 2
FAIL: gcc.target/powerpc/ppu-intrinsics.c (test for excess errors)

		=== gcc Summary for unix/-m32 ===

# of expected passes		54648
# of unexpected failures	23
# of expected failures		191
# of unsupported tests		576

Running target unix/-fPIC
FAIL: gcc.c-torture/compile/limits-structnest.c  -O2  (test for excess errors)
FAIL: gcc.c-torture/compile/limits-structnest.c  -O3 -fomit-frame-pointer  (test for excess errors)
FAIL: gcc.c-torture/compile/limits-structnest.c  -O3 -g  (test for excess errors)
FAIL: gcc.c-torture/compile/limits-structnest.c  -Os  (test for excess errors)
FAIL: gcc.c-torture/execute/vector-2.c execution,  -O2 
FAIL: gcc.c-torture/execute/vector-2.c execution,  -O3 -fomit-frame-pointer 
FAIL: gcc.c-torture/execute/vector-2.c execution,  -O3 -g 
FAIL: gcc.c-torture/execute/vector-2.c execution,  -Os 
FAIL: gcc.dg/tree-ssa/pr42585.c scan-tree-dump-times optimized "struct _fat_ptr _ans" 0
FAIL: gcc.dg/tree-ssa/pr42585.c scan-tree-dump-times optimized "struct _fat_ptr _T2" 0
FAIL: gcc.target/powerpc/dfp-dd.c scan-assembler dadd
FAIL: gcc.target/powerpc/dfp-dd.c scan-assembler ddiv
FAIL: gcc.target/powerpc/dfp-dd.c scan-assembler dmul
FAIL: gcc.target/powerpc/dfp-dd.c scan-assembler dsub
FAIL: gcc.target/powerpc/dfp-dd.c scan-assembler-times dcmpu 6
FAIL: gcc.target/powerpc/dfp-dd.c scan-assembler-times dctfix 2
FAIL: gcc.target/powerpc/dfp-dd.c scan-assembler-times drintn 2
FAIL: gcc.target/powerpc/dfp-dd.c scan-assembler-times dcffixq 2
FAIL: gcc.target/powerpc/dfp-td.c scan-assembler daddq
FAIL: gcc.target/powerpc/dfp-td.c scan-assembler ddivq
FAIL: gcc.target/powerpc/dfp-td.c scan-assembler dmulq
FAIL: gcc.target/powerpc/dfp-td.c scan-assembler dsubq
FAIL: gcc.target/powerpc/dfp-td.c scan-assembler-times dcmpuq 6
FAIL: gcc.target/powerpc/dfp-td.c scan-assembler-times dctfixq 2
FAIL: gcc.target/powerpc/dfp-td.c scan-assembler-times drintnq 2
FAIL: gcc.target/powerpc/dfp-td.c scan-assembler-times dcffixq 2
FAIL: gcc.target/powerpc/ppu-intrinsics.c (test for excess errors)

		=== gcc Summary for unix/-fPIC ===

# of expected passes		54460
# of unexpected failures	27
# of expected failures		195
# of unsupported tests		655

Running target unix/-fpic
FAIL: gcc.c-torture/compile/limits-structnest.c  -O2  (test for excess errors)
FAIL: gcc.c-torture/compile/limits-structnest.c  -O3 -fomit-frame-pointer  (test for excess errors)
FAIL: gcc.c-torture/compile/limits-structnest.c  -O3 -g  (test for excess errors)
FAIL: gcc.c-torture/compile/limits-structnest.c  -Os  (test for excess errors)
FAIL: gcc.c-torture/execute/vector-2.c execution,  -O2 
FAIL: gcc.c-torture/execute/vector-2.c execution,  -O3 -fomit-frame-pointer 
FAIL: gcc.c-torture/execute/vector-2.c execution,  -O3 -g 
FAIL: gcc.c-torture/execute/vector-2.c execution,  -Os 
FAIL: gcc.dg/tree-ssa/pr42585.c scan-tree-dump-times optimized "struct _fat_ptr _ans" 0
FAIL: gcc.dg/tree-ssa/pr42585.c scan-tree-dump-times optimized "struct _fat_ptr _T2" 0
FAIL: gcc.target/powerpc/dfp-dd.c scan-assembler dadd
FAIL: gcc.target/powerpc/dfp-dd.c scan-assembler ddiv
FAIL: gcc.target/powerpc/dfp-dd.c scan-assembler dmul
FAIL: gcc.target/powerpc/dfp-dd.c scan-assembler dsub
FAIL: gcc.target/powerpc/dfp-dd.c scan-assembler-times dcmpu 6
FAIL: gcc.target/powerpc/dfp-dd.c scan-assembler-times dctfix 2
FAIL: gcc.target/powerpc/dfp-dd.c scan-assembler-times drintn 2
FAIL: gcc.target/powerpc/dfp-dd.c scan-assembler-times dcffixq 2
FAIL: gcc.target/powerpc/dfp-td.c scan-assembler daddq
FAIL: gcc.target/powerpc/dfp-td.c scan-assembler ddivq
FAIL: gcc.target/powerpc/dfp-td.c scan-assembler dmulq
FAIL: gcc.target/powerpc/dfp-td.c scan-assembler dsubq
FAIL: gcc.target/powerpc/dfp-td.c scan-assembler-times dcmpuq 6
FAIL: gcc.target/powerpc/dfp-td.c scan-assembler-times dctfixq 2
FAIL: gcc.target/powerpc/dfp-td.c scan-assembler-times drintnq 2
FAIL: gcc.target/powerpc/dfp-td.c scan-assembler-times dcffixq 2
FAIL: gcc.target/powerpc/ppu-intrinsics.c (test for excess errors)

		=== gcc Summary for unix/-fpic ===

# of expected passes		54460
# of unexpected failures	27
# of expected failures		195
# of unsupported tests		655

Running target unix
FAIL: gcc.c-torture/compile/limits-structnest.c  -O2  (test for excess errors)
FAIL: gcc.c-torture/compile/limits-structnest.c  -O3 -fomit-frame-pointer  (test for excess errors)
FAIL: gcc.c-torture/compile/limits-structnest.c  -O3 -g  (test for excess errors)
FAIL: gcc.c-torture/compile/limits-structnest.c  -Os  (test for excess errors)
FAIL: gcc.dg/tree-ssa/pr42585.c scan-tree-dump-times optimized "struct _fat_ptr _ans" 0
FAIL: gcc.dg/tree-ssa/pr42585.c scan-tree-dump-times optimized "struct _fat_ptr _T2" 0
FAIL: gcc.target/powerpc/dfp-dd.c scan-assembler dadd
FAIL: gcc.target/powerpc/dfp-dd.c scan-assembler ddiv
FAIL: gcc.target/powerpc/dfp-dd.c scan-assembler dmul
FAIL: gcc.target/powerpc/dfp-dd.c scan-assembler dsub
FAIL: gcc.target/powerpc/dfp-dd.c scan-assembler-times dcmpu 6
FAIL: gcc.target/powerpc/dfp-dd.c scan-assembler-times dctfix 2
FAIL: gcc.target/powerpc/dfp-dd.c scan-assembler-times drintn 2
FAIL: gcc.target/powerpc/dfp-dd.c scan-assembler-times dcffixq 2
FAIL: gcc.target/powerpc/dfp-td.c scan-assembler daddq
FAIL: gcc.target/powerpc/dfp-td.c scan-assembler ddivq
FAIL: gcc.target/powerpc/dfp-td.c scan-assembler dmulq
FAIL: gcc.target/powerpc/dfp-td.c scan-assembler dsubq
FAIL: gcc.target/powerpc/dfp-td.c scan-assembler-times dcmpuq 6
FAIL: gcc.target/powerpc/dfp-td.c scan-assembler-times dctfixq 2
FAIL: gcc.target/powerpc/dfp-td.c scan-assembler-times drintnq 2
FAIL: gcc.target/powerpc/dfp-td.c scan-assembler-times dcffixq 2
FAIL: gcc.target/powerpc/ppu-intrinsics.c (test for excess errors)

		=== gcc Summary for unix ===

# of expected passes		54494
# of unexpected failures	23
# of expected failures		195
# of unsupported tests		641

		=== gcc Summary ===

# of expected passes		327275
# of unexpected failures	149
# of expected failures		1158
# of unsupported tests		3711
/home/ghazi/gcc-testing/44/build/gcc/xgcc  version 4.4.4 20100421 (prerelease) [gcc-4_4-branch revision 158624] (GCC) 

		=== gfortran tests ===


Running target unix/-m32/-fPIC

		=== gfortran Summary for unix/-m32/-fPIC ===

# of expected passes		29842
# of expected failures		11
# of unsupported tests		264

Running target unix/-m32/-fpic

		=== gfortran Summary for unix/-m32/-fpic ===

# of expected passes		29842
# of expected failures		11
# of unsupported tests		264

Running target unix/-m32

		=== gfortran Summary for unix/-m32 ===

# of expected passes		29842
# of expected failures		11
# of unsupported tests		264

Running target unix/-fPIC

		=== gfortran Summary for unix/-fPIC ===

# of expected passes		30007
# of expected failures		11
# of unsupported tests		183

Running target unix/-fpic

		=== gfortran Summary for unix/-fpic ===

# of expected passes		30007
# of expected failures		11
# of unsupported tests		183

Running target unix

		=== gfortran Summary for unix ===

# of expected passes		30007
# of expected failures		11
# of unsupported tests		183

		=== gfortran Summary ===

# of expected passes		179547
# of expected failures		66
# of unsupported tests		1341
/home/ghazi/gcc-testing/44/build/gcc/testsuite/gfortran/../../gfortran  version 4.4.4 20100421 (prerelease) [gcc-4_4-branch revision 158624] (GCC) 

		=== obj-c++ tests ===


Running target unix/-m32/-fPIC
XPASS: obj-c++.dg/comp-types-10.mm (test for excess errors)
UNRESOLVED: obj-c++.dg/lookup-2.mm compilation failed to produce executable
UNRESOLVED: obj-c++.dg/try-catch-2.mm compilation failed to produce executable
UNRESOLVED: obj-c++.dg/try-catch-9.mm compilation failed to produce executable

		=== obj-c++ Summary for unix/-m32/-fPIC ===

# of expected passes		436
# of unexpected successes	1
# of expected failures		9
# of unresolved testcases	3
# of unsupported tests		13

Running target unix/-m32/-fpic
XPASS: obj-c++.dg/comp-types-10.mm (test for excess errors)
UNRESOLVED: obj-c++.dg/lookup-2.mm compilation failed to produce executable
UNRESOLVED: obj-c++.dg/try-catch-2.mm compilation failed to produce executable
UNRESOLVED: obj-c++.dg/try-catch-9.mm compilation failed to produce executable

		=== obj-c++ Summary for unix/-m32/-fpic ===

# of expected passes		436
# of unexpected successes	1
# of expected failures		9
# of unresolved testcases	3
# of unsupported tests		13

Running target unix/-m32
XPASS: obj-c++.dg/comp-types-10.mm (test for excess errors)
UNRESOLVED: obj-c++.dg/lookup-2.mm compilation failed to produce executable
UNRESOLVED: obj-c++.dg/try-catch-2.mm compilation failed to produce executable
UNRESOLVED: obj-c++.dg/try-catch-9.mm compilation failed to produce executable

		=== obj-c++ Summary for unix/-m32 ===

# of expected passes		436
# of unexpected successes	1
# of expected failures		9
# of unresolved testcases	3
# of unsupported tests		13

Running target unix/-fPIC
XPASS: obj-c++.dg/comp-types-10.mm (test for excess errors)
UNRESOLVED: obj-c++.dg/lookup-2.mm compilation failed to produce executable
UNRESOLVED: obj-c++.dg/try-catch-2.mm compilation failed to produce executable
UNRESOLVED: obj-c++.dg/try-catch-9.mm compilation failed to produce executable

		=== obj-c++ Summary for unix/-fPIC ===

# of expected passes		425
# of unexpected successes	1
# of expected failures		20
# of unresolved testcases	3
# of unsupported tests		13

Running target unix/-fpic
XPASS: obj-c++.dg/comp-types-10.mm (test for excess errors)
UNRESOLVED: obj-c++.dg/lookup-2.mm compilation failed to produce executable
UNRESOLVED: obj-c++.dg/try-catch-2.mm compilation failed to produce executable
UNRESOLVED: obj-c++.dg/try-catch-9.mm compilation failed to produce executable

		=== obj-c++ Summary for unix/-fpic ===

# of expected passes		425
# of unexpected successes	1
# of expected failures		20
# of unresolved testcases	3
# of unsupported tests		13

Running target unix
XPASS: obj-c++.dg/comp-types-10.mm (test for excess errors)
UNRESOLVED: obj-c++.dg/lookup-2.mm compilation failed to produce executable
UNRESOLVED: obj-c++.dg/try-catch-2.mm compilation failed to produce executable
UNRESOLVED: obj-c++.dg/try-catch-9.mm compilation failed to produce executable

		=== obj-c++ Summary for unix ===

# of expected passes		425
# of unexpected successes	1
# of expected failures		20
# of unresolved testcases	3
# of unsupported tests		13

		=== obj-c++ Summary ===

# of expected passes		2583
# of unexpected successes	6
# of expected failures		87
# of unresolved testcases	18
# of unsupported tests		78
/home/ghazi/gcc-testing/44/build/gcc/testsuite/obj-c++/../../g++  version 4.4.4 20100421 (prerelease) [gcc-4_4-branch revision 158624] (GCC) 

		=== objc tests ===


Running target unix/-m32/-fPIC

		=== objc Summary for unix/-m32/-fPIC ===

# of expected passes		1866
# of expected failures		15
# of unsupported tests		24

Running target unix/-m32/-fpic

		=== objc Summary for unix/-m32/-fpic ===

# of expected passes		1866
# of expected failures		15
# of unsupported tests		24

Running target unix/-m32

		=== objc Summary for unix/-m32 ===

# of expected passes		1866
# of expected failures		15
# of unsupported tests		24

Running target unix/-fPIC

		=== objc Summary for unix/-fPIC ===

# of expected passes		1866
# of expected failures		15
# of unsupported tests		24

Running target unix/-fpic

		=== objc Summary for unix/-fpic ===

# of expected passes		1866
# of expected failures		15
# of unsupported tests		24

Running target unix

		=== objc Summary for unix ===

# of expected passes		1866
# of expected failures		15
# of unsupported tests		24

		=== objc Summary ===

# of expected passes		11196
# of expected failures		90
# of unsupported tests		144
/home/ghazi/gcc-testing/44/build/gcc/xgcc  version 4.4.4 20100421 (prerelease) [gcc-4_4-branch revision 158624] (GCC) 

		=== libffi tests ===


Running target unix/-m32/-fPIC

		=== libffi Summary for unix/-m32/-fPIC ===

# of expected passes		1389
# of unsupported tests		10

Running target unix/-m32/-fpic

		=== libffi Summary for unix/-m32/-fpic ===

# of expected passes		1389
# of unsupported tests		10

Running target unix/-m32

		=== libffi Summary for unix/-m32 ===

# of expected passes		1389
# of unsupported tests		10

Running target unix/-fPIC

		=== libffi Summary for unix/-fPIC ===

# of expected passes		1389
# of unsupported tests		10

Running target unix/-fpic

		=== libffi Summary for unix/-fpic ===

# of expected passes		1389
# of unsupported tests		10

Running target unix

		=== libffi Summary for unix ===

# of expected passes		1389
# of unsupported tests		10

		=== libffi Summary ===

# of expected passes		8334
# of unsupported tests		60
		=== libjava tests ===


Running target unix/-m32/-fPIC

		=== libjava Summary for unix/-m32/-fPIC ===

# of expected passes		2574

Running target unix/-m32/-fpic

		=== libjava Summary for unix/-m32/-fpic ===

# of expected passes		2574

Running target unix/-m32

		=== libjava Summary for unix/-m32 ===

# of expected passes		2574

Running target unix/-fPIC
FAIL: getlocalvartable output

		=== libjava Summary for unix/-fPIC ===

# of expected passes		2573
# of unexpected failures	1

Running target unix/-fpic
FAIL: getlocalvartable output

		=== libjava Summary for unix/-fpic ===

# of expected passes		2573
# of unexpected failures	1

Running target unix
FAIL: getlocalvartable output

		=== libjava Summary for unix ===

# of expected passes		2573
# of unexpected failures	1

		=== libjava Summary ===

# of expected passes		15441
# of unexpected failures	3
		=== libmudflap tests ===


Running target unix/-m32/-fPIC
FAIL: libmudflap.c++/pass41-frag.cxx execution test
FAIL: libmudflap.c++/pass41-frag.cxx (-static) execution test
FAIL: libmudflap.c++/pass41-frag.cxx ( -O) execution test
FAIL: libmudflap.c++/pass41-frag.cxx (-O2) execution test
FAIL: libmudflap.c++/pass41-frag.cxx (-O3) execution test

		=== libmudflap Summary for unix/-m32/-fPIC ===

# of expected passes		1889
# of unexpected failures	5

Running target unix/-m32/-fpic
FAIL: libmudflap.c++/pass41-frag.cxx execution test
FAIL: libmudflap.c++/pass41-frag.cxx (-static) execution test
FAIL: libmudflap.c++/pass41-frag.cxx ( -O) execution test
FAIL: libmudflap.c++/pass41-frag.cxx (-O2) execution test
FAIL: libmudflap.c++/pass41-frag.cxx (-O3) execution test

		=== libmudflap Summary for unix/-m32/-fpic ===

# of expected passes		1889
# of unexpected failures	5

Running target unix/-m32
FAIL: libmudflap.c++/pass41-frag.cxx execution test
FAIL: libmudflap.c++/pass41-frag.cxx (-static) execution test
FAIL: libmudflap.c++/pass41-frag.cxx ( -O) execution test
FAIL: libmudflap.c++/pass41-frag.cxx (-O2) execution test
FAIL: libmudflap.c++/pass41-frag.cxx (-O3) execution test

		=== libmudflap Summary for unix/-m32 ===

# of expected passes		1889
# of unexpected failures	5

Running target unix/-fPIC
FAIL: libmudflap.c++/pass41-frag.cxx execution test
FAIL: libmudflap.c++/pass41-frag.cxx (-static) execution test
FAIL: libmudflap.c++/pass41-frag.cxx ( -O) execution test
FAIL: libmudflap.c++/pass41-frag.cxx (-O2) execution test
FAIL: libmudflap.c++/pass41-frag.cxx (-O3) execution test

		=== libmudflap Summary for unix/-fPIC ===

# of expected passes		1889
# of unexpected failures	5

Running target unix/-fpic
FAIL: libmudflap.c++/pass41-frag.cxx execution test
FAIL: libmudflap.c++/pass41-frag.cxx (-static) execution test
FAIL: libmudflap.c++/pass41-frag.cxx ( -O) execution test
FAIL: libmudflap.c++/pass41-frag.cxx (-O2) execution test
FAIL: libmudflap.c++/pass41-frag.cxx (-O3) execution test

		=== libmudflap Summary for unix/-fpic ===

# of expected passes		1889
# of unexpected failures	5

Running target unix
FAIL: libmudflap.c++/pass41-frag.cxx execution test
FAIL: libmudflap.c++/pass41-frag.cxx (-static) execution test
FAIL: libmudflap.c++/pass41-frag.cxx ( -O) execution test
FAIL: libmudflap.c++/pass41-frag.cxx (-O2) execution test
FAIL: libmudflap.c++/pass41-frag.cxx (-O3) execution test

		=== libmudflap Summary for unix ===

# of expected passes		1889
# of unexpected failures	5

		=== libmudflap Summary ===

# of expected passes		11334
# of unexpected failures	30
		=== libstdc++ tests ===


Running target unix/-m32/-fPIC
FAIL: abi_check

		=== libstdc++ Summary for unix/-m32/-fPIC ===

# of expected passes		5870
# of unexpected failures	1
# of expected failures		80
# of unsupported tests		333

Running target unix/-m32/-fpic
FAIL: abi_check

		=== libstdc++ Summary for unix/-m32/-fpic ===

# of expected passes		5870
# of unexpected failures	1
# of expected failures		80
# of unsupported tests		333

Running target unix/-m32
FAIL: abi_check

		=== libstdc++ Summary for unix/-m32 ===

# of expected passes		5870
# of unexpected failures	1
# of expected failures		80
# of unsupported tests		333

Running target unix/-fPIC
FAIL: abi_check
XPASS: 26_numerics/complex/13450.cc execution test
XPASS: 26_numerics/complex/complex_value.cc execution test
XPASS: 26_numerics/complex/pow.cc execution test

		=== libstdc++ Summary for unix/-fPIC ===

# of expected passes		5867
# of unexpected failures	1
# of unexpected successes	3
# of expected failures		80
# of unsupported tests		333

Running target unix/-fpic
FAIL: abi_check
XPASS: 26_numerics/complex/13450.cc execution test
XPASS: 26_numerics/complex/complex_value.cc execution test
XPASS: 26_numerics/complex/pow.cc execution test

		=== libstdc++ Summary for unix/-fpic ===

# of expected passes		5867
# of unexpected failures	1
# of unexpected successes	3
# of expected failures		80
# of unsupported tests		333

Running target unix
FAIL: abi_check
XPASS: 26_numerics/complex/13450.cc execution test
XPASS: 26_numerics/complex/complex_value.cc execution test
XPASS: 26_numerics/complex/pow.cc execution test

		=== libstdc++ Summary for unix ===

# of expected passes		5867
# of unexpected failures	1
# of unexpected successes	3
# of expected failures		80
# of unsupported tests		333

		=== libstdc++ Summary ===

# of expected passes		35211
# of unexpected failures	6
# of unexpected successes	9
# of expected failures		480
# of unsupported tests		1998

Compiler version: 4.4.4 20100421 (prerelease) [gcc-4_4-branch revision 158624] (GCC) 
Platform: powerpc64-unknown-linux-gnu
configure flags: --enable-languages=c,c++,objc,f95,obj-c++,java --disable-libgomp --with-mpc=/opt/cfarm/mpc-0.8-64 --with-mpfr=/opt/cfarm/mpfr-2.4.1-64 --with-gmp=/opt/cfarm/gmp-4.2.4-64


Index Nav: [Date Index] [Subject Index] [Author Index] [Thread Index]
Message Nav: [Date Prev] [Date Next] [Thread Prev] [Thread Next]