This is the mail archive of the
gcc-testresults@gcc.gnu.org
mailing list for the GCC project.
Results for 4.5.1 20100421 (prerelease) [gcc-4_5-branch revision 158617] (GCC) testsuite on hppa-unknown-linux-gnu
- From: dave at mx3210 dot hia dot nrc dot ca (John David Anglin)
- To: dave dot anglin at nrc-cnrc dot gc dot ca, gcc-testresults at gcc dot gnu dot org
- Date: Thu, 22 Apr 2010 21:53:33 -0400 (EDT)
- Subject: Results for 4.5.1 20100421 (prerelease) [gcc-4_5-branch revision 158617] (GCC) testsuite on hppa-unknown-linux-gnu
LAST_UPDATED: Wed Apr 21 18:30:07 UTC 2010 (revision 158617)
=== acats tests ===
FAIL: ce2201d
=== acats Summary ===
# of expected passes 2320
# of unexpected failures 1
Native configuration is hppa-unknown-linux-gnu
=== g++ tests ===
Running target unix
=== g++ Summary ===
# of expected passes 22058
# of expected failures 151
# of unsupported tests 190
/home/dave/gnu/gcc/objdir/gcc/testsuite/g++/../../g++ version 4.5.1 20100421 (prerelease) [gcc-4_5-branch revision 158617] (GCC)
=== gcc tests ===
Running target unix
XPASS: gcc.dg/tree-ssa/loop-1.c scan-assembler-times foo 5
=== gcc Summary ===
# of expected passes 63389
# of unexpected successes 1
# of expected failures 98
# of unsupported tests 721
/home/dave/gnu/gcc/objdir/gcc/xgcc version 4.5.1 20100421 (prerelease) [gcc-4_5-branch revision 158617] (GCC)
=== gfortran tests ===
Running target unix
WARNING: program timed out.
FAIL: gfortran.dg/bound_simplification_1.f90 -O1 (test for excess errors)
UNRESOLVED: gfortran.dg/bound_simplification_1.f90 -O1 compilation failed to produce executable
WARNING: program timed out.
FAIL: gfortran.dg/matmul_7.f90 -O3 -g (test for excess errors)
UNRESOLVED: gfortran.dg/matmul_7.f90 -O3 -g compilation failed to produce executable
FAIL: gfortran.dg/pr41928.f90 -O (internal compiler error)
FAIL: gfortran.dg/pr41928.f90 -O (test for excess errors)
=== gfortran Summary ===
# of expected passes 33109
# of unexpected failures 4
# of expected failures 32
# of unresolved testcases 2
# of unsupported tests 290
/home/dave/gnu/gcc/objdir/gcc/testsuite/gfortran/../../gfortran version 4.5.1 20100421 (prerelease) [gcc-4_5-branch revision 158617] (GCC)
=== gnat tests ===
Running target unix
=== gnat Summary ===
# of expected passes 758
# of expected failures 7
# of unsupported tests 1
=== obj-c++ tests ===
Running target unix
XPASS: obj-c++.dg/comp-types-10.mm -fgnu-runtime (test for excess errors)
UNRESOLVED: obj-c++.dg/lookup-2.mm -fgnu-runtime compilation failed to produce executable
UNRESOLVED: obj-c++.dg/try-catch-2.mm -fgnu-runtime compilation failed to produce executable
UNRESOLVED: obj-c++.dg/try-catch-9.mm -fgnu-runtime compilation failed to produce executable
=== obj-c++ Summary ===
# of expected passes 436
# of unexpected successes 1
# of expected failures 6
# of unresolved testcases 3
# of unsupported tests 13
/home/dave/gnu/gcc/objdir/gcc/testsuite/obj-c++/../../g++ version 4.5.1 20100421 (prerelease) [gcc-4_5-branch revision 158617] (GCC)
=== objc tests ===
Running target unix
=== objc Summary ===
# of expected passes 1868
# of expected failures 15
# of unsupported tests 21
/home/dave/gnu/gcc/objdir/gcc/xgcc version 4.5.1 20100421 (prerelease) [gcc-4_5-branch revision 158617] (GCC)
=== libffi tests ===
Running target unix
=== libffi Summary ===
# of expected passes 1624
# of expected failures 10
# of unsupported tests 15
=== libgomp tests ===
Running target unix
=== libgomp Summary ===
# of expected passes 2508
# of unsupported tests 7
=== libjava tests ===
Running target unix
=== libjava Summary ===
# of expected passes 2574
=== libmudflap tests ===
Running target unix
FAIL: libmudflap.c/fail31-frag.c (-O3) crash test
FAIL: libmudflap.c/fail31-frag.c (-O3) output pattern test
FAIL: libmudflap.c/pass45-frag.c (-O3) execution test
FAIL: libmudflap.c/pass45-frag.c (-O3) output pattern test
FAIL: libmudflap.c/pass45-frag.c (-O3) execution test
FAIL: libmudflap.c/pass45-frag.c (-O3) output pattern test
FAIL: libmudflap.c++/pass41-frag.cxx execution test
FAIL: libmudflap.c++/pass41-frag.cxx (-static) execution test
FAIL: libmudflap.c++/pass41-frag.cxx ( -O) execution test
FAIL: libmudflap.c++/pass41-frag.cxx (-O2) execution test
FAIL: libmudflap.c++/pass41-frag.cxx (-O3) execution test
=== libmudflap Summary ===
# of expected passes 1883
# of unexpected failures 11
=== libstdc++ tests ===
Running target unix
FAIL: ext/profile/all.cc (test for excess errors)
FAIL: ext/profile/mh.cc (test for excess errors)
=== libstdc++ Summary ===
# of expected passes 6839
# of unexpected failures 2
# of expected failures 93
# of unsupported tests 355
Compiler version: 4.5.1 20100421 (prerelease) [gcc-4_5-branch revision 158617] (GCC)
Platform: hppa-unknown-linux-gnu
configure flags: --with-gnu-as --with-gnu-ld --enable-shared --prefix=/home/dave/opt/gnu/gcc/gcc-4.5.0 --with-local-prefix=/home/dave/opt/gnu --enable-threads=posix --enable-__cxa_atexit --build=hppa-linux --enable-clocale=gnu --enable-java-gc=boehm --enable-java-awt=xlib --enable-languages=c,c++,objc,fortran,obj-c++,java,ada