This is the mail archive of the gcc-testresults@gcc.gnu.org mailing list for the GCC project.


Index Nav: [Date Index] [Subject Index] [Author Index] [Thread Index]
Message Nav: [Date Prev] [Date Next] [Thread Prev] [Thread Next]
Other format: [Raw text]

Results for 4.6.0 20100422 (experimental) [trunk revision 158652] (GCC) testsuite on ia64-unknown-linux-gnu


LAST_UPDATED: Thu Apr 22 19:12:47 UTC 2010 (revision 158652)

Native configuration is ia64-unknown-linux-gnu

		=== gcc tests ===


Running target unix
FAIL: gcc.c-torture/compile/limits-exprparen.c  -O0  (test for excess errors)
FAIL: gcc.c-torture/compile/limits-exprparen.c  -O1  (test for excess errors)
FAIL: gcc.c-torture/compile/limits-exprparen.c  -O2  (test for excess errors)
FAIL: gcc.c-torture/compile/limits-exprparen.c  -O3 -fomit-frame-pointer  (test for excess errors)
FAIL: gcc.c-torture/compile/limits-exprparen.c  -O3 -g  (test for excess errors)
FAIL: gcc.c-torture/compile/limits-exprparen.c  -Os  (test for excess errors)
FAIL: gcc.c-torture/compile/limits-exprparen.c  -O2 -flto  (test for excess errors)
FAIL: gcc.c-torture/compile/limits-exprparen.c  -O2 -fwhopr  (test for excess errors)
FAIL: gcc.c-torture/execute/vector-2.c execution,  -O2 -flto 
FAIL: gcc.c-torture/execute/vector-2.c execution,  -O2 -fwhopr 
FAIL: gcc.dg/builtin-apply4.c execution test
FAIL: gcc.dg/cproj-fails-with-broken-glibc.c execution test
XPASS: gcc.dg/guality/example.c  -O0  execution test
WARNING: program timed out.
XPASS: gcc.dg/guality/guality.c  -O0  execution test
WARNING: program timed out.
FAIL: gcc.dg/guality/inline-params.c  -O1  execution test
XPASS: gcc.dg/guality/inline-params.c  -O2  execution test
FAIL: gcc.dg/guality/pr36728-1.c  -O1  line 12 y == 2
FAIL: gcc.dg/guality/pr36728-1.c  -O1  line 14 *x == (char) 25
FAIL: gcc.dg/guality/pr36728-1.c  -O1  line 14 y == 2
FAIL: gcc.dg/guality/pr36728-1.c  -O3 -fomit-frame-pointer  line 12 arg7 == 30
FAIL: gcc.dg/guality/pr36728-1.c  -O3 -fomit-frame-pointer  line 14 arg7 == 30
FAIL: gcc.dg/guality/pr36728-1.c  -O3 -g  line 12 arg7 == 30
FAIL: gcc.dg/guality/pr36728-1.c  -O3 -g  line 14 arg7 == 30
FAIL: gcc.dg/guality/pr36728-2.c  -O1  line 12 y == 2
FAIL: gcc.dg/guality/pr36728-2.c  -O1  line 14 *x == (char) 25
FAIL: gcc.dg/guality/pr36728-2.c  -O1  line 14 y == 2
XPASS: gcc.dg/guality/pr41353-1.c  -O0  line 28 j == 28 + 37
XPASS: gcc.dg/guality/pr41353-1.c  -O1  line 28 j == 28 + 37
XPASS: gcc.dg/guality/pr41353-1.c  -O2  line 28 j == 28 + 37
FAIL: gcc.dg/guality/pr41353-1.c  -O3 -fomit-frame-pointer  line 17 vari1 == 2 * 17
FAIL: gcc.dg/guality/pr41353-1.c  -O3 -fomit-frame-pointer  line 17 vari2 == 3 * 17
FAIL: gcc.dg/guality/pr41353-1.c  -O3 -fomit-frame-pointer  line 17 vari3 == 2 * 17
FAIL: gcc.dg/guality/pr41353-1.c  -O3 -fomit-frame-pointer  line 17 vari4 == 3 * 17
FAIL: gcc.dg/guality/pr41353-1.c  -O3 -fomit-frame-pointer  line 17 vari5 == 4 * 17
FAIL: gcc.dg/guality/pr41353-1.c  -O3 -fomit-frame-pointer  line 17 vari6 == 5 * 17
FAIL: gcc.dg/guality/pr41353-1.c  -O3 -fomit-frame-pointer  line 28 i1 == 2 * 37
FAIL: gcc.dg/guality/pr41353-1.c  -O3 -fomit-frame-pointer  line 28 i2 == 3 * 37
FAIL: gcc.dg/guality/pr41353-1.c  -O3 -fomit-frame-pointer  line 39 i == 12
FAIL: gcc.dg/guality/pr41353-1.c  -O3 -fomit-frame-pointer  line 39 i1 == 2 * 12
FAIL: gcc.dg/guality/pr41353-1.c  -O3 -fomit-frame-pointer  line 39 i2 == 2 * 12
FAIL: gcc.dg/guality/pr41353-1.c  -O3 -fomit-frame-pointer  line 39 i3 == 3 * 12
FAIL: gcc.dg/guality/pr41353-1.c  -O3 -g  line 17 vari1 == 2 * 17
FAIL: gcc.dg/guality/pr41353-1.c  -O3 -g  line 17 vari2 == 3 * 17
FAIL: gcc.dg/guality/pr41353-1.c  -O3 -g  line 17 vari3 == 2 * 17
FAIL: gcc.dg/guality/pr41353-1.c  -O3 -g  line 17 vari4 == 3 * 17
FAIL: gcc.dg/guality/pr41353-1.c  -O3 -g  line 17 vari5 == 4 * 17
FAIL: gcc.dg/guality/pr41353-1.c  -O3 -g  line 17 vari6 == 5 * 17
FAIL: gcc.dg/guality/pr41353-1.c  -O3 -g  line 28 i1 == 2 * 37
FAIL: gcc.dg/guality/pr41353-1.c  -O3 -g  line 28 i2 == 3 * 37
FAIL: gcc.dg/guality/pr41353-1.c  -O3 -g  line 39 i == 12
FAIL: gcc.dg/guality/pr41353-1.c  -O3 -g  line 39 i1 == 2 * 12
FAIL: gcc.dg/guality/pr41353-1.c  -O3 -g  line 39 i2 == 2 * 12
FAIL: gcc.dg/guality/pr41353-1.c  -O3 -g  line 39 i3 == 3 * 12
XPASS: gcc.dg/guality/pr41353-1.c  -Os  line 28 j == 28 + 37
FAIL: gcc.dg/guality/pr41353-1.c  -O2 -flto  line 28 i == 37
FAIL: gcc.dg/guality/pr41353-1.c  -O2 -flto  line 28 i1 == 2 * 37
FAIL: gcc.dg/guality/pr41353-1.c  -O2 -flto  line 28 i2 == 3 * 37
FAIL: gcc.dg/guality/pr41353-1.c  -O2 -fwhopr  line 28 i == 37
FAIL: gcc.dg/guality/pr41353-1.c  -O2 -fwhopr  line 28 i1 == 2 * 37
FAIL: gcc.dg/guality/pr41353-1.c  -O2 -fwhopr  line 28 i2 == 3 * 37
FAIL: gcc.dg/guality/pr41353-2.c  -O3 -fomit-frame-pointer  line 13 vari1 == 2 * 17
FAIL: gcc.dg/guality/pr41353-2.c  -O3 -fomit-frame-pointer  line 13 vari2 == 3 * 17
FAIL: gcc.dg/guality/pr41353-2.c  -O3 -g  line 13 vari1 == 2 * 17
FAIL: gcc.dg/guality/pr41353-2.c  -O3 -g  line 13 vari2 == 3 * 17
FAIL: gcc.dg/guality/pr41404-1.c  -O1  line 10 *foo == 'f'
FAIL: gcc.dg/guality/pr41404-1.c  -O2  line 10 *foo == 'f'
FAIL: gcc.dg/guality/pr41404-1.c  -Os  line 10 *foo == 'f'
XPASS: gcc.dg/guality/pr41447-1.c  -O0  execution test
XPASS: gcc.dg/guality/pr41447-1.c  -O2  execution test
XPASS: gcc.dg/guality/pr41447-1.c  -O3 -fomit-frame-pointer  execution test
XPASS: gcc.dg/guality/pr41447-1.c  -O3 -g  execution test
WARNING: program timed out.
XPASS: gcc.dg/guality/pr41447-1.c  -O2 -flto  execution test
XPASS: gcc.dg/guality/pr41447-1.c  -O2 -fwhopr  execution test
XPASS: gcc.dg/guality/pr41616-1.c  -O0  execution test
XPASS: gcc.dg/guality/pr41616-1.c  -O2  execution test
XPASS: gcc.dg/guality/pr41616-1.c  -O2 -flto  execution test
XPASS: gcc.dg/guality/pr41616-1.c  -O2 -fwhopr  execution test
FAIL: gcc.dg/guality/pr43051-1.c  -O1  line 34 c == &a[0]
FAIL: gcc.dg/guality/pr43051-1.c  -O1  line 39 c == &a[0]
FAIL: gcc.dg/guality/pr43077-1.c  -O0  line 11 vara == 0
FAIL: gcc.dg/guality/pr43077-1.c  -O0  line 19 vara == 1
FAIL: gcc.dg/guality/pr43077-1.c  -O1  line 42 b == 2
FAIL: gcc.dg/guality/pr43077-1.c  -O2  line 42 b == 2
FAIL: gcc.dg/guality/pr43077-1.c  -O3 -fomit-frame-pointer  line 11 vara == 0
FAIL: gcc.dg/guality/pr43077-1.c  -O3 -fomit-frame-pointer  line 19 vara == 1
FAIL: gcc.dg/guality/pr43077-1.c  -O3 -fomit-frame-pointer  line 42 a == 1
FAIL: gcc.dg/guality/pr43077-1.c  -O3 -fomit-frame-pointer  line 42 vara == 1
FAIL: gcc.dg/guality/pr43077-1.c  -O3 -fomit-frame-pointer  line 42 varb == 2
FAIL: gcc.dg/guality/pr43077-1.c  -O3 -fomit-frame-pointer  line 42 varc == 3
FAIL: gcc.dg/guality/pr43077-1.c  -O3 -g  line 11 vara == 0
FAIL: gcc.dg/guality/pr43077-1.c  -O3 -g  line 19 vara == 1
FAIL: gcc.dg/guality/pr43077-1.c  -O3 -g  line 42 a == 1
FAIL: gcc.dg/guality/pr43077-1.c  -O3 -g  line 42 vara == 1
FAIL: gcc.dg/guality/pr43077-1.c  -O3 -g  line 42 varb == 2
FAIL: gcc.dg/guality/pr43077-1.c  -O3 -g  line 42 varc == 3
FAIL: gcc.dg/guality/pr43077-1.c  -Os  line 42 b == 2
FAIL: gcc.dg/guality/pr43177.c  -O3 -fomit-frame-pointer  line 15 x == 7
FAIL: gcc.dg/guality/pr43177.c  -O3 -fomit-frame-pointer  line 24 x == 7
FAIL: gcc.dg/guality/pr43177.c  -O3 -g  line 15 x == 7
FAIL: gcc.dg/guality/pr43177.c  -O3 -g  line 24 x == 7
FAIL: gcc.dg/guality/pr43329-1.c  -O0  (test for excess errors)
WARNING: gcc.dg/guality/pr43329-1.c  -O0  compilation failed to produce executable
FAIL: gcc.dg/guality/pr43329-1.c  -O1  (test for excess errors)
WARNING: gcc.dg/guality/pr43329-1.c  -O1  compilation failed to produce executable
FAIL: gcc.dg/guality/pr43329-1.c  -O2  (test for excess errors)
WARNING: gcc.dg/guality/pr43329-1.c  -O2  compilation failed to produce executable
FAIL: gcc.dg/guality/pr43329-1.c  -O3 -fomit-frame-pointer  (test for excess errors)
WARNING: gcc.dg/guality/pr43329-1.c  -O3 -fomit-frame-pointer  compilation failed to produce executable
FAIL: gcc.dg/guality/pr43329-1.c  -O3 -g  (test for excess errors)
WARNING: gcc.dg/guality/pr43329-1.c  -O3 -g  compilation failed to produce executable
FAIL: gcc.dg/guality/pr43329-1.c  -Os  (test for excess errors)
WARNING: gcc.dg/guality/pr43329-1.c  -Os  compilation failed to produce executable
FAIL: gcc.dg/guality/pr43329-1.c  -O2 -flto  (test for excess errors)
WARNING: gcc.dg/guality/pr43329-1.c  -O2 -flto  compilation failed to produce executable
FAIL: gcc.dg/guality/pr43329-1.c  -O2 -fwhopr  (test for excess errors)
WARNING: gcc.dg/guality/pr43329-1.c  -O2 -fwhopr  compilation failed to produce executable
FAIL: gcc.dg/guality/pr43479.c  -O3 -fomit-frame-pointer  line 13 h == 9
FAIL: gcc.dg/guality/pr43479.c  -O3 -fomit-frame-pointer  line 18 j == 8
FAIL: gcc.dg/guality/pr43479.c  -O3 -fomit-frame-pointer  line 18 h == 9
FAIL: gcc.dg/guality/pr43479.c  -O3 -g  line 13 h == 9
FAIL: gcc.dg/guality/pr43479.c  -O3 -g  line 18 j == 8
FAIL: gcc.dg/guality/pr43479.c  -O3 -g  line 18 h == 9
FAIL: gcc.dg/guality/pr43593.c  -O1  line 16 j == &i
FAIL: gcc.dg/guality/pr43593.c  -O2  line 16 j == &i
FAIL: gcc.dg/guality/pr43593.c  -O3 -fomit-frame-pointer  line 16 j == &i
FAIL: gcc.dg/guality/pr43593.c  -O3 -g  line 16 j == &i
FAIL: gcc.dg/guality/pr43593.c  -Os  line 16 j == &i
FAIL: gcc.dg/guality/pr43593.c  -O2 -flto  line 16 j == &i
FAIL: gcc.dg/guality/pr43593.c  -O2 -fwhopr  line 16 j == &i
FAIL: gcc.dg/guality/vla-1.c  -O1  line 24 sizeof (a) == 17 * sizeof (short)
FAIL: gcc.dg/guality/vla-1.c  -O2  line 24 i == 5
FAIL: gcc.dg/guality/vla-1.c  -O2  line 24 sizeof (a) == 17 * sizeof (short)
FAIL: gcc.dg/guality/vla-1.c  -O3 -fomit-frame-pointer  line 17 sizeof (a) == 6
FAIL: gcc.dg/guality/vla-1.c  -O3 -fomit-frame-pointer  line 24 i == 5
FAIL: gcc.dg/guality/vla-1.c  -O3 -fomit-frame-pointer  line 24 sizeof (a) == 17 * sizeof (short)
FAIL: gcc.dg/guality/vla-1.c  -O3 -g  line 17 sizeof (a) == 6
FAIL: gcc.dg/guality/vla-1.c  -O3 -g  line 24 i == 5
FAIL: gcc.dg/guality/vla-1.c  -O3 -g  line 24 sizeof (a) == 17 * sizeof (short)
FAIL: gcc.dg/guality/vla-1.c  -Os  line 24 i == 5
FAIL: gcc.dg/guality/vla-1.c  -Os  line 24 sizeof (a) == 17 * sizeof (short)
FAIL: gcc.dg/guality/vla-1.c  -O2 -flto  line 17 i == 5
FAIL: gcc.dg/guality/vla-1.c  -O2 -flto  line 17 sizeof (a) == 6
FAIL: gcc.dg/guality/vla-1.c  -O2 -flto  line 24 i == 5
FAIL: gcc.dg/guality/vla-1.c  -O2 -flto  line 24 sizeof (a) == 17 * sizeof (short)
FAIL: gcc.dg/guality/vla-1.c  -O2 -fwhopr  line 17 sizeof (a) == 6
FAIL: gcc.dg/guality/vla-1.c  -O2 -fwhopr  line 24 sizeof (a) == 17 * sizeof (short)
FAIL: gcc.dg/lto/20090126-1 c_lto_20090126-1_0.o-c_lto_20090126-1_0.o link,  (internal compiler error)
UNRESOLVED: gcc.dg/lto/20090126-1 c_lto_20090126-1_0.o-c_lto_20090126-1_0.o execute -O0 -fwhopr
FAIL: gcc.dg/lto/20091216-1 c_lto_20091216-1_0.o assemble, -O0 -fwhopr
UNRESOLVED: gcc.dg/lto/20091216-1 c_lto_20091216-1_0.o-c_lto_20091216-1_0.o link -O0 -fwhopr
UNRESOLVED: gcc.dg/lto/20091216-1 c_lto_20091216-1_0.o-c_lto_20091216-1_0.o execute -O0 -fwhopr
FAIL: gcc.dg/lto/20091216-1 c_lto_20091216-1_0.o assemble, -O2 -fwhopr
UNRESOLVED: gcc.dg/lto/20091216-1 c_lto_20091216-1_0.o-c_lto_20091216-1_0.o link -O2 -fwhopr
UNRESOLVED: gcc.dg/lto/20091216-1 c_lto_20091216-1_0.o-c_lto_20091216-1_0.o execute -O2 -fwhopr
FAIL: gcc.dg/lto/20091216-1 c_lto_20091216-1_0.o assemble, -O0 -flto
UNRESOLVED: gcc.dg/lto/20091216-1 c_lto_20091216-1_0.o-c_lto_20091216-1_0.o link -O0 -flto
UNRESOLVED: gcc.dg/lto/20091216-1 c_lto_20091216-1_0.o-c_lto_20091216-1_0.o execute -O0 -flto
FAIL: gcc.dg/lto/20091216-1 c_lto_20091216-1_0.o assemble, -O2 -flto
UNRESOLVED: gcc.dg/lto/20091216-1 c_lto_20091216-1_0.o-c_lto_20091216-1_0.o link -O2 -flto
UNRESOLVED: gcc.dg/lto/20091216-1 c_lto_20091216-1_0.o-c_lto_20091216-1_0.o execute -O2 -flto
XPASS: gcc.dg/tree-ssa/loop-1.c scan-assembler-times foo 5
FAIL: gcc.dg/vect/slp-reduc-3.c scan-tree-dump-times vect "vectorized 1 loops" 2
FAIL: gcc.dg/vect/slp-reduc-3.c scan-tree-dump-times vect "vectorizing stmts using SLP" 1
FAIL: gcc.dg/vect/slp-reduc-6.c scan-tree-dump-times vect "vectorized 1 loops" 2

		=== gcc Summary ===

# of expected passes		64815
# of unexpected failures	129
# of unexpected successes	18
# of expected failures		254
# of unresolved testcases	9
# of unsupported tests		804
/export/build/gnu/gcc/build-ia64-linux/gcc/xgcc  version 4.6.0 20100422 (experimental) [trunk revision 158652] (GCC) 

		=== gfortran tests ===


Running target unix
FAIL: gfortran.dg/array_constructor_23.f  -O2  (test for excess errors)
FAIL: gfortran.dg/array_constructor_24.f  -O2  (test for excess errors)

		=== gfortran Summary ===

# of expected passes		34271
# of unexpected failures	2
# of expected failures		29
# of unsupported tests		39
/export/build/gnu/gcc/build-ia64-linux/gcc/testsuite/gfortran/../../gfortran  version 4.6.0 20100422 (experimental) [trunk revision 158652] (GCC) 

		=== g++ tests ===


Running target unix

		=== g++ Summary ===

# of expected passes		21570
# of expected failures		151
# of unsupported tests		341
/export/build/gnu/gcc/build-ia64-linux/gcc/testsuite/g++/../../g++  version 4.6.0 20100422 (experimental) [trunk revision 158652] (GCC) 

		=== objc tests ===


Running target unix

		=== objc Summary ===

# of expected passes		1867
# of expected failures		15
# of unsupported tests		21
/export/build/gnu/gcc/build-ia64-linux/gcc/xgcc  version 4.6.0 20100422 (experimental) [trunk revision 158652] (GCC) 

		=== libffi tests ===


Running target unix

		=== libffi Summary ===

# of expected passes		1624
# of expected failures		10
# of unsupported tests		15
		=== libgomp tests ===


Running target unix

		=== libgomp Summary ===

# of expected passes		2476
		=== libjava tests ===


Running target unix
FAIL: getlocalvartable output
FAIL: Throw_3 -O3 output - source compiled test
FAIL: Throw_3 -O3 -findirect-dispatch output - source compiled test

		=== libjava Summary ===

# of expected passes		2571
# of unexpected failures	3
		=== libmudflap tests ===


Running target unix
FAIL: libmudflap.c/fail31-frag.c (-O3) crash test
FAIL: libmudflap.c/fail31-frag.c (-O3) output pattern test
FAIL: libmudflap.c/pass45-frag.c (-O3) execution test
FAIL: libmudflap.c/pass45-frag.c (-O3) output pattern test
FAIL: libmudflap.c/pass45-frag.c (-O3) execution test
FAIL: libmudflap.c/pass45-frag.c (-O3) output pattern test
FAIL: libmudflap.c++/pass41-frag.cxx (test for excess errors)
FAIL: libmudflap.c++/pass41-frag.cxx execution test
FAIL: libmudflap.c++/pass57-frag.cxx (test for excess errors)
FAIL: libmudflap.c++/pass41-frag.cxx (-static) (test for excess errors)
FAIL: libmudflap.c++/pass41-frag.cxx (-static) execution test
FAIL: libmudflap.c++/pass57-frag.cxx (-static) (test for excess errors)
FAIL: libmudflap.c++/pass41-frag.cxx ( -O) (test for excess errors)
FAIL: libmudflap.c++/pass41-frag.cxx ( -O) execution test
FAIL: libmudflap.c++/pass57-frag.cxx ( -O) (test for excess errors)
FAIL: libmudflap.c++/pass41-frag.cxx (-O2) (test for excess errors)
FAIL: libmudflap.c++/pass41-frag.cxx (-O2) execution test
FAIL: libmudflap.c++/pass57-frag.cxx (-O2) (test for excess errors)
FAIL: libmudflap.c++/pass41-frag.cxx (-O3) (test for excess errors)
FAIL: libmudflap.c++/pass41-frag.cxx (-O3) execution test
FAIL: libmudflap.c++/pass57-frag.cxx (-O3) (test for excess errors)

		=== libmudflap Summary ===

# of expected passes		1873
# of unexpected failures	21
		=== libstdc++ tests ===


Running target unix
FAIL: 23_containers/deque/operators/1.cc (test for excess errors)
FAIL: abi/demangle/regression/cw-13.cc execution test
FAIL: ext/pb_ds/regression/hash_data_map_rand.cc execution test
FAIL: ext/pb_ds/regression/hash_no_data_map_rand.cc execution test
FAIL: ext/pb_ds/regression/list_update_no_data_map_rand.cc execution test
FAIL: ext/pb_ds/regression/priority_queue_rand.cc execution test
FAIL: ext/pb_ds/regression/tree_data_map_rand.cc execution test
FAIL: ext/pb_ds/regression/tree_no_data_map_rand.cc execution test
FAIL: ext/pb_ds/regression/trie_data_map_rand.cc execution test
FAIL: ext/pb_ds/regression/trie_no_data_map_rand.cc execution test
WARNING: program timed out.

		=== libstdc++ Summary ===

# of expected passes		7475
# of unexpected failures	10
# of expected failures		93
# of unsupported tests		29

Compiler version: 4.6.0 20100422 (experimental) [trunk revision 158652] (GCC) 
Platform: ia64-unknown-linux-gnu
configure flags: --enable-clocale=gnu --with-system-zlib --enable-checking=assert --with-demangler-in-ld --enable-shared --enable-threads=posix --enable-haifa --prefix=/usr/gcc-4.5 --with-local-prefix=/usr/local


Index Nav: [Date Index] [Subject Index] [Author Index] [Thread Index]
Message Nav: [Date Prev] [Date Next] [Thread Prev] [Thread Next]