This is the mail archive of the gcc-testresults@gcc.gnu.org mailing list for the GCC project.


Index Nav: [Date Index] [Subject Index] [Author Index] [Thread Index]
Message Nav: [Date Prev] [Date Next] [Thread Prev] [Thread Next]
Other format: [Raw text]

Results for 4.6.0 20100421 (experimental) [trunk revision 158610] (GCC) testsuite on hppa64-hp-hpux11.11


Native configuration is hppa64-hp-hpux11.11

		=== g++ tests ===


Running target unix

		=== g++ Summary ===

# of expected passes		21111
# of expected failures		153
# of unsupported tests		238
/test/gnu/gcc/objdir/gcc/testsuite/g++/../../g++  version 4.6.0 20100421 (experimental) [trunk revision 158610] (GCC) 

		=== gcc tests ===


Running target unix
WARNING: program timed out.
FAIL: gcc.c-torture/compile/limits-fnargs.c  -O3 -g  (test for excess errors)
XPASS: gcc.dg/funcorder.c scan-assembler-not link_error,%r
WARNING: program timed out.
FAIL: gcc.dg/pr43058.c (test for excess errors)
WARNING: program timed out.
FAIL: gcc.dg/lto/20090116 c_lto_20090116_0.o-c_lto_20090116_0.o link,  (internal compiler error)
UNRESOLVED: gcc.dg/lto/20090116 c_lto_20090116_0.o-c_lto_20090116_0.o execute -O1 -fwhopr -fPIC
FAIL: gcc.dg/lto/20090126-1 c_lto_20090126-1_0.o-c_lto_20090126-1_0.o link,  (internal compiler error)
UNRESOLVED: gcc.dg/lto/20090126-1 c_lto_20090126-1_0.o-c_lto_20090126-1_0.o execute -O0 -fwhopr
FAIL: gcc.dg/lto/20090313 c_lto_20090313_0.o-c_lto_20090313_0.o link
UNRESOLVED: gcc.dg/lto/20090313 c_lto_20090313_0.o-c_lto_20090313_0.o execute -O0 -fwhopr
FAIL: gcc.dg/lto/20090313 c_lto_20090313_0.o-c_lto_20090313_0.o link
UNRESOLVED: gcc.dg/lto/20090313 c_lto_20090313_0.o-c_lto_20090313_0.o execute -O2 -fwhopr
FAIL: gcc.dg/lto/20090313 c_lto_20090313_0.o-c_lto_20090313_0.o link
UNRESOLVED: gcc.dg/lto/20090313 c_lto_20090313_0.o-c_lto_20090313_0.o execute -O0 -flto
FAIL: gcc.dg/lto/20090313 c_lto_20090313_0.o-c_lto_20090313_0.o link
UNRESOLVED: gcc.dg/lto/20090313 c_lto_20090313_0.o-c_lto_20090313_0.o execute -O2 -flto
FAIL: gcc.dg/tree-ssa/20031015-1.c (internal compiler error)
FAIL: gcc.dg/tree-ssa/20031015-1.c (test for excess errors)
FAIL: gcc.dg/tree-ssa/asm-1.c (internal compiler error)
FAIL: gcc.dg/tree-ssa/asm-1.c (test for excess errors)
FAIL: gcc.dg/tree-ssa/asm-1.c scan-tree-dump-times optimized "63" 1
FAIL: gcc.dg/tree-ssa/asm-2.c (internal compiler error)
FAIL: gcc.dg/tree-ssa/asm-2.c (test for excess errors)
FAIL: gcc.dg/tree-ssa/asm-2.c scan-tree-dump-times optimized "asm[^\\r\\n]*xyzzy" 1
FAIL: gcc.dg/tree-ssa/asmgoto-1.c (internal compiler error)
FAIL: gcc.dg/tree-ssa/asmgoto-1.c (test for excess errors)
FAIL: gcc.dg/tree-ssa/asmgoto-1.c scan-tree-dump-times optimized "XYZZY" 1
FAIL: gcc.dg/tree-ssa/inline_asm-1.c (internal compiler error)
FAIL: gcc.dg/tree-ssa/inline_asm-1.c (test for excess errors)
FAIL: gcc.dg/tree-ssa/inline_asm-1.c scan-tree-dump-times optimized "test_function" 2: dump file does not exist
FAIL: gcc.dg/tree-ssa/pr23848-4.c (internal compiler error)
FAIL: gcc.dg/tree-ssa/pr23848-4.c (test for excess errors)
FAIL: gcc.dg/tree-ssa/pr38533.c (internal compiler error)
FAIL: gcc.dg/tree-ssa/pr38533.c (test for excess errors)
FAIL: gcc.dg/tree-ssa/pr38533.c scan-tree-dump-times reassoc1 "__asm__[^;
FAIL: gcc.dg/tree-ssa/stdarg-2.c (internal compiler error)
FAIL: gcc.dg/tree-ssa/stdarg-2.c (test for excess errors)

		=== gcc Summary ===

# of expected passes		62030
# of unexpected failures	29
# of unexpected successes	1
# of expected failures		91
# of unresolved testcases	6
# of unsupported tests		795
/test/gnu/gcc/objdir/gcc/xgcc  version 4.6.0 20100421 (experimental) [trunk revision 158610] (GCC) 

		=== gfortran tests ===


Running target unix

		=== gfortran Summary ===

# of expected passes		33179
# of expected failures		20
# of unsupported tests		285
/test/gnu/gcc/objdir/gcc/testsuite/gfortran/../../gfortran  version 4.6.0 20100421 (experimental) [trunk revision 158610] (GCC) 

		=== obj-c++ tests ===


Running target unix
FAIL: obj-c++.dg/const-str-5.mm -fgnu-runtime (test for excess errors)
FAIL: obj-c++.dg/const-str-6.mm -fgnu-runtime (test for excess errors)
WARNING: obj-c++.dg/lookup-2.mm -fgnu-runtime compilation failed to produce executable
WARNING: obj-c++.dg/try-catch-2.mm -fgnu-runtime compilation failed to produce executable
WARNING: obj-c++.dg/try-catch-9.mm -fgnu-runtime compilation failed to produce executable

		=== obj-c++ Summary ===

# of expected passes		428
# of unexpected failures	2
# of expected failures		14
# of unsupported tests		12
/test/gnu/gcc/objdir/gcc/testsuite/obj-c++/../../g++  version 4.6.0 20100421 (experimental) [trunk revision 158610] (GCC) 

		=== objc tests ===


Running target unix

		=== objc Summary ===

# of expected passes		1867
# of expected failures		15
# of unsupported tests		21
/test/gnu/gcc/objdir/gcc/xgcc  version 4.6.0 20100421 (experimental) [trunk revision 158610] (GCC) 

		=== libgomp tests ===


Running target unix

		=== libgomp Summary ===

# of expected passes		2458
# of unsupported tests		9
		=== libstdc++ tests ===


Running target unix
FAIL: ext/profile/all.cc (test for excess errors)

		=== libstdc++ Summary ===

# of expected passes		6326
# of unexpected failures	1
# of expected failures		89
# of unsupported tests		616

Compiler version: 4.6.0 20100421 (experimental) [trunk revision 158610] (GCC) 
Platform: hppa64-hp-hpux11.11
configure flags:Test Run By dave on Wed Apr 21 20:07:48 2010


Index Nav: [Date Index] [Subject Index] [Author Index] [Thread Index]
Message Nav: [Date Prev] [Date Next] [Thread Prev] [Thread Next]