This is the mail archive of the gcc-testresults@gcc.gnu.org mailing list for the GCC project.


Index Nav: [Date Index] [Subject Index] [Author Index] [Thread Index]
Message Nav: [Date Prev] [Date Next] [Thread Prev] [Thread Next]
Other format: [Raw text]

Results for 4.5.0 (Debian 20100414-1) testsuite on hppa-unknown-linux-gnu


LAST_UPDATED: Wed Apr 14 09:52:31 UTC 2010 (revision 158341)

Target: hppa-linux-gnu
gcc version 4.5.0 (Debian 20100414-1) 

		=== acats tests ===

		=== acats Summary ===
# of expected passes		2321
# of unexpected failures	0
Native configuration is hppa-unknown-linux-gnu

		=== g++ tests ===


Running target unix
UNRESOLVED: attribute_plugin.c compilation, -I. -I/build/buildd-gcc-snapshot_20100414-1-hppa-btzQfo/gcc-snapshot-20100414/src/gcc/testsuite -I/build/buildd-gcc-snapshot_20100414-1-hppa-btzQfo/gcc-snapshot-20100414/src/gcc/testsuite/../../gcc -I/build/buildd-gcc-snapshot_20100414-1-hppa-btzQfo/gcc-snapshot-20100414/build/gcc/testsuite/g++/../../../gcc  -I/build/buildd-gcc-snapshot_20100414-1-hppa-btzQfo/gcc-snapshot-20100414/src/gcc/testsuite/../../include -I/build/buildd-gcc-snapshot_20100414-1-hppa-btzQfo/gcc-snapshot-20100414/src/gcc/testsuite/../../libcpp/include    -DIN_GCC -fPIC -shared
UNRESOLVED: pragma_plugin.c compilation, -I. -I/build/buildd-gcc-snapshot_20100414-1-hppa-btzQfo/gcc-snapshot-20100414/src/gcc/testsuite -I/build/buildd-gcc-snapshot_20100414-1-hppa-btzQfo/gcc-snapshot-20100414/src/gcc/testsuite/../../gcc -I/build/buildd-gcc-snapshot_20100414-1-hppa-btzQfo/gcc-snapshot-20100414/build/gcc/testsuite/g++/../../../gcc  -I/build/buildd-gcc-snapshot_20100414-1-hppa-btzQfo/gcc-snapshot-20100414/src/gcc/testsuite/../../include -I/build/buildd-gcc-snapshot_20100414-1-hppa-btzQfo/gcc-snapshot-20100414/src/gcc/testsuite/../../libcpp/include    -DIN_GCC -fPIC -shared
UNRESOLVED: selfassign.c compilation, -I. -I/build/buildd-gcc-snapshot_20100414-1-hppa-btzQfo/gcc-snapshot-20100414/src/gcc/testsuite -I/build/buildd-gcc-snapshot_20100414-1-hppa-btzQfo/gcc-snapshot-20100414/src/gcc/testsuite/../../gcc -I/build/buildd-gcc-snapshot_20100414-1-hppa-btzQfo/gcc-snapshot-20100414/build/gcc/testsuite/g++/../../../gcc  -I/build/buildd-gcc-snapshot_20100414-1-hppa-btzQfo/gcc-snapshot-20100414/src/gcc/testsuite/../../include -I/build/buildd-gcc-snapshot_20100414-1-hppa-btzQfo/gcc-snapshot-20100414/src/gcc/testsuite/../../libcpp/include   -O -DIN_GCC -fPIC -shared
UNRESOLVED: dumb_plugin.c compilation, -I. -I/build/buildd-gcc-snapshot_20100414-1-hppa-btzQfo/gcc-snapshot-20100414/src/gcc/testsuite -I/build/buildd-gcc-snapshot_20100414-1-hppa-btzQfo/gcc-snapshot-20100414/src/gcc/testsuite/../../gcc -I/build/buildd-gcc-snapshot_20100414-1-hppa-btzQfo/gcc-snapshot-20100414/build/gcc/testsuite/g++/../../../gcc  -I/build/buildd-gcc-snapshot_20100414-1-hppa-btzQfo/gcc-snapshot-20100414/src/gcc/testsuite/../../include -I/build/buildd-gcc-snapshot_20100414-1-hppa-btzQfo/gcc-snapshot-20100414/src/gcc/testsuite/../../libcpp/include    -DIN_GCC -fPIC -shared
UNRESOLVED: header_plugin.c compilation, -I. -I/build/buildd-gcc-snapshot_20100414-1-hppa-btzQfo/gcc-snapshot-20100414/src/gcc/testsuite -I/build/buildd-gcc-snapshot_20100414-1-hppa-btzQfo/gcc-snapshot-20100414/src/gcc/testsuite/../../gcc -I/build/buildd-gcc-snapshot_20100414-1-hppa-btzQfo/gcc-snapshot-20100414/build/gcc/testsuite/g++/../../../gcc  -I/build/buildd-gcc-snapshot_20100414-1-hppa-btzQfo/gcc-snapshot-20100414/src/gcc/testsuite/../../include -I/build/buildd-gcc-snapshot_20100414-1-hppa-btzQfo/gcc-snapshot-20100414/src/gcc/testsuite/../../libcpp/include    -DIN_GCC -fPIC -shared

		=== g++ Summary ===

# of expected passes		21983
# of expected failures		151
# of unresolved testcases	5
# of unsupported tests		190
/build/buildd-gcc-snapshot_20100414-1-hppa-btzQfo/gcc-snapshot-20100414/build/gcc/testsuite/g++/../../g++  version 4.5.0 (Debian 20100414-1) 

		=== gcc tests ===


Running target unix
FAIL: gcc.dg/pr34668-1.c (internal compiler error)
FAIL: gcc.dg/pr34668-1.c (test for excess errors)
WARNING: program timed out.
		=== gfortran tests ===


Running target unix
FAIL: gfortran.dg/pr41928.f90  -O  (internal compiler error)
FAIL: gfortran.dg/pr41928.f90  -O  (test for excess errors)

		=== gfortran Summary ===

# of expected passes		33097
# of unexpected failures	2
# of expected failures		32
# of unsupported tests		298
/build/buildd-gcc-snapshot_20100414-1-hppa-btzQfo/gcc-snapshot-20100414/build/gcc/testsuite/gfortran/../../gfortran  version 4.5.0 (Debian 20100414-1) 

		=== gnat tests ===


Running target unix

		=== gnat Summary ===

# of expected passes		757
# of expected failures		7
# of unsupported tests		1
		=== obj-c++ tests ===


Running target unix
UNRESOLVED: obj-c++.dg/lookup-2.mm -fgnu-runtime compilation failed to produce executable
UNRESOLVED: obj-c++.dg/try-catch-2.mm -fgnu-runtime compilation failed to produce executable
UNRESOLVED: obj-c++.dg/try-catch-9.mm -fgnu-runtime compilation failed to produce executable

		=== obj-c++ Summary ===

# of expected passes		438
# of expected failures		7
# of unresolved testcases	3
# of unsupported tests		13
/build/buildd-gcc-snapshot_20100414-1-hppa-btzQfo/gcc-snapshot-20100414/build/gcc/testsuite/obj-c++/../../g++  version 4.5.0 (Debian 20100414-1) 

		=== objc tests ===


Running target unix

		=== objc Summary ===

# of expected passes		1868
# of expected failures		15
# of unsupported tests		21
/build/buildd-gcc-snapshot_20100414-1-hppa-btzQfo/gcc-snapshot-20100414/build/gcc/xgcc  version 4.5.0 (Debian 20100414-1) 

		=== libffi tests ===


Running target unix

		=== libffi Summary ===

# of expected passes		1624
# of expected failures		10
# of unsupported tests		15
		=== libgomp tests ===


Running target unix
FAIL: libgomp.c/omp-loop03.c execution test
FAIL: libgomp.c++/loop-3.C  -O  execution test

		=== libgomp Summary ===

# of expected passes		2490
# of unexpected failures	2
# of unsupported tests		7
		=== libjava tests ===


Running target unix
FAIL: PR16923.c compilation

		=== libjava Summary ===

# of expected passes		2572
# of unexpected failures	1
		=== libmudflap tests ===


Running target unix
FAIL: libmudflap.c/fail31-frag.c (-O3) crash test
FAIL: libmudflap.c/fail31-frag.c (-O3) output pattern test
FAIL: libmudflap.c/pass45-frag.c (-O3) execution test
FAIL: libmudflap.c/pass45-frag.c (-O3) output pattern test
FAIL: libmudflap.c/pass45-frag.c (-O3) execution test
FAIL: libmudflap.c/pass45-frag.c (-O3) output pattern test
FAIL: libmudflap.c++/pass41-frag.cxx execution test
FAIL: libmudflap.c++/pass41-frag.cxx (-static) execution test
FAIL: libmudflap.c++/pass41-frag.cxx ( -O) execution test
FAIL: libmudflap.c++/pass41-frag.cxx (-O2) execution test
FAIL: libmudflap.c++/pass41-frag.cxx (-O3) execution test
WARNING: program timed out.
FAIL: libmudflap.cth/pass39-frag.c (rerun 18) execution test
FAIL: libmudflap.cth/pass39-frag.c (rerun 18) output pattern test
WARNING: program timed out.
		=== libstdc++ tests ===


Running target unix
FAIL: ext/profile/all.cc (test for excess errors)
FAIL: ext/profile/mh.cc (test for excess errors)

		=== libstdc++ Summary ===

# of expected passes		6845
# of unexpected failures	2
# of expected failures		93
# of unsupported tests		352

Compiler version: 4.5.0 (Debian 20100414-1) 
Platform: hppa-unknown-linux-gnu
configure flags: -v --with-pkgversion='Debian 20100414-1' --with-bugurl=file:///usr/share/doc/gcc-snapshot/README.Bugs --enable-languages=c,ada,c++,java,fortran,objc,obj-c++ --prefix=/usr/lib/gcc-snapshot --enable-shared --enable-multiarch --enable-linker-build-id --with-system-zlib --disable-nls --enable-clocale=gnu --enable-libstdcxx-debug --enable-libstdcxx-time=yes --disable-libssp --enable-plugin --disable-browser-plugin --enable-java-awt=gtk --enable-gtk-cairo --with-java-home=/usr/lib/jvm/java-1.5.0-gcj-4.5-snap/jre --enable-java-home --with-jvm-root-dir=/usr/lib/jvm/java-1.5.0-gcj-4.5-snap --with-jvm-jar-dir=/usr/lib/jvm-exports/java-1.5.0-gcj-4.5-snap --with-arch-directory=parisc --with-ecj-jar=/usr/share/java/eclipse-ecj.jar --enable-objc-gc --disable-libstdcxx-pch --disable-werror --enable-checking=yes --build=hppa-linux-gnu --host=hppa-linux-gnu --target=hppa-linux-gnu
BOOT_CFLAGS=


Build Dependencies:
Desired=Unknown/Install/Remove/Purge/Hold
| Status=Not/Inst/Cfg-files/Unpacked/Failed-cfg/Half-inst/trig-aWait/Trig-pend
|/ Err?=(none)/Reinst-required (Status,Err: uppercase=bad)
||/ Name                                                 Version                Description
+++-====================================================-======================-==============================================
ii  binutils                                             2.20.1-5               The GNU assembler, linker and binary utilities
pi  binutils-hppa64                                      2.20.1-5               The GNU assembler, linker and binary utilities
ii  g++-4.4                                              4.4.3-7                The GNU C++ compiler
ii  libc6                                                2.10.2-6               Embedded GNU C Library: Shared libraries
pi  libcloog-ppl-dev                                     0.15.9-1               the Chunky Loop Generator (development files)
pi  libgmp3-dev                                          2:4.3.2+dfsg-1         Multiprecision arithmetic library developers t
pi  libmpc-dev                                           0.8.1-1                multiple precision complex floating-point libr
pi  libmpfr-dev                                          2.4.2-3                multiple precision floating-point computation 
pi  libppl0.10-dev                                       0.10.2-6               Parma Polyhedra Library (development)


gcc-ice-hack:
  Retry the build on an ice, save the calling options and preprocessed
  source when the ice is reproducible.

gcc-ice-apport:
  Report an ICE to apport (if apport is available
  and the environment variable GCC_NOAPPORT is not set)

libjava-disable-static:
  Disable building the static libjava.

libjava-fixed-symlinks:
  Remove unneed '..' elements from symlinks in JAVA_HOME

libstdc++-arm-wno-abi:
  Temporary work around:
  On arm-linux-gnueabi run the libstdc++v3 testsuite with -Wno-abi

libstdc++-arm-ldbl-compat:
  On ARM provide the long double versions of "C" math functions in libstdc++

gcc-plugindir:
  Search for plugins in a default plugin dir, backport from the trunk.

gcc-plugindir-doc:
  Search for plugins in a default plugin dir, backport from the trunk (docs).

ada-mips:
  Improve support for mips.

arm-unbreak-eabi-armv4t:
  Fix armv4t build on ARM

gcc-multiarch:
  Add multiarch support to GCC.
  
  Convert the multilib option to a target triplet,
  add multiarch include directories and libraries path:
  	/usr/local/include/<arch>-linux-gnu
  	/usr/include/<arch>-linux-gnu
  	/usr/lib/<arch>-linux-gnu
  to the system paths.

mips-triarch:
  Build a tri-arch compiler on mips-linux-gnu.
  http://gcc.gnu.org/ml/gcc-patches/2009-03/msg01047.html

libjava-nobiarch-check:
  For biarch builds, disable the testsuite for the non-default architecture
  for runtime libraries, which are not built by default (libjava).

config-ml:
  disable some biarch libraries for biarch builds

s390-biarch:
  Build a bi-arch compiler on s390-linux-gnu.
  http://gcc.gnu.org/ml/gcc-patches/2009-03/msg01044.html

gcc-powerpc-nof:
  Don't build nof multlib on powerpc.

gcc-no-add-needed:
  On linux targets pass --no-add-needed to the linker.

Counting all warnings,
there are 0 warnings in stage3 of this bootstrap.

Number of warnings per file:

Number of warning types:


Index Nav: [Date Index] [Subject Index] [Author Index] [Thread Index]
Message Nav: [Date Prev] [Date Next] [Thread Prev] [Thread Next]