This is the mail archive of the gcc-testresults@gcc.gnu.org mailing list for the GCC project.


Index Nav: [Date Index] [Subject Index] [Author Index] [Thread Index]
Message Nav: [Date Prev] [Date Next] [Thread Prev] [Thread Next]
Other format: [Raw text]

Results for 4.6.0 20100416 (experimental) (GCC) testsuite on i386-pc-solaris2.11


		=== acats tests ===
FAIL:	c52103x
FAIL:	c52104x
FAIL:	c52104y
FAIL:	cb1010a
FAIL:	cb1010c
FAIL:	cb1010d

		=== acats Summary ===
# of expected passes		2315
# of unexpected failures	6
Native configuration is i386-pc-solaris2.11

		=== g++ tests ===


Running target unix
FAIL: g++.dg/tls/static-1.C execution test
WARNING: program timed out.
FAIL: g++.old-deja/g++.jason/return3.C (test for excess errors)
FAIL: g++.old-deja/g++.jason/return3.C execution test
XPASS: g++.old-deja/g++.oliva/dwarf2.C (test for excess errors)
XPASS: g++.old-deja/g++.oliva/dwarf3.C (test for excess errors)
XPASS: g++.old-deja/g++.other/init19.C execution test

		=== g++ Summary for unix ===

# of expected passes		22851
# of unexpected failures	3
# of unexpected successes	3
# of expected failures		152
# of unsupported tests		154

Running target unix/-m64
FAIL: g++.dg/tls/static-1.C execution test
XPASS: g++.old-deja/g++.oliva/dwarf2.C (test for excess errors)
XPASS: g++.old-deja/g++.oliva/dwarf3.C (test for excess errors)
XPASS: g++.old-deja/g++.other/init19.C execution test

		=== g++ Summary for unix/-m64 ===

# of expected passes		22441
# of unexpected failures	1
# of unexpected successes	3
# of expected failures		152
# of unsupported tests		353

		=== g++ Summary ===

# of expected passes		45292
# of unexpected failures	4
# of unexpected successes	6
# of expected failures		304
# of unsupported tests		507
/vol/gcc/obj/regression/trunk/11-gcc-gas-gld/build/gcc/testsuite/g++/../../g++  version 4.6.0 20100416 (experimental) (GCC) 

		=== gcc tests ===


Running target unix
FAIL: gcc.dg/pr34668-1.c (internal compiler error)
FAIL: gcc.dg/pr34668-1.c (test for excess errors)
FAIL: gcc.target/i386/abi-2.c scan-assembler-times ymm0 1
FAIL: gcc.target/i386/avx-vmovntdq-256-1.c (test for excess errors)
WARNING: gcc.target/i386/avx-vmovntdq-256-1.c compilation failed to produce executable
FAIL: gcc.target/i386/avx-vmovntpd-256-1.c (test for excess errors)
WARNING: gcc.target/i386/avx-vmovntpd-256-1.c compilation failed to produce executable
FAIL: gcc.target/i386/avx-vmovntps-256-1.c (test for excess errors)
WARNING: gcc.target/i386/avx-vmovntps-256-1.c compilation failed to produce executable
FAIL: gcc.target/i386/pr22076.c scan-assembler-times movq 3
FAIL: gcc.target/i386/pr22076.c scan-assembler-not movl

		=== gcc Summary for unix ===

# of expected passes		70905
# of unexpected failures	8
# of expected failures		170
# of unsupported tests		693

Running target unix/-m64
FAIL: gcc.dg/cpp/trad/include.c (internal compiler error)
FAIL: gcc.dg/cpp/trad/include.c (test for excess errors)
FAIL: gcc.dg/pr34668-1.c (internal compiler error)
FAIL: gcc.dg/pr34668-1.c (test for excess errors)
FAIL: gcc.misc-tests/linkage.c link
FAIL: gcc.target/i386/avx-vmovntdq-256-1.c (test for excess errors)
WARNING: gcc.target/i386/avx-vmovntdq-256-1.c compilation failed to produce executable
FAIL: gcc.target/i386/avx-vmovntpd-256-1.c (test for excess errors)
WARNING: gcc.target/i386/avx-vmovntpd-256-1.c compilation failed to produce executable
FAIL: gcc.target/i386/avx-vmovntps-256-1.c (test for excess errors)
WARNING: gcc.target/i386/avx-vmovntps-256-1.c compilation failed to produce executable

		=== gcc Summary for unix/-m64 ===

# of expected passes		70392
# of unexpected failures	8
# of expected failures		169
# of unsupported tests		1070

		=== gcc Summary ===

# of expected passes		141297
# of unexpected failures	16
# of expected failures		339
# of unsupported tests		1763
/vol/gcc/obj/regression/trunk/11-gcc-gas-gld/build/gcc/xgcc  version 4.6.0 20100416 (experimental) (GCC) 

		=== gfortran tests ===


Running target unix
FAIL: gfortran.dg/array_constructor_23.f  -O3 -fomit-frame-pointer  execution test
FAIL: gfortran.dg/array_constructor_23.f  -O3 -fomit-frame-pointer -funroll-loops  execution test
FAIL: gfortran.dg/array_constructor_23.f  -O3 -fomit-frame-pointer -funroll-all-loops -finline-functions  execution test
FAIL: gfortran.dg/array_constructor_23.f  -O3 -g  execution test
FAIL: gfortran.dg/atan2_1.f90  -O0  execution test
FAIL: gfortran.dg/dependency_22.f90  -O3 -fomit-frame-pointer  (test for excess errors)
FAIL: gfortran.dg/der_array_io_1.f90  -O3 -fomit-frame-pointer -funroll-all-loops -finline-functions  (test for excess errors)
WARNING: gfortran.dg/der_array_io_1.f90  -O3 -fomit-frame-pointer -funroll-all-loops -finline-functions  compilation failed to produce executable
FAIL: gfortran.dg/direct_io_12.f90  -O3 -fomit-frame-pointer -funroll-loops  execution test
WARNING: program timed out.
WARNING: program timed out.
WARNING: program timed out.

		=== gfortran Summary for unix ===

# of expected passes		34089
# of unexpected failures	8
# of expected failures		20
# of unsupported tests		153

Running target unix/-m64
FAIL: gfortran.dg/array_initializer_2.f90  -O1  (test for excess errors)
WARNING: gfortran.dg/array_initializer_2.f90  -O1  compilation failed to produce executable
FAIL: gfortran.dg/arrayio_10.f90  -O2  (test for excess errors)
WARNING: program timed out.
WARNING: program timed out.

		=== gfortran Summary for unix/-m64 ===

# of expected passes		34264
# of unexpected failures	2
# of expected failures		20
# of unsupported tests		69

		=== gfortran Summary ===

# of expected passes		68353
# of unexpected failures	10
# of expected failures		40
# of unsupported tests		222
/vol/gcc/obj/regression/trunk/11-gcc-gas-gld/build/gcc/testsuite/gfortran/../../gfortran  version 4.6.0 20100416 (experimental) (GCC) 

		=== gnat tests ===


Running target unix
FAIL: gnat.dg/null_pointer_deref1.adb execution test
FAIL: gnat.dg/null_pointer_deref2.adb execution test
FAIL: gnat.dg/stack_check1.adb execution test
FAIL: gnat.dg/stack_check2.adb execution test

		=== gnat Summary for unix ===

# of expected passes		768
# of unexpected failures	4
# of expected failures		8
# of unsupported tests		1

Running target unix/-m64
FAIL: gnat.dg/null_pointer_deref1.adb execution test
FAIL: gnat.dg/null_pointer_deref2.adb execution test
FAIL: gnat.dg/stack_check1.adb execution test
FAIL: gnat.dg/stack_check2.adb execution test

		=== gnat Summary for unix/-m64 ===

# of expected passes		768
# of unexpected failures	4
# of expected failures		8
# of unsupported tests		1

		=== gnat Summary ===

# of expected passes		1536
# of unexpected failures	8
# of expected failures		16
# of unsupported tests		2
		=== objc tests ===


Running target unix

		=== objc Summary for unix ===

# of expected passes		1877
# of expected failures		7
# of unsupported tests		20

Running target unix/-m64

		=== objc Summary for unix/-m64 ===

# of expected passes		1869
# of expected failures		15
# of unsupported tests		20

		=== objc Summary ===

# of expected passes		3746
# of expected failures		22
# of unsupported tests		40
/vol/gcc/obj/regression/trunk/11-gcc-gas-gld/build/gcc/xgcc  version 4.6.0 20100416 (experimental) (GCC) 

		=== libffi tests ===


Running target unix

		=== libffi Summary for unix ===

# of expected passes		1624
# of expected failures		10
# of unsupported tests		15

Running target unix/-m64

		=== libffi Summary for unix/-m64 ===

# of expected passes		1624
# of expected failures		10
# of unsupported tests		15

		=== libffi Summary ===

# of expected passes		3248
# of expected failures		20
# of unsupported tests		30
		=== libgomp tests ===


Running target unix
FAIL: libgomp.c/copyin-1.c execution test
FAIL: libgomp.c/copyin-2.c execution test
FAIL: libgomp.c++/copyin-1.C  -O0  execution test
FAIL: libgomp.c++/copyin-1.C  -O1  execution test
FAIL: libgomp.c++/copyin-1.C  -O2  execution test
FAIL: libgomp.c++/copyin-1.C  -O3 -fomit-frame-pointer  execution test
FAIL: libgomp.c++/copyin-1.C  -O3 -fomit-frame-pointer -funroll-loops  execution test
FAIL: libgomp.c++/copyin-1.C  -O3 -fomit-frame-pointer -funroll-all-loops -finline-functions  execution test
FAIL: libgomp.c++/copyin-1.C  -O3 -g  execution test
FAIL: libgomp.c++/copyin-1.C  -Os  execution test
FAIL: libgomp.c++/copyin-2.C  -O0  execution test
FAIL: libgomp.c++/copyin-2.C  -O1  execution test
FAIL: libgomp.c++/copyin-2.C  -O2  execution test
FAIL: libgomp.c++/copyin-2.C  -O3 -fomit-frame-pointer  execution test
FAIL: libgomp.c++/copyin-2.C  -O3 -fomit-frame-pointer -funroll-loops  execution test
FAIL: libgomp.c++/copyin-2.C  -O3 -fomit-frame-pointer -funroll-all-loops -finline-functions  execution test
FAIL: libgomp.c++/copyin-2.C  -O3 -g  execution test
FAIL: libgomp.c++/copyin-2.C  -Os  execution test

		=== libgomp Summary for unix ===

# of expected passes		2438
# of unexpected failures	18
# of unsupported tests		2

Running target unix/-m64
FAIL: libgomp.c/copyin-1.c execution test
FAIL: libgomp.c/copyin-2.c execution test
FAIL: libgomp.c++/copyin-1.C  -O0  execution test
FAIL: libgomp.c++/copyin-1.C  -O1  execution test
FAIL: libgomp.c++/copyin-1.C  -O2  execution test
FAIL: libgomp.c++/copyin-1.C  -Os  execution test
FAIL: libgomp.c++/copyin-2.C  -O0  execution test
FAIL: libgomp.c++/copyin-2.C  -O1  execution test
FAIL: libgomp.c++/copyin-2.C  -O2  execution test
FAIL: libgomp.c++/copyin-2.C  -Os  execution test

		=== libgomp Summary for unix/-m64 ===

# of expected passes		2446
# of unexpected failures	10
# of unsupported tests		2

		=== libgomp Summary ===

# of expected passes		4884
# of unexpected failures	28
# of unsupported tests		4
		=== libjava tests ===


Running target unix
FAIL: TestClosureGC run
FAIL: PR18699 execution - source compiled test
FAIL: PR18699 -O3 execution - source compiled test
FAIL: Throw_2 execution - source compiled test
FAIL: Throw_2 -findirect-dispatch execution - source compiled test
FAIL: Throw_2 -O3 execution - source compiled test
FAIL: Throw_2 -O3 -findirect-dispatch execution - source compiled test

		=== libjava Summary for unix ===

# of expected passes		2561
# of unexpected failures	7
# of untested testcases		7

Running target unix/-m64
FAIL: PR16923 run
FAIL: PR18699 execution - source compiled test
FAIL: PR18699 -O3 execution - source compiled test
FAIL: Throw_2 execution - source compiled test
FAIL: Throw_2 -findirect-dispatch execution - source compiled test
FAIL: Throw_2 -O3 execution - source compiled test
FAIL: Throw_2 -O3 -findirect-dispatch execution - source compiled test
FAIL: /vol/gcc/obj/regression/trunk/11-gcc-gas-gld/build/i386-pc-solaris2.11/libjava/testsuite/TestLeak.exe execution - /vol/gcc/obj/regression/trunk/11-gcc-gas-gld/build/i386-pc-solaris2.11/libjava/testsuite/TestLeak.exe

		=== libjava Summary for unix/-m64 ===

# of expected passes		2559
# of unexpected failures	8
# of untested testcases		8

		=== libjava Summary ===

# of expected passes		5120
# of unexpected failures	15
# of untested testcases		15
		=== libstdc++ tests ===


Running target unix
FAIL: ext/profile/all.cc (test for excess errors)

		=== libstdc++ Summary for unix ===

# of expected passes		6687
# of unexpected failures	1
# of expected failures		92
# of unsupported tests		436

Running target unix/-m64
FAIL: ext/profile/all.cc (test for excess errors)
WARNING: program timed out.

		=== libstdc++ Summary for unix/-m64 ===

# of expected passes		6687
# of unexpected failures	1
# of expected failures		92
# of unsupported tests		436

		=== libstdc++ Summary ===

# of expected passes		13374
# of unexpected failures	2
# of expected failures		184
# of unsupported tests		872

		=== libstdc++ Summary ===


Compiler version: 4.6.0 20100416 (experimental) (GCC) 
Platform: i386-pc-solaris2.11
configure flags: --prefix=/vol/gcc --target=i386-pc-solaris2.11 --with-as=/usr/sfw/bin/gas --with-gnu-as --with-ld=/usr/sfw/bin/gld --with-gnu-ld --with-gmp=/vol/gcc --with-mpfr=/vol/gcc --with-mpc=/vol/gcc --enable-languages=all,ada
BOOT_CFLAGS=-g -O2


Index Nav: [Date Index] [Subject Index] [Author Index] [Thread Index]
Message Nav: [Date Prev] [Date Next] [Thread Prev] [Thread Next]