This is the mail archive of the gcc-testresults@gcc.gnu.org mailing list for the GCC project.


Index Nav: [Date Index] [Subject Index] [Author Index] [Thread Index]
Message Nav: [Date Prev] [Date Next] [Thread Prev] [Thread Next]
Other format: [Raw text]

Results for 4.6.0 20100417 (experimental) [trunk revision 158471] (GCC) testsuite on hppa2.0w-hp-hpux11.11


		=== acats tests ===
FAIL:	c9a011b

		=== acats Summary ===
# of expected passes		2320
# of unexpected failures	1
Native configuration is hppa2.0w-hp-hpux11.11

		=== g++ tests ===


Running target unix
WARNING: g++.dg/ext/label13.C compilation failed to produce executable

		=== g++ Summary ===

# of expected passes		20024
# of expected failures		152
# of unsupported tests		292
/test/gnu/gcc/objdir/gcc/testsuite/g++/../../g++  version 4.6.0 20100417 (experimental) [trunk revision 158471] (GCC) 

		=== gcc tests ===


Running target unix
FAIL: gcc.dg/plugindir1.c (test for excess errors)
FAIL: gcc.dg/plugindir2.c (test for excess errors)
FAIL: gcc.dg/plugindir3.c (test for excess errors)
FAIL: gcc.dg/plugindir4.c (test for excess errors)
FAIL: gcc.dg/pr34668-1.c (internal compiler error)
FAIL: gcc.dg/pr34668-1.c (test for excess errors)
WARNING: program timed out.
FAIL: gcc.dg/ipa/ipa-pta-10.c scan-ipa-dump pta "ESCAPED = { }"

		=== gcc Summary ===

# of expected passes		52389
# of unexpected failures	7
# of expected failures		88
# of unsupported tests		760
/test/gnu/gcc/objdir/gcc/xgcc  version 4.6.0 20100417 (experimental) [trunk revision 158471] (GCC) 

		=== gfortran tests ===


Running target unix
FAIL: gfortran.dg/pr41928.f90  -O  (internal compiler error)
FAIL: gfortran.dg/pr41928.f90  -O  (test for excess errors)

		=== gfortran Summary ===

# of expected passes		33020
# of unexpected failures	2
# of expected failures		20
# of unsupported tests		305
/test/gnu/gcc/objdir/gcc/testsuite/gfortran/../../gfortran  version 4.6.0 20100417 (experimental) [trunk revision 158471] (GCC) 

		=== gnat tests ===


Running target unix

		=== gnat Summary ===

# of expected passes		775
# of expected failures		8
# of unsupported tests		1
		=== obj-c++ tests ===


Running target unix
FAIL: obj-c++.dg/const-str-5.mm -fgnu-runtime (test for excess errors)
FAIL: obj-c++.dg/const-str-6.mm -fgnu-runtime (test for excess errors)
WARNING: obj-c++.dg/lookup-2.mm -fgnu-runtime compilation failed to produce executable
WARNING: obj-c++.dg/try-catch-2.mm -fgnu-runtime compilation failed to produce executable
WARNING: obj-c++.dg/try-catch-9.mm -fgnu-runtime compilation failed to produce executable

		=== obj-c++ Summary ===

# of expected passes		434
# of unexpected failures	2
# of expected failures		6
# of unsupported tests		13
/test/gnu/gcc/objdir/gcc/testsuite/obj-c++/../../g++  version 4.6.0 20100417 (experimental) [trunk revision 158471] (GCC) 

		=== objc tests ===


Running target unix

		=== objc Summary ===

# of expected passes		1863
# of expected failures		15
# of unsupported tests		23
/test/gnu/gcc/objdir/gcc/xgcc  version 4.6.0 20100417 (experimental) [trunk revision 158471] (GCC) 

		=== libffi tests ===


Running target unix

		=== libffi Summary ===

# of expected passes		1624
# of expected failures		10
# of unsupported tests		15
		=== libgomp tests ===


Running target unix

		=== libgomp Summary ===

# of expected passes		2442
# of unsupported tests		9
		=== libjava tests ===


Running target unix
FAIL: LargeFile execution - source compiled test
FAIL: LargeFile -findirect-dispatch execution - source compiled test
FAIL: LargeFile -O3 execution - source compiled test
FAIL: LargeFile -O3 -findirect-dispatch execution - source compiled test

		=== libjava Summary ===

# of expected passes		2566
# of unexpected failures	4
# of untested testcases		4
		=== libstdc++ tests ===


Running target unix
FAIL: ext/profile/all.cc (test for excess errors)

		=== libstdc++ Summary ===

# of expected passes		6326
# of unexpected failures	1
# of expected failures		89
# of unsupported tests		616

Compiler version: 4.6.0 20100417 (experimental) [trunk revision 158471] (GCC) 
Platform: hppa2.0w-hp-hpux11.11
configure flags:Test Run By dave on Sun Apr 18 02:13:21 EDT 2010


Index Nav: [Date Index] [Subject Index] [Author Index] [Thread Index]
Message Nav: [Date Prev] [Date Next] [Thread Prev] [Thread Next]