This is the mail archive of the gcc-testresults@gcc.gnu.org mailing list for the GCC project.


Index Nav: [Date Index] [Subject Index] [Author Index] [Thread Index]
Message Nav: [Date Prev] [Date Next] [Thread Prev] [Thread Next]
Other format: [Raw text]

Results for 4.4.4 20100415 (prerelease) [gcc-4_4-branch revision 158393] (GCC) gcc testsuite on avr-unknown-none


Debian 5 on x86_64
cross tool versions:
GNU assembler (GNU Binutils) 2.20.51.20090926
GNU gdb 6.4
GNU ld (GNU Binutils) 2.20.51.20090926

GNU Make 3.81
expect version 5.43.0
host gcc version: gcc (GCC) 4.6.0 20100415 (experimental) [trunk revision 158393]
LAST_UPDATED: Thu Apr 15 22:21:32 UTC 2010 (revision 158393)

Target is avr-unknown-none
Host   is x86_64-unknown-linux-gnu

		=== gcc tests ===


Running target avrtest-m128-sim
FAIL: gcc.c-torture/compile/pr36141.c  -O2  (test for excess errors)
FAIL: gcc.c-torture/compile/pr36141.c  -O3 -fomit-frame-pointer  (test for excess errors)
FAIL: gcc.c-torture/compile/pr36141.c  -O3 -g  (test for excess errors)
FAIL: gcc.c-torture/compile/pr36141.c  -Os  (test for excess errors)
FAIL: gcc.c-torture/compile/pr40204.c  -O0  (test for excess errors)
FAIL: gcc.c-torture/compile/pr40204.c  -O1  (test for excess errors)
FAIL: gcc.c-torture/compile/pr40204.c  -O2  (test for excess errors)
FAIL: gcc.c-torture/compile/pr40204.c  -O3 -fomit-frame-pointer  (test for excess errors)
FAIL: gcc.c-torture/compile/pr40204.c  -O3 -g  (test for excess errors)
FAIL: gcc.c-torture/compile/pr40204.c  -Os  (test for excess errors)
FAIL: gcc.c-torture/compile/pr41181.c  -O0  (test for excess errors)
FAIL: gcc.c-torture/compile/pr41181.c  -O1  (test for excess errors)
FAIL: gcc.c-torture/compile/pr41181.c  -O2  (test for excess errors)
FAIL: gcc.c-torture/compile/pr41181.c  -O3 -fomit-frame-pointer  (test for excess errors)
FAIL: gcc.c-torture/compile/pr41181.c  -O3 -g  (test for excess errors)
FAIL: gcc.c-torture/compile/pr41181.c  -Os  (test for excess errors)
FAIL: gcc.c-torture/compile/pr43191.c  -O0  (test for excess errors)
FAIL: gcc.c-torture/compile/pr43191.c  -O1  (test for excess errors)
FAIL: gcc.c-torture/compile/pr43191.c  -O2  (test for excess errors)
FAIL: gcc.c-torture/compile/pr43191.c  -O3 -fomit-frame-pointer  (test for excess errors)
FAIL: gcc.c-torture/compile/pr43191.c  -O3 -g  (test for excess errors)
FAIL: gcc.c-torture/compile/pr43191.c  -Os  (test for excess errors)
FAIL: gcc.c-torture/execute/20010122-1.c execution,  -O0 
FAIL: gcc.c-torture/execute/20010122-1.c execution,  -O1 
FAIL: gcc.c-torture/execute/20010122-1.c execution,  -O2 
FAIL: gcc.c-torture/execute/20010122-1.c execution,  -O3 -g 
FAIL: gcc.c-torture/execute/20010122-1.c execution,  -Os 
FAIL: gcc.c-torture/execute/920501-2.c compilation,  -O3 -fomit-frame-pointer 
UNRESOLVED: gcc.c-torture/execute/920501-2.c execution,  -O3 -fomit-frame-pointer 
FAIL: gcc.c-torture/execute/920501-2.c compilation,  -O3 -fomit-frame-pointer -funroll-loops 
UNRESOLVED: gcc.c-torture/execute/920501-2.c execution,  -O3 -fomit-frame-pointer -funroll-loops 
FAIL: gcc.c-torture/execute/920501-2.c compilation,  -O3 -fomit-frame-pointer -funroll-all-loops -finline-functions 
UNRESOLVED: gcc.c-torture/execute/920501-2.c execution,  -O3 -fomit-frame-pointer -funroll-all-loops -finline-functions 
FAIL: gcc.c-torture/execute/920501-2.c compilation,  -O3 -g 
UNRESOLVED: gcc.c-torture/execute/920501-2.c execution,  -O3 -g 
FAIL: gcc.c-torture/execute/pr17377.c execution,  -O0 
FAIL: gcc.c-torture/execute/pr17377.c execution,  -O1 
FAIL: gcc.c-torture/execute/pr17377.c execution,  -O2 
FAIL: gcc.c-torture/execute/pr17377.c execution,  -O3 -fomit-frame-pointer 
FAIL: gcc.c-torture/execute/pr17377.c execution,  -O3 -g 
FAIL: gcc.c-torture/execute/pr17377.c execution,  -Os 
FAIL: gcc.c-torture/execute/pr40404.c compilation,  -O0 
UNRESOLVED: gcc.c-torture/execute/pr40404.c execution,  -O0 
FAIL: gcc.c-torture/execute/pr40404.c compilation,  -O1 
UNRESOLVED: gcc.c-torture/execute/pr40404.c execution,  -O1 
FAIL: gcc.c-torture/execute/pr40404.c compilation,  -O2 
UNRESOLVED: gcc.c-torture/execute/pr40404.c execution,  -O2 
FAIL: gcc.c-torture/execute/pr40404.c compilation,  -O3 -fomit-frame-pointer 
UNRESOLVED: gcc.c-torture/execute/pr40404.c execution,  -O3 -fomit-frame-pointer 
FAIL: gcc.c-torture/execute/pr40404.c compilation,  -O3 -g 
UNRESOLVED: gcc.c-torture/execute/pr40404.c execution,  -O3 -g 
FAIL: gcc.c-torture/execute/pr40404.c compilation,  -Os 
UNRESOLVED: gcc.c-torture/execute/pr40404.c execution,  -Os 
FAIL: gcc.c-torture/execute/pr40668.c execution,  -O0 
FAIL: gcc.c-torture/execute/pr40668.c execution,  -O1 
FAIL: gcc.c-torture/execute/pr40668.c execution,  -O2 
FAIL: gcc.c-torture/execute/pr40668.c execution,  -O3 -fomit-frame-pointer 
FAIL: gcc.c-torture/execute/pr40668.c execution,  -O3 -g 
FAIL: gcc.c-torture/execute/pr40668.c execution,  -Os 
FAIL: gcc.c-torture/execute/simd-1.c compilation,  -O1 
UNRESOLVED: gcc.c-torture/execute/simd-1.c execution,  -O1 
WARNING: Could not compile gcc.dg/compat/struct-layout-1 generator
FAIL: gcc.dg/debug/dwarf2/global-used-types.c scan-assembler-times DIE \\(0x.*?\\) DW_TAG_enumeration_type 1
FAIL: gcc.dg/debug/dwarf2/global-used-types.c scan-assembler-times DIE \\(0x.*?\\) DW_TAG_enumerator 2
FAIL: gcc.dg/debug/dwarf2/global-used-types.c scan-assembler-times ascii "a.0"[	 ]+.*?DW_AT_name 1
FAIL: gcc.dg/debug/dwarf2/global-used-types.c scan-assembler-times ascii "b.0"[	 ]+.*?DW_AT_name 1
FAIL: gcc.dg/debug/dwarf2/inline2.c scan-assembler-times \\(DIE \\(.*?\\) DW_TAG_inlined_subroutine 6
FAIL: gcc.dg/debug/dwarf2/inline2.c scan-assembler-times \\(DIE \\(.*?\\) DW_TAG_lexical_block 6
FAIL: gcc.dg/debug/dwarf2/inline2.c scan-assembler-times byte.*?0x3.*? DW_AT_inline 3
FAIL: gcc.dg/debug/dwarf2/pr37726.c scan-assembler-times "parm[^
FAIL: gcc.dg/debug/dwarf2/pr37726.c scan-assembler-times "var[^
FAIL: gcc.dg/Wstrict-aliasing-bogus-ref-all.c (test for excess errors)
FAIL: gcc.dg/Wstrict-aliasing-converted-assigned.c (test for excess errors)
XPASS: gcc.dg/Wtype-limits-Wextra.c (test for excess errors)
XPASS: gcc.dg/Wtype-limits.c (test for excess errors)
XPASS: gcc.dg/builtin-return-1.c execution test
FAIL: gcc.dg/div-double-1.c (test for excess errors)
XPASS: gcc.dg/memcpy-1.c scan-tree-dump-times optimized "nasty_local" 0
FAIL: gcc.dg/pr36998.c (test for excess errors)
FAIL: gcc.dg/pr39226.c (test for excess errors)
FAIL: gcc.dg/pr43402.c (test for excess errors)
FAIL: gcc.dg/sms-6.c execution test
FAIL: gcc.dg/sms-7.c execution test
FAIL: gcc.dg/utf-array-short-wchar.c  (test for errors, line 38)
FAIL: gcc.dg/utf-array-short-wchar.c  (test for errors, line 40)
FAIL: gcc.dg/utf-array-short-wchar.c (test for excess errors)
FAIL: gcc.dg/utf-array.c  (test for errors, line 38)
FAIL: gcc.dg/utf-array.c  (test for errors, line 39)
FAIL: gcc.dg/utf-array.c  (test for errors, line 40)
FAIL: gcc.dg/utf-array.c (test for excess errors)
FAIL: gcc.dg/visibility-14.c scan-hidden hidden[ \\t_]*foo
FAIL: gcc.dg/visibility-15.c scan-hidden hidden[ \\t_]*foo
FAIL: gcc.dg/visibility-16.c scan-hidden hidden[ \\t_]*foo
FAIL: gcc.dg/visibility-17.c scan-hidden hidden[ \\t_]*foo
FAIL: gcc.dg/visibility-18.c scan-hidden hidden[ \\t_]*foo
FAIL: gcc.dg/visibility-19.c scan-hidden hidden[ \\t_]*foo
FAIL: gcc.dg/matrix/matrix-1.c scan-ipa-dump-times matrix-reorg "Flattened 3 dimensions" 1
XPASS: gcc.dg/struct/wo_prof_array_through_pointer.c scan-ipa-dump ipa_struct_reorg "Number of structures to transform is 1"
XPASS: gcc.dg/struct/wo_prof_single_str_pointer.c scan-ipa-dump ipa_struct_reorg "Number of structures to transform is 1"
FAIL: gcc.dg/torture/pr37868.c  -O0  (test for excess errors)
UNRESOLVED: gcc.dg/torture/pr37868.c  -O0  compilation failed to produce executable
FAIL: gcc.dg/torture/pr37868.c  -O1  (test for excess errors)
UNRESOLVED: gcc.dg/torture/pr37868.c  -O1  compilation failed to produce executable
FAIL: gcc.dg/torture/pr37868.c  -O2  (test for excess errors)
UNRESOLVED: gcc.dg/torture/pr37868.c  -O2  compilation failed to produce executable
FAIL: gcc.dg/torture/pr37868.c  -O3 -fomit-frame-pointer  (test for excess errors)
UNRESOLVED: gcc.dg/torture/pr37868.c  -O3 -fomit-frame-pointer  compilation failed to produce executable
FAIL: gcc.dg/torture/pr37868.c  -O3 -g  (test for excess errors)
UNRESOLVED: gcc.dg/torture/pr37868.c  -O3 -g  compilation failed to produce executable
FAIL: gcc.dg/torture/pr37868.c  -Os  (test for excess errors)
UNRESOLVED: gcc.dg/torture/pr37868.c  -Os  compilation failed to produce executable
FAIL: gcc.dg/torture/pr43165.c  -O0  (test for excess errors)
FAIL: gcc.dg/torture/pr43165.c  -O1  (test for excess errors)
FAIL: gcc.dg/torture/pr43165.c  -O2  (test for excess errors)
FAIL: gcc.dg/torture/pr43165.c  -O3 -fomit-frame-pointer  (test for excess errors)
FAIL: gcc.dg/torture/pr43165.c  -O3 -fomit-frame-pointer -funroll-loops  (test for excess errors)
FAIL: gcc.dg/torture/pr43165.c  -O3 -fomit-frame-pointer -funroll-all-loops -finline-functions  (test for excess errors)
FAIL: gcc.dg/torture/pr43165.c  -O3 -g  (test for excess errors)
FAIL: gcc.dg/torture/pr43165.c  -Os  (test for excess errors)
XPASS: gcc.dg/tree-ssa/20040204-1.c scan-tree-dump-times optimized "link_error" 0
FAIL: gcc.dg/tree-ssa/gen-vect-11.c scan-tree-dump-times vect "vectorized 1 loops" 1
FAIL: gcc.dg/tree-ssa/gen-vect-11a.c scan-tree-dump-times vect "vectorized 1 loops" 1
FAIL: gcc.dg/tree-ssa/gen-vect-2.c scan-tree-dump-times vect "vectorized 1 loops" 1
FAIL: gcc.dg/tree-ssa/gen-vect-25.c scan-tree-dump-times vect "vectorized 2 loops" 1
FAIL: gcc.dg/tree-ssa/gen-vect-26.c scan-tree-dump-times vect "vectorized 1 loops" 1
FAIL: gcc.dg/tree-ssa/gen-vect-26.c scan-tree-dump-times vect "Alignment of access forced using peeling" 1
FAIL: gcc.dg/tree-ssa/gen-vect-28.c scan-tree-dump-times vect "vectorized 1 loops" 1
FAIL: gcc.dg/tree-ssa/gen-vect-28.c scan-tree-dump-times vect "Alignment of access forced using peeling" 1
FAIL: gcc.dg/tree-ssa/gen-vect-32.c scan-tree-dump-times vect "vectorized 1 loops" 1
FAIL: gcc.dg/tree-ssa/loadpre8.c scan-tree-dump-times pre "Eliminated: 1" 1
FAIL: gcc.dg/tree-ssa/pr23455.c scan-tree-dump-times pre "Eliminated: 3" 1
FAIL: gcc.dg/tree-ssa/pr33920.c  (test for warnings, line 33)
FAIL: gcc.dg/tree-ssa/pr42585.c scan-tree-dump-times optimized "struct _fat_ptr _ans" 0
FAIL: gcc.dg/tree-ssa/pr42585.c scan-tree-dump-times optimized "struct _fat_ptr _T2" 0
FAIL: gcc.dg/tree-ssa/vrp47.c scan-tree-dump-times vrp1 "[xy][^ ]* !=" 0
FAIL: gcc.dg/tree-ssa/vrp47.c scan-tree-dump-times dom1 "x[^ ]* & y" 1
FAIL: gcc.dg/tree-ssa/vrp47.c scan-tree-dump-times vrp1 "x[^ ]* [|] y" 1
FAIL: compiler driver --coverage option(s) (linker options)

		=== gcc Summary ===

# of expected passes		47897
# of unexpected failures	113
# of unexpected successes	7
# of expected failures		130
# of unresolved testcases	17
# of untested testcases		9
# of unsupported tests		1680
/home/mstein/sim/gcc-4_4-branch/avr/build/gcc/xgcc  version 4.4.4 20100415 (prerelease) [gcc-4_4-branch revision 158393] (GCC) 


Compiler version: 4.4.4 20100415 (prerelease) [gcc-4_4-branch revision 158393] (GCC) gcc 
Platform: avr-unknown-none
configure flags: --target=avr --prefix=/home/mstein/cross-local/avr --enable-languages=c --disable-nls --disable-build-warnings --with-sysroot=/home/mstein/cross-local/avr --with-build-sysroot=/home/mstein/cross-local/avr --with-ld=/home/mstein/cross-local/avr/usr/bin/ld --with-as=/home/mstein/cross-local/avr/usr/bin/as --disable-libssp --with-mpfr=/opt/cfarm/mpfr-2.3.2


Index Nav: [Date Index] [Subject Index] [Author Index] [Thread Index]
Message Nav: [Date Prev] [Date Next] [Thread Prev] [Thread Next]