This is the mail archive of the
gcc-testresults@gcc.gnu.org
mailing list for the GCC project.
[PATCHED,PR42776] Results for 4.6.0 20100410 (experimental) (GCC) testsuite on i686-pc-cygwin
- From: Dave Korn <dave dot korn dot cygwin at googlemail dot com>
- To: gcc-testresults at gcc dot gnu dot org
- Date: Fri, 16 Apr 2010 21:56:05 +0100
- Subject: [PATCHED,PR42776] Results for 4.6.0 20100410 (experimental) (GCC) testsuite on i686-pc-cygwin
Revision: 158195
Native configuration is i686-pc-cygwin
=== g++ tests ===
Running target unix
FAIL: g++.dg/abi/local1.C execution test
FAIL: g++.dg/abi/mangle40.C scan-assembler weak[^\\n]*_Z1fIU8__vectorfEvT_
FAIL: g++.dg/abi/mangle40.C scan-assembler weak[^\\n]*_ZN1AIDv4_fE1tE
FAIL: g++.dg/abi/mangle40.C scan-assembler weak[^\\n]*_ZN1AIU8__vectorfE1tE
FAIL: g++.dg/abi/thunk5.C scan-assembler weak.*ZTv
FAIL: g++.dg/eh/weak1.C execution test
FAIL: g++.dg/ext/dllimport7.C C++ specific error (test for errors, line 24)
FAIL: g++.dg/ext/selectany1.C scan-assembler-dem \\nguard variable for x:
FAIL: g++.dg/init/cleanup3.C scan-assembler-not _tcf
FAIL: g++.dg/other/pr35504.C execution test
XPASS: g++.old-deja/g++.ext/attrib5.C execution test
FAIL: g++.old-deja/g++.other/init5.C execution test
=== g++ Summary ===
# of expected passes 24320
# of unexpected failures 11
# of unexpected successes 1
# of expected failures 154
# of unsupported tests 284
/gnu/gcc/obj-lto/gcc/testsuite/g++/../../g++ version 4.6.0 20100410
(experimental) (GCC)
=== gcc tests ===
Running target unix
FAIL: gcc.dg/alias-7.c execution test
FAIL: gcc.dg/pr34668-1.c (internal compiler error)
FAIL: gcc.dg/pr34668-1.c (test for excess errors)
FAIL: gcc.dg/pr42427.c (test for excess errors)
FAIL: gcc.dg/graphite/run-id-1.c execution test
FAIL: gcc.dg/graphite/interchange-9.c execution test
FAIL: gcc.dg/graphite/pr43012.c execution test
FAIL: gcc.dg/lto/20081222 c_lto_20081222_1.o assemble, -O0 -fwhopr
UNRESOLVED: gcc.dg/lto/20081222 c_lto_20081222_0.o-c_lto_20081222_1.o link -O0
-fwhopr
UNRESOLVED: gcc.dg/lto/20081222 c_lto_20081222_0.o-c_lto_20081222_1.o execute
-O0 -fwhopr
FAIL: gcc.dg/lto/20081222 c_lto_20081222_1.o assemble, -O2 -fwhopr
UNRESOLVED: gcc.dg/lto/20081222 c_lto_20081222_0.o-c_lto_20081222_1.o link -O2
-fwhopr
UNRESOLVED: gcc.dg/lto/20081222 c_lto_20081222_0.o-c_lto_20081222_1.o execute
-O2 -fwhopr
FAIL: gcc.dg/lto/20081222 c_lto_20081222_1.o assemble, -O0 -flto
UNRESOLVED: gcc.dg/lto/20081222 c_lto_20081222_0.o-c_lto_20081222_1.o link -O0
-flto
UNRESOLVED: gcc.dg/lto/20081222 c_lto_20081222_0.o-c_lto_20081222_1.o execute
-O0 -flto
FAIL: gcc.dg/lto/20081222 c_lto_20081222_1.o assemble, -O2 -flto
UNRESOLVED: gcc.dg/lto/20081222 c_lto_20081222_0.o-c_lto_20081222_1.o link -O2
-flto
UNRESOLVED: gcc.dg/lto/20081222 c_lto_20081222_0.o-c_lto_20081222_1.o execute
-O2 -flto
FAIL: gcc.dg/lto/20090914-2 c_lto_20090914-2_0.o assemble, -O0 -fwhopr
UNRESOLVED: gcc.dg/lto/20090914-2 c_lto_20090914-2_0.o-c_lto_20090914-2_0.o
link -O0 -fwhopr
UNRESOLVED: gcc.dg/lto/20090914-2 c_lto_20090914-2_0.o-c_lto_20090914-2_0.o
execute -O0 -fwhopr
FAIL: gcc.dg/lto/20090914-2 c_lto_20090914-2_0.o assemble, -O2 -fwhopr
UNRESOLVED: gcc.dg/lto/20090914-2 c_lto_20090914-2_0.o-c_lto_20090914-2_0.o
link -O2 -fwhopr
UNRESOLVED: gcc.dg/lto/20090914-2 c_lto_20090914-2_0.o-c_lto_20090914-2_0.o
execute -O2 -fwhopr
FAIL: gcc.dg/lto/20090914-2 c_lto_20090914-2_0.o assemble, -O0 -flto
UNRESOLVED: gcc.dg/lto/20090914-2 c_lto_20090914-2_0.o-c_lto_20090914-2_0.o
link -O0 -flto
UNRESOLVED: gcc.dg/lto/20090914-2 c_lto_20090914-2_0.o-c_lto_20090914-2_0.o
execute -O0 -flto
FAIL: gcc.dg/lto/20090914-2 c_lto_20090914-2_0.o assemble, -O2 -flto
UNRESOLVED: gcc.dg/lto/20090914-2 c_lto_20090914-2_0.o-c_lto_20090914-2_0.o
link -O2 -flto
UNRESOLVED: gcc.dg/lto/20090914-2 c_lto_20090914-2_0.o-c_lto_20090914-2_0.o
execute -O2 -flto
FAIL: largefile.c (test for excess errors)
FAIL: gcc.dg/pch/largefile.c -O0 -g assembly comparison
FAIL: largefile.c (test for excess errors)
FAIL: gcc.dg/pch/largefile.c -O0 assembly comparison
FAIL: largefile.c (test for excess errors)
FAIL: gcc.dg/pch/largefile.c -O1 assembly comparison
FAIL: largefile.c (test for excess errors)
FAIL: gcc.dg/pch/largefile.c -O2 assembly comparison
FAIL: largefile.c (test for excess errors)
FAIL: gcc.dg/pch/largefile.c -O3 -fomit-frame-pointer assembly comparison
FAIL: largefile.c (test for excess errors)
FAIL: gcc.dg/pch/largefile.c -O3 -g assembly comparison
FAIL: largefile.c (test for excess errors)
FAIL: gcc.dg/pch/largefile.c -Os assembly comparison
FAIL: gcc.dg/tree-ssa/pr27781.c scan-tree-dump optimized "func \\(\\);"
FAIL: gcc.dg/tree-ssa/pr36881.c scan-assembler-not CSWTCH
FAIL: gcc.dg/tree-ssa/pr36881.c scan-tree-dump switchconv "need runtime
relocations"
FAIL: gcc.dg/tree-ssa/ssa-store-ccp-2.c scan-tree-dump-times optimized
"conststaticvariable" 1
FAIL: gcc.dg/tree-ssa/ssa-store-ccp-4.c scan-tree-dump-times optimized
"conststaticvariable" 1
FAIL: gcc.target/i386/pr25993.c (test for excess errors)
FAIL: gcc.target/i386/pr37843-4.c scan-assembler jmp[\\\\t ]*foo
FAIL: gcc.target/i386/pr40906-1.c (test for excess errors)
FAIL: gcc.target/i386/pr40906-2.c (test for excess errors)
XPASS: gcc.target/i386/push-1.c scan-assembler-not movups
=== gcc Summary ===
# of expected passes 76502
# of unexpected failures 38
# of unexpected successes 1
# of expected failures 178
# of unresolved testcases 16
# of unsupported tests 803
/gnu/gcc/obj-lto/gcc/xgcc version 4.6.0 20100410 (experimental) (GCC)
=== gfortran tests ===
Running target unix
FAIL: gfortran.dg/atan2_1.f90 execution test
=== gfortran Summary ===
# of expected passes 33779
# of unexpected failures 1
# of expected failures 39
# of unsupported tests 321
/gnu/gcc/obj-lto/gcc/testsuite/gfortran/../../gfortran version 4.6.0 20100410
(experimental) (GCC)
=== obj-c++ tests ===
Running target unix
FAIL: obj-c++.dg/const-str-5.mm (test for excess errors)
FAIL: obj-c++.dg/const-str-6.mm (test for excess errors)
WARNING: obj-c++.dg/lookup-2.mm compilation failed to produce executable
WARNING: obj-c++.dg/try-catch-2.mm compilation failed to produce executable
WARNING: obj-c++.dg/try-catch-9.mm compilation failed to produce executable
=== obj-c++ Summary ===
# of expected passes 436
# of unexpected failures 2
# of expected failures 6
# of unsupported tests 12
/gnu/gcc/obj-lto/gcc/testsuite/obj-c++/../../g++ version 4.6.0 20100410
(experimental) (GCC)
=== objc tests ===
Running target unix
=== objc Summary ===
# of expected passes 1969
# of expected failures 7
# of unsupported tests 20
/gnu/gcc/obj-lto/gcc/xgcc version 4.6.0 20100410 (experimental) (GCC)
=== libffi tests ===
Running target unix
FAIL: libffi.call/cls_align_pointer.c (test for excess errors)
=== libffi Summary ===
# of expected passes 1658
# of unexpected failures 1
# of expected failures 10
=== libgomp tests ===
Running target unix
WARNING: program timed out.
FAIL: libgomp.c/nqueens-1.c execution test
WARNING: program timed out.
FAIL: libgomp.c++/nested-1.C execution test
=== libgomp Summary ===
# of expected passes 2454
# of unexpected failures 2
# of unsupported tests 2
=== libjava tests ===
Running target unix
WARNING: program timed out.
FAIL: Process_1 execution - source compiled test
FAIL: Process_1 -findirect-dispatch compilation from source
FAIL: Process_1 -O3 compilation from source
WARNING: program timed out.
FAIL: Process_1 -O3 -findirect-dispatch execution - source compiled test
WARNING: program timed out.
FAIL: Process_2 execution - source compiled test
FAIL: Process_2 -findirect-dispatch compilation from source
FAIL: Process_2 -O3 compilation from source
WARNING: program timed out.
FAIL: Process_2 -O3 -findirect-dispatch execution - source compiled test
WARNING: program timed out.
FAIL: Process_3 execution - source compiled test
WARNING: program timed out.
FAIL: Process_3 -findirect-dispatch execution - source compiled test
WARNING: program timed out.
FAIL: Process_3 -O3 execution - source compiled test
WARNING: program timed out.
FAIL: Process_3 -O3 -findirect-dispatch execution - source compiled test
WARNING: program timed out.
FAIL: Process_4 execution - source compiled test
WARNING: program timed out.
FAIL: Process_4 -findirect-dispatch execution - source compiled test
WARNING: program timed out.
FAIL: Process_4 -O3 execution - source compiled test
WARNING: program timed out.
FAIL: Process_4 -O3 -findirect-dispatch execution - source compiled test
FAIL: Process_5 compilation from source
FAIL: Process_5 -findirect-dispatch compilation from source
FAIL: Process_5 -O3 compilation from source
WARNING: program timed out.
FAIL: Process_5 -O3 -findirect-dispatch execution - source compiled test
FAIL: Process_6 compilation from source
FAIL: Process_7 output - source compiled test
FAIL: Process_7 -findirect-dispatch output - source compiled test
FAIL: Process_7 -O3 output - source compiled test
FAIL: Process_7 -O3 -findirect-dispatch output - source compiled test
FAIL: Throw_2 execution - source compiled test
FAIL: Throw_2 -findirect-dispatch execution - source compiled test
FAIL: Throw_2 -O3 execution - source compiled test
FAIL: Throw_2 -O3 -findirect-dispatch execution - source compiled test
WARNING: program timed out.
FAIL: gnu.testlet.BinaryCompatibility.BinaryCompatibilityTest: IL bin_01:
(number 1)
FAIL: gnu.testlet.BinaryCompatibility.BinaryCompatibilityTest: IL bin_01:
(number 1)
FAIL: gnu.testlet.BinaryCompatibility.BinaryCompatibilityTest: IL bin_01:
(number 1)
FAIL: gnu.testlet.BinaryCompatibility.BinaryCompatibilityTest: IL bin_01:
(number 1)
XPASS: gnu.testlet.BinaryCompatibility.BinaryCompatibilityTest: Adding a
method to a class (number 1)
FAIL: gnu.testlet.BinaryCompatibility.BinaryCompatibilityTest: IL bin_02:
(number 1)
FAIL: gnu.testlet.BinaryCompatibility.BinaryCompatibilityTest: IL bin_02:
(number 1)
FAIL: gnu.testlet.BinaryCompatibility.BinaryCompatibilityTest: IL bin_02:
(number 1)
FAIL: gnu.testlet.BinaryCompatibility.BinaryCompatibilityTest: IL bin_02:
(number 1)
XPASS: gnu.testlet.BinaryCompatibility.BinaryCompatibilityTest: Adding a field
to a class (number 1)
FAIL: gnu.testlet.BinaryCompatibility.BinaryCompatibilityTest: IL bin_03:
(number 1)
FAIL: gnu.testlet.BinaryCompatibility.BinaryCompatibilityTest: IL bin_03:
(number 1)
FAIL: gnu.testlet.BinaryCompatibility.BinaryCompatibilityTest: IL bin_03:
(number 1)
FAIL: gnu.testlet.BinaryCompatibility.BinaryCompatibilityTest: IL bin_03:
(number 1)
FAIL: gnu.testlet.BinaryCompatibility.BinaryCompatibilityTest: IL bin_04:
(number 1)
FAIL: gnu.testlet.BinaryCompatibility.BinaryCompatibilityTest: IL bin_04:
(number 1)
FAIL: gnu.testlet.BinaryCompatibility.BinaryCompatibilityTest: IL bin_04:
(number 1)
FAIL: gnu.testlet.BinaryCompatibility.BinaryCompatibilityTest: IL bin_04:
(number 1)
XPASS: gnu.testlet.BinaryCompatibility.BinaryCompatibilityTest: Adding a
method to an interface (number 1)
FAIL: gnu.testlet.BinaryCompatibility.BinaryCompatibilityTest: IL bin_05:
(number 1)
FAIL: gnu.testlet.BinaryCompatibility.BinaryCompatibilityTest: IL bin_05:
(number 1)
FAIL: gnu.testlet.BinaryCompatibility.BinaryCompatibilityTest: IL bin_05:
(number 1)
FAIL: gnu.testlet.BinaryCompatibility.BinaryCompatibilityTest: IL bin_05:
(number 1)
FAIL: gnu.testlet.BinaryCompatibility.BinaryCompatibilityTest: IL bin_06:
(number 1)
FAIL: gnu.testlet.BinaryCompatibility.BinaryCompatibilityTest: IL bin_06:
(number 1)
FAIL: gnu.testlet.BinaryCompatibility.BinaryCompatibilityTest: IL bin_06:
(number 1)
FAIL: gnu.testlet.BinaryCompatibility.BinaryCompatibilityTest: IL bin_06:
(number 1)
FAIL: gnu.testlet.BinaryCompatibility.BinaryCompatibilityTest: IL bin_07:
(number 1)
FAIL: gnu.testlet.BinaryCompatibility.BinaryCompatibilityTest: IL bin_07:
(number 1)
FAIL: Compile gnu/testlet/java/awt/AWTEvent/constants.lo for
gnu.testlet.java.awt.AWTEvent.constants
FAIL: Compile gnu/testlet/java/awt/AWTKeyStroke/equals.lo for
gnu.testlet.java.awt.AWTKeyStroke.equals
XPASS: gnu.testlet.java.awt.AWTKeyStroke.getAWTKeyStroke: (String) (number 2)
XPASS: gnu.testlet.java.awt.AWTKeyStroke.getAWTKeyStroke: (String) (number 3)
XPASS: gnu.testlet.java.awt.AWTKeyStroke.getAWTKeyStroke: (String) (number 4)
FAIL: Compile
gnu/testlet/java/awt/geom/FlatteningPathIterator/getWindingRule^TestPathIterator.lo
for gnu.testlet.java.awt.geom.FlatteningPathIterator.getWindingRule
FAIL: Compile gnu/testlet/java/awt/geom/GeneralPath/append_PathIterator^1.lo
for gnu.testlet.java.awt.geom.GeneralPath.append_PathIterator
FAIL: gnu.testlet.java.awt.image.PixelGrabber.SimpleGrabber: uncaught
exception: java.awt.AWTError: Cannot load AWT toolkit:
XPASS: gnu.testlet.java.awt.image.SinglePixelPackedSampleModel.constructors:
(int, int, int, int[]) (number 8)
XPASS: gnu.testlet.java.awt.image.SinglePixelPackedSampleModel.constructors:
(int, int, int, int, int[]) (number 8)
XPASS:
gnu.testlet.java.awt.image.SinglePixelPackedSampleModel.createSubsetSampleModel
(number 7)
XPASS: gnu.testlet.java.awt.image.SinglePixelPackedSampleModel.equals (number 1)
XPASS: gnu.testlet.java.awt.image.SinglePixelPackedSampleModel.equals (number 2)
XPASS: gnu.testlet.java.awt.image.SinglePixelPackedSampleModel.equals (number 5)
XPASS: gnu.testlet.java.awt.image.SinglePixelPackedSampleModel.equals (number 7)
XPASS: gnu.testlet.java.awt.image.SinglePixelPackedSampleModel.equals (number 9)
XPASS: gnu.testlet.java.awt.image.SinglePixelPackedSampleModel.equals (number 11)
XPASS: gnu.testlet.java.awt.image.SinglePixelPackedSampleModel.equals (number 13)
XPASS: gnu.testlet.java.awt.image.SinglePixelPackedSampleModel.hashCode (number 1)
XPASS: gnu.testlet.java.awt.image.SinglePixelPackedSampleModel.hashCode (number 2)
FAIL: Compile gnu/testlet/java/beans/EventHandler/check14^Event.lo for
gnu.testlet.java.beans.EventHandler.check14
FAIL: Compile gnu/testlet/java/beans/Expression/check^dummy.lo for
gnu.testlet.java.beans.Expression.check
FAIL: Link for gnu.testlet.java.beans.Introspector.getBeanInfo
FAIL: Link for gnu.testlet.java.beans.Introspector.getBeanInfo2
FAIL: Link for gnu.testlet.java.beans.Introspector.getBeanInfo2_2
FAIL: Compile gnu/testlet/java/beans/PropertyEditorSupport/setValue^1.lo for
gnu.testlet.java.beans.PropertyEditorSupport.setValue
FAIL: Compile gnu/testlet/java/beans/Statement/check^dummy.lo for
gnu.testlet.java.beans.Statement.check
FAIL: Link for gnu.testlet.java.beans.XMLDecoder.jdk14
FAIL: gnu.testlet.java.io.File.canWrite: dir.canWrite() after SetReadOnly()
(number 1)
FAIL: gnu.testlet.java.io.File.canWrite: creating file in read only dir (number 1)
FAIL: gnu.testlet.java.io.File.canWrite: Write to file after setReadOnly()
(number 1)
FAIL: gnu.testlet.java.io.File.jdk11: delete () of a directory (number 1)
FAIL: gnu.testlet.java.io.File.jdk11: delete () of a directory (number 1)
FAIL: Compile gnu/testlet/java/io/FilterOutputStream/write^TestOutputStream.lo
for gnu.testlet.java.io.FilterOutputStream.write
FAIL: Compile gnu/testlet/java/io/LineNumberReader/Test2^LineReaderTest.lo for
gnu.testlet.java.io.LineNumberReader.Test2
FAIL: Compile gnu/testlet/java/io/ObjectInputOutput/Compat2^GetTypeMismatch.lo
for gnu.testlet.java.io.ObjectInputOutput.Compat2
FAIL: Compile
gnu/testlet/java/io/ObjectInputOutput/Deserializable^NotSerializable1.lo for
gnu.testlet.java.io.ObjectInputOutput.Deserializable
FAIL: Compile gnu/testlet/java/io/ObjectInputOutput/ExtTest^Inner.lo for
gnu.testlet.java.io.ObjectInputOutput.ExtTest
FAIL: Compile gnu/testlet/java/io/ObjectInputOutput/Test^BadField.lo for
gnu.testlet.java.io.ObjectInputOutput.InputTest
FAIL: Compile gnu/testlet/java/io/ObjectInputOutput/Test^CallDefault.lo for
gnu.testlet.java.io.ObjectInputOutput.OutputTest
XPASS: gnu.testlet.java.io.PrintWriter.checkError (number 3)
XPASS: gnu.testlet.java.io.PrintWriter.jdk11: checkError() after close()
(number 1)
=== libjava Summary ===
# of expected passes 9002
# of unexpected failures 80
# of unexpected successes 20
# of expected failures 16
# of untested testcases 33
=== libstdc++ tests ===
Running target unix
FAIL: 22_locale/ctype/scan/wchar_t/1.cc execution test
FAIL: 22_locale/ctype/scan/wchar_t/1.cc execution test
FAIL: 22_locale/ctype/scan/wchar_t/1.cc execution test
FAIL: 27_io/basic_filebuf/seekpos/char/1-io.cc execution test
FAIL: 27_io/basic_filebuf/seekpos/char/1-io.cc execution test
FAIL: 27_io/basic_filebuf/seekpos/char/2-io.cc execution test
FAIL: 27_io/basic_filebuf/seekpos/char/2-io.cc execution test
FAIL: 27_io/basic_ostream/inserters_arithmetic/wchar_t/4402.cc execution test
FAIL: 27_io/basic_ostream/inserters_arithmetic/wchar_t/4402.cc execution test
FAIL: 27_io/basic_ostream/inserters_arithmetic/wchar_t/4402.cc execution test
FAIL: ext/bitmap_allocator/variadic_construct.cc execution test
FAIL: ext/codecvt/wchar_t.cc execution test
=== libstdc++ Summary ===
# of expected passes 15064
# of unexpected failures 12
# of expected failures 198
# of unsupported tests 1508
=== libstdc++ Summary ===
Compiler version: 4.6.0 20100410 (experimental) (GCC)
Platform: i686-pc-cygwin
configure flags: --prefix=/usr -v --with-gmp=/usr --with-mpfr=/usr
--enable-bootstrap --enable-version-specific-runtime-libs --enable-static
--enable-shared --enable-shared-libgcc --disable-__cxa_atexit --with-gnu-ld
--with-gnu-as --with-dwarf2 --disable-sjlj-exceptions --disable-symvers
--enable-libjava --enable-interpreter --program-suffix=-4 --enable-libgomp
--disable-libssp --disable-libada --enable-threads=posix --with-arch=i686
--with-tune=generic CC=gcc-4 CXX=g++-4 CC_FOR_TARGET=gcc-4
CXX_FOR_TARGET=g++-4 --with-ecj-jar=/usr/share/java/ecj.jar
--disable-win32-registry --disable-libgcj-debug --enable-lto --enable-graphite
--enable-languages=c,c++,fortran,java,objc,obj-c++,lto