This is the mail archive of the gcc-testresults@gcc.gnu.org mailing list for the GCC project.


Index Nav: [Date Index] [Subject Index] [Author Index] [Thread Index]
Message Nav: [Date Prev] [Date Next] [Thread Prev] [Thread Next]
Other format: [Raw text]

Results for 4.5.0 20100411 (prerelease) (GCC) testsuite on arm-none-linux-gnueabi


LAST_UPDATED: Mon Apr 12 05:15:41 UTC 2010 (/branches/gcc-4_5-branch revision 158199)

Target is arm-none-linux-gnueabi
Host   is i686-pc-linux-gnu

		=== g++ tests ===


Running target qemu-default
FAIL: g++.dg/abi/local1.C execution test
FAIL: g++.dg/abi/packed1.C (test for excess errors)
FAIL: g++.dg/opt/pr30965.C scan-tree-dump-times optimized "variable_..D. = v_..D." 2
XPASS: g++.dg/other/packed1.C execution test
FAIL: g++.dg/tree-ssa/new1.C scan-tree-dump-not forwprop1 "= .* \\+ -"

		=== g++ Summary ===

# of expected passes		22020
# of unexpected failures	4
# of unexpected successes	1
# of expected failures		151
# of unsupported tests		180
/scratch/gcc/nightly-2010-04-11-4.5/arm-none-linux-gnueabi/obj/test-4.5-0-arm-none-linux-gnueabi/host-i686-pc-linux-gnu/fsf-4.5/bin/arm-none-linux-gnueabi-g++  version 4.5.0 20100411 (prerelease) (GCC) 

Host   is i686-pc-linux-gnu

		=== gcc tests ===


Running target qemu-default
FAIL: gcc.c-torture/compile/limits-fnargs.c  -O2  (test for excess errors)
FAIL: gcc.c-torture/compile/limits-fnargs.c  -O3 -fomit-frame-pointer  (test for excess errors)
FAIL: gcc.c-torture/compile/limits-fnargs.c  -O3 -g  (test for excess errors)
FAIL: gcc.c-torture/compile/limits-fnargs.c  -O2 -flto  (test for excess errors)
FAIL: gcc.c-torture/compile/limits-fnargs.c  -O2 -fwhopr  (test for excess errors)
FAIL: gcc.c-torture/execute/builtins/abs-1.c execution,  -O2 -fwhopr 
FAIL: gcc.dg/pr43058.c (test for excess errors)
FAIL: gcc.dg/uninit-13.c unconditional (test for warnings, line 8)
FAIL: gcc.dg/uninit-13.c (test for excess errors)
FAIL: gcc.dg/lto/20081112 c_lto_20081112_0.o-c_lto_20081112_1.o execute -O2 -fwhopr
FAIL: gcc.dg/tree-ssa/pr42585.c scan-tree-dump-times optimized "struct _fat_ptr _ans" 0
FAIL: gcc.dg/tree-ssa/pr42585.c scan-tree-dump-times optimized "struct _fat_ptr _T2" 0
FAIL: gcc.dg/vect/pr43430-1.c scan-tree-dump-times vect "vectorized 1 loops" 1
FAIL: gcc.dg/vect/vect-35.c scan-tree-dump-times vect "vectorized 2 loops" 1
ERROR: gcc.target/arm/neon-modes-1.c: Unrecognized option type: arm_neon for " dg-add-options 4 arm_neon "
UNRESOLVED: gcc.target/arm/neon-modes-1.c: Unrecognized option type: arm_neon for " dg-add-options 4 arm_neon "

		=== gcc Summary ===

# of expected passes		68433
# of unexpected failures	14
# of expected failures		227
# of unresolved testcases	1
# of unsupported tests		724
/scratch/gcc/nightly-2010-04-11-4.5/arm-none-linux-gnueabi/obj/test-4.5-0-arm-none-linux-gnueabi/host-i686-pc-linux-gnu/fsf-4.5/bin/arm-none-linux-gnueabi-gcc  version 4.5.0 20100411 (prerelease) (GCC) 

Host   is i686-pc-linux-gnu

		=== libstdc++ tests ===


Running target qemu-default
FAIL: 21_strings/basic_string/inserters_extractors/wchar_t/28277.cc execution test
FAIL: 27_io/basic_ostream/inserters_character/wchar_t/28277-3.cc execution test
FAIL: 27_io/basic_ostream/inserters_character/wchar_t/28277-4.cc execution test
FAIL: ext/vstring/inserters_extractors/wchar_t/28277.cc execution test

		=== libstdc++ Summary ===

# of expected passes		6832
# of unexpected failures	4
# of expected failures		93
# of unsupported tests		357
Host   is i686-pc-linux-gnu

		=== g++ tests ===


Running target qemu-default-thumb/-mthumb
FAIL: g++.dg/abi/local1.C execution test
FAIL: g++.dg/abi/packed1.C (test for excess errors)
FAIL: g++.dg/opt/pr30965.C scan-tree-dump-times optimized "variable_..D. = v_..D." 2
XPASS: g++.dg/other/packed1.C execution test
WARNING: shell not accepting input
WARNING: retrying command
FAIL: g++.dg/tree-ssa/new1.C scan-tree-dump-not forwprop1 "= .* \\+ -"

		=== g++ Summary ===

# of expected passes		21963
# of unexpected failures	4
# of unexpected successes	1
# of expected failures		151
# of unsupported tests		187
/scratch/gcc/nightly-2010-04-11-4.5/arm-none-linux-gnueabi/obj/test-4.5-0-arm-none-linux-gnueabi/host-i686-pc-linux-gnu/fsf-4.5/bin/arm-none-linux-gnueabi-g++  version 4.5.0 20100411 (prerelease) (GCC) 

Host   is i686-pc-linux-gnu

		=== gcc tests ===


Running target qemu-default-thumb/-mthumb
FAIL: gcc.c-torture/execute/builtins/abs-1.c execution,  -O2 -fwhopr 
XPASS: gcc.c-torture/execute/941014-1.c execution,  -O0 
FAIL: gcc.dg/uninit-13.c unconditional (test for warnings, line 8)
FAIL: gcc.dg/uninit-13.c (test for excess errors)
FAIL: gcc.dg/lto/20081112 c_lto_20081112_0.o-c_lto_20081112_1.o execute -O2 -fwhopr
FAIL: gcc.dg/tree-ssa/pr42585.c scan-tree-dump-times optimized "struct _fat_ptr _ans" 0
FAIL: gcc.dg/tree-ssa/pr42585.c scan-tree-dump-times optimized "struct _fat_ptr _T2" 0
ERROR: gcc.target/arm/neon-modes-1.c: Unrecognized option type: arm_neon for " dg-add-options 4 arm_neon "
UNRESOLVED: gcc.target/arm/neon-modes-1.c: Unrecognized option type: arm_neon for " dg-add-options 4 arm_neon "

		=== gcc Summary ===

# of expected passes		63555
# of unexpected failures	6
# of unexpected successes	1
# of expected failures		99
# of unresolved testcases	1
# of unsupported tests		2590
/scratch/gcc/nightly-2010-04-11-4.5/arm-none-linux-gnueabi/obj/test-4.5-0-arm-none-linux-gnueabi/host-i686-pc-linux-gnu/fsf-4.5/bin/arm-none-linux-gnueabi-gcc  version 4.5.0 20100411 (prerelease) (GCC) 

Host   is i686-pc-linux-gnu

		=== libstdc++ tests ===


Running target qemu-default-thumb/-mthumb
FAIL: 21_strings/basic_string/inserters_extractors/wchar_t/28277.cc execution test
FAIL: 23_containers/deque/check_construct_destroy.cc execution test
FAIL: 23_containers/deque/invalidation/3.cc execution test
FAIL: 23_containers/deque/invalidation/4.cc execution test
FAIL: 23_containers/deque/modifiers/erase/1.cc execution test
FAIL: 25_algorithms/copy_backward/deque_iterators/1.cc execution test
FAIL: 25_algorithms/move_backward/deque_iterators/1.cc execution test
FAIL: 27_io/basic_ostream/inserters_character/wchar_t/28277-3.cc execution test
FAIL: 27_io/basic_ostream/inserters_character/wchar_t/28277-4.cc execution test
FAIL: ext/vstring/inserters_extractors/wchar_t/28277.cc execution test

		=== libstdc++ Summary ===

# of expected passes		6826
# of unexpected failures	10
# of expected failures		93
# of unsupported tests		357

Compiler version: 4.5.0 20100411 (prerelease) (GCC) 
Platform: arm-none-linux-gnueabi
configure flags: --build=i686-pc-linux-gnu --host=i686-pc-linux-gnu --target=arm-none-linux-gnueabi --enable-threads --disable-libmudflap --disable-libssp --disable-libstdcxx-pch --with-gnu-as --with-gnu-ld --enable-languages=c,c++ --enable-shared --enable-lto --enable-symvers=gnu --enable-__cxa_atexit --disable-nls --prefix=/opt/codesourcery --with-sysroot=/opt/codesourcery/arm-none-linux-gnueabi/libc --with-build-sysroot=/scratch/gcc/nightly-2010-04-11-4.5/arm-none-linux-gnueabi/install/arm-none-linux-gnueabi/libc --with-gmp=/scratch/gcc/nightly-2010-04-11-4.5/arm-none-linux-gnueabi/obj/host-libs-4.5-0-arm-none-linux-gnueabi-i686-pc-linux-gnu/usr --with-mpfr=/scratch/gcc/nightly-2010-04-11-4.5/arm-none-linux-gnueabi/obj/host-libs-4.5-0-arm-none-linux-gnueabi-i686-pc-linux-gnu/usr --with-mpc=/scratch/gcc/nightly-2010-04-11-4.5/arm-none-linux-gnueabi/obj/host-libs-4.5-0-arm-none-linux-gnueabi-i686-pc-linux-gnu/usr --with-ppl=/scratch/gcc/nightly-2010-04-11-4.5/arm-none-linux-
 gnueabi/obj/host-libs-4.5-0-arm-none-linux-gnueabi-i686-pc-linux-gnu/usr --with-host-libstdcxx='-static-libgcc -Wl,-Bstatic,-lstdc++,-Bdynamic -lm' --with-cloog=/scratch/gcc/nightly-2010-04-11-4.5/arm-none-linux-gnueabi/obj/host-libs-4.5-0-arm-none-linux-gnueabi-i686-pc-linux-gnu/usr --with-libelf=/scratch/gcc/nightly-2010-04-11-4.5/arm-none-linux-gnueabi/obj/host-libs-4.5-0-arm-none-linux-gnueabi-i686-pc-linux-gnu/usr --disable-libgomp --enable-poison-system-directories --with-build-time-tools=/scratch/gcc/nightly-2010-04-11-4.5/arm-none-linux-gnueabi/install/arm-none-linux-gnueabi/bin --with-build-time-tools=/scratch/gcc/nightly-2010-04-11-4.5/arm-none-linux-gnueabi/install/arm-none-linux-gnueabi/bin


Index Nav: [Date Index] [Subject Index] [Author Index] [Thread Index]
Message Nav: [Date Prev] [Date Next] [Thread Prev] [Thread Next]