This is the mail archive of the gcc-testresults@gcc.gnu.org mailing list for the GCC project.


Index Nav: [Date Index] [Subject Index] [Author Index] [Thread Index]
Message Nav: [Date Prev] [Date Next] [Thread Prev] [Thread Next]
Other format: [Raw text]

Results for 4.5.0 20100408 (prerelease) (GCC) testsuite on i686-pc-cygwin


LAST_UPDATED: Obtained from SVN: branches/gcc-4_5-branch revision 158139

Native configuration is i686-pc-cygwin

=== g++ tests ===


Running target unix
FAIL: g++.dg/compat/decimal/pass-1 cp_compat_x_tst.o-cp_compat_y_tst.o link
UNRESOLVED: g++.dg/compat/decimal/pass-1 cp_compat_x_tst.o-cp_compat_y_tst.o execute
FAIL: g++.dg/compat/decimal/pass-2 cp_compat_x_tst.o-cp_compat_y_tst.o link
UNRESOLVED: g++.dg/compat/decimal/pass-2 cp_compat_x_tst.o-cp_compat_y_tst.o execute
FAIL: g++.dg/compat/decimal/pass-3 cp_compat_x_tst.o-cp_compat_y_tst.o link
UNRESOLVED: g++.dg/compat/decimal/pass-3 cp_compat_x_tst.o-cp_compat_y_tst.o execute
FAIL: g++.dg/compat/decimal/pass-4 cp_compat_x_tst.o-cp_compat_y_tst.o link
UNRESOLVED: g++.dg/compat/decimal/pass-4 cp_compat_x_tst.o-cp_compat_y_tst.o execute
FAIL: g++.dg/compat/decimal/pass-5 cp_compat_x_tst.o-cp_compat_y_tst.o link
UNRESOLVED: g++.dg/compat/decimal/pass-5 cp_compat_x_tst.o-cp_compat_y_tst.o execute
FAIL: g++.dg/compat/decimal/pass-6 cp_compat_x_tst.o-cp_compat_y_tst.o link
UNRESOLVED: g++.dg/compat/decimal/pass-6 cp_compat_x_tst.o-cp_compat_y_tst.o execute
FAIL: g++.dg/compat/decimal/return-1 cp_compat_x_tst.o-cp_compat_y_tst.o link
UNRESOLVED: g++.dg/compat/decimal/return-1 cp_compat_x_tst.o-cp_compat_y_tst.o execute
FAIL: g++.dg/compat/decimal/return-2 cp_compat_x_tst.o-cp_compat_y_tst.o link
UNRESOLVED: g++.dg/compat/decimal/return-2 cp_compat_x_tst.o-cp_compat_y_tst.o execute
FAIL: g++.dg/compat/decimal/return-3 cp_compat_x_tst.o-cp_compat_y_tst.o link
UNRESOLVED: g++.dg/compat/decimal/return-3 cp_compat_x_tst.o-cp_compat_y_tst.o execute
FAIL: g++.dg/compat/decimal/return-4 cp_compat_x_tst.o-cp_compat_y_tst.o link
UNRESOLVED: g++.dg/compat/decimal/return-4 cp_compat_x_tst.o-cp_compat_y_tst.o execute
FAIL: g++.dg/compat/decimal/return-5 cp_compat_x_tst.o-cp_compat_y_tst.o link
UNRESOLVED: g++.dg/compat/decimal/return-5 cp_compat_x_tst.o-cp_compat_y_tst.o execute
FAIL: g++.dg/compat/decimal/return-6 cp_compat_x_tst.o-cp_compat_y_tst.o link
UNRESOLVED: g++.dg/compat/decimal/return-6 cp_compat_x_tst.o-cp_compat_y_tst.o execute
FAIL: c-c++-common/dfp/func-vararg-mixed-2.c (test for excess errors)
WARNING: c-c++-common/dfp/func-vararg-mixed-2.c compilation failed to produce executable
FAIL: c-c++-common/dfp/pr36800.c (test for excess errors)
WARNING: c-c++-common/dfp/pr36800.c compilation failed to produce executable
FAIL: c-c++-common/dfp/pr39034.c (test for excess errors)
WARNING: c-c++-common/dfp/pr39034.c compilation failed to produce executable
FAIL: c-c++-common/dfp/pr39035.c (test for excess errors)
WARNING: c-c++-common/dfp/pr39035.c compilation failed to produce executable
FAIL: g++.dg/abi/local1.C execution test
FAIL: g++.dg/abi/mangle40.C scan-assembler weak[^\\n]*_Z1fIU8__vectorfEvT_
FAIL: g++.dg/abi/mangle40.C scan-assembler weak[^\\n]*_ZN1AIDv4_fE1tE
FAIL: g++.dg/abi/mangle40.C scan-assembler weak[^\\n]*_ZN1AIU8__vectorfE1tE
FAIL: g++.dg/abi/thunk5.C scan-assembler weak.*ZTv
FAIL: g++.dg/eh/weak1.C execution test
FAIL: g++.dg/ext/dllimport7.C C++ specific error (test for errors, line 24)
FAIL: g++.dg/ext/selectany1.C scan-assembler-dem \\nguard variable for x:
FAIL: g++.dg/init/cleanup3.C scan-assembler-not _tcf
XPASS: g++.old-deja/g++.ext/attrib5.C execution test
FAIL: g++.old-deja/g++.other/init5.C execution test


=== g++ Summary ===

# of expected passes 22164
# of unexpected failures 26
# of unexpected successes 1
# of expected failures 149
# of unresolved testcases 12
# of unsupported tests 204
/cygdrive/e/gnu/xp/gcc/testsuite/g++/../../g++ version 4.5.0 20100408 (prerelease) (GCC)


=== gcc tests ===


Running target unix === gfortran tests ===


Running target unix
FAIL: gfortran.dg/atan2_1.f90 -O0 execution test
WARNING: program timed out.
WARNING: program timed out.
FAIL: gfortran.dg/streamio_11.f90 -O3 -fomit-frame-pointer (test for excess errors)
WARNING: program timed out.
FAIL: gfortran.dg/streamio_4.f90 -O3 -g (test for excess errors)
WARNING: program timed out.
FAIL: gfortran.dg/string_null_compare_1.f -O3 -g (test for excess errors)
WARNING: program timed out.
FAIL: gfortran.dg/transfer_array_intrinsic_2.f90 -Os (test for excess errors)
WARNING: program timed out.
FAIL: gfortran.dg/use_5.f90 -Os (test for excess errors)
WARNING: program timed out.
FAIL: gfortran.dg/value_7.f03 -O0 (test for excess errors)
WARNING: program timed out.
FAIL: gfortran.dg/g77/980628-9.f -O1 (test for excess errors)


=== gfortran Summary ===

# of expected passes 33454
# of unexpected failures 8
# of expected failures 40
# of unsupported tests 321
/cygdrive/e/gnu/xp/gcc/testsuite/gfortran/../../gfortran version 4.5.0 20100408 (prerelease) (GCC)


=== libstdc++ tests ===


Running target unix
WARNING: 21_strings/basic_string/capacity/1.cc compilation failed to produce executable
WARNING: 21_strings/basic_string/capacity/char/1.cc compilation failed to produce executable
WARNING: 21_strings/basic_string/compare/wchar_t/1.cc compilation failed to produce executable
WARNING: 21_strings/basic_string/element_access/wchar_t/2.cc compilation failed to produce executable
WARNING: 21_strings/basic_string/insert/wchar_t/1.cc compilation failed to produce executable
FAIL: 22_locale/ctype/scan/wchar_t/1.cc execution test
FAIL: 22_locale/locale/cons/unicode.cc execution test
FAIL: 27_io/basic_ostream/inserters_arithmetic/wchar_t/4402.cc execution test
WARNING: program timed out.
FAIL: 27_io/manipulators/adjustfield/char/2.cc (test for excess errors)
FAIL: decimal/binary-arith.cc (test for excess errors)
WARNING: decimal/binary-arith.cc compilation failed to produce executable
FAIL: decimal/comparison.cc (test for excess errors)
WARNING: decimal/comparison.cc compilation failed to produce executable
FAIL: decimal/compound-assignment-memfunc.cc (test for excess errors)
WARNING: decimal/compound-assignment-memfunc.cc compilation failed to produce executable
FAIL: decimal/compound-assignment.cc (test for excess errors)
WARNING: decimal/compound-assignment.cc compilation failed to produce executable
FAIL: decimal/make-decimal.cc (test for excess errors)
WARNING: decimal/make-decimal.cc compilation failed to produce executable
FAIL: decimal/unary-arith.cc (test for excess errors)
WARNING: decimal/unary-arith.cc compilation failed to produce executable
FAIL: ext/bitmap_allocator/variadic_construct.cc execution test
FAIL: ext/codecvt/wchar_t.cc execution test
FAIL: ext/enc_filebuf/char/13189.cc execution test
FAIL: ext/enc_filebuf/wchar_t/13189.cc execution test


=== libstdc++ Summary ===

# of expected passes        6559
# of unexpected failures    14
# of expected failures        91
# of unsupported tests        583

Compiler version: 4.5.0 20100408 (prerelease) (GCC)
Platform: i686-pc-cygwin
configure flags: --prefix=/usr/local/gcc45 --enable-languages='c c++ fortran objc' --enable-threads=posix --disable-sjlj-exceptions --enable-maintainer-mode --disable-shared --disable-mudflap --with-dwarf2 --enable-decimal-float --disable-libssp


--
Tim Prince


Index Nav: [Date Index] [Subject Index] [Author Index] [Thread Index]
Message Nav: [Date Prev] [Date Next] [Thread Prev] [Thread Next]