This is the mail archive of the gcc-testresults@gcc.gnu.org mailing list for the GCC project.


Index Nav: [Date Index] [Subject Index] [Author Index] [Thread Index]
Message Nav: [Date Prev] [Date Next] [Thread Prev] [Thread Next]
Other format: [Raw text]

Results for 4.5.0 20100409 (prerelease) [gcc-4_5-branch revision 158146] (GCC) testsuite on hppa64-hp-hpux11.11


Native configuration is hppa64-hp-hpux11.11

		=== g++ tests ===


Running target unix

		=== g++ Summary ===

# of expected passes		21036
# of expected failures		153
# of unsupported tests		236
/test/gnu/gcc/objdir/gcc/testsuite/g++/../../g++  version 4.5.0 20100409 (prerelease) [gcc-4_5-branch revision 158146] (GCC) 

		=== gcc tests ===


Running target unix
WARNING: program timed out.
FAIL: gcc.c-torture/compile/limits-fnargs.c  -O3 -g  (test for excess errors)
XPASS: gcc.dg/funcorder.c scan-assembler-not link_error,%r
WARNING: program timed out.
FAIL: gcc.dg/pr43058.c (test for excess errors)
FAIL: gcc.dg/pr43643.c (test for excess errors)
WARNING: gcc.dg/pr43643.c compilation failed to produce executable
WARNING: program timed out.
FAIL: gcc.dg/lto/20090116 c_lto_20090116_0.o-c_lto_20090116_0.o link,  (internal compiler error)
UNRESOLVED: gcc.dg/lto/20090116 c_lto_20090116_0.o-c_lto_20090116_0.o execute -O1 -fwhopr -fPIC
FAIL: gcc.dg/lto/20090313 c_lto_20090313_0.o-c_lto_20090313_0.o link
UNRESOLVED: gcc.dg/lto/20090313 c_lto_20090313_0.o-c_lto_20090313_0.o execute -O0 -fwhopr
FAIL: gcc.dg/lto/20090313 c_lto_20090313_0.o-c_lto_20090313_0.o link
UNRESOLVED: gcc.dg/lto/20090313 c_lto_20090313_0.o-c_lto_20090313_0.o execute -O2 -fwhopr
FAIL: gcc.dg/lto/20090313 c_lto_20090313_0.o-c_lto_20090313_0.o link
UNRESOLVED: gcc.dg/lto/20090313 c_lto_20090313_0.o-c_lto_20090313_0.o execute -O0 -flto
FAIL: gcc.dg/lto/20090313 c_lto_20090313_0.o-c_lto_20090313_0.o link
UNRESOLVED: gcc.dg/lto/20090313 c_lto_20090313_0.o-c_lto_20090313_0.o execute -O2 -flto
FAIL: gcc.dg/lto/20091216-1 c_lto_20091216-1_0.o-c_lto_20091216-1_0.o link
UNRESOLVED: gcc.dg/lto/20091216-1 c_lto_20091216-1_0.o-c_lto_20091216-1_0.o execute -O0 -fwhopr
FAIL: gcc.dg/lto/20091216-1 c_lto_20091216-1_0.o-c_lto_20091216-1_0.o link
UNRESOLVED: gcc.dg/lto/20091216-1 c_lto_20091216-1_0.o-c_lto_20091216-1_0.o execute -O2 -fwhopr
FAIL: gcc.dg/lto/20091216-1 c_lto_20091216-1_0.o-c_lto_20091216-1_0.o link
UNRESOLVED: gcc.dg/lto/20091216-1 c_lto_20091216-1_0.o-c_lto_20091216-1_0.o execute -O0 -flto
FAIL: gcc.dg/lto/20091216-1 c_lto_20091216-1_0.o-c_lto_20091216-1_0.o link
UNRESOLVED: gcc.dg/lto/20091216-1 c_lto_20091216-1_0.o-c_lto_20091216-1_0.o execute -O2 -flto
FAIL: gcc.dg/tree-prof/pr34999.c compilation,  -fprofile-use -D_PROFILE_USE
UNRESOLVED: gcc.dg/tree-prof/pr34999.c execution,    -fprofile-use -D_PROFILE_USE
FAIL: gcc.dg/tree-ssa/20031015-1.c (internal compiler error)
FAIL: gcc.dg/tree-ssa/20031015-1.c (test for excess errors)
FAIL: gcc.dg/tree-ssa/asm-1.c (internal compiler error)
FAIL: gcc.dg/tree-ssa/asm-1.c (test for excess errors)
FAIL: gcc.dg/tree-ssa/asm-1.c scan-tree-dump-times optimized "63" 1
FAIL: gcc.dg/tree-ssa/asm-2.c (internal compiler error)
FAIL: gcc.dg/tree-ssa/asm-2.c (test for excess errors)
FAIL: gcc.dg/tree-ssa/asm-2.c scan-tree-dump-times optimized "asm[^\\r\\n]*xyzzy" 1
FAIL: gcc.dg/tree-ssa/asmgoto-1.c (internal compiler error)
FAIL: gcc.dg/tree-ssa/asmgoto-1.c (test for excess errors)
FAIL: gcc.dg/tree-ssa/asmgoto-1.c scan-tree-dump-times optimized "XYZZY" 1
FAIL: gcc.dg/tree-ssa/inline_asm-1.c (internal compiler error)
FAIL: gcc.dg/tree-ssa/inline_asm-1.c (test for excess errors)
FAIL: gcc.dg/tree-ssa/inline_asm-1.c scan-tree-dump-times optimized "test_function" 2: dump file does not exist
FAIL: gcc.dg/tree-ssa/pr23848-4.c (internal compiler error)
FAIL: gcc.dg/tree-ssa/pr23848-4.c (test for excess errors)
FAIL: gcc.dg/tree-ssa/pr38533.c (internal compiler error)
FAIL: gcc.dg/tree-ssa/pr38533.c (test for excess errors)
FAIL: gcc.dg/tree-ssa/pr38533.c scan-tree-dump-times reassoc1 "__asm__[^;
FAIL: gcc.dg/tree-ssa/stdarg-2.c (internal compiler error)
FAIL: gcc.dg/tree-ssa/stdarg-2.c (test for excess errors)

		=== gcc Summary ===

# of expected passes		61713
# of unexpected failures	34
# of unexpected successes	1
# of expected failures		89
# of unresolved testcases	10
# of unsupported tests		784
/test/gnu/gcc/objdir/gcc/xgcc  version 4.5.0 20100409 (prerelease) [gcc-4_5-branch revision 158146] (GCC) 

		=== gfortran tests ===


Running target unix

		=== gfortran Summary ===

# of expected passes		32960
# of expected failures		21
# of unsupported tests		285
/test/gnu/gcc/objdir/gcc/testsuite/gfortran/../../gfortran  version 4.5.0 20100409 (prerelease) [gcc-4_5-branch revision 158146] (GCC) 

		=== obj-c++ tests ===


Running target unix
XPASS: obj-c++.dg/comp-types-10.mm -fgnu-runtime (test for excess errors)
WARNING: obj-c++.dg/lookup-2.mm -fgnu-runtime compilation failed to produce executable
WARNING: obj-c++.dg/try-catch-2.mm -fgnu-runtime compilation failed to produce executable
WARNING: obj-c++.dg/try-catch-9.mm -fgnu-runtime compilation failed to produce executable

		=== obj-c++ Summary ===

# of expected passes		428
# of unexpected successes	1
# of expected failures		14
# of unsupported tests		13
/test/gnu/gcc/objdir/gcc/testsuite/obj-c++/../../g++  version 4.5.0 20100409 (prerelease) [gcc-4_5-branch revision 158146] (GCC) 

		=== objc tests ===


Running target unix

		=== objc Summary ===

# of expected passes		1866
# of expected failures		15
# of unsupported tests		22
/test/gnu/gcc/objdir/gcc/xgcc  version 4.5.0 20100409 (prerelease) [gcc-4_5-branch revision 158146] (GCC) 

		=== libgomp tests ===


Running target unix

		=== libgomp Summary ===

# of expected passes		2442
# of unsupported tests		9
		=== libstdc++ tests ===


Running target unix
FAIL: ext/profile/all.cc (test for excess errors)

		=== libstdc++ Summary ===

# of expected passes		6326
# of unexpected failures	1
# of expected failures		89
# of unsupported tests		616

Compiler version: 4.5.0 20100409 (prerelease) [gcc-4_5-branch revision 158146] (GCC) 
Platform: hppa64-hp-hpux11.11
configure flags:Test Run By dave on Fri Apr  9 11:42:13 2010


Index Nav: [Date Index] [Subject Index] [Author Index] [Thread Index]
Message Nav: [Date Prev] [Date Next] [Thread Prev] [Thread Next]