This is the mail archive of the gcc-testresults@gcc.gnu.org mailing list for the GCC project.


Index Nav: [Date Index] [Subject Index] [Author Index] [Thread Index]
Message Nav: [Date Prev] [Date Next] [Thread Prev] [Thread Next]
Other format: [Raw text]

Results for 4.6.0 20100409 (experimental) [trunk revision 158165] (GCC) testsuite on i686-apple-darwin9


Run Date : Fri Apr 9 16:41:21 UTC 2010
uname -v : Darwin Kernel Version 9.8.0: Wed Jul 15 16:55:01 PDT 2009; root:xnu-1228.15.4~1/RELEASE_I386
arch : i386 machine : i486
BOOTSTRAPped with gcc version 4.0.1 (Apple Inc. build 5493)
ld : @(#)PROGRAM:ld PROJECT:ld64-85.2.1
m4 (GNU M4) 1.4.13
autoconf (GNU Autoconf) 2.64
automake (GNU automake) 1.11
dejagnu - setting timeout default to 60s
Expect version is 5.43.0
Tcl version is 8.5
Framework version is 1.4.4
Box: Dual 4Core Xeon, 4.6trunk
GMP version 4.3.2, MPFR version 2.4.2, MPC version 0.8.1


LAST_UPDATED: Fri 9 Apr 2010 14:13:59 UTC (revision 158165)

Native configuration is i686-apple-darwin9

=== g++ tests ===


Running target unix/-m32 FAIL: g++.dg/abi/mangle40.C scan-assembler weak[^\\n]*_Z1fIDv4_fEvT_ FAIL: g++.dg/abi/mangle40.C scan-assembler weak[^\\n]*_ZN1AIDv4_fE1tE WARNING: g++.dg/ext/label13.C compilation failed to produce executable FAIL: g++.dg/other/pr35504.C execution test

=== g++ Summary for unix/-m32 ===

# of expected passes		21728
# of unexpected failures	3
# of expected failures		150
# of unsupported tests		180

Running target unix/-m64
FAIL: g++.dg/abi/mangle40.C scan-assembler weak[^\\n]*_Z1fIDv4_fEvT_
FAIL: g++.dg/abi/mangle40.C scan-assembler weak[^\\n]*_ZN1AIDv4_fE1tE
WARNING: g++.dg/ext/label13.C compilation failed to produce executable

=== g++ Summary for unix/-m64 ===

# of expected passes		21391
# of unexpected failures	2
# of expected failures		150
# of unsupported tests		340

=== g++ Summary ===

# of expected passes 43119
# of unexpected failures 5
# of expected failures 300
# of unsupported tests 520
/Volumes/ScratchCS/gcc-4-6-trunk-build/gcc/testsuite/g++/../../g++ version 4.6.0 20100409 (experimental) [trunk revision 158165] (GCC)


=== gcc tests ===


Running target unix/-m32
FAIL: gcc.c-torture/execute/ashldi-1.c compilation, -O3 -fomit-frame- pointer -funroll-loops (internal compiler error)
UNRESOLVED: gcc.c-torture/execute/ashldi-1.c execution, -O3 -fomit- frame-pointer -funroll-loops
FAIL: gcc.c-torture/execute/ashldi-1.c compilation, -O3 -fomit-frame- pointer -funroll-all-loops -finline-functions (internal compiler error)
UNRESOLVED: gcc.c-torture/execute/ashldi-1.c execution, -O3 -fomit- frame-pointer -funroll-all-loops -finline-functions
FAIL: gcc.dg/debug/dwarf2/aranges-fnsec-1.c scan-assembler DW_AT_ranges
FAIL: gcc.dg/pr34668-1.c (internal compiler error)
FAIL: gcc.dg/pr34668-1.c (test for excess errors)
FAIL: gcc.dg/pragma-darwin.c (test for excess errors)


=== gcc Summary for unix/-m32 ===

# of expected passes		59194
# of unexpected failures	6
# of expected failures		166
# of unresolved testcases	2
# of unsupported tests		1187

Running target unix/-m64
FAIL: gcc.dg/debug/dwarf2/aranges-fnsec-1.c scan-assembler DW_AT_ranges
FAIL: gcc.dg/pr34668-1.c (internal compiler error)
FAIL: gcc.dg/pr34668-1.c (test for excess errors)
FAIL: gcc.dg/pragma-darwin.c (test for excess errors)

=== gcc Summary for unix/-m64 ===

# of expected passes		58783
# of unexpected failures	4
# of expected failures		167
# of unsupported tests		1483

=== gcc Summary ===

# of expected passes 117977
# of unexpected failures 10
# of expected failures 333
# of unresolved testcases 2
# of unsupported tests 2670
/Volumes/ScratchCS/gcc-4-6-trunk-build/gcc/xgcc version 4.6.0 20100409 (experimental) [trunk revision 158165] (GCC)


=== gfortran tests ===


Running target unix/-m32


=== gfortran Summary for unix/-m32 ===

# of expected passes		33868
# of expected failures		28
# of unsupported tests		143

Running target unix/-m64

=== gfortran Summary for unix/-m64 ===

# of expected passes		34013
# of expected failures		28
# of unsupported tests		75

=== gfortran Summary ===

# of expected passes 67881
# of expected failures 56
# of unsupported tests 218
/Volumes/ScratchCS/gcc-4-6-trunk-build/gcc/testsuite/gfortran/../../ gfortran version 4.6.0 20100409 (experimental) [trunk revision 158165] (GCC)


=== obj-c++ tests ===


Running target unix/-m32
FAIL: obj-c++.dg/const-str-5.mm -fgnu-runtime (test for excess errors)
FAIL: obj-c++.dg/const-str-6.mm -fgnu-runtime (test for excess errors)
WARNING: obj-c++.dg/lookup-2.mm -fgnu-runtime compilation failed to produce executable
FAIL: obj-c++.dg/stubify-2.mm -fgnu-runtime (test for excess errors)
ERROR: obj-c++.dg/stubify-2.mm: error executing dg-final: couldn't open "stubify-2.mm.147r.jump": no such file or directory
UNRESOLVED: obj-c++.dg/stubify-2.mm: error executing dg-final: couldn't open "stubify-2.mm.147r.jump": no such file or directory
WARNING: obj-c++.dg/try-catch-2.mm -fgnu-runtime compilation failed to produce executable
WARNING: obj-c++.dg/try-catch-9.mm -fgnu-runtime compilation failed to produce executable
FAIL: obj-c++.dg/const-str-5.mm -fnext-runtime (test for excess errors)
FAIL: obj-c++.dg/const-str-6.mm -fnext-runtime (test for excess errors)
FAIL: obj-c++.dg/cxx-ivars-3.mm -fnext-runtime execution test
FAIL: obj-c++.dg/stubify-2.mm -fnext-runtime (test for excess errors)
ERROR: obj-c++.dg/stubify-2.mm: error executing dg-final: couldn't open "stubify-2.mm.147r.jump": no such file or directory
UNRESOLVED: obj-c++.dg/stubify-2.mm: error executing dg-final: couldn't open "stubify-2.mm.147r.jump": no such file or directory


=== obj-c++ Summary for unix/-m32 ===

# of expected passes		903
# of unexpected failures	7
# of expected failures		9
# of unresolved testcases	2
# of unsupported tests		11

Running target unix/-m64
FAIL: obj-c++.dg/const-str-5.mm -fgnu-runtime (test for excess errors)
FAIL: obj-c++.dg/const-str-6.mm -fgnu-runtime (test for excess errors)
WARNING: obj-c++.dg/lookup-2.mm -fgnu-runtime compilation failed to produce executable
FAIL: obj-c++.dg/stubify-2.mm -fgnu-runtime (test for excess errors)
ERROR: obj-c++.dg/stubify-2.mm: error executing dg-final: couldn't open "stubify-2.mm.147r.jump": no such file or directory
UNRESOLVED: obj-c++.dg/stubify-2.mm: error executing dg-final: couldn't open "stubify-2.mm.147r.jump": no such file or directory
FAIL: obj-c++.dg/try-catch-2.mm -fgnu-runtime (test for excess errors)
WARNING: obj-c++.dg/try-catch-2.mm -fgnu-runtime compilation failed to produce executable
FAIL: obj-c++.dg/try-catch-9.mm -fgnu-runtime (test for excess errors)
WARNING: obj-c++.dg/try-catch-9.mm -fgnu-runtime compilation failed to produce executable
FAIL: obj-c++.dg/const-str-5.mm -fnext-runtime (test for excess errors)
FAIL: obj-c++.dg/const-str-6.mm -fnext-runtime (test for excess errors)
FAIL: obj-c++.dg/stubify-2.mm -fnext-runtime (test for excess errors)
ERROR: obj-c++.dg/stubify-2.mm: error executing dg-final: couldn't open "stubify-2.mm.147r.jump": no such file or directory
UNRESOLVED: obj-c++.dg/stubify-2.mm: error executing dg-final: couldn't open "stubify-2.mm.147r.jump": no such file or directory
WARNING: obj-c++.dg/try-catch-2.mm -fnext-runtime compilation failed to produce executable
WARNING: obj-c++.dg/try-catch-9.mm -fnext-runtime compilation failed to produce executable


=== obj-c++ Summary for unix/-m64 ===

# of expected passes		861
# of unexpected failures	8
# of expected failures		48
# of unresolved testcases	2
# of unsupported tests		11

=== obj-c++ Summary ===

# of expected passes 1764
# of unexpected failures 15
# of expected failures 57
# of unresolved testcases 4
# of unsupported tests 22
/Volumes/ScratchCS/gcc-4-6-trunk-build/gcc/testsuite/obj-c++/../../g+ + version 4.6.0 20100409 (experimental) [trunk revision 158165] (GCC)


=== objc tests ===


Running target unix/-m32
FAIL: objc/execute/exceptions/catchall-1.m execution, -O3 -fomit- frame-pointer -fnext-runtime
FAIL: objc/execute/exceptions/catchall-1.m execution, -O3 -g -fnext- runtime
FAIL: objc/execute/exceptions/local-variables-1.m execution, -O3 - fomit-frame-pointer -fnext-runtime
FAIL: objc/execute/exceptions/local-variables-1.m execution, -O3 -g - fnext-runtime
FAIL: objc.dg/headers.m -fnext-runtime (test for excess errors)
FAIL: objc.dg/no-extra-load.m -fnext-runtime (test for excess errors)
ERROR: objc.dg/no-extra-load.m: error executing dg-final: couldn't open "no-extra-load.s": no such file or directory
UNRESOLVED: objc.dg/no-extra-load.m: error executing dg-final: couldn't open "no-extra-load.s": no such file or directory
FAIL: objc.dg/stret-2.m scan-assembler objc_msgSend_stret
FAIL: objc.dg/stret-2.m scan-assembler-not objc_msgSend[^_S]
FAIL: objc.dg/stret-2.m scan-assembler-not objc_msgSendSuper[^_]
FAIL: objc.dg/stubify-1.m -fnext-runtime (test for excess errors)
ERROR: objc.dg/stubify-1.m: error executing dg-final: couldn't open "stubify-1.s": no such file or directory
UNRESOLVED: objc.dg/stubify-1.m: error executing dg-final: couldn't open "stubify-1.s": no such file or directory
FAIL: objc.dg/stubify-2.m -fnext-runtime (test for excess errors)
FAIL: objc.dg/stubify-2.m -fnext-runtime scan-rtl-dump-not jump "symbol_ref.*"objc_msgSend"": dump file does not exist
FAIL: objc.dg/symtab-1.m scan-assembler L_OBJC_SYMBOLS.*:\\n\\t.long\ \t0\\n\\t.long\\t0\\n\\t.short\\t2\\n\\t.short\\t0\\n\\t.long\ \tL_OBJC_CLASS_Derived.*\\n\\t.long\\tL_OBJC_CLASS_Base.*\\n


=== objc Summary for unix/-m32 ===

# of expected passes		3697
# of unexpected failures	13
# of expected failures		7
# of unresolved testcases	2
# of unsupported tests		24

Running target unix/-m64
FAIL: objc.dg/headers.m -fnext-runtime (test for excess errors)
FAIL: objc.dg/next-runtime-1.m scan-assembler L_OBJC_MODULES:\\n[ \ \t]*.long\\t6\\n
FAIL: objc.dg/no-extra-load.m -fnext-runtime (test for excess errors)
ERROR: objc.dg/no-extra-load.m: error executing dg-final: couldn't open "no-extra-load.s": no such file or directory
UNRESOLVED: objc.dg/no-extra-load.m: error executing dg-final: couldn't open "no-extra-load.s": no such file or directory
FAIL: objc.dg/stret-2.m scan-assembler objc_msgSend_stret
FAIL: objc.dg/stret-2.m scan-assembler-not objc_msgSend[^_S]
FAIL: objc.dg/stret-2.m scan-assembler-not objc_msgSendSuper[^_]
FAIL: objc.dg/stubify-1.m -fnext-runtime (test for excess errors)
ERROR: objc.dg/stubify-1.m: error executing dg-final: couldn't open "stubify-1.s": no such file or directory
UNRESOLVED: objc.dg/stubify-1.m: error executing dg-final: couldn't open "stubify-1.s": no such file or directory
FAIL: objc.dg/stubify-2.m -fnext-runtime (test for excess errors)
FAIL: objc.dg/stubify-2.m -fnext-runtime scan-rtl-dump-not jump "symbol_ref.*"objc_msgSend"": dump file does not exist
FAIL: objc.dg/symtab-1.m scan-assembler L_OBJC_SYMBOLS.*:\\n\\t.long\ \t0\\n\\t.long\\t0\\n\\t.short\\t2\\n\\t.short\\t0\\n\\t.long\ \tL_OBJC_CLASS_Derived.*\\n\\t.long\\tL_OBJC_CLASS_Base.*\\n


=== objc Summary for unix/-m64 ===

# of expected passes		2426
# of unexpected failures	10
# of expected failures		40
# of unresolved testcases	2
# of unsupported tests		25

=== objc Summary ===

# of expected passes 6123
# of unexpected failures 23
# of expected failures 47
# of unresolved testcases 4
# of unsupported tests 49
/Volumes/ScratchCS/gcc-4-6-trunk-build/gcc/xgcc version 4.6.0 20100409 (experimental) [trunk revision 158165] (GCC)


=== libgomp tests ===


Running target unix/-m32
FAIL: libgomp.c++/loop-10.C -O1 (internal compiler error)
FAIL: libgomp.c++/loop-10.C -O1 (test for excess errors)
WARNING: libgomp.c++/loop-10.C -O1 compilation failed to produce executable


=== libgomp Summary for unix/-m32 ===

# of expected passes		2454
# of unexpected failures	2
# of unsupported tests		2

Running target unix/-m64

=== libgomp Summary for unix/-m64 ===

# of expected passes		2456
# of unsupported tests		2

=== libgomp Summary ===

# of expected passes		4910
# of unexpected failures	2
# of unsupported tests		4
		=== libstdc++ tests ===


Running target unix/-m32
XPASS: 21_strings/basic_string/element_access/char/21674.cc execution test
XPASS: 21_strings/basic_string/element_access/wchar_t/21674.cc execution test
FAIL: ext/mt_allocator/deallocate_global_thread-1.cc execution test
FAIL: ext/mt_allocator/deallocate_global_thread-3.cc execution test


=== libstdc++ Summary for unix/-m32 ===

# of expected passes		6462
# of unexpected failures	2
# of unexpected successes	2
# of expected failures		87
# of unsupported tests		546

Running target unix/-m64
XPASS: 21_strings/basic_string/element_access/char/21674.cc execution test
XPASS: 21_strings/basic_string/element_access/wchar_t/21674.cc execution test
FAIL: ext/mt_allocator/deallocate_global_thread-1.cc execution test
FAIL: ext/mt_allocator/deallocate_global_thread-3.cc execution test


=== libstdc++ Summary for unix/-m64 ===

# of expected passes		6460
# of unexpected failures	2
# of unexpected successes	2
# of expected failures		87
# of unsupported tests		547

=== libstdc++ Summary ===

# of expected passes		12922
# of unexpected failures	4
# of unexpected successes	4
# of expected failures		174
# of unsupported tests		1093

=== libstdc++ Summary ===


Compiler version: 4.6.0 20100409 (experimental) [trunk revision 158165] (GCC)
Platform: i686-apple-darwin9
configure flags: --enable-bootstrap --prefix=/GCC/gcc-4-6-install -- target=i686-apple-darwin9 --host=i686-apple-darwin9 --build=i686-apple- darwin9 --enable-languages=c,objc,c++,obj-c++,fortran --enable-version- specific-runtime-libs --enable-threads --enable-checking=yes --program- suffix=-4.6trunk --with-libiconv-prefix=/usr --with-system-zlib



Index Nav: [Date Index] [Subject Index] [Author Index] [Thread Index]
Message Nav: [Date Prev] [Date Next] [Thread Prev] [Thread Next]