This is the mail archive of the
gcc-testresults@gcc.gnu.org
mailing list for the GCC project.
Results for 4.5.0 20100406 (experimental) [trunk revision 157983] (GCC) testsuite on armv7l-unknown-linux-gnueabi
- From: Ramana Radhakrishnan <ramana dot radhakrishnan at arm dot com>
- To: gcc-testresults at gcc dot gnu dot org
- Date: Wed, 07 Apr 2010 17:11:35 +0100
- Subject: Results for 4.5.0 20100406 (experimental) [trunk revision 157983] (GCC) testsuite on armv7l-unknown-linux-gnueabi
- Reply-to: ramana dot radhakrishnan at arm dot com
=== libgomp tests ===
Running target unix
=== libgomp Summary ===
# of expected passes 2492
# of unsupported tests 7
=== libmudflap tests ===
Running target unix
FAIL: libmudflap.c/fail31-frag.c (-O3) crash test
FAIL: libmudflap.c/fail31-frag.c (-O3) output pattern test
FAIL: libmudflap.c/pass45-frag.c (-O3) execution test
FAIL: libmudflap.c/pass45-frag.c (-O3) output pattern test
FAIL: libmudflap.c/pass45-frag.c (-O3) execution test
FAIL: libmudflap.c/pass45-frag.c (-O3) output pattern test
FAIL: libmudflap.c++/pass41-frag.cxx execution test
FAIL: libmudflap.c++/pass41-frag.cxx (-static) execution test
FAIL: libmudflap.c++/pass41-frag.cxx ( -O) execution test
FAIL: libmudflap.c++/pass41-frag.cxx (-O2) execution test
FAIL: libmudflap.c++/pass41-frag.cxx (-O3) execution test
WARNING: program timed out.
FAIL: libmudflap.cth/pass40-frag.c execution test
FAIL: libmudflap.cth/pass40-frag.c output pattern test
WARNING: program timed out.
FAIL: libmudflap.cth/pass40-frag.c (-static -DSTATIC) execution test
FAIL: libmudflap.cth/pass40-frag.c (-static -DSTATIC) output pattern test
WARNING: program timed out.
FAIL: libmudflap.cth/pass40-frag.c (-O2) execution test
FAIL: libmudflap.cth/pass40-frag.c (-O2) output pattern test
WARNING: program timed out.
FAIL: libmudflap.cth/pass40-frag.c (-O3) execution test
FAIL: libmudflap.cth/pass40-frag.c (-O3) output pattern test
=== libmudflap Summary ===
# of expected passes 1875
# of unexpected failures 19
=== libstdc++ tests ===
Running target unix
FAIL: ext/pb_ds/regression/tree_data_map_rand.cc (test for excess errors)
UNRESOLVED: ext/pb_ds/regression/tree_data_map_rand.cc compilation failed to produce executable
FAIL: ext/pb_ds/regression/tree_no_data_map_rand.cc (test for excess errors)
UNRESOLVED: ext/pb_ds/regression/tree_no_data_map_rand.cc compilation failed to produce executable
WARNING: program timed out.
WARNING: program timed out.
=== libstdc++ Summary ===
# of expected passes 6836
# of unexpected failures 2
# of expected failures 93
# of unresolved testcases 2
# of unsupported tests 355
=== libstdc++ Summary ===
=== g++ tests ===
Running target unix
FAIL: g++.dg/abi/local1.C execution test
FAIL: g++.dg/abi/packed1.C (test for excess errors)
FAIL: g++.dg/opt/pr30965.C scan-tree-dump-times optimized "variable_..D. = v_..D." 2
FAIL: g++.dg/template/cond5.C (internal compiler error)
FAIL: g++.dg/template/cond5.C (test for excess errors)
FAIL: g++.dg/tree-ssa/new1.C scan-tree-dump-not forwprop1 "= .* \\+ -"
FAIL: 23:is 1:should be 2
FAIL: g++.dg/gcov/gcov-2.C gcov: 1 failures in line counts, 0 in branch percentages, 0 in return percentages
=== g++ Summary ===
# of expected passes 22097
# of unexpected failures 8
# of expected failures 151
# of unsupported tests 172
/home/ramrad01/build-csa-workaround/gcc/testsuite/g++/../../g++ version 4.5.0 20100406 (experimental) [trunk revision 157983] (GCC)
=== gcc tests ===
Running target unix
WARNING: program timed out.
FAIL: gcc.c-torture/compile/limits-fnargs.c -O2 (test for excess errors)
WARNING: program timed out.
FAIL: gcc.c-torture/compile/limits-fnargs.c -O3 -fomit-frame-pointer (test for excess errors)
WARNING: program timed out.
FAIL: gcc.c-torture/compile/limits-fnargs.c -O3 -g (test for excess errors)
WARNING: program timed out.
FAIL: gcc.c-torture/compile/limits-fnargs.c -O2 -flto (test for excess errors)
WARNING: program timed out.
FAIL: gcc.c-torture/compile/limits-fnargs.c -O2 -fwhopr (test for excess errors)
WARNING: program timed out.
FAIL: gcc.c-torture/compile/limits-fndefn.c -O3 -g (test for excess errors)
FAIL: gcc.c-torture/execute/builtins/abs-1.c execution, -O2 -fwhopr
FAIL: gcc.dg/c99-stdint-1.c (test for excess errors)
FAIL: gcc.dg/c99-stdint-7.c (test for excess errors)
FAIL: gcc.dg/pr34668-1.c (internal compiler error)
FAIL: gcc.dg/pr34668-1.c (test for excess errors)
WARNING: program timed out.
FAIL: gcc.dg/pr43058.c (test for excess errors)
FAIL: gcc.dg/sibcall-3.c execution test
FAIL: gcc.dg/sibcall-4.c execution test
FAIL: gcc.dg/uninit-13.c unconditional (test for warnings, line 8)
FAIL: gcc.dg/uninit-13.c (test for excess errors)
WARNING: program timed out.
FAIL: gcc.dg/graphite/block-3.c (test for excess errors)
UNRESOLVED: gcc.dg/graphite/block-3.c compilation failed to produce executable
FAIL: gcc.dg/graphite/block-3.c scan-tree-dump-times graphite "will be loop blocked" 1
WARNING: program timed out.
FAIL: gcc.dg/graphite/block-4.c (test for excess errors)
UNRESOLVED: gcc.dg/graphite/block-4.c compilation failed to produce executable
WARNING: program timed out.
FAIL: gcc.dg/graphite/block-7.c (test for excess errors)
UNRESOLVED: gcc.dg/graphite/block-7.c compilation failed to produce executable
XPASS: gcc.dg/guality/example.c -O0 execution test
XPASS: gcc.dg/guality/guality.c -O0 execution test
XPASS: gcc.dg/guality/guality.c -O1 execution test
XPASS: gcc.dg/guality/guality.c -O2 execution test
XPASS: gcc.dg/guality/guality.c -O3 -fomit-frame-pointer execution test
XPASS: gcc.dg/guality/guality.c -O3 -g execution test
XPASS: gcc.dg/guality/guality.c -Os execution test
XPASS: gcc.dg/guality/guality.c -O2 -flto execution test
XPASS: gcc.dg/guality/guality.c -O2 -fwhopr execution test
WARNING: program timed out.
FAIL: gcc.dg/guality/pr36728-1.c -O1 line 12 arg3 == 3
FAIL: gcc.dg/guality/pr36728-1.c -O1 line 12 arg4 == 4
FAIL: gcc.dg/guality/pr36728-1.c -O1 line 14 arg3 == 3
FAIL: gcc.dg/guality/pr36728-1.c -O1 line 14 arg4 == 4
FAIL: gcc.dg/guality/pr36728-1.c -O2 line 12 arg3 == 3
FAIL: gcc.dg/guality/pr36728-1.c -O2 line 12 arg4 == 4
FAIL: gcc.dg/guality/pr36728-1.c -O2 line 14 arg3 == 3
FAIL: gcc.dg/guality/pr36728-1.c -O2 line 14 arg4 == 4
FAIL: gcc.dg/guality/pr36728-1.c -O3 -fomit-frame-pointer line 12 arg3 == 3
FAIL: gcc.dg/guality/pr36728-1.c -O3 -fomit-frame-pointer line 12 arg4 == 4
FAIL: gcc.dg/guality/pr36728-1.c -O3 -fomit-frame-pointer line 14 arg3 == 3
FAIL: gcc.dg/guality/pr36728-1.c -O3 -fomit-frame-pointer line 14 arg4 == 4
FAIL: gcc.dg/guality/pr36728-1.c -O3 -g line 12 arg3 == 3
FAIL: gcc.dg/guality/pr36728-1.c -O3 -g line 12 arg4 == 4
FAIL: gcc.dg/guality/pr36728-1.c -O3 -g line 14 arg3 == 3
FAIL: gcc.dg/guality/pr36728-1.c -O3 -g line 14 arg4 == 4
FAIL: gcc.dg/guality/pr36728-1.c -Os line 12 arg3 == 3
FAIL: gcc.dg/guality/pr36728-1.c -Os line 12 arg4 == 4
FAIL: gcc.dg/guality/pr36728-1.c -Os line 14 arg3 == 3
FAIL: gcc.dg/guality/pr36728-1.c -Os line 14 arg4 == 4
FAIL: gcc.dg/guality/pr36728-1.c -O2 -flto line 12 arg3 == 3
FAIL: gcc.dg/guality/pr36728-1.c -O2 -flto line 12 arg4 == 4
FAIL: gcc.dg/guality/pr36728-1.c -O2 -flto line 14 arg3 == 3
FAIL: gcc.dg/guality/pr36728-1.c -O2 -flto line 14 arg4 == 4
FAIL: gcc.dg/guality/pr36728-1.c -O2 -fwhopr line 12 arg3 == 3
FAIL: gcc.dg/guality/pr36728-1.c -O2 -fwhopr line 12 arg4 == 4
FAIL: gcc.dg/guality/pr36728-1.c -O2 -fwhopr line 14 arg3 == 3
FAIL: gcc.dg/guality/pr36728-1.c -O2 -fwhopr line 14 arg4 == 4
FAIL: gcc.dg/guality/pr36728-2.c -O1 line 12 arg4 == 4
FAIL: gcc.dg/guality/pr36728-2.c -O1 line 14 arg4 == 4
FAIL: gcc.dg/guality/pr36728-2.c -O2 line 12 arg4 == 4
FAIL: gcc.dg/guality/pr36728-2.c -O2 line 14 arg4 == 4
FAIL: gcc.dg/guality/pr36728-2.c -O3 -fomit-frame-pointer line 12 arg4 == 4
FAIL: gcc.dg/guality/pr36728-2.c -O3 -fomit-frame-pointer line 14 arg4 == 4
FAIL: gcc.dg/guality/pr36728-2.c -O3 -g line 12 arg4 == 4
FAIL: gcc.dg/guality/pr36728-2.c -O3 -g line 14 arg4 == 4
FAIL: gcc.dg/guality/pr36728-2.c -Os line 12 arg4 == 4
FAIL: gcc.dg/guality/pr36728-2.c -Os line 14 arg4 == 4
FAIL: gcc.dg/guality/pr36728-2.c -O2 -flto line 12 arg4 == 4
FAIL: gcc.dg/guality/pr36728-2.c -O2 -flto line 14 arg4 == 4
FAIL: gcc.dg/guality/pr36728-2.c -O2 -fwhopr line 12 arg4 == 4
FAIL: gcc.dg/guality/pr36728-2.c -O2 -fwhopr line 14 arg4 == 4
XPASS: gcc.dg/guality/pr41353-1.c -O0 line 28 j == 28 + 37
FAIL: gcc.dg/guality/pr41353-1.c -O1 line 28 i == 37
XPASS: gcc.dg/guality/pr41353-1.c -O1 line 28 j == 28 + 37
FAIL: gcc.dg/guality/pr41353-1.c -O1 line 28 i1 == 2 * 37
FAIL: gcc.dg/guality/pr41353-1.c -O1 line 28 i2 == 3 * 37
FAIL: gcc.dg/guality/pr41353-1.c -O2 line 28 i == 37
XPASS: gcc.dg/guality/pr41353-1.c -O2 line 28 j == 28 + 37
FAIL: gcc.dg/guality/pr41353-1.c -O2 line 28 i1 == 2 * 37
FAIL: gcc.dg/guality/pr41353-1.c -O2 line 28 i2 == 3 * 37
FAIL: gcc.dg/guality/pr41353-1.c -O3 -fomit-frame-pointer line 28 i == 37
XPASS: gcc.dg/guality/pr41353-1.c -O3 -fomit-frame-pointer line 28 j == 28 + 37
FAIL: gcc.dg/guality/pr41353-1.c -O3 -fomit-frame-pointer line 28 i1 == 2 * 37
FAIL: gcc.dg/guality/pr41353-1.c -O3 -fomit-frame-pointer line 28 i2 == 3 * 37
FAIL: gcc.dg/guality/pr41353-1.c -O3 -g line 28 i == 37
XPASS: gcc.dg/guality/pr41353-1.c -O3 -g line 28 j == 28 + 37
FAIL: gcc.dg/guality/pr41353-1.c -O3 -g line 28 i1 == 2 * 37
FAIL: gcc.dg/guality/pr41353-1.c -O3 -g line 28 i2 == 3 * 37
FAIL: gcc.dg/guality/pr41353-1.c -Os line 28 i == 37
XPASS: gcc.dg/guality/pr41353-1.c -Os line 28 j == 28 + 37
FAIL: gcc.dg/guality/pr41353-1.c -Os line 28 i1 == 2 * 37
FAIL: gcc.dg/guality/pr41353-1.c -Os line 28 i2 == 3 * 37
FAIL: gcc.dg/guality/pr41353-1.c -O2 -flto line 28 i == 37
FAIL: gcc.dg/guality/pr41353-1.c -O2 -flto line 28 i1 == 2 * 37
FAIL: gcc.dg/guality/pr41353-1.c -O2 -flto line 28 i2 == 3 * 37
FAIL: gcc.dg/guality/pr41353-1.c -O2 -fwhopr line 28 i == 37
FAIL: gcc.dg/guality/pr41353-1.c -O2 -fwhopr line 28 i1 == 2 * 37
FAIL: gcc.dg/guality/pr41353-1.c -O2 -fwhopr line 28 i2 == 3 * 37
XPASS: gcc.dg/guality/pr41447-1.c -O0 execution test
XPASS: gcc.dg/guality/pr41447-1.c -O1 execution test
XPASS: gcc.dg/guality/pr41447-1.c -O2 execution test
XPASS: gcc.dg/guality/pr41447-1.c -O3 -fomit-frame-pointer execution test
WARNING: program timed out.
XPASS: gcc.dg/guality/pr41447-1.c -Os execution test
XPASS: gcc.dg/guality/pr41447-1.c -O2 -flto execution test
XPASS: gcc.dg/guality/pr41447-1.c -O2 -fwhopr execution test
WARNING: program timed out.
XPASS: gcc.dg/guality/pr41616-1.c -O1 execution test
XPASS: gcc.dg/guality/pr41616-1.c -O2 execution test
XPASS: gcc.dg/guality/pr41616-1.c -Os execution test
WARNING: program timed out.
XPASS: gcc.dg/guality/pr41616-1.c -O2 -fwhopr execution test
FAIL: gcc.dg/guality/pr43051-1.c -O1 line 39 c == &a[0]
FAIL: gcc.dg/guality/vla-1.c -O0 line 17 sizeof (a) == 6
FAIL: gcc.dg/guality/vla-1.c -O0 line 24 sizeof (a) == 17 * sizeof (short)
FAIL: gcc.dg/guality/vla-1.c -O1 line 17 i == 5
FAIL: gcc.dg/guality/vla-1.c -O1 line 17 sizeof (a) == 6
FAIL: gcc.dg/guality/vla-1.c -O1 line 24 sizeof (a) == 17 * sizeof (short)
FAIL: gcc.dg/guality/vla-1.c -O2 line 17 i == 5
FAIL: gcc.dg/guality/vla-1.c -O2 line 17 sizeof (a) == 6
FAIL: gcc.dg/guality/vla-1.c -O2 line 24 sizeof (a) == 17 * sizeof (short)
FAIL: gcc.dg/guality/vla-1.c -O3 -fomit-frame-pointer line 17 i == 5
FAIL: gcc.dg/guality/vla-1.c -O3 -fomit-frame-pointer line 17 sizeof (a) == 6
FAIL: gcc.dg/guality/vla-1.c -O3 -fomit-frame-pointer line 24 sizeof (a) == 17 * sizeof (short)
FAIL: gcc.dg/guality/vla-1.c -O3 -g line 17 i == 5
FAIL: gcc.dg/guality/vla-1.c -O3 -g line 17 sizeof (a) == 6
FAIL: gcc.dg/guality/vla-1.c -O3 -g line 24 sizeof (a) == 17 * sizeof (short)
FAIL: gcc.dg/guality/vla-1.c -Os line 17 i == 5
FAIL: gcc.dg/guality/vla-1.c -Os line 17 sizeof (a) == 6
FAIL: gcc.dg/guality/vla-1.c -Os line 24 sizeof (a) == 17 * sizeof (short)
FAIL: gcc.dg/guality/vla-1.c -O2 -flto line 17 sizeof (a) == 6
FAIL: gcc.dg/guality/vla-1.c -O2 -flto line 24 sizeof (a) == 17 * sizeof (short)
FAIL: gcc.dg/guality/vla-1.c -O2 -fwhopr line 17 sizeof (a) == 6
FAIL: gcc.dg/guality/vla-1.c -O2 -fwhopr line 24 sizeof (a) == 17 * sizeof (short)
FAIL: gcc.dg/lto/20081112 c_lto_20081112_0.o-c_lto_20081112_1.o execute -O2 -fwhopr
FAIL: gcc.dg/tree-ssa/pr42585.c scan-tree-dump-times optimized "struct _fat_ptr _ans" 0
FAIL: gcc.dg/tree-ssa/pr42585.c scan-tree-dump-times optimized "struct _fat_ptr _T2" 0
FAIL: gcc.dg/vect/pr43430-1.c scan-tree-dump-times vect "vectorized 1 loops" 1
FAIL: gcc.dg/vect/vect-35.c scan-tree-dump-times vect "vectorized 2 loops" 1
FAIL: gcc.target/arm/g2.c scan-assembler mla[ \\t].*
FAIL: gcc.target/arm/scd42-2.c scan-assembler mov[ \\t].*272
FAIL: gcc.target/arm/sibcall-1.c scan-assembler \\tb\\tfunc2(\\\\(PLT\\\\))?\\n
=== gcc Summary ===
# of expected passes 69706
# of unexpected failures 113
# of unexpected successes 26
# of expected failures 247
# of unresolved testcases 3
# of unsupported tests 736
/home/ramrad01/build-csa-workaround/gcc/xgcc version 4.5.0 20100406 (experimental) [trunk revision 157983] (GCC)
=== gfortran tests ===
Running target unix
FAIL: gfortran.dg/cray_pointers_2.f90 -O3 -fomit-frame-pointer (test for excess errors)
UNRESOLVED: gfortran.dg/cray_pointers_2.f90 -O3 -fomit-frame-pointer compilation failed to produce executable
FAIL: gfortran.dg/cray_pointers_2.f90 -O3 -fomit-frame-pointer -funroll-loops (test for excess errors)
UNRESOLVED: gfortran.dg/cray_pointers_2.f90 -O3 -fomit-frame-pointer -funroll-loops compilation failed to produce executable
FAIL: gfortran.dg/cray_pointers_2.f90 -O3 -fomit-frame-pointer -funroll-all-loops -finline-functions (test for excess errors)
UNRESOLVED: gfortran.dg/cray_pointers_2.f90 -O3 -fomit-frame-pointer -funroll-all-loops -finline-functions compilation failed to produce executable
FAIL: gfortran.dg/cray_pointers_2.f90 -O3 -g (test for excess errors)
UNRESOLVED: gfortran.dg/cray_pointers_2.f90 -O3 -g compilation failed to produce executable
WARNING: program timed out.
WARNING: program timed out.
WARNING: program timed out.
WARNING: program timed out.
FAIL: gfortran.dg/vect/fast-math-pr38968.f90 scan-tree-dump vect "vectorized 1 loops"
WARNING: program timed out.
FAIL: gfortran.fortran-torture/execute/forall_7.f90 compilation, -O3 -g
=== gfortran Summary ===
# of expected passes 33130
# of unexpected failures 6
# of expected failures 40
# of untested testcases 1
# of unresolved testcases 4
# of unsupported tests 294
/home/ramrad01/build-csa-workaround/gcc/testsuite/gfortran/../../gfortran version 4.5.0 20100406 (experimental) [trunk revision 157983] (GCC)
Compiler version: 4.5.0 20100406 (experimental) [trunk revision 157983] (GCC)
Platform: armv7l-unknown-linux-gnueabi
configure flags: --enable-languages=c,c++,fortran --with-mode=thumb --with-cpu=cortex-a9 --with-fpu=vfpv3-d16 --with-float=softfp