This is the mail archive of the gcc-testresults@gcc.gnu.org mailing list for the GCC project.


Index Nav: [Date Index] [Subject Index] [Author Index] [Thread Index]
Message Nav: [Date Prev] [Date Next] [Thread Prev] [Thread Next]
Other format: [Raw text]

Results for 4.5.0 20100406 (prerelease) [gcc-4_5-branch revision 157991] (SUSE Linux) testsuite on i586-suse-linux-gnu


LAST_UPDATED: Tue Apr  6 12:01:43 UTC 2010 (revision 157991)

		=== acats tests ===

		=== acats Summary ===
# of expected passes		2321
# of unexpected failures	0
Native configuration is i586-suse-linux-gnu

		=== g++ tests ===


Running target unix

		=== g++ Summary ===

# of expected passes		23025
# of expected failures		151
# of unsupported tests		112
/usr/src/packages/BUILD/gcc-4.5.0-20100406/obj-i586-suse-linux/gcc/testsuite/g++/../../g++  version 4.5.0 20100406 (prerelease) [gcc-4_5-branch revision 157991] (SUSE Linux) 

		=== gcc tests ===


Running target unix
XPASS: gcc.dg/guality/example.c  -O0  execution test
XPASS: gcc.dg/guality/example.c  -O1  execution test
XPASS: gcc.dg/guality/example.c  -O2  execution test
XPASS: gcc.dg/guality/example.c  -O2 -flto  execution test
XPASS: gcc.dg/guality/example.c  -O2 -fwhopr  execution test
XPASS: gcc.dg/guality/guality.c  -O0  execution test
XPASS: gcc.dg/guality/pr41353-1.c  -O0  line 28 j == 28 + 37
XPASS: gcc.dg/guality/pr41353-1.c  -O1  line 28 j == 28 + 37
XPASS: gcc.dg/guality/pr41353-1.c  -O2  line 28 j == 28 + 37
XPASS: gcc.dg/guality/pr41353-1.c  -O3 -fomit-frame-pointer  line 28 j == 28 + 37
XPASS: gcc.dg/guality/pr41353-1.c  -O3 -g  line 28 j == 28 + 37
XPASS: gcc.dg/guality/pr41353-1.c  -Os  line 28 j == 28 + 37
FAIL: gcc.dg/guality/pr41353-1.c  -O2 -flto  line 28 i == 37
FAIL: gcc.dg/guality/pr41353-1.c  -O2 -flto  line 28 i1 == 2 * 37
FAIL: gcc.dg/guality/pr41353-1.c  -O2 -flto  line 28 i2 == 3 * 37
FAIL: gcc.dg/guality/pr41353-1.c  -O2 -fwhopr  line 28 i == 37
FAIL: gcc.dg/guality/pr41353-1.c  -O2 -fwhopr  line 28 i1 == 2 * 37
FAIL: gcc.dg/guality/pr41353-1.c  -O2 -fwhopr  line 28 i2 == 3 * 37
XPASS: gcc.dg/guality/pr41447-1.c  -O0  execution test
XPASS: gcc.dg/guality/pr41447-1.c  -O1  execution test
XPASS: gcc.dg/guality/pr41447-1.c  -O2  execution test
XPASS: gcc.dg/guality/pr41447-1.c  -O3 -fomit-frame-pointer  execution test
XPASS: gcc.dg/guality/pr41447-1.c  -O3 -g  execution test
XPASS: gcc.dg/guality/pr41447-1.c  -Os  execution test
XPASS: gcc.dg/guality/pr41447-1.c  -O2 -flto  execution test
XPASS: gcc.dg/guality/pr41616-1.c  -O0  execution test
XPASS: gcc.dg/guality/pr41616-1.c  -O1  execution test
XPASS: gcc.dg/guality/pr41616-1.c  -O2  execution test
XPASS: gcc.dg/guality/pr41616-1.c  -Os  execution test
XPASS: gcc.dg/guality/pr41616-1.c  -O2 -flto  execution test
XPASS: gcc.dg/guality/pr41616-1.c  -O2 -fwhopr  execution test
FAIL: gcc.dg/guality/vla-1.c  -O2 -flto  line 17 sizeof (a) == 6
FAIL: gcc.dg/guality/vla-1.c  -O2 -flto  line 24 sizeof (a) == 17 * sizeof (short)
FAIL: gcc.dg/guality/vla-1.c  -O2 -fwhopr  line 17 sizeof (a) == 6
FAIL: gcc.dg/guality/vla-1.c  -O2 -fwhopr  line 24 sizeof (a) == 17 * sizeof (short)
FAIL: gcc.dg/struct/wo_prof_global_var.c execution test
FAIL: gcc.dg/struct/wo_prof_local_var.c execution test

		=== gcc Summary ===

# of expected passes		72822
# of unexpected failures	12
# of unexpected successes	25
# of expected failures		201
# of unsupported tests		613
/usr/src/packages/BUILD/gcc-4.5.0-20100406/obj-i586-suse-linux/gcc/xgcc  version 4.5.0 20100406 (prerelease) [gcc-4_5-branch revision 157991] (SUSE Linux) 

		=== gfortran tests ===


Running target unix

		=== gfortran Summary ===

# of expected passes		33978
# of expected failures		32
# of unsupported tests		136
/usr/src/packages/BUILD/gcc-4.5.0-20100406/obj-i586-suse-linux/gcc/testsuite/gfortran/../../gfortran  version 4.5.0 20100406 (prerelease) [gcc-4_5-branch revision 157991] (SUSE Linux) 

		=== gnat tests ===


Running target unix

		=== gnat Summary ===

# of expected passes		758
# of expected failures		7
		=== obj-c++ tests ===


Running target unix
XPASS: obj-c++.dg/comp-types-10.mm -fgnu-runtime (test for excess errors)
WARNING: obj-c++.dg/lookup-2.mm -fgnu-runtime compilation failed to produce executable
WARNING: obj-c++.dg/try-catch-2.mm -fgnu-runtime compilation failed to produce executable
WARNING: obj-c++.dg/try-catch-9.mm -fgnu-runtime compilation failed to produce executable

		=== obj-c++ Summary ===

# of expected passes		436
# of unexpected successes	1
# of expected failures		6
# of unsupported tests		13
/usr/src/packages/BUILD/gcc-4.5.0-20100406/obj-i586-suse-linux/gcc/testsuite/obj-c++/../../g++  version 4.5.0 20100406 (prerelease) [gcc-4_5-branch revision 157991] (SUSE Linux) 

		=== objc tests ===


Running target unix

		=== objc Summary ===

# of expected passes		1876
# of expected failures		7
# of unsupported tests		21
/usr/src/packages/BUILD/gcc-4.5.0-20100406/obj-i586-suse-linux/gcc/xgcc  version 4.5.0 20100406 (prerelease) [gcc-4_5-branch revision 157991] (SUSE Linux) 

		=== libffi tests ===


Running target unix

		=== libffi Summary ===

# of expected passes		1624
# of expected failures		10
# of unsupported tests		15
		=== libgomp tests ===


Running target unix
FAIL: libgomp.c/nqueens-1.c execution test
FAIL: libgomp.c/pr36802-1.c execution test
FAIL: libgomp.c/pr39591-1.c execution test
FAIL: libgomp.c/pr39591-2.c execution test
FAIL: libgomp.c/pr39591-3.c execution test
FAIL: libgomp.c/sort-1.c execution test
WARNING: program timed out.
FAIL: libgomp.c/task-2.c execution test
WARNING: program timed out.
FAIL: libgomp.c/task-3.c execution test
WARNING: program timed out.
FAIL: libgomp.c++/task-1.C  -O  execution test
WARNING: program timed out.
FAIL: libgomp.c++/task-2.C  -O0  execution test
WARNING: program timed out.
FAIL: libgomp.c++/task-2.C  -O1  execution test
WARNING: program timed out.
FAIL: libgomp.c++/task-2.C  -O2  execution test
WARNING: program timed out.
FAIL: libgomp.c++/task-2.C  -O3 -fomit-frame-pointer  execution test
WARNING: program timed out.
FAIL: libgomp.c++/task-2.C  -O3 -fomit-frame-pointer -funroll-loops  execution test
WARNING: program timed out.
FAIL: libgomp.c++/task-2.C  -O3 -fomit-frame-pointer -funroll-all-loops -finline-functions  execution test
WARNING: program timed out.
FAIL: libgomp.c++/task-2.C  -O3 -g  execution test
WARNING: program timed out.
FAIL: libgomp.c++/task-2.C  -Os  execution test
FAIL: libgomp.c++/task-3.C  -O0  execution test
FAIL: libgomp.c++/task-3.C  -O1  execution test
FAIL: libgomp.c++/task-3.C  -O2  execution test
FAIL: libgomp.c++/task-3.C  -O3 -fomit-frame-pointer  execution test
FAIL: libgomp.c++/task-3.C  -O3 -fomit-frame-pointer -funroll-loops  execution test
FAIL: libgomp.c++/task-3.C  -O3 -fomit-frame-pointer -funroll-all-loops -finline-functions  execution test
FAIL: libgomp.c++/task-3.C  -O3 -g  execution test
FAIL: libgomp.c++/task-3.C  -Os  execution test
FAIL: libgomp.c++/task-5.C  -O0  execution test
FAIL: libgomp.c++/task-5.C  -O1  execution test
FAIL: libgomp.c++/task-5.C  -O2  execution test
FAIL: libgomp.c++/task-5.C  -O3 -fomit-frame-pointer  execution test
FAIL: libgomp.c++/task-5.C  -O3 -fomit-frame-pointer -funroll-loops  execution test
FAIL: libgomp.c++/task-5.C  -O3 -fomit-frame-pointer -funroll-all-loops -finline-functions  execution test
FAIL: libgomp.c++/task-5.C  -O3 -g  execution test
FAIL: libgomp.c++/task-5.C  -Os  execution test
WARNING: program timed out.
FAIL: libgomp.fortran/strassen.f90  -O  execution test

		=== libgomp Summary ===

# of expected passes		2472
# of unexpected failures	34
		=== libjava tests ===


Running target unix

		=== libjava Summary ===

# of expected passes		2574
		=== libstdc++ tests ===


Running target unix

		=== libstdc++ Summary ===

# of expected passes		1
		=== libstdc++ tests ===


Running target unix
FAIL: 22_locale/codecvt/unshift/char/1.cc execution test
FAIL: 22_locale/codecvt/unshift/char/wrapped_env.cc execution test
FAIL: 22_locale/codecvt/unshift/char/wrapped_locale.cc execution test

		=== libstdc++ Summary ===

# of expected passes		7718
# of unexpected failures	3
# of expected failures		95
# of unsupported tests		11

Compiler version: 4.5.0 20100406 (prerelease) [gcc-4_5-branch revision 157991] (SUSE Linux) 
Platform: i586-suse-linux-gnu
configure flags: --prefix=/usr --infodir=/usr/share/info --mandir=/usr/share/man --libdir=/usr/lib --libexecdir=/usr/lib --enable-languages=c,c++,objc,fortran,obj-c++,java,ada --enable-checking=release --with-gxx-include-dir=/usr/include/c++/4.5 --enable-ssp --disable-libssp --disable-plugin --with-bugurl=http://bugs.opensuse.org/ --with-pkgversion='SUSE Linux' --with-java-home=/usr/lib/jvm/java-1.5.0-gcj-4.5-1.5.0.0/jre --with-ecj-jar=/usr/lib/gcc/i586-suse-linux/4.5/ecj.jar --enable-java-awt=gtk --enable-gtk-cairo --disable-libjava-multilib --disable-libmudflap --with-slibdir=/lib --with-system-zlib --enable-__cxa_atexit --enable-libstdcxx-allocator=new --disable-libstdcxx-pch --enable-version-specific-runtime-libs --program-suffix=-4.5 --enable-linux-futex --without-system-libunwind --enable-gold --with-plugin-ld=/usr/bin/gold --with-arch-32=i586 --with-tune=generic --build=i586-suse-linux


Index Nav: [Date Index] [Subject Index] [Author Index] [Thread Index]
Message Nav: [Date Prev] [Date Next] [Thread Prev] [Thread Next]