This is the mail archive of the gcc-testresults@gcc.gnu.org mailing list for the GCC project.


Index Nav: [Date Index] [Subject Index] [Author Index] [Thread Index]
Message Nav: [Date Prev] [Date Next] [Thread Prev] [Thread Next]
Other format: [Raw text]

Results for 4.4.4 20100407 (prerelease) [gcc-4_4-branch revision 158038] (GCC) testsuite on ia64-unknown-linux-gnu


LAST_UPDATED: Wed Apr  7 04:11:10 UTC 2010 (revision 158038)

Native configuration is ia64-unknown-linux-gnu

		=== g++ tests ===


Running target unix

		=== g++ Summary ===

# of expected passes		18882
# of expected failures		157
# of unsupported tests		160
/export/gnu/import/svn/gcc-test/bld/gcc/testsuite/g++/../../g++  version 4.4.4 20100407 (prerelease) [gcc-4_4-branch revision 158038] (GCC) 

		=== gcc tests ===


Running target unix
FAIL: gcc.dg/debug/dwarf2/inline2.c scan-assembler-times byte.*?0x3.*? DW_AT_inline 3
FAIL: gcc.dg/O16384.c (internal compiler error)
FAIL: gcc.dg/O16384.c (test for excess errors)
FAIL: gcc.dg/builtin-apply4.c execution test
FAIL: gcc.dg/pr37106-1.c (internal compiler error)
FAIL: gcc.dg/pr37106-1.c (test for excess errors)
FAIL: gcc.dg/pr43562.c (internal compiler error)
FAIL: gcc.dg/pr43562.c (test for excess errors)
XPASS: gcc.dg/tree-ssa/loop-1.c scan-assembler-times foo 5
FAIL: gcc.dg/tree-ssa/loop-31.c scan-tree-dump-times optimized " \\+ 2" 1
FAIL: gcc.target/ia64/fptr-1.c execution test

		=== gcc Summary ===

# of expected passes		50928
# of unexpected failures	10
# of unexpected successes	1
# of expected failures		244
# of unsupported tests		513
/export/gnu/import/svn/gcc-test/bld/gcc/xgcc  version 4.4.4 20100407 (prerelease) [gcc-4_4-branch revision 158038] (GCC) 

		=== gfortran tests ===


Running target unix
FAIL: gfortran.dg/vect/pr39318.f90  -O  (internal compiler error)
FAIL: gfortran.dg/vect/pr39318.f90  -O  (test for excess errors)

		=== gfortran Summary ===

# of expected passes		30255
# of unexpected failures	2
# of expected failures		18
# of unsupported tests		29
/export/gnu/import/svn/gcc-test/bld/gcc/testsuite/gfortran/../../gfortran  version 4.4.4 20100407 (prerelease) [gcc-4_4-branch revision 158038] (GCC) 

		=== objc tests ===


Running target unix

		=== objc Summary ===

# of expected passes		1864
# of expected failures		15
# of unsupported tests		25
/export/gnu/import/svn/gcc-test/bld/gcc/xgcc  version 4.4.4 20100407 (prerelease) [gcc-4_4-branch revision 158038] (GCC) 

		=== libffi tests ===


Running target unix

		=== libffi Summary ===

# of expected passes		1389
# of unsupported tests		10
		=== libgomp tests ===


Running target unix

		=== libgomp Summary ===

# of expected passes		2442
		=== libjava tests ===


Running target unix
FAIL: getlocalvartable output
FAIL: Throw_3 -O3 output - source compiled test
FAIL: Throw_3 -O3 -findirect-dispatch output - source compiled test

		=== libjava Summary ===

# of expected passes		2571
# of unexpected failures	3
		=== libmudflap tests ===


Running target unix
FAIL: libmudflap.c++/pass41-frag.cxx execution test
FAIL: libmudflap.c++/pass41-frag.cxx (-static) execution test
FAIL: libmudflap.c++/pass41-frag.cxx ( -O) execution test
FAIL: libmudflap.c++/pass41-frag.cxx (-O2) execution test
FAIL: libmudflap.c++/pass41-frag.cxx (-O3) execution test

		=== libmudflap Summary ===

# of expected passes		1889
# of unexpected failures	5
		=== libstdc++ tests ===


Running target unix

		=== libstdc++ Summary ===

# of expected passes		6507
# of expected failures		80
# of unsupported tests		15

Compiler version: 4.4.4 20100407 (prerelease) [gcc-4_4-branch revision 158038] (GCC) 
Platform: ia64-unknown-linux-gnu
configure flags: --enable-clocale=gnu --with-system-zlib --enable-shared --with-demangler-in-ld


Index Nav: [Date Index] [Subject Index] [Author Index] [Thread Index]
Message Nav: [Date Prev] [Date Next] [Thread Prev] [Thread Next]