This is the mail archive of the
gcc-testresults@gcc.gnu.org
mailing list for the GCC project.
Results for 4.5.0 20100406 (experimental) (GCC) testsuite on x86_64-apple-darwin10.3.0
- From: Jack Howarth <howarth at bromo dot med dot uc dot edu>
- To: gcc-testresults at gcc dot gnu dot org
- Date: Tue, 6 Apr 2010 07:26:04 -0400
- Subject: Results for 4.5.0 20100406 (experimental) (GCC) testsuite on x86_64-apple-darwin10.3.0
r157974 with r157822 reapplied and
http://gcc.gnu.org/ml/gcc-patches/2010-04/msg00128.html
http://gcc.gnu.org/ml/gcc-patches/2010-04/msg00129.html
http://gcc.gnu.org/ml/gcc-patches/2010-04/msg00130.html
http://gcc.gnu.org/ml/gcc-patches/2010-04/msg00131.html
http://gcc.gnu.org/ml/gcc-patches/2010-04/msg00132.html
as well as...
gcc/testsuite/g++.dg/gomp/clause-3.C:// { dg-require-effective-target tls_native }
gcc/testsuite/g++.dg/gomp/copyin-1.C:// { dg-require-effective-target tls_native }
gcc/testsuite/g++.dg/gomp/pr35244.C:// { dg-require-effective-target tls_native }
gcc/testsuite/g++.dg/gomp/sharing-1.C:/* { dg-require-effective-target tls_native } */
gcc/testsuite/g++.dg/gomp/tls-1.C:// { dg-require-effective-target tls_native }
gcc/testsuite/g++.dg/gomp/tls-2.C:/* { dg-require-effective-target tls_native } */
gcc/testsuite/g++.dg/gomp/tls-3.C:// { dg-require-effective-target tls_native }
gcc/testsuite/g++.dg/gomp/tls-4.C:// { dg-require-effective-target tls_native }
gcc/testsuite/gcc.dg/gomp/appendix-a/a.22.1.c:/* { dg-require-effective-target tls_native } */
gcc/testsuite/gcc.dg/gomp/appendix-a/a.22.2.c:/* { dg-require-effective-target tls_native } */
gcc/testsuite/gcc.dg/gomp/appendix-a/a.24.1.c:/* { dg-require-effective-target tls_native } */
gcc/testsuite/gcc.dg/gomp/appendix-a/a.32.1.c:/* { dg-require-effective-target tls_native } */
gcc/testsuite/gcc.dg/gomp/appendix-a/a.33.1.c:/* { dg-require-effective-target tls_native } */
gcc/testsuite/gcc.dg/gomp/clause-1.c:/* { dg-require-effective-target tls_native } */
gcc/testsuite/gcc.dg/gomp/copyin-1.c:// { dg-require-effective-target tls_native }
gcc/testsuite/gcc.dg/gomp/pr35244.c:/* { dg-require-effective-target tls_native } */
gcc/testsuite/gcc.dg/gomp/sharing-1.c:/* { dg-require-effective-target tls_native } */
gcc/testsuite/gcc.dg/gomp/tls-1.c:// { dg-require-effective-target tls_native }
gcc/testsuite/gcc.dg/gomp/tls-2.c:/* { dg-require-effective-target tls_native } */
gcc/testsuite/gcc.dg/tls/alpha-1.c:/* { dg-require-effective-target tls_native } */
gcc/testsuite/gcc.dg/tls/opt-1.c:/* { dg-require-effective-target tls_native } */
gcc/testsuite/gcc.dg/tls/opt-13.c:/* { dg-require-effective-target tls_native } */
gcc/testsuite/gcc.dg/tls/opt-14.c:/* { dg-require-effective-target tls_native } */
gcc/testsuite/gcc.dg/tls/opt-15.c:/* { dg-require-effective-target tls_native } */
gcc/testsuite/gcc.dg/tls/opt-2.c:/* { dg-require-effective-target tls_native } */
gcc/testsuite/gcc.dg/tls/opt-3.c:/* { dg-require-effective-target tls_native } */
gcc/testsuite/gcc.dg/tls/opt-4.c:/* { dg-require-effective-target tls_native } */
gcc/testsuite/gcc.dg/tls/opt-7.c:/* { dg-require-effective-target tls_native } */
gcc/testsuite/gcc.dg/tls/section-1.c:/* { dg-require-effective-target tls_native } */
gcc/testsuite/gfortran.dg/gomp/appendix-a/a.22.1.f90:! { dg-require-effective-target tls_native }
gcc/testsuite/gfortran.dg/gomp/appendix-a/a.22.4.f90:! { dg-require-effective-target tls_native }
gcc/testsuite/gfortran.dg/gomp/appendix-a/a.22.5.f90:! { dg-require-effective-target tls_native }
gcc/testsuite/gfortran.dg/gomp/appendix-a/a.22.6.f90:! { dg-require-effective-target tls_native }
gcc/testsuite/gfortran.dg/gomp/appendix-a/a.24.1.f90:! { dg-require-effective-target tls_native }
gcc/testsuite/gfortran.dg/gomp/appendix-a/a.32.1.f90:! { dg-require-effective-target tls_native }
gcc/testsuite/gfortran.dg/gomp/appendix-a/a.33.1.f90:! { dg-require-effective-target tls_native }
gcc/testsuite/gfortran.dg/gomp/crayptr2.f90:! { dg-require-effective-target tls_native }
gcc/testsuite/gfortran.dg/gomp/fixed-1.f:C { dg-require-effective-target tls_native }
gcc/testsuite/gfortran.dg/gomp/free-1.f90:! { dg-require-effective-target tls_native }
gcc/testsuite/gfortran.dg/gomp/omp_threadprivate1.f90:! { dg-require-effective-target tls_native }
gcc/testsuite/gfortran.dg/gomp/omp_threadprivate2.f90:! { dg-require-effective-target tls_native }
gcc/testsuite/gfortran.dg/gomp/reduction1.f90:! { dg-require-effective-target tls_native }
gcc/testsuite/gfortran.dg/gomp/sharing-1.f90:! { dg-require-effective-target tls_native }
changed from tls_native to tls by hand.
Native configuration is x86_64-apple-darwin10.3.0
=== g++ tests ===
Running target unix/-m32
FAIL: g++.dg/abi/mangle40.C scan-assembler weak[^\\n]*_Z1fIDv4_fEvT_
FAIL: g++.dg/abi/mangle40.C scan-assembler weak[^\\n]*_ZN1AIDv4_fE1tE
WARNING: g++.dg/ext/label13.C compilation failed to produce executable
FAIL: g++.dg/tree-prof/partition1.C compilation, -g -fprofile-use
UNRESOLVED: g++.dg/tree-prof/partition1.C execution, -g -fprofile-use
FAIL: g++.dg/tree-prof/partition1.C compilation, -O3 -g -fprofile-use
UNRESOLVED: g++.dg/tree-prof/partition1.C execution, -O3 -g -fprofile-use
=== g++ Summary for unix/-m32 ===
# of expected passes 21795
# of unexpected failures 4
# of expected failures 150
# of unresolved testcases 2
# of unsupported tests 164
Running target unix/-m64
FAIL: g++.dg/abi/mangle40.C scan-assembler weak[^\\n]*_Z1fIDv4_fEvT_
FAIL: g++.dg/abi/mangle40.C scan-assembler weak[^\\n]*_ZN1AIDv4_fE1tE
WARNING: g++.dg/ext/label13.C compilation failed to produce executable
FAIL: g++.dg/tree-prof/partition1.C compilation, -g -fprofile-use
UNRESOLVED: g++.dg/tree-prof/partition1.C execution, -g -fprofile-use
FAIL: g++.dg/tree-prof/partition1.C compilation, -O3 -g -fprofile-use
UNRESOLVED: g++.dg/tree-prof/partition1.C execution, -O3 -g -fprofile-use
=== g++ Summary for unix/-m64 ===
# of expected passes 21484
# of unexpected failures 4
# of expected failures 150
# of unresolved testcases 2
# of unsupported tests 310
=== g++ Summary ===
# of expected passes 43279
# of unexpected failures 8
# of expected failures 300
# of unresolved testcases 4
# of unsupported tests 474
/sw/src/fink.build/gcc45-4.4.999-20100405/darwin_objdir/gcc/testsuite/g++/../../g++ version 4.5.0 20100406 (experimental) (GCC)
=== gcc tests ===
Running target unix/-m32
FAIL: gcc.dg/debug/dwarf2/aranges-fnsec-1.c scan-assembler DW_AT_ranges
FAIL: gcc.dg/framework-1.c (test for excess errors)
FAIL: gcc.dg/tls/opt-4.c scan-assembler tcc1@
FAIL: gcc.dg/tls/opt-4.c scan-assembler tcc2@
FAIL: gcc.dg/tls/opt-4.c scan-assembler-not tcc1[^@]
FAIL: gcc.dg/tls/opt-4.c scan-assembler-not tcc2[^@]
FAIL: gcc.dg/tls/section-1.c conflict with user-defined section (test for errors, line 12)
FAIL: gcc.dg/torture/builtin-math-7.c -O0 execution test
FAIL: gcc.dg/torture/builtin-math-7.c -O1 execution test
FAIL: gcc.dg/torture/builtin-math-7.c -O2 execution test
FAIL: gcc.dg/torture/builtin-math-7.c -O3 -fomit-frame-pointer execution test
FAIL: gcc.dg/torture/builtin-math-7.c -O3 -fomit-frame-pointer -funroll-loops execution test
FAIL: gcc.dg/torture/builtin-math-7.c -O3 -fomit-frame-pointer -funroll-all-loops -finline-functions execution test
FAIL: gcc.dg/torture/builtin-math-7.c -O3 -g execution test
FAIL: gcc.dg/torture/builtin-math-7.c -Os execution test
=== gcc Summary for unix/-m32 ===
# of expected passes 59252
# of unexpected failures 15
# of expected failures 179
# of unsupported tests 1162
Running target unix/-m64
FAIL: gcc.dg/debug/dwarf2/aranges-fnsec-1.c scan-assembler DW_AT_ranges
FAIL: gcc.dg/framework-1.c (test for excess errors)
FAIL: gcc.dg/tls/section-1.c conflict with user-defined section (test for errors, line 12)
FAIL: gcc.dg/torture/builtin-math-7.c -O0 execution test
FAIL: gcc.dg/torture/builtin-math-7.c -O1 execution test
FAIL: gcc.dg/torture/builtin-math-7.c -O2 execution test
FAIL: gcc.dg/torture/builtin-math-7.c -O3 -fomit-frame-pointer execution test
FAIL: gcc.dg/torture/builtin-math-7.c -O3 -fomit-frame-pointer -funroll-loops execution test
FAIL: gcc.dg/torture/builtin-math-7.c -O3 -fomit-frame-pointer -funroll-all-loops -finline-functions execution test
FAIL: gcc.dg/torture/builtin-math-7.c -O3 -g execution test
FAIL: gcc.dg/torture/builtin-math-7.c -Os execution test
=== gcc Summary for unix/-m64 ===
# of expected passes 58896
# of unexpected failures 11
# of expected failures 180
# of unsupported tests 1430
=== gcc Summary ===
# of expected passes 118148
# of unexpected failures 26
# of expected failures 359
# of unsupported tests 2592
/sw/src/fink.build/gcc45-4.4.999-20100405/darwin_objdir/gcc/xgcc version 4.5.0 20100406 (experimental) (GCC)
=== gfortran tests ===
Running target unix/-m32
=== gfortran Summary for unix/-m32 ===
# of expected passes 33815
# of expected failures 32
# of unsupported tests 127
Running target unix/-m64
=== gfortran Summary for unix/-m64 ===
# of expected passes 33958
# of expected failures 32
# of unsupported tests 61
=== gfortran Summary ===
# of expected passes 67773
# of expected failures 64
# of unsupported tests 188
/sw/src/fink.build/gcc45-4.4.999-20100405/darwin_objdir/gcc/testsuite/gfortran/../../gfortran version 4.5.0 20100406 (experimental) (GCC)
=== obj-c++ tests ===
Running target unix/-m32
WARNING: obj-c++.dg/lookup-2.mm -fgnu-runtime compilation failed to produce executable
FAIL: obj-c++.dg/objc-gc-3.mm -fgnu-runtime (internal compiler error)
FAIL: obj-c++.dg/objc-gc-3.mm -fgnu-runtime (test for excess errors)
WARNING: obj-c++.dg/try-catch-2.mm -fgnu-runtime compilation failed to produce executable
WARNING: obj-c++.dg/try-catch-9.mm -fgnu-runtime compilation failed to produce executable
FAIL: obj-c++.dg/cxx-ivars-3.mm -fnext-runtime execution test
FAIL: obj-c++.dg/stubify-1.mm -fnext-runtime (test for excess errors)
ERROR: obj-c++.dg/stubify-1.mm: error executing dg-final: couldn't open "stubify-1.s": no such file or directory
UNRESOLVED: obj-c++.dg/stubify-1.mm: error executing dg-final: couldn't open "stubify-1.s": no such file or directory
FAIL: obj-c++.dg/stubify-2.mm -fnext-runtime (test for excess errors)
FAIL: obj-c++.dg/stubify-2.mm -fnext-runtime scan-rtl-dump-not jump "symbol_ref.*"objc_msgSend"": dump file does not exist
=== obj-c++ Summary for unix/-m32 ===
# of expected passes 906
# of unexpected failures 6
# of expected failures 9
# of unresolved testcases 1
# of unsupported tests 11
Running target unix/-m64
WARNING: obj-c++.dg/lookup-2.mm -fgnu-runtime compilation failed to produce executable
FAIL: obj-c++.dg/objc-gc-3.mm -fgnu-runtime (internal compiler error)
FAIL: obj-c++.dg/objc-gc-3.mm -fgnu-runtime (test for excess errors)
FAIL: obj-c++.dg/try-catch-2.mm -fgnu-runtime (test for excess errors)
WARNING: obj-c++.dg/try-catch-2.mm -fgnu-runtime compilation failed to produce executable
FAIL: obj-c++.dg/try-catch-9.mm -fgnu-runtime (test for excess errors)
WARNING: obj-c++.dg/try-catch-9.mm -fgnu-runtime compilation failed to produce executable
WARNING: obj-c++.dg/try-catch-2.mm -fnext-runtime compilation failed to produce executable
WARNING: obj-c++.dg/try-catch-9.mm -fnext-runtime compilation failed to produce executable
=== obj-c++ Summary for unix/-m64 ===
# of expected passes 864
# of unexpected failures 4
# of expected failures 48
# of unsupported tests 13
=== obj-c++ Summary ===
# of expected passes 1770
# of unexpected failures 10
# of expected failures 57
# of unresolved testcases 1
# of unsupported tests 24
/sw/src/fink.build/gcc45-4.4.999-20100405/darwin_objdir/gcc/testsuite/obj-c++/../../g++ version 4.5.0 20100406 (experimental) (GCC)
=== objc tests ===
Running target unix/-m32
FAIL: objc/execute/exceptions/catchall-1.m execution, -O3 -fomit-frame-pointer -fnext-runtime
FAIL: objc/execute/exceptions/catchall-1.m execution, -O3 -g -fnext-runtime
FAIL: objc/execute/exceptions/local-variables-1.m execution, -O3 -fomit-frame-pointer -fnext-runtime
FAIL: objc/execute/exceptions/local-variables-1.m execution, -O3 -g -fnext-runtime
FAIL: objc.dg/objc-gc-4.m -fgnu-runtime (internal compiler error)
FAIL: objc.dg/objc-gc-4.m -fgnu-runtime (test for excess errors)
FAIL: objc.dg/headers.m -fnext-runtime (test for excess errors)
FAIL: objc.dg/no-extra-load.m -fnext-runtime (test for excess errors)
ERROR: objc.dg/no-extra-load.m: error executing dg-final: couldn't open "no-extra-load.s": no such file or directory
UNRESOLVED: objc.dg/no-extra-load.m: error executing dg-final: couldn't open "no-extra-load.s": no such file or directory
FAIL: objc.dg/stret-2.m scan-assembler objc_msgSend_stret
FAIL: objc.dg/stret-2.m scan-assembler-not objc_msgSend[^_S]
FAIL: objc.dg/stret-2.m scan-assembler-not objc_msgSendSuper[^_]
FAIL: objc.dg/stubify-1.m -fnext-runtime (test for excess errors)
ERROR: objc.dg/stubify-1.m: error executing dg-final: couldn't open "stubify-1.s": no such file or directory
UNRESOLVED: objc.dg/stubify-1.m: error executing dg-final: couldn't open "stubify-1.s": no such file or directory
=== objc Summary for unix/-m32 ===
# of expected passes 3910
# of unexpected failures 12
# of expected failures 7
# of unresolved testcases 2
# of unsupported tests 25
Running target unix/-m64
FAIL: objc.dg/objc-gc-4.m -fgnu-runtime (internal compiler error)
FAIL: objc.dg/objc-gc-4.m -fgnu-runtime (test for excess errors)
FAIL: objc.dg/headers.m -fnext-runtime (test for excess errors)
FAIL: objc.dg/no-extra-load.m -fnext-runtime (test for excess errors)
ERROR: objc.dg/no-extra-load.m: error executing dg-final: couldn't open "no-extra-load.s": no such file or directory
UNRESOLVED: objc.dg/no-extra-load.m: error executing dg-final: couldn't open "no-extra-load.s": no such file or directory
=== objc Summary for unix/-m64 ===
# of expected passes 2657
# of unexpected failures 4
# of expected failures 52
# of unresolved testcases 1
# of unsupported tests 28
=== objc Summary ===
# of expected passes 6567
# of unexpected failures 16
# of expected failures 59
# of unresolved testcases 3
# of unsupported tests 53
/sw/src/fink.build/gcc45-4.4.999-20100405/darwin_objdir/gcc/xgcc version 4.5.0 20100406 (experimental) (GCC)
=== libffi tests ===
Running target unix/-m32
=== libffi Summary for unix/-m32 ===
# of expected passes 1624
# of expected failures 10
# of unsupported tests 15
Running target unix/-m64
=== libffi Summary for unix/-m64 ===
# of expected passes 1624
# of expected failures 10
# of unsupported tests 15
=== libffi Summary ===
# of expected passes 3248
# of expected failures 20
# of unsupported tests 30
=== libgomp tests ===
Running target unix/-m32
=== libgomp Summary for unix/-m32 ===
# of expected passes 2502
# of unsupported tests 2
Running target unix/-m64
=== libgomp Summary for unix/-m64 ===
# of expected passes 2502
# of unsupported tests 2
=== libgomp Summary ===
# of expected passes 5004
# of unsupported tests 4
=== libjava tests ===
Running target unix/-m32
=== libjava Summary for unix/-m32 ===
# of expected passes 2574
Running target unix/-m64
FAIL: PR16923 run
=== libjava Summary for unix/-m64 ===
# of expected passes 2573
# of unexpected failures 1
# of untested testcases 1
=== libjava Summary ===
# of expected passes 5147
# of unexpected failures 1
# of untested testcases 1
=== libstdc++ tests ===
Running target unix/-m32
=== libstdc++ Summary for unix/-m32 ===
# of expected passes 6448
# of expected failures 89
# of unsupported tests 554
Running target unix/-m64
=== libstdc++ Summary for unix/-m64 ===
# of expected passes 6446
# of expected failures 89
# of unsupported tests 555
=== libstdc++ Summary ===
# of expected passes 12894
# of expected failures 178
# of unsupported tests 1109
Compiler version: 4.5.0 20100406 (experimental) (GCC)
Platform: x86_64-apple-darwin10.3.0
configure flags: --prefix=/sw --prefix=/sw/lib/gcc4.5 --mandir=/sw/share/man --infodir=/sw/share/info --enable-languages=c,c++,fortran,objc,obj-c++,java --with-gmp=/sw --with-libiconv-prefix=/sw --with-ppl=/sw --with-cloog=/sw --with-mpc=/sw --with-system-zlib --x-includes=/usr/X11R6/include --x-libraries=/usr/X11R6/lib --enable-checking=release