This is the mail archive of the gcc-testresults@gcc.gnu.org mailing list for the GCC project.


Index Nav: [Date Index] [Subject Index] [Author Index] [Thread Index]
Message Nav: [Date Prev] [Date Next] [Thread Prev] [Thread Next]
Other format: [Raw text]

Results for 4.5.0 20100404 (experimental) [trunk revision 157958] (GCC) testsuite on armv5tel-unknown-linux-gnueabi


LAST_UPDATED: Sun Apr  4 11:51:00 UTC 2010 (revision 157958)

Native configuration is armv5tel-unknown-linux-gnueabi

		=== libgomp tests ===


Running target unix

		=== libgomp Summary ===

# of expected passes		250
# of unsupported tests		7
		=== libmudflap tests ===


Running target unix
FAIL: libmudflap.c/fail31-frag.c (-O3) crash test
FAIL: libmudflap.c/fail31-frag.c (-O3) output pattern test
FAIL: libmudflap.c/pass45-frag.c (-O3) execution test
FAIL: libmudflap.c/pass45-frag.c (-O3) output pattern test
FAIL: libmudflap.c/pass45-frag.c (-O3) execution test
FAIL: libmudflap.c/pass45-frag.c (-O3) output pattern test
WARNING: program timed out.
FAIL: libmudflap.cth/pass40-frag.c (-static -DSTATIC) execution test
FAIL: libmudflap.cth/pass40-frag.c (-static -DSTATIC) output pattern test
WARNING: program timed out.
FAIL: libmudflap.cth/pass40-frag.c (-O3) execution test
FAIL: libmudflap.cth/pass40-frag.c (-O3) output pattern test

		=== libmudflap Summary ===

# of expected passes		1730
# of unexpected failures	10
# of unsupported tests		2
		=== acats tests ===

		=== acats Summary ===
# of expected passes		2321
# of unexpected failures	0

		=== gcc tests ===


Running target unix
FAIL: gcc.c-torture/compile/limits-fnargs.c  -O2  (test for excess errors)
FAIL: gcc.c-torture/compile/limits-fnargs.c  -O3 -fomit-frame-pointer  (test for excess errors)
FAIL: gcc.c-torture/compile/limits-fnargs.c  -O3 -g  (test for excess errors)
FAIL: gcc.c-torture/compile/limits-structnest.c  -O2  (test for excess errors)
FAIL: gcc.c-torture/compile/limits-structnest.c  -O3 -fomit-frame-pointer  (test for excess errors)
FAIL: gcc.c-torture/compile/limits-structnest.c  -O3 -g  (test for excess errors)
FAIL: gcc.c-torture/compile/limits-structnest.c  -Os  (test for excess errors)
FAIL: gcc.dg/c99-stdint-1.c (test for excess errors)
FAIL: gcc.dg/c99-stdint-7.c (test for excess errors)
FAIL: gcc.dg/pr34668-1.c (internal compiler error)
FAIL: gcc.dg/pr34668-1.c (test for excess errors)
FAIL: gcc.dg/pr43058.c (test for excess errors)
FAIL: gcc.dg/uninit-13.c unconditional (test for warnings, line 8)
FAIL: gcc.dg/uninit-13.c (test for excess errors)
XPASS: gcc.dg/guality/example.c  -O0  execution test
XPASS: gcc.dg/guality/guality.c  -O0  execution test
FAIL: gcc.dg/guality/inline-params.c  -O1  execution test
FAIL: gcc.dg/guality/pr36728-1.c  -O1  line 12 arg3 == 3
FAIL: gcc.dg/guality/pr36728-1.c  -O1  line 12 arg4 == 4
FAIL: gcc.dg/guality/pr36728-1.c  -O1  line 14 arg3 == 3
FAIL: gcc.dg/guality/pr36728-1.c  -O1  line 14 arg4 == 4
FAIL: gcc.dg/guality/pr36728-1.c  -O2  line 12 arg3 == 3
FAIL: gcc.dg/guality/pr36728-1.c  -O2  line 12 arg4 == 4
FAIL: gcc.dg/guality/pr36728-1.c  -O2  line 14 arg3 == 3
FAIL: gcc.dg/guality/pr36728-1.c  -O2  line 14 arg4 == 4
FAIL: gcc.dg/guality/pr36728-1.c  -O3 -fomit-frame-pointer  line 12 arg3 == 3
FAIL: gcc.dg/guality/pr36728-1.c  -O3 -fomit-frame-pointer  line 12 arg4 == 4
FAIL: gcc.dg/guality/pr36728-1.c  -O3 -fomit-frame-pointer  line 14 arg3 == 3
FAIL: gcc.dg/guality/pr36728-1.c  -O3 -fomit-frame-pointer  line 14 arg4 == 4
FAIL: gcc.dg/guality/pr36728-1.c  -O3 -g  line 12 arg3 == 3
FAIL: gcc.dg/guality/pr36728-1.c  -O3 -g  line 12 arg4 == 4
FAIL: gcc.dg/guality/pr36728-1.c  -O3 -g  line 14 arg3 == 3
FAIL: gcc.dg/guality/pr36728-1.c  -O3 -g  line 14 arg4 == 4
FAIL: gcc.dg/guality/pr36728-1.c  -Os  line 12 arg3 == 3
FAIL: gcc.dg/guality/pr36728-1.c  -Os  line 12 arg4 == 4
FAIL: gcc.dg/guality/pr36728-1.c  -Os  line 14 arg3 == 3
FAIL: gcc.dg/guality/pr36728-1.c  -Os  line 14 arg4 == 4
FAIL: gcc.dg/guality/pr36728-2.c  -O1  line 12 arg4 == 4
FAIL: gcc.dg/guality/pr36728-2.c  -O1  line 12 y == 2
FAIL: gcc.dg/guality/pr36728-2.c  -O1  line 14 arg4 == 4
FAIL: gcc.dg/guality/pr36728-2.c  -O1  line 14 y == 2
FAIL: gcc.dg/guality/pr36728-2.c  -O2  line 12 arg4 == 4
FAIL: gcc.dg/guality/pr36728-2.c  -O2  line 12 y == 2
FAIL: gcc.dg/guality/pr36728-2.c  -O2  line 14 arg4 == 4
FAIL: gcc.dg/guality/pr36728-2.c  -O2  line 14 y == 2
FAIL: gcc.dg/guality/pr36728-2.c  -O3 -fomit-frame-pointer  line 12 arg4 == 4
FAIL: gcc.dg/guality/pr36728-2.c  -O3 -fomit-frame-pointer  line 12 y == 2
FAIL: gcc.dg/guality/pr36728-2.c  -O3 -fomit-frame-pointer  line 14 arg4 == 4
FAIL: gcc.dg/guality/pr36728-2.c  -O3 -fomit-frame-pointer  line 14 y == 2
FAIL: gcc.dg/guality/pr36728-2.c  -O3 -g  line 12 arg4 == 4
FAIL: gcc.dg/guality/pr36728-2.c  -O3 -g  line 12 y == 2
FAIL: gcc.dg/guality/pr36728-2.c  -O3 -g  line 14 arg4 == 4
FAIL: gcc.dg/guality/pr36728-2.c  -O3 -g  line 14 y == 2
FAIL: gcc.dg/guality/pr36728-2.c  -Os  line 12 arg4 == 4
FAIL: gcc.dg/guality/pr36728-2.c  -Os  line 12 y == 2
FAIL: gcc.dg/guality/pr36728-2.c  -Os  line 14 arg4 == 4
FAIL: gcc.dg/guality/pr36728-2.c  -Os  line 14 y == 2
XPASS: gcc.dg/guality/pr41353-1.c  -O0  line 28 j == 28 + 37
XPASS: gcc.dg/guality/pr41353-1.c  -O1  line 28 j == 28 + 37
XPASS: gcc.dg/guality/pr41353-1.c  -O2  line 28 j == 28 + 37
XPASS: gcc.dg/guality/pr41353-1.c  -O3 -fomit-frame-pointer  line 28 j == 28 + 37
XPASS: gcc.dg/guality/pr41353-1.c  -O3 -g  line 28 j == 28 + 37
XPASS: gcc.dg/guality/pr41353-1.c  -Os  line 28 j == 28 + 37
XPASS: gcc.dg/guality/pr41447-1.c  -O0  execution test
XPASS: gcc.dg/guality/pr41616-1.c  -O0  execution test
FAIL: gcc.dg/guality/pr43051-1.c  -O1  line 39 c == &a[0]
FAIL: gcc.dg/guality/pr43051-1.c  -O2  line 39 c == &a[0]
FAIL: gcc.dg/guality/pr43051-1.c  -O3 -fomit-frame-pointer  line 39 c == &a[0]
FAIL: gcc.dg/guality/pr43051-1.c  -O3 -g  line 39 c == &a[0]
FAIL: gcc.dg/guality/pr43077-1.c  -O1  line 42 b == 2
FAIL: gcc.dg/guality/pr43077-1.c  -O1  line 42 c == 3
FAIL: gcc.dg/guality/pr43077-1.c  -O1  line 42 varb == 2
FAIL: gcc.dg/guality/pr43077-1.c  -O1  line 42 varc == 3
FAIL: gcc.dg/guality/pr43077-1.c  -O2  line 42 b == 2
FAIL: gcc.dg/guality/pr43077-1.c  -O2  line 42 c == 3
FAIL: gcc.dg/guality/pr43077-1.c  -O2  line 42 varb == 2
FAIL: gcc.dg/guality/pr43077-1.c  -O2  line 42 varc == 3
FAIL: gcc.dg/guality/pr43077-1.c  -O3 -fomit-frame-pointer  line 42 b == 2
FAIL: gcc.dg/guality/pr43077-1.c  -O3 -fomit-frame-pointer  line 42 c == 3
FAIL: gcc.dg/guality/pr43077-1.c  -O3 -fomit-frame-pointer  line 42 varb == 2
FAIL: gcc.dg/guality/pr43077-1.c  -O3 -fomit-frame-pointer  line 42 varc == 3
FAIL: gcc.dg/guality/pr43077-1.c  -O3 -g  line 42 b == 2
FAIL: gcc.dg/guality/pr43077-1.c  -O3 -g  line 42 c == 3
FAIL: gcc.dg/guality/pr43077-1.c  -O3 -g  line 42 varb == 2
FAIL: gcc.dg/guality/pr43077-1.c  -O3 -g  line 42 varc == 3
FAIL: gcc.dg/guality/pr43077-1.c  -Os  line 42 b == 2
FAIL: gcc.dg/guality/pr43077-1.c  -Os  line 42 c == 3
FAIL: gcc.dg/guality/pr43077-1.c  -Os  line 42 varb == 2
FAIL: gcc.dg/guality/pr43077-1.c  -Os  line 42 varc == 3
FAIL: gcc.dg/guality/pr43593.c  -O1  line 16 j == &i
FAIL: gcc.dg/guality/pr43593.c  -O2  line 16 j == &i
FAIL: gcc.dg/guality/pr43593.c  -O3 -fomit-frame-pointer  line 16 j == &i
FAIL: gcc.dg/guality/pr43593.c  -O3 -g  line 16 j == &i
FAIL: gcc.dg/guality/pr43593.c  -Os  line 16 j == &i
FAIL: gcc.dg/guality/vla-1.c  -O0  line 17 sizeof (a) == 6
FAIL: gcc.dg/guality/vla-1.c  -O0  line 24 sizeof (a) == 17 * sizeof (short)
FAIL: gcc.dg/guality/vla-1.c  -O1  line 17 i == 5
FAIL: gcc.dg/guality/vla-1.c  -O1  line 17 sizeof (a) == 6
FAIL: gcc.dg/guality/vla-1.c  -O1  line 24 sizeof (a) == 17 * sizeof (short)
FAIL: gcc.dg/guality/vla-1.c  -O2  line 17 i == 5
FAIL: gcc.dg/guality/vla-1.c  -O2  line 17 sizeof (a) == 6
FAIL: gcc.dg/guality/vla-1.c  -O2  line 24 sizeof (a) == 17 * sizeof (short)
FAIL: gcc.dg/guality/vla-1.c  -O3 -fomit-frame-pointer  line 17 i == 5
FAIL: gcc.dg/guality/vla-1.c  -O3 -fomit-frame-pointer  line 17 sizeof (a) == 6
FAIL: gcc.dg/guality/vla-1.c  -O3 -fomit-frame-pointer  line 24 sizeof (a) == 17 * sizeof (short)
FAIL: gcc.dg/guality/vla-1.c  -O3 -g  line 17 i == 5
FAIL: gcc.dg/guality/vla-1.c  -O3 -g  line 17 sizeof (a) == 6
FAIL: gcc.dg/guality/vla-1.c  -O3 -g  line 24 sizeof (a) == 17 * sizeof (short)
FAIL: gcc.dg/guality/vla-1.c  -Os  line 17 i == 5
FAIL: gcc.dg/guality/vla-1.c  -Os  line 17 sizeof (a) == 6
FAIL: gcc.dg/guality/vla-1.c  -Os  line 24 sizeof (a) == 17 * sizeof (short)
FAIL: largefile.c -O0 -g -I. (test for excess errors)
FAIL: gcc.dg/pch/largefile.c -O0 -g assembly comparison
FAIL: largefile.c  -O0  -I. (test for excess errors)
FAIL: gcc.dg/pch/largefile.c  -O0  assembly comparison
FAIL: largefile.c  -O1  -I. (test for excess errors)
FAIL: gcc.dg/pch/largefile.c  -O1  assembly comparison
FAIL: largefile.c  -O2  -I. (test for excess errors)
FAIL: gcc.dg/pch/largefile.c  -O2  assembly comparison
FAIL: largefile.c  -O3 -fomit-frame-pointer  -I. (test for excess errors)
FAIL: gcc.dg/pch/largefile.c  -O3 -fomit-frame-pointer  assembly comparison
FAIL: largefile.c  -O3 -g  -I. (test for excess errors)
FAIL: gcc.dg/pch/largefile.c  -O3 -g  assembly comparison
FAIL: largefile.c  -Os  -I. (test for excess errors)
FAIL: gcc.dg/pch/largefile.c  -Os  assembly comparison
FAIL: gcc.dg/tree-ssa/pr42585.c scan-tree-dump-times optimized "struct _fat_ptr _ans" 0
FAIL: gcc.dg/tree-ssa/pr42585.c scan-tree-dump-times optimized "struct _fat_ptr _T2" 0
FAIL: gcc.dg/vect/pr43430-1.c scan-tree-dump-times vect "vectorized 1 loops" 1
FAIL: gcc.dg/vect/vect-35.c scan-tree-dump-times vect "vectorized 2 loops" 1
ERROR: gcc.target/arm/neon-modes-1.c: Unrecognized option type: arm_neon for " dg-add-options 4 arm_neon "
UNRESOLVED: gcc.target/arm/neon-modes-1.c: Unrecognized option type: arm_neon for " dg-add-options 4 arm_neon "

		=== gcc Summary ===

# of expected passes		59212
# of unexpected failures	119
# of unexpected successes	10
# of expected failures		241
# of unresolved testcases	1
# of unsupported tests		641
/home/guerby/build/gcc/xgcc  version 4.5.0 20100404 (experimental) [trunk revision 157958] (GCC) 

		=== gnat tests ===


Running target unix

		=== gnat Summary ===

# of expected passes		756
# of expected failures		8
# of unsupported tests		1

Compiler version: 4.5.0 20100404 (experimental) [trunk revision 157958] (GCC) 
Platform: armv5tel-unknown-linux-gnueabi
configure flags: --prefix=/n/57/guerby/install-trunk-157958 --enable-languages=c,ada --enable-__cxa_atexit --disable-nls --enable-threads=posix --disable-multilib


Index Nav: [Date Index] [Subject Index] [Author Index] [Thread Index]
Message Nav: [Date Prev] [Date Next] [Thread Prev] [Thread Next]