This is the mail archive of the gcc-testresults@gcc.gnu.org mailing list for the GCC project.


Index Nav: [Date Index] [Subject Index] [Author Index] [Thread Index]
Message Nav: [Date Prev] [Date Next] [Thread Prev] [Thread Next]
Other format: [Raw text]

Results for 4.5.0 20100404 (experimental) [trunk revision 157958] (Debian 4.5-20100404-1) testsuite on sparc-unknown-linux-gnu


LAST_UPDATED: Sun Apr  4 13:25:41 UTC 2010 (revision 157958)

Target: sparc-linux-gnu
gcc version 4.5.0 20100404 (experimental) [trunk revision 157958] (Debian 4.5-20100404-1) 
Native configuration is sparc-unknown-linux-gnu

		=== g++ tests ===


Running target unix
FAIL: c-c++-common/raw-string-1.c execution test
FAIL: g++.dg/lto/20090303 cp_lto_20090303_0.o-cp_lto_20090303_0.o execute -fwhopr
UNRESOLVED: attribute_plugin.c compilation, -I. -I/home/packages/gcc/4.5/gcc-4.5-4.5-20100404/src/gcc/testsuite -I/home/packages/gcc/4.5/gcc-4.5-4.5-20100404/src/gcc/testsuite/../../gcc -I/home/packages/gcc/4.5/gcc-4.5-4.5-20100404/build/gcc/testsuite/g++/../../../gcc  -I/home/packages/gcc/4.5/gcc-4.5-4.5-20100404/src/gcc/testsuite/../../include -I/home/packages/gcc/4.5/gcc-4.5-4.5-20100404/src/gcc/testsuite/../../libcpp/include    -DIN_GCC -fPIC -shared
UNRESOLVED: pragma_plugin.c compilation, -I. -I/home/packages/gcc/4.5/gcc-4.5-4.5-20100404/src/gcc/testsuite -I/home/packages/gcc/4.5/gcc-4.5-4.5-20100404/src/gcc/testsuite/../../gcc -I/home/packages/gcc/4.5/gcc-4.5-4.5-20100404/build/gcc/testsuite/g++/../../../gcc  -I/home/packages/gcc/4.5/gcc-4.5-4.5-20100404/src/gcc/testsuite/../../include -I/home/packages/gcc/4.5/gcc-4.5-4.5-20100404/src/gcc/testsuite/../../libcpp/include    -DIN_GCC -fPIC -shared
UNRESOLVED: selfassign.c compilation, -I. -I/home/packages/gcc/4.5/gcc-4.5-4.5-20100404/src/gcc/testsuite -I/home/packages/gcc/4.5/gcc-4.5-4.5-20100404/src/gcc/testsuite/../../gcc -I/home/packages/gcc/4.5/gcc-4.5-4.5-20100404/build/gcc/testsuite/g++/../../../gcc  -I/home/packages/gcc/4.5/gcc-4.5-4.5-20100404/src/gcc/testsuite/../../include -I/home/packages/gcc/4.5/gcc-4.5-4.5-20100404/src/gcc/testsuite/../../libcpp/include   -O -DIN_GCC -fPIC -shared
UNRESOLVED: dumb_plugin.c compilation, -I. -I/home/packages/gcc/4.5/gcc-4.5-4.5-20100404/src/gcc/testsuite -I/home/packages/gcc/4.5/gcc-4.5-4.5-20100404/src/gcc/testsuite/../../gcc -I/home/packages/gcc/4.5/gcc-4.5-4.5-20100404/build/gcc/testsuite/g++/../../../gcc  -I/home/packages/gcc/4.5/gcc-4.5-4.5-20100404/src/gcc/testsuite/../../include -I/home/packages/gcc/4.5/gcc-4.5-4.5-20100404/src/gcc/testsuite/../../libcpp/include    -DIN_GCC -fPIC -shared
UNRESOLVED: header_plugin.c compilation, -I. -I/home/packages/gcc/4.5/gcc-4.5-4.5-20100404/src/gcc/testsuite -I/home/packages/gcc/4.5/gcc-4.5-4.5-20100404/src/gcc/testsuite/../../gcc -I/home/packages/gcc/4.5/gcc-4.5-4.5-20100404/build/gcc/testsuite/g++/../../../gcc  -I/home/packages/gcc/4.5/gcc-4.5-4.5-20100404/src/gcc/testsuite/../../include -I/home/packages/gcc/4.5/gcc-4.5-4.5-20100404/src/gcc/testsuite/../../libcpp/include    -DIN_GCC -fPIC -shared

		=== g++ Summary for unix ===

# of expected passes		22000
# of unexpected failures	2
# of expected failures		151
# of unresolved testcases	5
# of unsupported tests		188

Running target unix/-fstack-protector
FAIL: c-c++-common/raw-string-1.c execution test
FAIL: g++.dg/lto/20090303 cp_lto_20090303_0.o-cp_lto_20090303_0.o execute -fwhopr
UNRESOLVED: attribute_plugin.c compilation, -I. -I/home/packages/gcc/4.5/gcc-4.5-4.5-20100404/src/gcc/testsuite -I/home/packages/gcc/4.5/gcc-4.5-4.5-20100404/src/gcc/testsuite/../../gcc -I/home/packages/gcc/4.5/gcc-4.5-4.5-20100404/build/gcc/testsuite/g++/../../../gcc  -I/home/packages/gcc/4.5/gcc-4.5-4.5-20100404/src/gcc/testsuite/../../include -I/home/packages/gcc/4.5/gcc-4.5-4.5-20100404/src/gcc/testsuite/../../libcpp/include    -DIN_GCC -fPIC -shared
UNRESOLVED: pragma_plugin.c compilation, -I. -I/home/packages/gcc/4.5/gcc-4.5-4.5-20100404/src/gcc/testsuite -I/home/packages/gcc/4.5/gcc-4.5-4.5-20100404/src/gcc/testsuite/../../gcc -I/home/packages/gcc/4.5/gcc-4.5-4.5-20100404/build/gcc/testsuite/g++/../../../gcc  -I/home/packages/gcc/4.5/gcc-4.5-4.5-20100404/src/gcc/testsuite/../../include -I/home/packages/gcc/4.5/gcc-4.5-4.5-20100404/src/gcc/testsuite/../../libcpp/include    -DIN_GCC -fPIC -shared
UNRESOLVED: selfassign.c compilation, -I. -I/home/packages/gcc/4.5/gcc-4.5-4.5-20100404/src/gcc/testsuite -I/home/packages/gcc/4.5/gcc-4.5-4.5-20100404/src/gcc/testsuite/../../gcc -I/home/packages/gcc/4.5/gcc-4.5-4.5-20100404/build/gcc/testsuite/g++/../../../gcc  -I/home/packages/gcc/4.5/gcc-4.5-4.5-20100404/src/gcc/testsuite/../../include -I/home/packages/gcc/4.5/gcc-4.5-4.5-20100404/src/gcc/testsuite/../../libcpp/include   -O -DIN_GCC -fPIC -shared
UNRESOLVED: dumb_plugin.c compilation, -I. -I/home/packages/gcc/4.5/gcc-4.5-4.5-20100404/src/gcc/testsuite -I/home/packages/gcc/4.5/gcc-4.5-4.5-20100404/src/gcc/testsuite/../../gcc -I/home/packages/gcc/4.5/gcc-4.5-4.5-20100404/build/gcc/testsuite/g++/../../../gcc  -I/home/packages/gcc/4.5/gcc-4.5-4.5-20100404/src/gcc/testsuite/../../include -I/home/packages/gcc/4.5/gcc-4.5-4.5-20100404/src/gcc/testsuite/../../libcpp/include    -DIN_GCC -fPIC -shared
UNRESOLVED: header_plugin.c compilation, -I. -I/home/packages/gcc/4.5/gcc-4.5-4.5-20100404/src/gcc/testsuite -I/home/packages/gcc/4.5/gcc-4.5-4.5-20100404/src/gcc/testsuite/../../gcc -I/home/packages/gcc/4.5/gcc-4.5-4.5-20100404/build/gcc/testsuite/g++/../../../gcc  -I/home/packages/gcc/4.5/gcc-4.5-4.5-20100404/src/gcc/testsuite/../../include -I/home/packages/gcc/4.5/gcc-4.5-4.5-20100404/src/gcc/testsuite/../../libcpp/include    -DIN_GCC -fPIC -shared

		=== g++ Summary for unix/-fstack-protector ===

# of expected passes		22000
# of unexpected failures	2
# of expected failures		151
# of unresolved testcases	5
# of unsupported tests		188

Running target unix/-m64
FAIL: c-c++-common/raw-string-1.c execution test
FAIL: g++.dg/lto/20090303 cp_lto_20090303_0.o-cp_lto_20090303_0.o execute -fwhopr
UNRESOLVED: attribute_plugin.c compilation, -I. -I/home/packages/gcc/4.5/gcc-4.5-4.5-20100404/src/gcc/testsuite -I/home/packages/gcc/4.5/gcc-4.5-4.5-20100404/src/gcc/testsuite/../../gcc -I/home/packages/gcc/4.5/gcc-4.5-4.5-20100404/build/gcc/testsuite/g++/../../../gcc  -I/home/packages/gcc/4.5/gcc-4.5-4.5-20100404/src/gcc/testsuite/../../include -I/home/packages/gcc/4.5/gcc-4.5-4.5-20100404/src/gcc/testsuite/../../libcpp/include    -DIN_GCC -fPIC -shared
UNRESOLVED: pragma_plugin.c compilation, -I. -I/home/packages/gcc/4.5/gcc-4.5-4.5-20100404/src/gcc/testsuite -I/home/packages/gcc/4.5/gcc-4.5-4.5-20100404/src/gcc/testsuite/../../gcc -I/home/packages/gcc/4.5/gcc-4.5-4.5-20100404/build/gcc/testsuite/g++/../../../gcc  -I/home/packages/gcc/4.5/gcc-4.5-4.5-20100404/src/gcc/testsuite/../../include -I/home/packages/gcc/4.5/gcc-4.5-4.5-20100404/src/gcc/testsuite/../../libcpp/include    -DIN_GCC -fPIC -shared
UNRESOLVED: selfassign.c compilation, -I. -I/home/packages/gcc/4.5/gcc-4.5-4.5-20100404/src/gcc/testsuite -I/home/packages/gcc/4.5/gcc-4.5-4.5-20100404/src/gcc/testsuite/../../gcc -I/home/packages/gcc/4.5/gcc-4.5-4.5-20100404/build/gcc/testsuite/g++/../../../gcc  -I/home/packages/gcc/4.5/gcc-4.5-4.5-20100404/src/gcc/testsuite/../../include -I/home/packages/gcc/4.5/gcc-4.5-4.5-20100404/src/gcc/testsuite/../../libcpp/include   -O -DIN_GCC -fPIC -shared
UNRESOLVED: dumb_plugin.c compilation, -I. -I/home/packages/gcc/4.5/gcc-4.5-4.5-20100404/src/gcc/testsuite -I/home/packages/gcc/4.5/gcc-4.5-4.5-20100404/src/gcc/testsuite/../../gcc -I/home/packages/gcc/4.5/gcc-4.5-4.5-20100404/build/gcc/testsuite/g++/../../../gcc  -I/home/packages/gcc/4.5/gcc-4.5-4.5-20100404/src/gcc/testsuite/../../include -I/home/packages/gcc/4.5/gcc-4.5-4.5-20100404/src/gcc/testsuite/../../libcpp/include    -DIN_GCC -fPIC -shared
UNRESOLVED: header_plugin.c compilation, -I. -I/home/packages/gcc/4.5/gcc-4.5-4.5-20100404/src/gcc/testsuite -I/home/packages/gcc/4.5/gcc-4.5-4.5-20100404/src/gcc/testsuite/../../gcc -I/home/packages/gcc/4.5/gcc-4.5-4.5-20100404/build/gcc/testsuite/g++/../../../gcc  -I/home/packages/gcc/4.5/gcc-4.5-4.5-20100404/src/gcc/testsuite/../../include -I/home/packages/gcc/4.5/gcc-4.5-4.5-20100404/src/gcc/testsuite/../../libcpp/include    -DIN_GCC -fPIC -shared

		=== g++ Summary for unix/-m64 ===

# of expected passes		21961
# of unexpected failures	2
# of expected failures		151
# of unresolved testcases	5
# of unsupported tests		189

		=== g++ Summary ===

# of expected passes		65961
# of unexpected failures	6
# of expected failures		453
# of unresolved testcases	15
# of unsupported tests		565
/home/packages/gcc/4.5/gcc-4.5-4.5-20100404/build/gcc/testsuite/g++/../../g++  version 4.5.0 20100404 (experimental) [trunk revision 157958] (Debian 4.5-20100404-1) 

		=== gcc tests ===


Running target unix
WARNING: program timed out.
FAIL: gcc.c-torture/compile/limits-fnargs.c  -O2  (test for excess errors)
WARNING: program timed out.
FAIL: gcc.c-torture/compile/limits-fnargs.c  -O3 -fomit-frame-pointer  (test for excess errors)
WARNING: program timed out.
FAIL: gcc.c-torture/compile/limits-fnargs.c  -O3 -g  (test for excess errors)
WARNING: program timed out.
FAIL: gcc.c-torture/compile/limits-fnargs.c  -O2 -flto  (test for excess errors)
WARNING: program timed out.
FAIL: gcc.c-torture/compile/limits-fnargs.c  -O2 -fwhopr  (test for excess errors)
FAIL: gcc.c-torture/execute/pr38819.c execution,  -O2 
FAIL: gcc.c-torture/execute/pr38819.c execution,  -O3 -fomit-frame-pointer 
FAIL: gcc.c-torture/execute/pr38819.c execution,  -O3 -fomit-frame-pointer -funroll-loops 
FAIL: gcc.c-torture/execute/pr38819.c execution,  -O3 -fomit-frame-pointer -funroll-all-loops -finline-functions 
FAIL: gcc.c-torture/execute/pr38819.c execution,  -O3 -g 
FAIL: gcc.c-torture/execute/pr38819.c execution,  -O2 -flto 
FAIL: gcc.c-torture/execute/pr38819.c execution,  -O2 -fwhopr 
FAIL: gcc.dg/pr34668-1.c (internal compiler error)
FAIL: gcc.dg/pr34668-1.c (test for excess errors)
WARNING: program timed out.
FAIL: gcc.dg/pr43058.c (test for excess errors)
FAIL: c-c++-common/raw-string-1.c  -Wc++-compat  execution test
WARNING: program timed out.
FAIL: gcc.dg/graphite/block-3.c (test for excess errors)
UNRESOLVED: gcc.dg/graphite/block-3.c compilation failed to produce executable
FAIL: gcc.dg/graphite/block-3.c scan-tree-dump-times graphite "will be loop blocked" 1
WARNING: program timed out.
FAIL: gcc.dg/graphite/block-4.c (test for excess errors)
UNRESOLVED: gcc.dg/graphite/block-4.c compilation failed to produce executable
XPASS: gcc.dg/guality/example.c  -O0  execution test
XPASS: gcc.dg/guality/example.c  -O1  execution test
XPASS: gcc.dg/guality/example.c  -Os  execution test
XPASS: gcc.dg/guality/guality.c  -O0  execution test
XPASS: gcc.dg/guality/guality.c  -O1  execution test
XPASS: gcc.dg/guality/guality.c  -O2  execution test
XPASS: gcc.dg/guality/guality.c  -O3 -fomit-frame-pointer  execution test
XPASS: gcc.dg/guality/guality.c  -O3 -g  execution test
XPASS: gcc.dg/guality/guality.c  -Os  execution test
XPASS: gcc.dg/guality/guality.c  -O2 -flto  execution test
XPASS: gcc.dg/guality/guality.c  -O2 -fwhopr  execution test
XPASS: gcc.dg/guality/pr41353-1.c  -O0  line 28 j == 28 + 37
FAIL: gcc.dg/guality/pr41353-1.c  -O1  line 28 i == 37
FAIL: gcc.dg/guality/pr41353-1.c  -O1  line 28 i1 == 2 * 37
FAIL: gcc.dg/guality/pr41353-1.c  -O1  line 28 i2 == 3 * 37
FAIL: gcc.dg/guality/pr41353-1.c  -O2  line 28 i == 37
FAIL: gcc.dg/guality/pr41353-1.c  -O2  line 28 i1 == 2 * 37
FAIL: gcc.dg/guality/pr41353-1.c  -O2  line 28 i2 == 3 * 37
FAIL: gcc.dg/guality/pr41353-1.c  -O3 -fomit-frame-pointer  line 28 i == 37
FAIL: gcc.dg/guality/pr41353-1.c  -O3 -fomit-frame-pointer  line 28 i1 == 2 * 37
FAIL: gcc.dg/guality/pr41353-1.c  -O3 -fomit-frame-pointer  line 28 i2 == 3 * 37
FAIL: gcc.dg/guality/pr41353-1.c  -O3 -g  line 28 i == 37
FAIL: gcc.dg/guality/pr41353-1.c  -O3 -g  line 28 i1 == 2 * 37
FAIL: gcc.dg/guality/pr41353-1.c  -O3 -g  line 28 i2 == 3 * 37
FAIL: gcc.dg/guality/pr41353-1.c  -Os  line 28 i == 37
FAIL: gcc.dg/guality/pr41353-1.c  -Os  line 28 i1 == 2 * 37
FAIL: gcc.dg/guality/pr41353-1.c  -Os  line 28 i2 == 3 * 37
FAIL: gcc.dg/guality/pr41353-1.c  -O2 -flto  line 28 i == 37
FAIL: gcc.dg/guality/pr41353-1.c  -O2 -flto  line 28 i1 == 2 * 37
FAIL: gcc.dg/guality/pr41353-1.c  -O2 -flto  line 28 i2 == 3 * 37
FAIL: gcc.dg/guality/pr41353-1.c  -O2 -fwhopr  line 28 i == 37
FAIL: gcc.dg/guality/pr41353-1.c  -O2 -fwhopr  line 28 i1 == 2 * 37
FAIL: gcc.dg/guality/pr41353-1.c  -O2 -fwhopr  line 28 i2 == 3 * 37
FAIL: gcc.dg/guality/pr41404-1.c  -O1  line 10 *foo == 'f'
FAIL: gcc.dg/guality/pr41404-1.c  -O2  line 10 *foo == 'f'
FAIL: gcc.dg/guality/pr41404-1.c  -Os  line 10 *foo == 'f'
FAIL: gcc.dg/guality/pr41404-1.c  -O2 -flto  line 10 *foo == 'f'
FAIL: gcc.dg/guality/pr41404-1.c  -O2 -fwhopr  line 10 *foo == 'f'
XPASS: gcc.dg/guality/pr41447-1.c  -O0  execution test
XPASS: gcc.dg/guality/pr41447-1.c  -O1  execution test
XPASS: gcc.dg/guality/pr41447-1.c  -O2  execution test
XPASS: gcc.dg/guality/pr41447-1.c  -O3 -fomit-frame-pointer  execution test
XPASS: gcc.dg/guality/pr41447-1.c  -O3 -g  execution test
XPASS: gcc.dg/guality/pr41447-1.c  -Os  execution test
XPASS: gcc.dg/guality/pr41447-1.c  -O2 -flto  execution test
XPASS: gcc.dg/guality/pr41447-1.c  -O2 -fwhopr  execution test
XPASS: gcc.dg/guality/pr41616-1.c  -O0  execution test
XPASS: gcc.dg/guality/pr41616-1.c  -O1  execution test
XPASS: gcc.dg/guality/pr41616-1.c  -O2  execution test
XPASS: gcc.dg/guality/pr41616-1.c  -Os  execution test
XPASS: gcc.dg/guality/pr41616-1.c  -O2 -flto  execution test
XPASS: gcc.dg/guality/pr41616-1.c  -O2 -fwhopr  execution test
FAIL: gcc.dg/guality/vla-1.c  -O0  line 17 sizeof (a) == 6
FAIL: gcc.dg/guality/vla-1.c  -O0  line 24 sizeof (a) == 17 * sizeof (short)
FAIL: gcc.dg/guality/vla-1.c  -O1  line 17 i == 5
FAIL: gcc.dg/guality/vla-1.c  -O1  line 17 sizeof (a) == 6
FAIL: gcc.dg/guality/vla-1.c  -O1  line 24 sizeof (a) == 17 * sizeof (short)
FAIL: gcc.dg/guality/vla-1.c  -O2  line 17 i == 5
FAIL: gcc.dg/guality/vla-1.c  -O2  line 17 sizeof (a) == 6
FAIL: gcc.dg/guality/vla-1.c  -O2  line 24 i == 5
FAIL: gcc.dg/guality/vla-1.c  -O2  line 24 sizeof (a) == 17 * sizeof (short)
FAIL: gcc.dg/guality/vla-1.c  -O3 -fomit-frame-pointer  line 17 i == 5
FAIL: gcc.dg/guality/vla-1.c  -O3 -fomit-frame-pointer  line 17 sizeof (a) == 6
FAIL: gcc.dg/guality/vla-1.c  -O3 -fomit-frame-pointer  line 24 i == 5
FAIL: gcc.dg/guality/vla-1.c  -O3 -fomit-frame-pointer  line 24 sizeof (a) == 17 * sizeof (short)
FAIL: gcc.dg/guality/vla-1.c  -O3 -g  line 17 i == 5
FAIL: gcc.dg/guality/vla-1.c  -O3 -g  line 17 sizeof (a) == 6
FAIL: gcc.dg/guality/vla-1.c  -O3 -g  line 24 i == 5
FAIL: gcc.dg/guality/vla-1.c  -O3 -g  line 24 sizeof (a) == 17 * sizeof (short)
FAIL: gcc.dg/guality/vla-1.c  -Os  line 17 i == 5
FAIL: gcc.dg/guality/vla-1.c  -Os  line 17 sizeof (a) == 6
FAIL: gcc.dg/guality/vla-1.c  -Os  line 24 i == 5
FAIL: gcc.dg/guality/vla-1.c  -Os  line 24 sizeof (a) == 17 * sizeof (short)
FAIL: gcc.dg/guality/vla-1.c  -O2 -flto  line 17 sizeof (a) == 6
FAIL: gcc.dg/guality/vla-1.c  -O2 -flto  line 24 i == 5
FAIL: gcc.dg/guality/vla-1.c  -O2 -flto  line 24 sizeof (a) == 17 * sizeof (short)
FAIL: gcc.dg/guality/vla-1.c  -O2 -fwhopr  line 17 sizeof (a) == 6
FAIL: gcc.dg/guality/vla-1.c  -O2 -fwhopr  line 24 i == 5
FAIL: gcc.dg/guality/vla-1.c  -O2 -fwhopr  line 24 sizeof (a) == 17 * sizeof (short)
UNRESOLVED: selfassign.c compilation, -I. -I/home/packages/gcc/4.5/gcc-4.5-4.5-20100404/src/gcc/testsuite -I/home/packages/gcc/4.5/gcc-4.5-4.5-20100404/src/gcc/testsuite/../../gcc -I/home/packages/gcc/4.5/gcc-4.5-4.5-20100404/build/gcc/testsuite/gcc/../../../gcc  -I/home/packages/gcc/4.5/gcc-4.5-4.5-20100404/src/gcc/testsuite/../../include -I/home/packages/gcc/4.5/gcc-4.5-4.5-20100404/src/gcc/testsuite/../../libcpp/include   -O -DIN_GCC -fPIC -shared
UNRESOLVED: ggcplug.c compilation, -I. -I/home/packages/gcc/4.5/gcc-4.5-4.5-20100404/src/gcc/testsuite -I/home/packages/gcc/4.5/gcc-4.5-4.5-20100404/src/gcc/testsuite/../../gcc -I/home/packages/gcc/4.5/gcc-4.5-4.5-20100404/build/gcc/testsuite/gcc/../../../gcc  -I/home/packages/gcc/4.5/gcc-4.5-4.5-20100404/src/gcc/testsuite/../../include -I/home/packages/gcc/4.5/gcc-4.5-4.5-20100404/src/gcc/testsuite/../../libcpp/include   -O -DIN_GCC -fPIC -shared
UNRESOLVED: one_time_plugin.c compilation, -I. -I/home/packages/gcc/4.5/gcc-4.5-4.5-20100404/src/gcc/testsuite -I/home/packages/gcc/4.5/gcc-4.5-4.5-20100404/src/gcc/testsuite/../../gcc -I/home/packages/gcc/4.5/gcc-4.5-4.5-20100404/build/gcc/testsuite/gcc/../../../gcc  -I/home/packages/gcc/4.5/gcc-4.5-4.5-20100404/src/gcc/testsuite/../../include -I/home/packages/gcc/4.5/gcc-4.5-4.5-20100404/src/gcc/testsuite/../../libcpp/include    -DIN_GCC -fPIC -shared
UNRESOLVED: start_unit_plugin.c compilation, -I. -I/home/packages/gcc/4.5/gcc-4.5-4.5-20100404/src/gcc/testsuite -I/home/packages/gcc/4.5/gcc-4.5-4.5-20100404/src/gcc/testsuite/../../gcc -I/home/packages/gcc/4.5/gcc-4.5-4.5-20100404/build/gcc/testsuite/gcc/../../../gcc  -I/home/packages/gcc/4.5/gcc-4.5-4.5-20100404/src/gcc/testsuite/../../include -I/home/packages/gcc/4.5/gcc-4.5-4.5-20100404/src/gcc/testsuite/../../libcpp/include    -DIN_GCC -fPIC -shared
UNRESOLVED: plugdir_plugin.c compilation, -I. -I/home/packages/gcc/4.5/gcc-4.5-4.5-20100404/src/gcc/testsuite -I/home/packages/gcc/4.5/gcc-4.5-4.5-20100404/src/gcc/testsuite/../../gcc -I/home/packages/gcc/4.5/gcc-4.5-4.5-20100404/build/gcc/testsuite/gcc/../../../gcc  -I/home/packages/gcc/4.5/gcc-4.5-4.5-20100404/src/gcc/testsuite/../../include -I/home/packages/gcc/4.5/gcc-4.5-4.5-20100404/src/gcc/testsuite/../../libcpp/include    -DIN_GCC -fPIC -shared
UNRESOLVED: finish_unit_plugin.c compilation, -I. -I/home/packages/gcc/4.5/gcc-4.5-4.5-20100404/src/gcc/testsuite -I/home/packages/gcc/4.5/gcc-4.5-4.5-20100404/src/gcc/testsuite/../../gcc -I/home/packages/gcc/4.5/gcc-4.5-4.5-20100404/build/gcc/testsuite/gcc/../../../gcc  -I/home/packages/gcc/4.5/gcc-4.5-4.5-20100404/src/gcc/testsuite/../../include -I/home/packages/gcc/4.5/gcc-4.5-4.5-20100404/src/gcc/testsuite/../../libcpp/include    -DIN_GCC -fPIC -shared
FAIL: gcc.dg/vect/pr43430-1.c scan-tree-dump-times vect "vectorized 1 loops" 1
FAIL: gcc.dg/vect/slp-multitypes-2.c execution test
FAIL: gcc.target/sparc/pdist-3.c execution test

		=== gcc Summary for unix ===

# of expected passes		65243
# of unexpected failures	75
# of unexpected successes	26
# of expected failures		227
# of unresolved testcases	8
# of unsupported tests		911

Running target unix/-fstack-protector
WARNING: program timed out.
FAIL: gcc.c-torture/compile/limits-fnargs.c  -O2  (test for excess errors)
WARNING: program timed out.
FAIL: gcc.c-torture/compile/limits-fnargs.c  -O3 -fomit-frame-pointer  (test for excess errors)
WARNING: program timed out.
FAIL: gcc.c-torture/compile/limits-fnargs.c  -O3 -g  (test for excess errors)
FAIL: gcc.c-torture/execute/pr38819.c execution,  -O2 
FAIL: gcc.c-torture/execute/pr38819.c execution,  -O3 -fomit-frame-pointer 
FAIL: gcc.c-torture/execute/pr38819.c execution,  -O3 -fomit-frame-pointer -funroll-loops 
FAIL: gcc.c-torture/execute/pr38819.c execution,  -O3 -fomit-frame-pointer -funroll-all-loops -finline-functions 
FAIL: gcc.c-torture/execute/pr38819.c execution,  -O3 -g 
FAIL: gcc.c-torture/execute/pr38819.c execution,  -O2 -flto 
FAIL: gcc.c-torture/execute/pr38819.c execution,  -O2 -fwhopr 
FAIL: gcc.dg/pr34668-1.c (internal compiler error)
FAIL: gcc.dg/pr34668-1.c (test for excess errors)
WARNING: program timed out.
FAIL: gcc.dg/pr43058.c (test for excess errors)
FAIL: c-c++-common/raw-string-1.c  -Wc++-compat  execution test
WARNING: program timed out.
FAIL: gcc.dg/graphite/block-3.c (test for excess errors)
UNRESOLVED: gcc.dg/graphite/block-3.c compilation failed to produce executable
FAIL: gcc.dg/graphite/block-3.c scan-tree-dump-times graphite "will be loop blocked" 1
WARNING: program timed out.
FAIL: gcc.dg/graphite/block-4.c (test for excess errors)
UNRESOLVED: gcc.dg/graphite/block-4.c compilation failed to produce executable
XPASS: gcc.dg/guality/example.c  -O0  execution test
XPASS: gcc.dg/guality/example.c  -O1  execution test
XPASS: gcc.dg/guality/example.c  -Os  execution test
XPASS: gcc.dg/guality/guality.c  -O0  execution test
XPASS: gcc.dg/guality/guality.c  -O1  execution test
XPASS: gcc.dg/guality/guality.c  -O2  execution test
XPASS: gcc.dg/guality/guality.c  -O3 -fomit-frame-pointer  execution test
XPASS: gcc.dg/guality/guality.c  -O3 -g  execution test
XPASS: gcc.dg/guality/guality.c  -Os  execution test
XPASS: gcc.dg/guality/guality.c  -O2 -flto  execution test
XPASS: gcc.dg/guality/guality.c  -O2 -fwhopr  execution test
XPASS: gcc.dg/guality/pr41353-1.c  -O0  line 28 j == 28 + 37
FAIL: gcc.dg/guality/pr41353-1.c  -O1  line 28 i == 37
FAIL: gcc.dg/guality/pr41353-1.c  -O1  line 28 i1 == 2 * 37
FAIL: gcc.dg/guality/pr41353-1.c  -O1  line 28 i2 == 3 * 37
FAIL: gcc.dg/guality/pr41353-1.c  -O2  line 28 i == 37
FAIL: gcc.dg/guality/pr41353-1.c  -O2  line 28 i1 == 2 * 37
FAIL: gcc.dg/guality/pr41353-1.c  -O2  line 28 i2 == 3 * 37
FAIL: gcc.dg/guality/pr41353-1.c  -O3 -fomit-frame-pointer  line 28 i == 37
FAIL: gcc.dg/guality/pr41353-1.c  -O3 -fomit-frame-pointer  line 28 i1 == 2 * 37
FAIL: gcc.dg/guality/pr41353-1.c  -O3 -fomit-frame-pointer  line 28 i2 == 3 * 37
FAIL: gcc.dg/guality/pr41353-1.c  -O3 -g  line 28 i == 37
FAIL: gcc.dg/guality/pr41353-1.c  -O3 -g  line 28 i1 == 2 * 37
FAIL: gcc.dg/guality/pr41353-1.c  -O3 -g  line 28 i2 == 3 * 37
FAIL: gcc.dg/guality/pr41353-1.c  -Os  line 28 i == 37
FAIL: gcc.dg/guality/pr41353-1.c  -Os  line 28 i1 == 2 * 37
FAIL: gcc.dg/guality/pr41353-1.c  -Os  line 28 i2 == 3 * 37
FAIL: gcc.dg/guality/pr41353-1.c  -O2 -flto  line 28 i == 37
FAIL: gcc.dg/guality/pr41353-1.c  -O2 -flto  line 28 i1 == 2 * 37
FAIL: gcc.dg/guality/pr41353-1.c  -O2 -flto  line 28 i2 == 3 * 37
FAIL: gcc.dg/guality/pr41353-1.c  -O2 -fwhopr  line 28 i == 37
FAIL: gcc.dg/guality/pr41353-1.c  -O2 -fwhopr  line 28 i1 == 2 * 37
FAIL: gcc.dg/guality/pr41353-1.c  -O2 -fwhopr  line 28 i2 == 3 * 37
FAIL: gcc.dg/guality/pr41404-1.c  -O1  line 10 *foo == 'f'
FAIL: gcc.dg/guality/pr41404-1.c  -O2  line 10 *foo == 'f'
FAIL: gcc.dg/guality/pr41404-1.c  -Os  line 10 *foo == 'f'
FAIL: gcc.dg/guality/pr41404-1.c  -O2 -flto  line 10 *foo == 'f'
FAIL: gcc.dg/guality/pr41404-1.c  -O2 -fwhopr  line 10 *foo == 'f'
XPASS: gcc.dg/guality/pr41447-1.c  -O0  execution test
XPASS: gcc.dg/guality/pr41447-1.c  -O1  execution test
XPASS: gcc.dg/guality/pr41447-1.c  -O2  execution test
XPASS: gcc.dg/guality/pr41447-1.c  -O3 -fomit-frame-pointer  execution test
XPASS: gcc.dg/guality/pr41447-1.c  -O3 -g  execution test
XPASS: gcc.dg/guality/pr41447-1.c  -Os  execution test
XPASS: gcc.dg/guality/pr41447-1.c  -O2 -flto  execution test
XPASS: gcc.dg/guality/pr41447-1.c  -O2 -fwhopr  execution test
XPASS: gcc.dg/guality/pr41616-1.c  -O0  execution test
XPASS: gcc.dg/guality/pr41616-1.c  -O1  execution test
XPASS: gcc.dg/guality/pr41616-1.c  -O2  execution test
XPASS: gcc.dg/guality/pr41616-1.c  -Os  execution test
XPASS: gcc.dg/guality/pr41616-1.c  -O2 -flto  execution test
XPASS: gcc.dg/guality/pr41616-1.c  -O2 -fwhopr  execution test
FAIL: gcc.dg/guality/vla-1.c  -O0  line 17 sizeof (a) == 6
FAIL: gcc.dg/guality/vla-1.c  -O0  line 24 sizeof (a) == 17 * sizeof (short)
FAIL: gcc.dg/guality/vla-1.c  -O1  line 17 sizeof (a) == 6
FAIL: gcc.dg/guality/vla-1.c  -O1  line 24 sizeof (a) == 17 * sizeof (short)
FAIL: gcc.dg/guality/vla-1.c  -O2  line 17 sizeof (a) == 6
FAIL: gcc.dg/guality/vla-1.c  -O2  line 24 i == 5
FAIL: gcc.dg/guality/vla-1.c  -O2  line 24 sizeof (a) == 17 * sizeof (short)
FAIL: gcc.dg/guality/vla-1.c  -O3 -fomit-frame-pointer  line 17 sizeof (a) == 6
FAIL: gcc.dg/guality/vla-1.c  -O3 -fomit-frame-pointer  line 24 i == 5
FAIL: gcc.dg/guality/vla-1.c  -O3 -fomit-frame-pointer  line 24 sizeof (a) == 17 * sizeof (short)
FAIL: gcc.dg/guality/vla-1.c  -O3 -g  line 17 sizeof (a) == 6
FAIL: gcc.dg/guality/vla-1.c  -O3 -g  line 24 i == 5
FAIL: gcc.dg/guality/vla-1.c  -O3 -g  line 24 sizeof (a) == 17 * sizeof (short)
FAIL: gcc.dg/guality/vla-1.c  -Os  line 17 sizeof (a) == 6
FAIL: gcc.dg/guality/vla-1.c  -Os  line 24 i == 5
FAIL: gcc.dg/guality/vla-1.c  -Os  line 24 sizeof (a) == 17 * sizeof (short)
FAIL: gcc.dg/guality/vla-1.c  -O2 -flto  line 17 sizeof (a) == 6
FAIL: gcc.dg/guality/vla-1.c  -O2 -flto  line 24 i == 5
FAIL: gcc.dg/guality/vla-1.c  -O2 -flto  line 24 sizeof (a) == 17 * sizeof (short)
FAIL: gcc.dg/guality/vla-1.c  -O2 -fwhopr  line 17 sizeof (a) == 6
FAIL: gcc.dg/guality/vla-1.c  -O2 -fwhopr  line 24 i == 5
FAIL: gcc.dg/guality/vla-1.c  -O2 -fwhopr  line 24 sizeof (a) == 17 * sizeof (short)
UNRESOLVED: selfassign.c compilation, -I. -I/home/packages/gcc/4.5/gcc-4.5-4.5-20100404/src/gcc/testsuite -I/home/packages/gcc/4.5/gcc-4.5-4.5-20100404/src/gcc/testsuite/../../gcc -I/home/packages/gcc/4.5/gcc-4.5-4.5-20100404/build/gcc/testsuite/gcc/../../../gcc  -I/home/packages/gcc/4.5/gcc-4.5-4.5-20100404/src/gcc/testsuite/../../include -I/home/packages/gcc/4.5/gcc-4.5-4.5-20100404/src/gcc/testsuite/../../libcpp/include   -O -DIN_GCC -fPIC -shared
UNRESOLVED: ggcplug.c compilation, -I. -I/home/packages/gcc/4.5/gcc-4.5-4.5-20100404/src/gcc/testsuite -I/home/packages/gcc/4.5/gcc-4.5-4.5-20100404/src/gcc/testsuite/../../gcc -I/home/packages/gcc/4.5/gcc-4.5-4.5-20100404/build/gcc/testsuite/gcc/../../../gcc  -I/home/packages/gcc/4.5/gcc-4.5-4.5-20100404/src/gcc/testsuite/../../include -I/home/packages/gcc/4.5/gcc-4.5-4.5-20100404/src/gcc/testsuite/../../libcpp/include   -O -DIN_GCC -fPIC -shared
UNRESOLVED: one_time_plugin.c compilation, -I. -I/home/packages/gcc/4.5/gcc-4.5-4.5-20100404/src/gcc/testsuite -I/home/packages/gcc/4.5/gcc-4.5-4.5-20100404/src/gcc/testsuite/../../gcc -I/home/packages/gcc/4.5/gcc-4.5-4.5-20100404/build/gcc/testsuite/gcc/../../../gcc  -I/home/packages/gcc/4.5/gcc-4.5-4.5-20100404/src/gcc/testsuite/../../include -I/home/packages/gcc/4.5/gcc-4.5-4.5-20100404/src/gcc/testsuite/../../libcpp/include    -DIN_GCC -fPIC -shared
UNRESOLVED: start_unit_plugin.c compilation, -I. -I/home/packages/gcc/4.5/gcc-4.5-4.5-20100404/src/gcc/testsuite -I/home/packages/gcc/4.5/gcc-4.5-4.5-20100404/src/gcc/testsuite/../../gcc -I/home/packages/gcc/4.5/gcc-4.5-4.5-20100404/build/gcc/testsuite/gcc/../../../gcc  -I/home/packages/gcc/4.5/gcc-4.5-4.5-20100404/src/gcc/testsuite/../../include -I/home/packages/gcc/4.5/gcc-4.5-4.5-20100404/src/gcc/testsuite/../../libcpp/include    -DIN_GCC -fPIC -shared
UNRESOLVED: plugdir_plugin.c compilation, -I. -I/home/packages/gcc/4.5/gcc-4.5-4.5-20100404/src/gcc/testsuite -I/home/packages/gcc/4.5/gcc-4.5-4.5-20100404/src/gcc/testsuite/../../gcc -I/home/packages/gcc/4.5/gcc-4.5-4.5-20100404/build/gcc/testsuite/gcc/../../../gcc  -I/home/packages/gcc/4.5/gcc-4.5-4.5-20100404/src/gcc/testsuite/../../include -I/home/packages/gcc/4.5/gcc-4.5-4.5-20100404/src/gcc/testsuite/../../libcpp/include    -DIN_GCC -fPIC -shared
UNRESOLVED: finish_unit_plugin.c compilation, -I. -I/home/packages/gcc/4.5/gcc-4.5-4.5-20100404/src/gcc/testsuite -I/home/packages/gcc/4.5/gcc-4.5-4.5-20100404/src/gcc/testsuite/../../gcc -I/home/packages/gcc/4.5/gcc-4.5-4.5-20100404/build/gcc/testsuite/gcc/../../../gcc  -I/home/packages/gcc/4.5/gcc-4.5-4.5-20100404/src/gcc/testsuite/../../include -I/home/packages/gcc/4.5/gcc-4.5-4.5-20100404/src/gcc/testsuite/../../libcpp/include    -DIN_GCC -fPIC -shared
FAIL: gcc.dg/vect/pr43430-1.c scan-tree-dump-times vect "vectorized 1 loops" 1
FAIL: gcc.target/sparc/pdist-3.c execution test

		=== gcc Summary for unix/-fstack-protector ===

# of expected passes		65251
# of unexpected failures	67
# of unexpected successes	26
# of expected failures		227
# of unresolved testcases	8
# of unsupported tests		911

Running target unix/-m64
FAIL: gcc.dg/pr34668-1.c (internal compiler error)
FAIL: gcc.dg/pr34668-1.c (test for excess errors)
WARNING: program timed out.
FAIL: gcc.dg/pr43058.c (test for excess errors)
FAIL: c-c++-common/raw-string-1.c  -Wc++-compat  execution test
WARNING: program timed out.
FAIL: gcc.dg/graphite/block-3.c (test for excess errors)
UNRESOLVED: gcc.dg/graphite/block-3.c compilation failed to produce executable
FAIL: gcc.dg/graphite/block-3.c scan-tree-dump-times graphite "will be loop blocked" 1
WARNING: program timed out.
FAIL: gcc.dg/graphite/block-4.c (test for excess errors)
UNRESOLVED: gcc.dg/graphite/block-4.c compilation failed to produce executable
UNRESOLVED: selfassign.c compilation, -I. -I/home/packages/gcc/4.5/gcc-4.5-4.5-20100404/src/gcc/testsuite -I/home/packages/gcc/4.5/gcc-4.5-4.5-20100404/src/gcc/testsuite/../../gcc -I/home/packages/gcc/4.5/gcc-4.5-4.5-20100404/build/gcc/testsuite/gcc/../../../gcc  -I/home/packages/gcc/4.5/gcc-4.5-4.5-20100404/src/gcc/testsuite/../../include -I/home/packages/gcc/4.5/gcc-4.5-4.5-20100404/src/gcc/testsuite/../../libcpp/include   -O -DIN_GCC -fPIC -shared
UNRESOLVED: ggcplug.c compilation, -I. -I/home/packages/gcc/4.5/gcc-4.5-4.5-20100404/src/gcc/testsuite -I/home/packages/gcc/4.5/gcc-4.5-4.5-20100404/src/gcc/testsuite/../../gcc -I/home/packages/gcc/4.5/gcc-4.5-4.5-20100404/build/gcc/testsuite/gcc/../../../gcc  -I/home/packages/gcc/4.5/gcc-4.5-4.5-20100404/src/gcc/testsuite/../../include -I/home/packages/gcc/4.5/gcc-4.5-4.5-20100404/src/gcc/testsuite/../../libcpp/include   -O -DIN_GCC -fPIC -shared
UNRESOLVED: one_time_plugin.c compilation, -I. -I/home/packages/gcc/4.5/gcc-4.5-4.5-20100404/src/gcc/testsuite -I/home/packages/gcc/4.5/gcc-4.5-4.5-20100404/src/gcc/testsuite/../../gcc -I/home/packages/gcc/4.5/gcc-4.5-4.5-20100404/build/gcc/testsuite/gcc/../../../gcc  -I/home/packages/gcc/4.5/gcc-4.5-4.5-20100404/src/gcc/testsuite/../../include -I/home/packages/gcc/4.5/gcc-4.5-4.5-20100404/src/gcc/testsuite/../../libcpp/include    -DIN_GCC -fPIC -shared
UNRESOLVED: start_unit_plugin.c compilation, -I. -I/home/packages/gcc/4.5/gcc-4.5-4.5-20100404/src/gcc/testsuite -I/home/packages/gcc/4.5/gcc-4.5-4.5-20100404/src/gcc/testsuite/../../gcc -I/home/packages/gcc/4.5/gcc-4.5-4.5-20100404/build/gcc/testsuite/gcc/../../../gcc  -I/home/packages/gcc/4.5/gcc-4.5-4.5-20100404/src/gcc/testsuite/../../include -I/home/packages/gcc/4.5/gcc-4.5-4.5-20100404/src/gcc/testsuite/../../libcpp/include    -DIN_GCC -fPIC -shared
UNRESOLVED: plugdir_plugin.c compilation, -I. -I/home/packages/gcc/4.5/gcc-4.5-4.5-20100404/src/gcc/testsuite -I/home/packages/gcc/4.5/gcc-4.5-4.5-20100404/src/gcc/testsuite/../../gcc -I/home/packages/gcc/4.5/gcc-4.5-4.5-20100404/build/gcc/testsuite/gcc/../../../gcc  -I/home/packages/gcc/4.5/gcc-4.5-4.5-20100404/src/gcc/testsuite/../../include -I/home/packages/gcc/4.5/gcc-4.5-4.5-20100404/src/gcc/testsuite/../../libcpp/include    -DIN_GCC -fPIC -shared
UNRESOLVED: finish_unit_plugin.c compilation, -I. -I/home/packages/gcc/4.5/gcc-4.5-4.5-20100404/src/gcc/testsuite -I/home/packages/gcc/4.5/gcc-4.5-4.5-20100404/src/gcc/testsuite/../../gcc -I/home/packages/gcc/4.5/gcc-4.5-4.5-20100404/build/gcc/testsuite/gcc/../../../gcc  -I/home/packages/gcc/4.5/gcc-4.5-4.5-20100404/src/gcc/testsuite/../../include -I/home/packages/gcc/4.5/gcc-4.5-4.5-20100404/src/gcc/testsuite/../../libcpp/include    -DIN_GCC -fPIC -shared
WARNING: program timed out.
FAIL: gcc.dg/torture/fp-int-convert-long-double.c  -O3 -g  (test for excess errors)
UNRESOLVED: gcc.dg/torture/fp-int-convert-long-double.c  -O3 -g  compilation failed to produce executable
FAIL: gcc.dg/tree-ssa/gen-vect-11c.c scan-tree-dump-times vect "vectorized 0 loops" 1
FAIL: gcc.dg/vect/pr43430-1.c scan-tree-dump-times vect "vectorized 1 loops" 1
FAIL: gcc.misc-tests/linkage.c link
FAIL: gcc.target/sparc/pdist-3.c execution test

		=== gcc Summary for unix/-m64 ===

# of expected passes		64382
# of unexpected failures	12
# of expected failures		204
# of unresolved testcases	9
# of unsupported tests		864

		=== gcc Summary ===

# of expected passes		194876
# of unexpected failures	154
# of unexpected successes	52
# of expected failures		658
# of unresolved testcases	25
# of unsupported tests		2686
/home/packages/gcc/4.5/gcc-4.5-4.5-20100404/build/gcc/xgcc  version 4.5.0 20100404 (experimental) [trunk revision 157958] (Debian 4.5-20100404-1) 

		=== gfortran tests ===


Running target unix
FAIL: gfortran.dg/array_constructor_33.f90  -O  (test for excess errors)
WARNING: program timed out.
WARNING: program timed out.
FAIL: gfortran.dg/vect/fast-math-pr38968.f90 execution test

		=== gfortran Summary for unix ===

# of expected passes		33913
# of unexpected failures	2
# of expected failures		35
# of unsupported tests		165

Running target unix/-fstack-protector
FAIL: gfortran.dg/array_constructor_33.f90  -O  (test for excess errors)
WARNING: program timed out.
WARNING: program timed out.
FAIL: gfortran.dg/vect/fast-math-pr38968.f90 execution test

		=== gfortran Summary for unix/-fstack-protector ===

# of expected passes		33913
# of unexpected failures	2
# of expected failures		35
# of unsupported tests		165

Running target unix/-m64
FAIL: gfortran.dg/array_constructor_33.f90  -O  (test for excess errors)
WARNING: program timed out.
WARNING: program timed out.
FAIL: gfortran.dg/vect/fast-math-pr38968.f90 execution test
FAIL: gfortran.fortran-torture/execute/forall_7.f90 execution,  -O2 -fomit-frame-pointer -finline-functions -funroll-loops 

		=== gfortran Summary for unix/-m64 ===

# of expected passes		34087
# of unexpected failures	3
# of expected failures		35
# of unsupported tests		84

		=== gfortran Summary ===

# of expected passes		101913
# of unexpected failures	7
# of expected failures		105
# of unsupported tests		414
/home/packages/gcc/4.5/gcc-4.5-4.5-20100404/build/gcc/testsuite/gfortran/../../gfortran  version 4.5.0 20100404 (experimental) [trunk revision 157958] (Debian 4.5-20100404-1) 

		=== obj-c++ tests ===


Running target unix
UNRESOLVED: obj-c++.dg/lookup-2.mm -fgnu-runtime compilation failed to produce executable
UNRESOLVED: obj-c++.dg/try-catch-2.mm -fgnu-runtime compilation failed to produce executable
UNRESOLVED: obj-c++.dg/try-catch-9.mm -fgnu-runtime compilation failed to produce executable

		=== obj-c++ Summary for unix ===

# of expected passes		438
# of expected failures		7
# of unresolved testcases	3
# of unsupported tests		13

Running target unix/-fstack-protector
UNRESOLVED: obj-c++.dg/lookup-2.mm -fgnu-runtime compilation failed to produce executable
UNRESOLVED: obj-c++.dg/try-catch-2.mm -fgnu-runtime compilation failed to produce executable
UNRESOLVED: obj-c++.dg/try-catch-9.mm -fgnu-runtime compilation failed to produce executable

		=== obj-c++ Summary for unix/-fstack-protector ===

# of expected passes		438
# of expected failures		7
# of unresolved testcases	3
# of unsupported tests		13

Running target unix/-m64
UNRESOLVED: obj-c++.dg/lookup-2.mm -fgnu-runtime compilation failed to produce executable
UNRESOLVED: obj-c++.dg/try-catch-2.mm -fgnu-runtime compilation failed to produce executable
UNRESOLVED: obj-c++.dg/try-catch-9.mm -fgnu-runtime compilation failed to produce executable

		=== obj-c++ Summary for unix/-m64 ===

# of expected passes		430
# of expected failures		15
# of unresolved testcases	3
# of unsupported tests		13

		=== obj-c++ Summary ===

# of expected passes		1306
# of expected failures		29
# of unresolved testcases	9
# of unsupported tests		39
/home/packages/gcc/4.5/gcc-4.5-4.5-20100404/build/gcc/testsuite/obj-c++/../../g++  version 4.5.0 20100404 (experimental) [trunk revision 157958] (Debian 4.5-20100404-1) 

		=== objc tests ===


Running target unix
FAIL: objc/execute/forward-1.m execution,  -O0 -fgnu-runtime
FAIL: objc/execute/forward-1.m execution,  -O1 -fgnu-runtime
FAIL: objc/execute/forward-1.m execution,  -O2 -fgnu-runtime
FAIL: objc/execute/forward-1.m execution,  -O3 -fomit-frame-pointer -fgnu-runtime
FAIL: objc/execute/forward-1.m execution,  -O3 -fomit-frame-pointer -funroll-loops -fgnu-runtime
FAIL: objc/execute/forward-1.m execution,  -O3 -fomit-frame-pointer -funroll-all-loops -finline-functions -fgnu-runtime
FAIL: objc/execute/forward-1.m execution,  -O3 -g -fgnu-runtime
FAIL: objc/execute/forward-1.m execution,  -Os -fgnu-runtime

		=== objc Summary for unix ===

# of expected passes		1868
# of unexpected failures	8
# of expected failures		7
# of unsupported tests		21

Running target unix/-fstack-protector
FAIL: objc/execute/forward-1.m execution,  -O0 -fgnu-runtime
FAIL: objc/execute/forward-1.m execution,  -O1 -fgnu-runtime
FAIL: objc/execute/forward-1.m execution,  -O2 -fgnu-runtime
FAIL: objc/execute/forward-1.m execution,  -O3 -fomit-frame-pointer -fgnu-runtime
FAIL: objc/execute/forward-1.m execution,  -O3 -fomit-frame-pointer -funroll-loops -fgnu-runtime
FAIL: objc/execute/forward-1.m execution,  -O3 -fomit-frame-pointer -funroll-all-loops -finline-functions -fgnu-runtime
FAIL: objc/execute/forward-1.m execution,  -O3 -g -fgnu-runtime
FAIL: objc/execute/forward-1.m execution,  -Os -fgnu-runtime

		=== objc Summary for unix/-fstack-protector ===

# of expected passes		1868
# of unexpected failures	8
# of expected failures		7
# of unsupported tests		21

Running target unix/-m64
FAIL: objc/execute/forward-1.m execution,  -O0 -fgnu-runtime
FAIL: objc/execute/forward-1.m execution,  -O1 -fgnu-runtime
FAIL: objc/execute/forward-1.m execution,  -O2 -fgnu-runtime
FAIL: objc/execute/forward-1.m execution,  -O3 -fomit-frame-pointer -fgnu-runtime
FAIL: objc/execute/forward-1.m execution,  -O3 -fomit-frame-pointer -funroll-loops -fgnu-runtime
FAIL: objc/execute/forward-1.m execution,  -O3 -fomit-frame-pointer -funroll-all-loops -finline-functions -fgnu-runtime
FAIL: objc/execute/forward-1.m execution,  -O3 -g -fgnu-runtime
FAIL: objc/execute/forward-1.m execution,  -Os -fgnu-runtime

		=== objc Summary for unix/-m64 ===

# of expected passes		1868
# of unexpected failures	8
# of expected failures		7
# of unsupported tests		21

		=== objc Summary ===

# of expected passes		5604
# of unexpected failures	24
# of expected failures		21
# of unsupported tests		63
/home/packages/gcc/4.5/gcc-4.5-4.5-20100404/build/gcc/xgcc  version 4.5.0 20100404 (experimental) [trunk revision 157958] (Debian 4.5-20100404-1) 

		=== libffi tests ===


Running target unix

		=== libffi Summary for unix ===

# of expected passes		1624
# of expected failures		10
# of unsupported tests		15

Running target unix/-fstack-protector

		=== libffi Summary for unix/-fstack-protector ===

# of expected passes		1624
# of expected failures		10
# of unsupported tests		15

Running target unix/-m64

		=== libffi Summary for unix/-m64 ===

# of expected passes		1624
# of expected failures		10
# of unsupported tests		15

		=== libffi Summary ===

# of expected passes		4872
# of expected failures		30
# of unsupported tests		45
		=== libgomp tests ===


Running target unix
FAIL: libgomp.c/lock-1.c execution test

		=== libgomp Summary for unix ===

# of expected passes		2491
# of unexpected failures	1
# of unsupported tests		7

Running target unix/-fstack-protector

		=== libgomp Summary for unix/-fstack-protector ===

# of expected passes		2492
# of unsupported tests		7

Running target unix/-m64
FAIL: libgomp.c/sort-1.c execution test

		=== libgomp Summary for unix/-m64 ===

# of expected passes		2491
# of unexpected failures	1
# of unsupported tests		7

		=== libgomp Summary ===

# of expected passes		7474
# of unexpected failures	2
# of unsupported tests		21
		=== libjava tests ===


Running target unix
FAIL: ArrayStore -findirect-dispatch execution - source compiled test
FAIL: ArrayStore -O3 -findirect-dispatch execution - source compiled test
FAIL: ArrayStore2 -findirect-dispatch execution - source compiled test
FAIL: ArrayStore2 -O3 -findirect-dispatch execution - source compiled test
FAIL: Array_1 -findirect-dispatch execution - source compiled test
FAIL: Array_1 -O3 -findirect-dispatch execution - source compiled test
FAIL: Array_2 -findirect-dispatch execution - source compiled test
FAIL: Array_2 -O3 -findirect-dispatch execution - source compiled test
FAIL: Array_3 -findirect-dispatch execution - source compiled test
FAIL: Array_3 -O3 -findirect-dispatch execution - source compiled test
FAIL: Class_1 -findirect-dispatch execution - source compiled test
FAIL: Class_1 -O3 -findirect-dispatch execution - source compiled test
FAIL: CompareNaN -findirect-dispatch execution - source compiled test
FAIL: CompareNaN -O3 -findirect-dispatch execution - source compiled test
FAIL: Divide_1 -findirect-dispatch execution - source compiled test
FAIL: Divide_1 -O3 -findirect-dispatch execution - source compiled test
FAIL: Divide_2 -findirect-dispatch execution - source compiled test
FAIL: Divide_2 -O3 -findirect-dispatch execution - source compiled test
FAIL: EvaluationOrder -findirect-dispatch execution - source compiled test
FAIL: EvaluationOrder -O3 -findirect-dispatch execution - source compiled test
FAIL: ExtraClassLoader -findirect-dispatch execution - source compiled test
FAIL: ExtraClassLoader -O3 -findirect-dispatch execution - source compiled test
FAIL: FileHandleGcTest -findirect-dispatch execution - source compiled test
FAIL: FileHandleGcTest -O3 -findirect-dispatch execution - source compiled test
FAIL: Final -findirect-dispatch execution - source compiled test
FAIL: Final -O3 -findirect-dispatch execution - source compiled test
FAIL: Float_1 -findirect-dispatch execution - source compiled test
FAIL: Float_1 -O3 -findirect-dispatch execution - source compiled test
FAIL: Float_2 -findirect-dispatch execution - source compiled test
FAIL: Float_2 -O3 -findirect-dispatch execution - source compiled test
FAIL: G19990301_01 -findirect-dispatch execution - source compiled test
FAIL: G19990301_01 -O3 -findirect-dispatch execution - source compiled test
FAIL: G19990302_02 -findirect-dispatch execution - source compiled test
FAIL: G19990302_02 -O3 -findirect-dispatch execution - source compiled test
FAIL: G19990303_01 -findirect-dispatch execution - source compiled test
FAIL: G19990303_01 -O3 -findirect-dispatch execution - source compiled test
FAIL: G19990303_02 -findirect-dispatch execution - source compiled test
FAIL: G19990303_02 -O3 -findirect-dispatch execution - source compiled test
FAIL: G19990304_01 -findirect-dispatch execution - source compiled test
FAIL: G19990304_01 -O3 -findirect-dispatch execution - source compiled test
FAIL: G19990310_01 -findirect-dispatch execution - source compiled test
FAIL: G19990310_01 -O3 -findirect-dispatch execution - source compiled test
FAIL: II -findirect-dispatch execution - source compiled test
FAIL: II -O3 -findirect-dispatch execution - source compiled test
FAIL: InterfaceDispatch -findirect-dispatch execution - source compiled test
FAIL: InterfaceDispatch -O3 -findirect-dispatch execution - source compiled test
FAIL: InvokeInterface -findirect-dispatch execution - source compiled test
FAIL: InvokeInterface -O3 -findirect-dispatch execution - source compiled test
FAIL: InvokeReturn -findirect-dispatch execution - source compiled test
FAIL: InvokeReturn -O3 -findirect-dispatch execution - source compiled test
FAIL: Invoke_1 -findirect-dispatch execution - source compiled test
FAIL: Invoke_1 -O3 -findirect-dispatch execution - source compiled test
FAIL: Invoke_2 -findirect-dispatch execution - source compiled test
FAIL: Invoke_2 -O3 -findirect-dispatch execution - source compiled test
FAIL: KeepInline -findirect-dispatch execution - source compiled test
FAIL: KeepInline -O3 -findirect-dispatch execution - source compiled test
FAIL: LargeFile -findirect-dispatch execution - source compiled test
FAIL: LargeFile -O3 -findirect-dispatch execution - source compiled test
FAIL: MathBuiltin -findirect-dispatch execution - source compiled test
FAIL: MathBuiltin -O3 -findirect-dispatch execution - source compiled test
FAIL: Matrix4f -findirect-dispatch execution - source compiled test
FAIL: Matrix4f -O3 -findirect-dispatch execution - source compiled test
FAIL: N19990310_02 -findirect-dispatch execution - source compiled test
FAIL: N19990310_02 -O3 -findirect-dispatch execution - source compiled test
FAIL: N19990310_3 -findirect-dispatch execution - source compiled test
FAIL: N19990310_3 -O3 -findirect-dispatch execution - source compiled test
FAIL: N19990310_4 -findirect-dispatch execution - source compiled test
FAIL: N19990310_4 -O3 -findirect-dispatch execution - source compiled test
FAIL: N19990310_5 -findirect-dispatch execution - source compiled test
FAIL: N19990310_5 -O3 -findirect-dispatch execution - source compiled test
FAIL: Overflow -findirect-dispatch execution - source compiled test
FAIL: Overflow -O3 -findirect-dispatch execution - source compiled test
FAIL: PR12350 -findirect-dispatch execution - source compiled test
FAIL: PR12350 -O3 -findirect-dispatch execution - source compiled test
FAIL: PR12416 -findirect-dispatch execution - source compiled test
FAIL: PR12416 -O3 -findirect-dispatch execution - source compiled test
FAIL: PR12656 -findirect-dispatch execution - source compiled test
FAIL: PR12656 -O3 -findirect-dispatch execution - source compiled test
FAIL: PR12915 -findirect-dispatch execution - source compiled test
FAIL: PR12915 -O3 -findirect-dispatch execution - source compiled test
FAIL: PR141 -findirect-dispatch execution - source compiled test
FAIL: PR141 -O3 -findirect-dispatch execution - source compiled test
FAIL: PR160 -findirect-dispatch execution - source compiled test
FAIL: PR160 -O3 -findirect-dispatch execution - source compiled test
FAIL: PR162 -findirect-dispatch execution - source compiled test
FAIL: PR162 -O3 -findirect-dispatch execution - source compiled test
FAIL: PR16867 -findirect-dispatch execution - source compiled test
FAIL: PR16867 -O3 -findirect-dispatch execution - source compiled test
FAIL: PR18699 -findirect-dispatch execution - source compiled test
FAIL: PR18699 -O3 -findirect-dispatch execution - source compiled test
FAIL: PR19870 -findirect-dispatch execution - source compiled test
FAIL: PR19870 -O3 -findirect-dispatch execution - source compiled test
FAIL: PR19870_2 -findirect-dispatch execution - source compiled test
FAIL: PR19870_2 -O3 -findirect-dispatch execution - source compiled test
FAIL: PR19921 -findirect-dispatch execution - source compiled test
FAIL: PR19921 -O3 -findirect-dispatch execution - source compiled test
FAIL: PR20056 -findirect-dispatch execution - source compiled test
FAIL: PR20056 -O3 -findirect-dispatch execution - source compiled test
FAIL: PR218 execution - source compiled test
FAIL: PR218 -findirect-dispatch execution - source compiled test
FAIL: PR218 -O3 -findirect-dispatch execution - source compiled test
FAIL: PR242 -findirect-dispatch execution - source compiled test
FAIL: PR242 -O3 -findirect-dispatch execution - source compiled test
FAIL: PR25535 -findirect-dispatch execution - source compiled test
FAIL: PR25535 -O3 -findirect-dispatch execution - source compiled test
FAIL: PR260 -findirect-dispatch execution - source compiled test
FAIL: PR260 -O3 -findirect-dispatch execution - source compiled test
FAIL: PR26858 -findirect-dispatch execution - source compiled test
FAIL: PR26858 -O3 -findirect-dispatch execution - source compiled test
FAIL: PR27908 -findirect-dispatch execution - source compiled test
FAIL: PR27908 -O3 -findirect-dispatch execution - source compiled test
FAIL: PR29013 -findirect-dispatch execution - source compiled test
FAIL: PR29013 -O3 -findirect-dispatch execution - source compiled test
FAIL: PR29495 -findirect-dispatch execution - source compiled test
FAIL: PR29495 -O3 -findirect-dispatch execution - source compiled test
FAIL: PR3096 -findirect-dispatch execution - source compiled test
FAIL: PR3096 -O3 -findirect-dispatch execution - source compiled test
FAIL: PR31264 -findirect-dispatch execution - source compiled test
FAIL: PR31264 -O3 -findirect-dispatch execution - source compiled test
FAIL: PR35020 -findirect-dispatch execution - source compiled test
FAIL: PR35020 -O3 -findirect-dispatch execution - source compiled test
FAIL: PR36252 -findirect-dispatch execution - source compiled test
FAIL: PR36252 -O3 -findirect-dispatch execution - source compiled test
FAIL: PR3731 -findirect-dispatch execution - source compiled test
FAIL: PR3731 -O3 -findirect-dispatch execution - source compiled test
FAIL: PR5057 -findirect-dispatch execution - source compiled test
FAIL: PR5057 -O3 -findirect-dispatch execution - source compiled test
FAIL: PR5057_2 -findirect-dispatch execution - source compiled test
FAIL: PR5057_2 -O3 -findirect-dispatch execution - source compiled test
FAIL: PR55 -findirect-dispatch execution - source compiled test
FAIL: PR55 -O3 -findirect-dispatch execution - source compiled test
FAIL: PR56 -findirect-dispatch execution - source compiled test
FAIL: PR56 -O3 -findirect-dispatch execution - source compiled test
FAIL: PR6085 -findirect-dispatch execution - source compiled test
FAIL: PR6085 -O3 -findirect-dispatch execution - source compiled test
FAIL: PR6204 -findirect-dispatch execution - source compiled test
FAIL: PR6204 -O3 -findirect-dispatch execution - source compiled test
FAIL: PR6729 -findirect-dispatch execution - source compiled test
FAIL: PR6729 -O3 -findirect-dispatch execution - source compiled test
FAIL: PR6820 -findirect-dispatch execution - source compiled test
FAIL: PR6820 -O3 -findirect-dispatch execution - source compiled test
FAIL: PR7482 -findirect-dispatch execution - source compiled test
FAIL: PR7482 -O3 -findirect-dispatch execution - source compiled test
FAIL: Process_1 -findirect-dispatch execution - source compiled test
FAIL: Process_1 -O3 -findirect-dispatch execution - source compiled test
FAIL: Process_2 -findirect-dispatch execution - source compiled test
FAIL: Process_2 -O3 -findirect-dispatch execution - source compiled test
FAIL: Process_3 -findirect-dispatch execution - source compiled test
FAIL: Process_3 -O3 -findirect-dispatch execution - source compiled test
FAIL: Process_4 -findirect-dispatch execution - source compiled test
FAIL: Process_4 -O3 -findirect-dispatch execution - source compiled test
FAIL: Process_5 -findirect-dispatch execution - source compiled test
FAIL: Process_5 -O3 -findirect-dispatch execution - source compiled test
FAIL: Process_6 -findirect-dispatch execution - source compiled test
FAIL: Process_6 -O3 -findirect-dispatch execution - source compiled test
FAIL: Process_7 -findirect-dispatch execution - source compiled test
FAIL: Process_7 -O3 -findirect-dispatch execution - source compiled test
FAIL: ProxyTest -findirect-dispatch execution - source compiled test
FAIL: ProxyTest -O3 -findirect-dispatch execution - source compiled test
FAIL: RH194522 -findirect-dispatch execution - source compiled test
FAIL: RH194522 -O3 -findirect-dispatch execution - source compiled test
FAIL: Serialization -findirect-dispatch execution - source compiled test
FAIL: Serialization -O3 -findirect-dispatch execution - source compiled test
FAIL: Shazam -findirect-dispatch execution - source compiled test
FAIL: Shazam -O3 -findirect-dispatch execution - source compiled test
FAIL: StackTrace2 output - source compiled test
FAIL: StackTrace2 -findirect-dispatch execution - source compiled test
FAIL: StackTrace2 -O3 output - source compiled test
FAIL: StackTrace2 -O3 -findirect-dispatch execution - source compiled test
FAIL: StaticConstructor -findirect-dispatch execution - source compiled test
FAIL: StaticConstructor -O3 -findirect-dispatch execution - source compiled test
FAIL: StringBuffer_1 -findirect-dispatch execution - source compiled test
FAIL: StringBuffer_1 -O3 -findirect-dispatch execution - source compiled test
FAIL: StringBuffer_overflow -findirect-dispatch execution - source compiled test
FAIL: StringBuffer_overflow -O3 -findirect-dispatch execution - source compiled test
FAIL: String_overflow -findirect-dispatch execution - source compiled test
FAIL: String_overflow -O3 -findirect-dispatch execution - source compiled test
FAIL: SyncGlobal -findirect-dispatch execution - source compiled test
FAIL: SyncGlobal -O3 -findirect-dispatch execution - source compiled test
FAIL: SyncTest -findirect-dispatch execution - source compiled test
FAIL: SyncTest -O3 -findirect-dispatch execution - source compiled test
FAIL: Synch -findirect-dispatch execution - source compiled test
FAIL: Synch -O3 -findirect-dispatch execution - source compiled test
FAIL: TLtest -findirect-dispatch execution - source compiled test
FAIL: TLtest -O3 -findirect-dispatch execution - source compiled test
FAIL: TestProxy -findirect-dispatch execution - source compiled test
FAIL: TestProxy -O3 -findirect-dispatch execution - source compiled test
FAIL: Thread_Alive -findirect-dispatch execution - source compiled test
FAIL: Thread_Alive -O3 -findirect-dispatch execution - source compiled test
FAIL: Thread_HoldsLock -findirect-dispatch execution - source compiled test
FAIL: Thread_HoldsLock -O3 -findirect-dispatch execution - source compiled test
FAIL: Thread_Interrupt -findirect-dispatch execution - source compiled test
FAIL: Thread_Interrupt -O3 -findirect-dispatch execution - source compiled test
FAIL: Thread_Join -findirect-dispatch execution - source compiled test
FAIL: Thread_Join -O3 -findirect-dispatch execution - source compiled test
FAIL: Thread_Monitor -findirect-dispatch execution - source compiled test
FAIL: Thread_Monitor -O3 -findirect-dispatch execution - source compiled test
FAIL: Thread_Sleep -findirect-dispatch execution - source compiled test
FAIL: Thread_Sleep -O3 -findirect-dispatch execution - source compiled test
FAIL: Thread_Sleep_2 -findirect-dispatch execution - source compiled test
FAIL: Thread_Sleep_2 -O3 -findirect-dispatch execution - source compiled test
FAIL: Thread_Wait -findirect-dispatch execution - source compiled test
FAIL: Thread_Wait -O3 -findirect-dispatch execution - source compiled test
FAIL: Thread_Wait_2 -findirect-dispatch execution - source compiled test
FAIL: Thread_Wait_2 -O3 -findirect-dispatch execution - source compiled test
FAIL: Thread_Wait_Interrupt -findirect-dispatch execution - source compiled test
FAIL: Thread_Wait_Interrupt -O3 -findirect-dispatch execution - source compiled test
FAIL: Throw_1 -findirect-dispatch execution - source compiled test
FAIL: Throw_1 -O3 -findirect-dispatch execution - source compiled test
FAIL: Throw_2 -findirect-dispatch execution - source compiled test
FAIL: Throw_2 -O3 -findirect-dispatch execution - source compiled test
FAIL: Throw_3 execution - source compiled test
FAIL: Throw_3 -findirect-dispatch execution - source compiled test
FAIL: Throw_3 -O3 -findirect-dispatch execution - source compiled test
FAIL: WalkerTest -findirect-dispatch execution - source compiled test
FAIL: WalkerTest -O3 -findirect-dispatch execution - source compiled test
FAIL: anfi -findirect-dispatch execution - source compiled test
FAIL: anfi -O3 -findirect-dispatch execution - source compiled test
FAIL: anon -findirect-dispatch execution - source compiled test
FAIL: anon -O3 -findirect-dispatch execution - source compiled test
FAIL: anon2 -findirect-dispatch execution - source compiled test
FAIL: anon2 -O3 -findirect-dispatch execution - source compiled test
FAIL: anon3 -findirect-dispatch execution - source compiled test
FAIL: anon3 -O3 -findirect-dispatch execution - source compiled test
FAIL: anon4 -findirect-dispatch execution - source compiled test
FAIL: anon4 -O3 -findirect-dispatch execution - source compiled test
FAIL: anon_ctor_itf_arg -findirect-dispatch execution - source compiled test
FAIL: anon_ctor_itf_arg -O3 -findirect-dispatch execution - source compiled test
FAIL: anonarray -findirect-dispatch execution - source compiled test
FAIL: anonarray -O3 -findirect-dispatch execution - source compiled test
FAIL: anonarray2 -findirect-dispatch execution - source compiled test
FAIL: anonarray2 -O3 -findirect-dispatch execution - source compiled test
FAIL: anonarray3 -findirect-dispatch execution - source compiled test
FAIL: anonarray3 -O3 -findirect-dispatch execution - source compiled test
FAIL: assign -findirect-dispatch execution - source compiled test
FAIL: assign -O3 -findirect-dispatch execution - source compiled test
FAIL: assign2 -findirect-dispatch execution - source compiled test
FAIL: assign2 -O3 -findirect-dispatch execution - source compiled test
FAIL: bclink -findirect-dispatch execution - source compiled test
FAIL: bclink -O3 -findirect-dispatch execution - source compiled test
FAIL: bytearray -findirect-dispatch execution - source compiled test
FAIL: bytearray -O3 -findirect-dispatch execution - source compiled test
FAIL: direct_read -findirect-dispatch execution - source compiled test
FAIL: direct_read -O3 -findirect-dispatch execution - source compiled test
FAIL: direct_write -findirect-dispatch execution - source compiled test
FAIL: direct_write -O3 -findirect-dispatch execution - source compiled test
FAIL: emptystring -findirect-dispatch execution - source compiled test
FAIL: emptystring -O3 -findirect-dispatch execution - source compiled test
FAIL: err1 -findirect-dispatch execution - source compiled test
FAIL: err1 -O3 -findirect-dispatch execution - source compiled test
FAIL: err10 -findirect-dispatch execution - source compiled test
FAIL: err10 -O3 -findirect-dispatch execution - source compiled test
FAIL: err11 -findirect-dispatch execution - source compiled test
FAIL: err11 -O3 -findirect-dispatch execution - source compiled test
FAIL: err12 -findirect-dispatch execution - source compiled test
FAIL: err12 -O3 -findirect-dispatch execution - source compiled test
FAIL: err13 -findirect-dispatch execution - source compiled test
FAIL: err13 -O3 -findirect-dispatch execution - source compiled test
FAIL: err14 -findirect-dispatch execution - source compiled test
FAIL: err14 -O3 -findirect-dispatch execution - source compiled test
FAIL: err2 -findirect-dispatch execution - source compiled test
FAIL: err2 -O3 -findirect-dispatch execution - source compiled test
FAIL: err3 -findirect-dispatch execution - source compiled test
FAIL: err3 -O3 -findirect-dispatch execution - source compiled test
FAIL: err4 -findirect-dispatch execution - source compiled test
FAIL: err4 -O3 -findirect-dispatch execution - source compiled test
FAIL: err5 -findirect-dispatch execution - source compiled test
FAIL: err5 -O3 -findirect-dispatch execution - source compiled test
FAIL: err6 -findirect-dispatch execution - source compiled test
FAIL: err6 -O3 -findirect-dispatch execution - source compiled test
FAIL: err7 -findirect-dispatch execution - source compiled test
FAIL: err7 -O3 -findirect-dispatch execution - source compiled test
FAIL: err8 -findirect-dispatch execution - source compiled test
FAIL: err8 -O3 -findirect-dispatch execution - source compiled test
FAIL: err9 -findirect-dispatch execution - source compiled test
FAIL: err9 -O3 -findirect-dispatch execution - source compiled test
FAIL: final_inner -findirect-dispatch execution - source compiled test
FAIL: final_inner -O3 -findirect-dispatch execution - source compiled test
FAIL: final_int -findirect-dispatch execution - source compiled test
FAIL: final_int -O3 -findirect-dispatch execution - source compiled test
FAIL: final_static_and_friend -findirect-dispatch execution - source compiled test
FAIL: final_static_and_friend -O3 -findirect-dispatch execution - source compiled test
FAIL: indirect -findirect-dispatch execution - source compiled test
FAIL: indirect -O3 -findirect-dispatch execution - source compiled test
FAIL: indirect_read -findirect-dispatch execution - source compiled test
FAIL: indirect_read -O3 -findirect-dispatch execution - source compiled test
FAIL: indirect_write -findirect-dispatch execution - source compiled test
FAIL: indirect_write -O3 -findirect-dispatch execution - source compiled test
FAIL: initexc -findirect-dispatch execution - source compiled test
FAIL: initexc -O3 -findirect-dispatch execution - source compiled test
FAIL: initfield -findirect-dispatch execution - source compiled test
FAIL: initfield -O3 -findirect-dispatch execution - source compiled test
FAIL: inline -findirect-dispatch execution - source compiled test
FAIL: inline -O3 -findirect-dispatch execution - source compiled test
FAIL: inner1 -findirect-dispatch execution - source compiled test
FAIL: inner1 -O3 -findirect-dispatch execution - source compiled test
FAIL: inner2 -findirect-dispatch execution - source compiled test
FAIL: inner2 -O3 -findirect-dispatch execution - source compiled test
FAIL: inner3 -findirect-dispatch execution - source compiled test
FAIL: inner3 -O3 -findirect-dispatch execution - source compiled test
FAIL: inner4 -findirect-dispatch execution - source compiled test
FAIL: inner4 -O3 -findirect-dispatch execution - source compiled test
FAIL: inner_array -findirect-dispatch execution - source compiled test
FAIL: inner_array -O3 -findirect-dispatch execution - source compiled test
FAIL: inner_interface -findirect-dispatch execution - source compiled test
FAIL: inner_interface -O3 -findirect-dispatch execution - source compiled test
FAIL: instance -findirect-dispatch execution - source compiled test
FAIL: instance -O3 -findirect-dispatch execution - source compiled test
FAIL: instinit -findirect-dispatch execution - source compiled test
FAIL: instinit -O3 -findirect-dispatch execution - source compiled test
FAIL: instinit2 -findirect-dispatch execution - source compiled test
FAIL: instinit2 -O3 -findirect-dispatch execution - source compiled test
FAIL: invoke_from_inner -findirect-dispatch execution - source compiled test
FAIL: invoke_from_inner -O3 -findirect-dispatch execution - source compiled test
FAIL: invokethrow -findirect-dispatch execution - source compiled test
FAIL: invokethrow -O3 -findirect-dispatch execution - source compiled test
FAIL: klass -findirect-dispatch execution - source compiled test
FAIL: klass -O3 -findirect-dispatch execution - source compiled test
FAIL: md5test -findirect-dispatch execution - source compiled test
FAIL: md5test -O3 -findirect-dispatch execution - source compiled test
FAIL: multiple_finit -findirect-dispatch execution - source compiled test
FAIL: multiple_finit -O3 -findirect-dispatch execution - source compiled test
FAIL: negzero -findirect-dispatch execution - source compiled test
FAIL: negzero -O3 -findirect-dispatch execution - source compiled test
FAIL: nested_with_ctor -findirect-dispatch execution - source compiled test
FAIL: nested_with_ctor -O3 -findirect-dispatch execution - source compiled test
FAIL: newarray_overflow -findirect-dispatch execution - source compiled test
FAIL: newarray_overflow -O3 -findirect-dispatch execution - source compiled test
FAIL: override -findirect-dispatch execution - source compiled test
FAIL: override -O3 -findirect-dispatch execution - source compiled test
FAIL: pr109 -findirect-dispatch execution - source compiled test
FAIL: pr109 -O3 -findirect-dispatch execution - source compiled test
FAIL: pr13107 -findirect-dispatch execution - source compiled test
FAIL: pr13107 -O3 -findirect-dispatch execution - source compiled test
FAIL: pr13107_2 -findirect-dispatch execution - source compiled test
FAIL: pr13107_2 -O3 -findirect-dispatch execution - source compiled test
FAIL: pr13107_3 -findirect-dispatch execution - source compiled test
FAIL: pr13107_3 -O3 -findirect-dispatch execution - source compiled test
FAIL: pr133 -findirect-dispatch execution - source compiled test
FAIL: pr133 -O3 -findirect-dispatch execution - source compiled test
FAIL: pr16789 -findirect-dispatch execution - source compiled test
FAIL: pr16789 -O3 -findirect-dispatch execution - source compiled test
FAIL: pr17536 -findirect-dispatch execution - source compiled test
FAIL: pr17536 -O3 -findirect-dispatch execution - source compiled test
FAIL: pr179 -findirect-dispatch execution - source compiled test
FAIL: pr179 -O3 -findirect-dispatch execution - source compiled test
FAIL: pr184 -findirect-dispatch execution - source compiled test
FAIL: pr184 -O3 -findirect-dispatch execution - source compiled test
FAIL: pr21785 -findirect-dispatch execution - source compiled test
FAIL: pr21785 -O3 -findirect-dispatch execution - source compiled test
FAIL: pr21844 -findirect-dispatch execution - source compiled test
FAIL: pr21844 -O3 -findirect-dispatch execution - source compiled test
FAIL: pr24321 -findirect-dispatch execution - source compiled test
FAIL: pr24321 -O3 -findirect-dispatch execution - source compiled test
FAIL: pr25676 -findirect-dispatch execution - source compiled test
FAIL: pr25676 -O3 -findirect-dispatch execution - source compiled test
FAIL: pr26390 -findirect-dispatch execution - source compiled test
FAIL: pr26390 -O3 -findirect-dispatch execution - source compiled test
FAIL: pr26990 -findirect-dispatch execution - source compiled test
FAIL: pr26990 -O3 -findirect-dispatch execution - source compiled test
FAIL: pr27171 -findirect-dispatch execution - source compiled test
FAIL: pr27171 -O3 -findirect-dispatch execution - source compiled test
FAIL: pr6388 -findirect-dispatch execution - source compiled test
FAIL: pr6388 -O3 -findirect-dispatch execution - source compiled test
FAIL: pr83 -findirect-dispatch execution - source compiled test
FAIL: pr83 -O3 -findirect-dispatch execution - source compiled test
FAIL: pr8415 -findirect-dispatch execution - source compiled test
FAIL: pr8415 -O3 -findirect-dispatch execution - source compiled test
FAIL: pr8676 -findirect-dispatch execution - source compiled test
FAIL: pr8676 -O3 -findirect-dispatch execution - source compiled test
FAIL: pr8823 -findirect-dispatch execution - source compiled test
FAIL: pr8823 -O3 -findirect-dispatch execution - source compiled test
FAIL: pr8945 -findirect-dispatch execution - source compiled test
FAIL: pr8945 -O3 -findirect-dispatch execution - source compiled test
FAIL: private_direct_read -findirect-dispatch execution - source compiled test
FAIL: private_direct_read -O3 -findirect-dispatch execution - source compiled test
FAIL: search_outer -findirect-dispatch execution - source compiled test
FAIL: search_outer -O3 -findirect-dispatch execution - source compiled test
FAIL: shatest -findirect-dispatch execution - source compiled test
FAIL: shatest -O3 -findirect-dispatch execution - source compiled test
FAIL: stacktrace -findirect-dispatch execution - source compiled test
FAIL: stacktrace -O3 -findirect-dispatch execution - source compiled test
FAIL: stringconst -findirect-dispatch execution - source compiled test
FAIL: stringconst -O3 -findirect-dispatch execution - source compiled test
FAIL: stringconst2 -findirect-dispatch execution - source compiled test
FAIL: stringconst2 -O3 -findirect-dispatch execution - source compiled test
FAIL: stub -findirect-dispatch execution - source compiled test
FAIL: stub -O3 -findirect-dispatch execution - source compiled test
FAIL: test_long -findirect-dispatch execution - source compiled test
FAIL: test_long -O3 -findirect-dispatch execution - source compiled test
FAIL: tmi -findirect-dispatch execution - source compiled test
FAIL: tmi -O3 -findirect-dispatch execution - source compiled test
FAIL: tp -findirect-dispatch execution - source compiled test
FAIL: tp -O3 -findirect-dispatch execution - source compiled test
FAIL: update_outer -findirect-dispatch execution - source compiled test
FAIL: update_outer -O3 -findirect-dispatch execution - source compiled test
FAIL: utf8concat -findirect-dispatch execution - source compiled test
FAIL: utf8concat -O3 -findirect-dispatch execution - source compiled test
FAIL: utilTest -findirect-dispatch execution - source compiled test
FAIL: utilTest -O3 -findirect-dispatch execution - source compiled test
FAIL: verify -findirect-dispatch execution - source compiled test
FAIL: verify -O3 -findirect-dispatch execution - source compiled test

		=== libjava Summary for unix ===

# of expected passes		1772
# of unexpected failures	402
# of untested testcases		400

Running target unix/-fstack-protector
FAIL: ArrayStore -findirect-dispatch execution - source compiled test
FAIL: ArrayStore -O3 -findirect-dispatch execution - source compiled test
FAIL: ArrayStore2 -findirect-dispatch execution - source compiled test
FAIL: ArrayStore2 -O3 -findirect-dispatch execution - source compiled test
FAIL: Array_1 -findirect-dispatch execution - source compiled test
FAIL: Array_1 -O3 -findirect-dispatch execution - source compiled test
FAIL: Array_2 -findirect-dispatch execution - source compiled test
FAIL: Array_2 -O3 -findirect-dispatch execution - source compiled test
FAIL: Array_3 -findirect-dispatch execution - source compiled test
FAIL: Array_3 -O3 -findirect-dispatch execution - source compiled test
FAIL: Class_1 -findirect-dispatch execution - source compiled test
FAIL: Class_1 -O3 -findirect-dispatch execution - source compiled test
FAIL: CompareNaN -findirect-dispatch execution - source compiled test
FAIL: CompareNaN -O3 -findirect-dispatch execution - source compiled test
FAIL: Divide_1 -findirect-dispatch execution - source compiled test
FAIL: Divide_1 -O3 -findirect-dispatch execution - source compiled test
FAIL: Divide_2 -findirect-dispatch execution - source compiled test
FAIL: Divide_2 -O3 -findirect-dispatch execution - source compiled test
FAIL: EvaluationOrder -findirect-dispatch execution - source compiled test
FAIL: EvaluationOrder -O3 -findirect-dispatch execution - source compiled test
FAIL: ExtraClassLoader -findirect-dispatch execution - source compiled test
FAIL: ExtraClassLoader -O3 -findirect-dispatch execution - source compiled test
FAIL: FileHandleGcTest -findirect-dispatch execution - source compiled test
FAIL: FileHandleGcTest -O3 -findirect-dispatch execution - source compiled test
FAIL: Final -findirect-dispatch execution - source compiled test
FAIL: Final -O3 -findirect-dispatch execution - source compiled test
FAIL: Float_1 -findirect-dispatch execution - source compiled test
FAIL: Float_1 -O3 -findirect-dispatch execution - source compiled test
FAIL: Float_2 -findirect-dispatch execution - source compiled test
FAIL: Float_2 -O3 -findirect-dispatch execution - source compiled test
FAIL: G19990301_01 -findirect-dispatch execution - source compiled test
FAIL: G19990301_01 -O3 -findirect-dispatch execution - source compiled test
FAIL: G19990302_02 -findirect-dispatch execution - source compiled test
FAIL: G19990302_02 -O3 -findirect-dispatch execution - source compiled test
FAIL: G19990303_01 -findirect-dispatch execution - source compiled test
FAIL: G19990303_01 -O3 -findirect-dispatch execution - source compiled test
FAIL: G19990303_02 -findirect-dispatch execution - source compiled test
FAIL: G19990303_02 -O3 -findirect-dispatch execution - source compiled test
FAIL: G19990304_01 -findirect-dispatch execution - source compiled test
FAIL: G19990304_01 -O3 -findirect-dispatch execution - source compiled test
FAIL: G19990310_01 -findirect-dispatch execution - source compiled test
FAIL: G19990310_01 -O3 -findirect-dispatch execution - source compiled test
FAIL: II -findirect-dispatch execution - source compiled test
FAIL: II -O3 -findirect-dispatch execution - source compiled test
FAIL: InterfaceDispatch -findirect-dispatch execution - source compiled test
FAIL: InterfaceDispatch -O3 -findirect-dispatch execution - source compiled test
FAIL: InvokeInterface -findirect-dispatch execution - source compiled test
FAIL: InvokeInterface -O3 -findirect-dispatch execution - source compiled test
FAIL: InvokeReturn -findirect-dispatch execution - source compiled test
FAIL: InvokeReturn -O3 -findirect-dispatch execution - source compiled test
FAIL: Invoke_1 -findirect-dispatch execution - source compiled test
FAIL: Invoke_1 -O3 -findirect-dispatch execution - source compiled test
FAIL: Invoke_2 -findirect-dispatch execution - source compiled test
FAIL: Invoke_2 -O3 -findirect-dispatch execution - source compiled test
FAIL: KeepInline -findirect-dispatch execution - source compiled test
FAIL: KeepInline -O3 -findirect-dispatch execution - source compiled test
FAIL: LargeFile -findirect-dispatch execution - source compiled test
FAIL: LargeFile -O3 -findirect-dispatch execution - source compiled test
FAIL: MathBuiltin -findirect-dispatch execution - source compiled test
FAIL: MathBuiltin -O3 -findirect-dispatch execution - source compiled test
FAIL: Matrix4f -findirect-dispatch execution - source compiled test
FAIL: Matrix4f -O3 -findirect-dispatch execution - source compiled test
FAIL: N19990310_02 -findirect-dispatch execution - source compiled test
FAIL: N19990310_02 -O3 -findirect-dispatch execution - source compiled test
FAIL: N19990310_3 -findirect-dispatch execution - source compiled test
FAIL: N19990310_3 -O3 -findirect-dispatch execution - source compiled test
FAIL: N19990310_4 -findirect-dispatch execution - source compiled test
FAIL: N19990310_4 -O3 -findirect-dispatch execution - source compiled test
FAIL: N19990310_5 -findirect-dispatch execution - source compiled test
FAIL: N19990310_5 -O3 -findirect-dispatch execution - source compiled test
FAIL: Overflow -findirect-dispatch execution - source compiled test
FAIL: Overflow -O3 -findirect-dispatch execution - source compiled test
FAIL: PR12350 -findirect-dispatch execution - source compiled test
FAIL: PR12350 -O3 -findirect-dispatch execution - source compiled test
FAIL: PR12416 -findirect-dispatch execution - source compiled test
FAIL: PR12416 -O3 -findirect-dispatch execution - source compiled test
FAIL: PR12656 -findirect-dispatch execution - source compiled test
FAIL: PR12656 -O3 -findirect-dispatch execution - source compiled test
FAIL: PR12915 -findirect-dispatch execution - source compiled test
FAIL: PR12915 -O3 -findirect-dispatch execution - source compiled test
FAIL: PR141 -findirect-dispatch execution - source compiled test
FAIL: PR141 -O3 -findirect-dispatch execution - source compiled test
FAIL: PR160 -findirect-dispatch execution - source compiled test
FAIL: PR160 -O3 -findirect-dispatch execution - source compiled test
FAIL: PR162 -findirect-dispatch execution - source compiled test
FAIL: PR162 -O3 -findirect-dispatch execution - source compiled test
FAIL: PR16867 -findirect-dispatch execution - source compiled test
FAIL: PR16867 -O3 -findirect-dispatch execution - source compiled test
FAIL: PR18699 -findirect-dispatch execution - source compiled test
FAIL: PR18699 -O3 -findirect-dispatch execution - source compiled test
FAIL: PR19870 -findirect-dispatch execution - source compiled test
FAIL: PR19870 -O3 -findirect-dispatch execution - source compiled test
FAIL: PR19870_2 -findirect-dispatch execution - source compiled test
FAIL: PR19870_2 -O3 -findirect-dispatch execution - source compiled test
FAIL: PR19921 -findirect-dispatch execution - source compiled test
FAIL: PR19921 -O3 -findirect-dispatch execution - source compiled test
FAIL: PR20056 -findirect-dispatch execution - source compiled test
FAIL: PR20056 -O3 -findirect-dispatch execution - source compiled test
FAIL: PR218 execution - source compiled test
FAIL: PR218 -findirect-dispatch execution - source compiled test
FAIL: PR218 -O3 -findirect-dispatch execution - source compiled test
FAIL: PR242 -findirect-dispatch execution - source compiled test
FAIL: PR242 -O3 -findirect-dispatch execution - source compiled test
FAIL: PR25535 -findirect-dispatch execution - source compiled test
FAIL: PR25535 -O3 -findirect-dispatch execution - source compiled test
FAIL: PR260 -findirect-dispatch execution - source compiled test
FAIL: PR260 -O3 -findirect-dispatch execution - source compiled test
FAIL: PR26858 -findirect-dispatch execution - source compiled test
FAIL: PR26858 -O3 -findirect-dispatch execution - source compiled test
FAIL: PR27908 -findirect-dispatch execution - source compiled test
FAIL: PR27908 -O3 -findirect-dispatch execution - source compiled test
FAIL: PR29013 -findirect-dispatch execution - source compiled test
FAIL: PR29013 -O3 -findirect-dispatch execution - source compiled test
FAIL: PR29495 -findirect-dispatch execution - source compiled test
FAIL: PR29495 -O3 -findirect-dispatch execution - source compiled test
FAIL: PR3096 -findirect-dispatch execution - source compiled test
FAIL: PR3096 -O3 -findirect-dispatch execution - source compiled test
FAIL: PR31264 -findirect-dispatch execution - source compiled test
FAIL: PR31264 -O3 -findirect-dispatch execution - source compiled test
FAIL: PR35020 -findirect-dispatch execution - source compiled test
FAIL: PR35020 -O3 -findirect-dispatch execution - source compiled test
FAIL: PR36252 -findirect-dispatch execution - source compiled test
FAIL: PR36252 -O3 -findirect-dispatch execution - source compiled test
FAIL: PR3731 -findirect-dispatch execution - source compiled test
FAIL: PR3731 -O3 -findirect-dispatch execution - source compiled test
FAIL: PR5057 -findirect-dispatch execution - source compiled test
FAIL: PR5057 -O3 -findirect-dispatch execution - source compiled test
FAIL: PR5057_2 -findirect-dispatch execution - source compiled test
FAIL: PR5057_2 -O3 -findirect-dispatch execution - source compiled test
FAIL: PR55 -findirect-dispatch execution - source compiled test
FAIL: PR55 -O3 -findirect-dispatch execution - source compiled test
FAIL: PR56 -findirect-dispatch execution - source compiled test
FAIL: PR56 -O3 -findirect-dispatch execution - source compiled test
FAIL: PR6085 -findirect-dispatch execution - source compiled test
FAIL: PR6085 -O3 -findirect-dispatch execution - source compiled test
FAIL: PR6204 -findirect-dispatch execution - source compiled test
FAIL: PR6204 -O3 -findirect-dispatch execution - source compiled test
FAIL: PR6729 -findirect-dispatch execution - source compiled test
FAIL: PR6729 -O3 -findirect-dispatch execution - source compiled test
FAIL: PR6820 -findirect-dispatch execution - source compiled test
FAIL: PR6820 -O3 -findirect-dispatch execution - source compiled test
FAIL: PR7482 -findirect-dispatch execution - source compiled test
FAIL: PR7482 -O3 -findirect-dispatch execution - source compiled test
FAIL: Process_1 -findirect-dispatch execution - source compiled test
FAIL: Process_1 -O3 -findirect-dispatch execution - source compiled test
FAIL: Process_2 -findirect-dispatch execution - source compiled test
FAIL: Process_2 -O3 -findirect-dispatch execution - source compiled test
FAIL: Process_3 -findirect-dispatch execution - source compiled test
FAIL: Process_3 -O3 -findirect-dispatch execution - source compiled test
FAIL: Process_4 -findirect-dispatch execution - source compiled test
FAIL: Process_4 -O3 -findirect-dispatch execution - source compiled test
FAIL: Process_5 -findirect-dispatch execution - source compiled test
FAIL: Process_5 -O3 -findirect-dispatch execution - source compiled test
FAIL: Process_6 -findirect-dispatch execution - source compiled test
FAIL: Process_6 -O3 -findirect-dispatch execution - source compiled test
FAIL: Process_7 -findirect-dispatch execution - source compiled test
FAIL: Process_7 -O3 -findirect-dispatch execution - source compiled test
FAIL: ProxyTest -findirect-dispatch execution - source compiled test
FAIL: ProxyTest -O3 -findirect-dispatch execution - source compiled test
FAIL: RH194522 -findirect-dispatch execution - source compiled test
FAIL: RH194522 -O3 -findirect-dispatch execution - source compiled test
FAIL: Serialization -findirect-dispatch execution - source compiled test
FAIL: Serialization -O3 -findirect-dispatch execution - source compiled test
FAIL: Shazam -findirect-dispatch execution - source compiled test
FAIL: Shazam -O3 -findirect-dispatch execution - source compiled test
FAIL: StackTrace2 output - source compiled test
FAIL: StackTrace2 -findirect-dispatch execution - source compiled test
FAIL: StackTrace2 -O3 output - source compiled test
FAIL: StackTrace2 -O3 -findirect-dispatch execution - source compiled test
FAIL: StaticConstructor -findirect-dispatch execution - source compiled test
FAIL: StaticConstructor -O3 -findirect-dispatch execution - source compiled test
FAIL: StringBuffer_1 -findirect-dispatch execution - source compiled test
FAIL: StringBuffer_1 -O3 -findirect-dispatch execution - source compiled test
FAIL: StringBuffer_overflow -findirect-dispatch execution - source compiled test
FAIL: StringBuffer_overflow -O3 -findirect-dispatch execution - source compiled test
FAIL: String_overflow -findirect-dispatch execution - source compiled test
FAIL: String_overflow -O3 -findirect-dispatch execution - source compiled test
FAIL: SyncGlobal -findirect-dispatch execution - source compiled test
FAIL: SyncGlobal -O3 -findirect-dispatch execution - source compiled test
FAIL: SyncTest -findirect-dispatch execution - source compiled test
FAIL: SyncTest -O3 -findirect-dispatch execution - source compiled test
FAIL: Synch -findirect-dispatch execution - source compiled test
FAIL: Synch -O3 -findirect-dispatch execution - source compiled test
FAIL: TLtest -findirect-dispatch execution - source compiled test
FAIL: TLtest -O3 -findirect-dispatch execution - source compiled test
FAIL: TestProxy -findirect-dispatch execution - source compiled test
FAIL: TestProxy -O3 -findirect-dispatch execution - source compiled test
FAIL: Thread_Alive -findirect-dispatch execution - source compiled test
FAIL: Thread_Alive -O3 -findirect-dispatch execution - source compiled test
FAIL: Thread_HoldsLock -findirect-dispatch execution - source compiled test
FAIL: Thread_HoldsLock -O3 -findirect-dispatch execution - source compiled test
FAIL: Thread_Interrupt -findirect-dispatch execution - source compiled test
FAIL: Thread_Interrupt -O3 -findirect-dispatch execution - source compiled test
FAIL: Thread_Join -findirect-dispatch execution - source compiled test
FAIL: Thread_Join -O3 -findirect-dispatch execution - source compiled test
FAIL: Thread_Monitor -findirect-dispatch execution - source compiled test
FAIL: Thread_Monitor -O3 -findirect-dispatch execution - source compiled test
FAIL: Thread_Sleep -findirect-dispatch execution - source compiled test
FAIL: Thread_Sleep -O3 -findirect-dispatch execution - source compiled test
FAIL: Thread_Sleep_2 -findirect-dispatch execution - source compiled test
FAIL: Thread_Sleep_2 -O3 -findirect-dispatch execution - source compiled test
FAIL: Thread_Wait -findirect-dispatch execution - source compiled test
FAIL: Thread_Wait -O3 -findirect-dispatch execution - source compiled test
FAIL: Thread_Wait_2 -findirect-dispatch execution - source compiled test
FAIL: Thread_Wait_2 -O3 -findirect-dispatch execution - source compiled test
FAIL: Thread_Wait_Interrupt -findirect-dispatch execution - source compiled test
FAIL: Thread_Wait_Interrupt -O3 -findirect-dispatch execution - source compiled test
FAIL: Throw_1 -findirect-dispatch execution - source compiled test
FAIL: Throw_1 -O3 -findirect-dispatch execution - source compiled test
FAIL: Throw_2 -findirect-dispatch execution - source compiled test
FAIL: Throw_2 -O3 -findirect-dispatch execution - source compiled test
FAIL: Throw_3 execution - source compiled test
FAIL: Throw_3 -findirect-dispatch execution - source compiled test
FAIL: Throw_3 -O3 -findirect-dispatch execution - source compiled test
FAIL: WalkerTest -findirect-dispatch execution - source compiled test
FAIL: WalkerTest -O3 -findirect-dispatch execution - source compiled test
FAIL: anfi -findirect-dispatch execution - source compiled test
FAIL: anfi -O3 -findirect-dispatch execution - source compiled test
FAIL: anon -findirect-dispatch execution - source compiled test
FAIL: anon -O3 -findirect-dispatch execution - source compiled test
FAIL: anon2 -findirect-dispatch execution - source compiled test
FAIL: anon2 -O3 -findirect-dispatch execution - source compiled test
FAIL: anon3 -findirect-dispatch execution - source compiled test
FAIL: anon3 -O3 -findirect-dispatch execution - source compiled test
FAIL: anon4 -findirect-dispatch execution - source compiled test
FAIL: anon4 -O3 -findirect-dispatch execution - source compiled test
FAIL: anon_ctor_itf_arg -findirect-dispatch execution - source compiled test
FAIL: anon_ctor_itf_arg -O3 -findirect-dispatch execution - source compiled test
FAIL: anonarray -findirect-dispatch execution - source compiled test
FAIL: anonarray -O3 -findirect-dispatch execution - source compiled test
FAIL: anonarray2 -findirect-dispatch execution - source compiled test
FAIL: anonarray2 -O3 -findirect-dispatch execution - source compiled test
FAIL: anonarray3 -findirect-dispatch execution - source compiled test
FAIL: anonarray3 -O3 -findirect-dispatch execution - source compiled test
FAIL: assign -findirect-dispatch execution - source compiled test
FAIL: assign -O3 -findirect-dispatch execution - source compiled test
FAIL: assign2 -findirect-dispatch execution - source compiled test
FAIL: assign2 -O3 -findirect-dispatch execution - source compiled test
FAIL: bclink -findirect-dispatch execution - source compiled test
FAIL: bclink -O3 -findirect-dispatch execution - source compiled test
FAIL: bytearray -findirect-dispatch execution - source compiled test
FAIL: bytearray -O3 -findirect-dispatch execution - source compiled test
FAIL: direct_read -findirect-dispatch execution - source compiled test
FAIL: direct_read -O3 -findirect-dispatch execution - source compiled test
FAIL: direct_write -findirect-dispatch execution - source compiled test
FAIL: direct_write -O3 -findirect-dispatch execution - source compiled test
FAIL: emptystring -findirect-dispatch execution - source compiled test
FAIL: emptystring -O3 -findirect-dispatch execution - source compiled test
FAIL: err1 -findirect-dispatch execution - source compiled test
FAIL: err1 -O3 -findirect-dispatch execution - source compiled test
FAIL: err10 -findirect-dispatch execution - source compiled test
FAIL: err10 -O3 -findirect-dispatch execution - source compiled test
FAIL: err11 -findirect-dispatch execution - source compiled test
FAIL: err11 -O3 -findirect-dispatch execution - source compiled test
FAIL: err12 -findirect-dispatch execution - source compiled test
FAIL: err12 -O3 -findirect-dispatch execution - source compiled test
FAIL: err13 -findirect-dispatch execution - source compiled test
FAIL: err13 -O3 -findirect-dispatch execution - source compiled test
FAIL: err14 -findirect-dispatch execution - source compiled test
FAIL: err14 -O3 -findirect-dispatch execution - source compiled test
FAIL: err2 -findirect-dispatch execution - source compiled test
FAIL: err2 -O3 -findirect-dispatch execution - source compiled test
FAIL: err3 -findirect-dispatch execution - source compiled test
FAIL: err3 -O3 -findirect-dispatch execution - source compiled test
FAIL: err4 -findirect-dispatch execution - source compiled test
FAIL: err4 -O3 -findirect-dispatch execution - source compiled test
FAIL: err5 -findirect-dispatch execution - source compiled test
FAIL: err5 -O3 -findirect-dispatch execution - source compiled test
FAIL: err6 -findirect-dispatch execution - source compiled test
FAIL: err6 -O3 -findirect-dispatch execution - source compiled test
FAIL: err7 -findirect-dispatch execution - source compiled test
FAIL: err7 -O3 -findirect-dispatch execution - source compiled test
FAIL: err8 -findirect-dispatch execution - source compiled test
FAIL: err8 -O3 -findirect-dispatch execution - source compiled test
FAIL: err9 -findirect-dispatch execution - source compiled test
FAIL: err9 -O3 -findirect-dispatch execution - source compiled test
FAIL: final_inner -findirect-dispatch execution - source compiled test
FAIL: final_inner -O3 -findirect-dispatch execution - source compiled test
FAIL: final_int -findirect-dispatch execution - source compiled test
FAIL: final_int -O3 -findirect-dispatch execution - source compiled test
FAIL: final_static_and_friend -findirect-dispatch execution - source compiled test
FAIL: final_static_and_friend -O3 -findirect-dispatch execution - source compiled test
FAIL: indirect -findirect-dispatch execution - source compiled test
FAIL: indirect -O3 -findirect-dispatch execution - source compiled test
FAIL: indirect_read -findirect-dispatch execution - source compiled test
FAIL: indirect_read -O3 -findirect-dispatch execution - source compiled test
FAIL: indirect_write -findirect-dispatch execution - source compiled test
FAIL: indirect_write -O3 -findirect-dispatch execution - source compiled test
FAIL: initexc -findirect-dispatch execution - source compiled test
FAIL: initexc -O3 -findirect-dispatch execution - source compiled test
FAIL: initfield -findirect-dispatch execution - source compiled test
FAIL: initfield -O3 -findirect-dispatch execution - source compiled test
FAIL: inline -findirect-dispatch execution - source compiled test
FAIL: inline -O3 -findirect-dispatch execution - source compiled test
FAIL: inner1 -findirect-dispatch execution - source compiled test
FAIL: inner1 -O3 -findirect-dispatch execution - source compiled test
FAIL: inner2 -findirect-dispatch execution - source compiled test
FAIL: inner2 -O3 -findirect-dispatch execution - source compiled test
FAIL: inner3 -findirect-dispatch execution - source compiled test
FAIL: inner3 -O3 -findirect-dispatch execution - source compiled test
FAIL: inner4 -findirect-dispatch execution - source compiled test
FAIL: inner4 -O3 -findirect-dispatch execution - source compiled test
FAIL: inner_array -findirect-dispatch execution - source compiled test
FAIL: inner_array -O3 -findirect-dispatch execution - source compiled test
FAIL: inner_interface -findirect-dispatch execution - source compiled test
FAIL: inner_interface -O3 -findirect-dispatch execution - source compiled test
FAIL: instance -findirect-dispatch execution - source compiled test
FAIL: instance -O3 -findirect-dispatch execution - source compiled test
FAIL: instinit -findirect-dispatch execution - source compiled test
FAIL: instinit -O3 -findirect-dispatch execution - source compiled test
FAIL: instinit2 -findirect-dispatch execution - source compiled test
FAIL: instinit2 -O3 -findirect-dispatch execution - source compiled test
FAIL: invoke_from_inner -findirect-dispatch execution - source compiled test
FAIL: invoke_from_inner -O3 -findirect-dispatch execution - source compiled test
FAIL: invokethrow -findirect-dispatch execution - source compiled test
FAIL: invokethrow -O3 -findirect-dispatch execution - source compiled test
FAIL: klass -findirect-dispatch execution - source compiled test
FAIL: klass -O3 -findirect-dispatch execution - source compiled test
FAIL: md5test -findirect-dispatch execution - source compiled test
FAIL: md5test -O3 -findirect-dispatch execution - source compiled test
FAIL: multiple_finit -findirect-dispatch execution - source compiled test
FAIL: multiple_finit -O3 -findirect-dispatch execution - source compiled test
FAIL: negzero -findirect-dispatch execution - source compiled test
FAIL: negzero -O3 -findirect-dispatch execution - source compiled test
FAIL: nested_with_ctor -findirect-dispatch execution - source compiled test
FAIL: nested_with_ctor -O3 -findirect-dispatch execution - source compiled test
FAIL: newarray_overflow -findirect-dispatch execution - source compiled test
FAIL: newarray_overflow -O3 -findirect-dispatch execution - source compiled test
FAIL: override -findirect-dispatch execution - source compiled test
FAIL: override -O3 -findirect-dispatch execution - source compiled test
FAIL: pr109 -findirect-dispatch execution - source compiled test
FAIL: pr109 -O3 -findirect-dispatch execution - source compiled test
FAIL: pr13107 -findirect-dispatch execution - source compiled test
FAIL: pr13107 -O3 -findirect-dispatch execution - source compiled test
FAIL: pr13107_2 -findirect-dispatch execution - source compiled test
FAIL: pr13107_2 -O3 -findirect-dispatch execution - source compiled test
FAIL: pr13107_3 -findirect-dispatch execution - source compiled test
FAIL: pr13107_3 -O3 -findirect-dispatch execution - source compiled test
FAIL: pr133 -findirect-dispatch execution - source compiled test
FAIL: pr133 -O3 -findirect-dispatch execution - source compiled test
FAIL: pr16789 -findirect-dispatch execution - source compiled test
FAIL: pr16789 -O3 -findirect-dispatch execution - source compiled test
FAIL: pr17536 -findirect-dispatch execution - source compiled test
FAIL: pr17536 -O3 -findirect-dispatch execution - source compiled test
FAIL: pr179 -findirect-dispatch execution - source compiled test
FAIL: pr179 -O3 -findirect-dispatch execution - source compiled test
FAIL: pr184 -findirect-dispatch execution - source compiled test
FAIL: pr184 -O3 -findirect-dispatch execution - source compiled test
FAIL: pr21785 -findirect-dispatch execution - source compiled test
FAIL: pr21785 -O3 -findirect-dispatch execution - source compiled test
FAIL: pr21844 -findirect-dispatch execution - source compiled test
FAIL: pr21844 -O3 -findirect-dispatch execution - source compiled test
FAIL: pr24321 -findirect-dispatch execution - source compiled test
FAIL: pr24321 -O3 -findirect-dispatch execution - source compiled test
FAIL: pr25676 -findirect-dispatch execution - source compiled test
FAIL: pr25676 -O3 -findirect-dispatch execution - source compiled test
FAIL: pr26390 -findirect-dispatch execution - source compiled test
FAIL: pr26390 -O3 -findirect-dispatch execution - source compiled test
FAIL: pr26990 -findirect-dispatch execution - source compiled test
FAIL: pr26990 -O3 -findirect-dispatch execution - source compiled test
FAIL: pr27171 -findirect-dispatch execution - source compiled test
FAIL: pr27171 -O3 -findirect-dispatch execution - source compiled test
FAIL: pr6388 -findirect-dispatch execution - source compiled test
FAIL: pr6388 -O3 -findirect-dispatch execution - source compiled test
FAIL: pr83 -findirect-dispatch execution - source compiled test
FAIL: pr83 -O3 -findirect-dispatch execution - source compiled test
FAIL: pr8415 -findirect-dispatch execution - source compiled test
FAIL: pr8415 -O3 -findirect-dispatch execution - source compiled test
FAIL: pr8676 -findirect-dispatch execution - source compiled test
FAIL: pr8676 -O3 -findirect-dispatch execution - source compiled test
FAIL: pr8823 -findirect-dispatch execution - source compiled test
FAIL: pr8823 -O3 -findirect-dispatch execution - source compiled test
FAIL: pr8945 -findirect-dispatch execution - source compiled test
FAIL: pr8945 -O3 -findirect-dispatch execution - source compiled test
FAIL: private_direct_read -findirect-dispatch execution - source compiled test
FAIL: private_direct_read -O3 -findirect-dispatch execution - source compiled test
FAIL: search_outer -findirect-dispatch execution - source compiled test
FAIL: search_outer -O3 -findirect-dispatch execution - source compiled test
FAIL: shatest -findirect-dispatch execution - source compiled test
FAIL: shatest -O3 -findirect-dispatch execution - source compiled test
FAIL: stacktrace -findirect-dispatch execution - source compiled test
FAIL: stacktrace -O3 -findirect-dispatch execution - source compiled test
FAIL: stringconst -findirect-dispatch execution - source compiled test
FAIL: stringconst -O3 -findirect-dispatch execution - source compiled test
FAIL: stringconst2 -findirect-dispatch execution - source compiled test
FAIL: stringconst2 -O3 -findirect-dispatch execution - source compiled test
FAIL: stub -findirect-dispatch execution - source compiled test
FAIL: stub -O3 -findirect-dispatch execution - source compiled test
FAIL: test_long -findirect-dispatch execution - source compiled test
FAIL: test_long -O3 -findirect-dispatch execution - source compiled test
FAIL: tmi -findirect-dispatch execution - source compiled test
FAIL: tmi -O3 -findirect-dispatch execution - source compiled test
FAIL: tp -findirect-dispatch execution - source compiled test
FAIL: tp -O3 -findirect-dispatch execution - source compiled test
FAIL: update_outer -findirect-dispatch execution - source compiled test
FAIL: update_outer -O3 -findirect-dispatch execution - source compiled test
FAIL: utf8concat -findirect-dispatch execution - source compiled test
FAIL: utf8concat -O3 -findirect-dispatch execution - source compiled test
FAIL: utilTest -findirect-dispatch execution - source compiled test
FAIL: utilTest -O3 -findirect-dispatch execution - source compiled test
FAIL: verify -findirect-dispatch execution - source compiled test
FAIL: verify -O3 -findirect-dispatch execution - source compiled test

		=== libjava Summary for unix/-fstack-protector ===

# of expected passes		1772
# of unexpected failures	402
# of untested testcases		400

		=== libjava Summary ===

# of expected passes		3544
# of unexpected failures	804
# of untested testcases		800
		=== libmudflap tests ===


Running target unix
FAIL: libmudflap.c/fail31-frag.c (-O3) crash test
FAIL: libmudflap.c/fail31-frag.c (-O3) output pattern test
FAIL: libmudflap.c/pass45-frag.c (-O3) execution test
FAIL: libmudflap.c/pass45-frag.c (-O3) output pattern test
FAIL: libmudflap.c/pass45-frag.c (-O3) execution test
FAIL: libmudflap.c/pass45-frag.c (-O3) output pattern test
FAIL: libmudflap.c++/pass41-frag.cxx execution test
FAIL: libmudflap.c++/pass41-frag.cxx (-static) execution test
FAIL: libmudflap.c++/pass41-frag.cxx ( -O) execution test
FAIL: libmudflap.c++/pass41-frag.cxx (-O2) execution test
FAIL: libmudflap.c++/pass41-frag.cxx (-O3) execution test

		=== libmudflap Summary for unix ===

# of expected passes		1883
# of unexpected failures	11

Running target unix/-fstack-protector
FAIL: libmudflap.c/fail31-frag.c (-O3) crash test
FAIL: libmudflap.c/fail31-frag.c (-O3) output pattern test
FAIL: libmudflap.c/pass45-frag.c (-O3) execution test
FAIL: libmudflap.c/pass45-frag.c (-O3) output pattern test
FAIL: libmudflap.c/pass45-frag.c (-O3) execution test
FAIL: libmudflap.c/pass45-frag.c (-O3) output pattern test
FAIL: libmudflap.c++/pass41-frag.cxx execution test
FAIL: libmudflap.c++/pass41-frag.cxx (-static) execution test
FAIL: libmudflap.c++/pass41-frag.cxx ( -O) execution test
FAIL: libmudflap.c++/pass41-frag.cxx (-O2) execution test
FAIL: libmudflap.c++/pass41-frag.cxx (-O3) execution test

		=== libmudflap Summary for unix/-fstack-protector ===

# of expected passes		1883
# of unexpected failures	11

Running target unix/-m64
FAIL: libmudflap.c/fail31-frag.c (-O3) crash test
FAIL: libmudflap.c/fail31-frag.c (-O3) output pattern test
FAIL: libmudflap.c/pass45-frag.c (-O3) execution test
FAIL: libmudflap.c/pass45-frag.c (-O3) output pattern test
FAIL: libmudflap.c/pass45-frag.c (-O3) execution test
FAIL: libmudflap.c/pass45-frag.c (-O3) output pattern test
FAIL: libmudflap.c++/pass41-frag.cxx execution test
FAIL: libmudflap.c++/pass41-frag.cxx (-static) execution test
FAIL: libmudflap.c++/pass41-frag.cxx ( -O) execution test
FAIL: libmudflap.c++/pass41-frag.cxx (-O2) execution test
FAIL: libmudflap.c++/pass41-frag.cxx (-O3) execution test

		=== libmudflap Summary for unix/-m64 ===

# of expected passes		1883
# of unexpected failures	11

		=== libmudflap Summary ===

# of expected passes		5649
# of unexpected failures	33
		=== libstdc++ tests ===


Running target unix

		=== libstdc++ Summary for unix ===

# of expected passes		6841
# of expected failures		93
# of unsupported tests		355

Running target unix/-fstack-protector

		=== libstdc++ Summary for unix/-fstack-protector ===

# of expected passes		6841
# of expected failures		93
# of unsupported tests		355

Running target unix/-m64
FAIL: abi_check
FAIL: 27_io/basic_filebuf/close/char/4879.cc execution test
FAIL: 27_io/basic_filebuf/close/char/9964.cc execution test
FAIL: 27_io/basic_filebuf/seekoff/char/26777.cc execution test
FAIL: 27_io/basic_filebuf/underflow/char/10097.cc execution test
FAIL: 27_io/objects/char/7.cc execution test
FAIL: 27_io/objects/char/9661-1.cc execution test
FAIL: 27_io/objects/wchar_t/7.cc execution test
FAIL: 27_io/objects/wchar_t/9661-1.cc execution test
WARNING: program timed out.
WARNING: program timed out.

		=== libstdc++ Summary for unix/-m64 ===

# of expected passes		6832
# of unexpected failures	9
# of expected failures		93
# of unsupported tests		355

		=== libstdc++ Summary ===

# of expected passes		20514
# of unexpected failures	9
# of expected failures		279
# of unsupported tests		1065

Compiler version: 4.5.0 20100404 (experimental) [trunk revision 157958] (Debian 4.5-20100404-1) 
Platform: sparc-unknown-linux-gnu
configure flags: -v --with-pkgversion='Debian 4.5-20100404-1' --with-bugurl=file:///usr/share/doc/gcc-4.5/README.Bugs --enable-languages=c,c++,java,fortran,objc,obj-c++ --prefix=/usr --enable-shared --enable-multiarch --enable-linker-build-id --with-system-zlib --libexecdir=/usr/lib --without-included-gettext --enable-threads=posix --with-gxx-include-dir=/usr/include/c++/4.5 --program-suffix=-4.5 --enable-nls --enable-clocale=gnu --enable-libstdcxx-debug --enable-plugin --disable-browser-plugin --enable-java-awt=gtk --enable-gtk-cairo --with-java-home=/usr/lib/jvm/java-1.5.0-gcj-4.5/jre --enable-java-home --with-jvm-root-dir=/usr/lib/jvm/java-1.5.0-gcj-4.5 --with-jvm-jar-dir=/usr/lib/jvm-exports/java-1.5.0-gcj-4.5 --with-arch-directory=sparc --with-ecj-jar=/usr/share/java/eclipse-ecj.jar --enable-objc-gc --enable-targets=all --with-long-double-128 --enable-checking=yes --build=sparc-linux-gnu --host=sparc-linux-gnu --target=sparc-linux-gnu
BOOT_CFLAGS=


Build Dependencies:
Desired=Unknown/Install/Remove/Purge/Hold
| Status=Not/Inst/Cfg-files/Unpacked/Failed-cfg/Half-inst/trig-aWait/Trig-pend
|/ Err?=(none)/Reinst-required (Status,Err: uppercase=bad)
||/ Name                                                    Version                    Description
+++-=======================================================-==========================-==============================================
ii  binutils                                                2.20.1-3                   The GNU assembler, linker and binary utilities
ii  g++-4.1                                                 4.1.2-27                   The GNU C++ compiler
ii  g++-4.2                                                 4.2.4-4                    The GNU C++ compiler
ii  g++-4.3                                                 4.3.4-8                    The GNU C++ compiler
ii  g++-4.4                                                 4.4.3-5                    The GNU C++ compiler
ii  g++-4.4-multilib                                        4.4.3-5                    The GNU C++ compiler (multilib files)
ii  g++-multilib                                            4:4.4.3-1                  The GNU C++ compiler (multilib files)
ii  libc6                                                   2.10.2-6                   Embedded GNU C Library: Shared libraries
ii  libcloog-ppl-dev                                        0.15.8-1                   the Chunky Loop Generator (development files)
ii  libgmp3-dev                                             2:4.3.2+dfsg-1             Multiprecision arithmetic library developers t
ii  libmpc-dev                                              0.8.1-1                    multiple precision complex floating-point libr
ii  libmpfr-dev                                             2.4.2-3                    multiple precision floating-point computation 
ii  libppl0.10-dev                                          0.10.2-6                   Parma Polyhedra Library (development)


rename-info-files:
  Allow transformations on info file names. Reference the
  transformed info file names in the texinfo files.

gcc-textdomain:
  Set gettext's domain and textdomain to the versioned package name.

gcc-driver-extra-langs:
  Add options and specs for languages that are not built from a source
  (but built from separate sources).

gcc-hash-style-both:
  Link using --hash-style=both (alpha, amd64, ia64, i386, powerpc, ppc64, s390, sparc)

libstdc++-pic:
  Build and install libstdc++_pic.a library.

libstdc++-doclink:
  adjust hrefs to point to the local documentation

libstdc++-man-3cxx:
  Install libstdc++ man pages with suffix .3cxx instead of .3

libjava-stacktrace:
  libgcj: Lookup source file name and line number in separated
  debug files found in /usr/lib/debug

libjava-subdir:
  - Set the libjava sublibdir to /usr/lib/gcj-4.5
  - Set the default libgcj database dir to /var/lib/gcj-4.5

libjava-jnipath:
  - Add /usr/lib/jni to java.library.path.
  - When running the i386 binaries on amd64, look in
  - /usr/lib32/gcj-x.y and /usr/lib32/jni instead.

libjava-sjlj:
  Don't try to use _Unwind_Backtrace on SJLJ targets.
  See bug #387875, #388505, GCC PR 29206.

libjava-disable-plugin:
  Don't build the gcjwebplugin, even when configured with --enable-plugin

alpha-no-ev4-directive:
  never emit .ev4 directive.

boehm-gc-getnprocs:
  boehm-gc/pthread_support.c (GC_get_nprocs): Use sysconf as fallback.

note-gnu-stack:
  Add .note.GNU-stack sections for gcc's crt files, libffi and boehm-gc
  Taken from FC.

m68k-allow-gnu99:
  patch to allow gnu99 mode on m68k

libgomp-omp_h-multilib:
  Fix up omp.h for multilibs.

sparc-force-cpu:
  On sparc default to ultrasparc (v9a) in 32bit mode

pr41848:
  Fix PR objc/41848 - workaround ObjC and -fsection-anchors.

libstdc++-nothumb-check:
  Don't run the libstdc++-v3 testsuite in thumb mode on armel

gcc-plugindir:
  Proposed patch to search for plugins in a default plugin dir

gcc-ice-hack:
  Retry the build on an ice, save the calling options and preprocessed
  source when the ice is reproducible.

gcc-ice-apport:
  Report an ICE to apport (if apport is available
  and the environment variable GCC_NOAPPORT is not set)

libjava-disable-static:
  Disable building the static libjava.

libjava-fixed-symlinks:
  Remove unneed '..' elements from symlinks in JAVA_HOME

libstdc++-arm-wno-abi:
  Temporary work around:
  On arm-linux-gnueabi run the libstdc++v3 testsuite with -Wno-abi

libstdc++-arm-ldbl-compat:
  On ARM provide the long double versions of "C" math functions in libstdc++

gold-and-ld:
  Enable both gold and ld in a single toolchain.
  New option -fuse-ld=ld.bfd, -fuse-ld=gold.

gcc-avoid-warning:
  Fix compiler warning

ada-mips:
  Improve support for mips.

arm-unbreak-eabi-armv4t:
  Fix armv4t build on ARM

gcc-multiarch:
  Add multiarch support to GCC.
  
  Convert the multilib option to a target triplet,
  add multiarch include directories and libraries path:
  	/usr/local/include/<arch>-linux-gnu
  	/usr/include/<arch>-linux-gnu
  	/usr/lib/<arch>-linux-gnu
  to the system paths.

mips-triarch:
  Build a tri-arch compiler on mips-linux-gnu.
  http://gcc.gnu.org/ml/gcc-patches/2009-03/msg01047.html

libjava-nobiarch-check:
  For biarch builds, disable the testsuite for the non-default architecture
  for runtime libraries, which are not built by default (libjava).

config-ml:
  disable some biarch libraries for biarch builds

s390-biarch:
  Build a bi-arch compiler on s390-linux-gnu.
  http://gcc.gnu.org/ml/gcc-patches/2009-03/msg01044.html

Counting all warnings,
there are 0 warnings in stage3 of this bootstrap.

Number of warnings per file:

Number of warning types:


Index Nav: [Date Index] [Subject Index] [Author Index] [Thread Index]
Message Nav: [Date Prev] [Date Next] [Thread Prev] [Thread Next]