This is the mail archive of the gcc-testresults@gcc.gnu.org mailing list for the GCC project.


Index Nav: [Date Index] [Subject Index] [Author Index] [Thread Index]
Message Nav: [Date Prev] [Date Next] [Thread Prev] [Thread Next]
Other format: [Raw text]

Results for 4.5.0 20100402 (experimental) [trunk revision 157942] (Ubuntu 4.5-20100402-0ubuntu1) testsuite on arm-unknown-linux-gnueabi


LAST_UPDATED: Fri Apr  2 13:02:57 UTC 2010 (revision 157942)

Native configuration is arm-unknown-linux-gnueabi

		=== libgomp tests ===


Running target unix

		=== libgomp Summary for unix ===

# of expected passes		2492
# of unsupported tests		7

Running target unix/-marm

		=== libgomp Summary for unix/-marm ===

# of expected passes		2492
# of unsupported tests		7

		=== libgomp Summary ===

# of expected passes		4984
# of unsupported tests		14
		=== libstdc++ tests ===


Running target unix
FAIL: ext/array_allocator/check_delete.cc (test for excess errors)
FAIL: ext/array_allocator/check_new.cc (test for excess errors)
FAIL: ext/bitmap_allocator/check_delete.cc (test for excess errors)
FAIL: ext/bitmap_allocator/check_new.cc (test for excess errors)
FAIL: ext/debug_allocator/check_delete.cc (test for excess errors)
FAIL: ext/debug_allocator/check_new.cc (test for excess errors)
FAIL: ext/malloc_allocator/check_delete.cc (test for excess errors)
FAIL: ext/malloc_allocator/check_new.cc (test for excess errors)
FAIL: ext/malloc_allocator/deallocate_global.cc (test for excess errors)
FAIL: ext/malloc_allocator/deallocate_local.cc (test for excess errors)
FAIL: ext/mt_allocator/check_delete.cc (test for excess errors)
FAIL: ext/mt_allocator/check_new.cc (test for excess errors)
FAIL: ext/mt_allocator/deallocate_global-2.cc (test for excess errors)
FAIL: ext/mt_allocator/deallocate_global-4.cc (test for excess errors)
FAIL: ext/mt_allocator/deallocate_global_thread-1.cc (test for excess errors)
FAIL: ext/mt_allocator/deallocate_global_thread-3.cc (test for excess errors)
FAIL: ext/mt_allocator/deallocate_local-2.cc (test for excess errors)
FAIL: ext/mt_allocator/deallocate_local-4.cc (test for excess errors)
FAIL: ext/mt_allocator/deallocate_local-6.cc (test for excess errors)
FAIL: ext/mt_allocator/deallocate_local-8.cc (test for excess errors)
FAIL: ext/mt_allocator/deallocate_local_thread-1.cc (test for excess errors)
FAIL: ext/mt_allocator/deallocate_local_thread-3.cc (test for excess errors)
FAIL: ext/mt_allocator/deallocate_local_thread-5.cc (test for excess errors)
FAIL: ext/mt_allocator/deallocate_local_thread-7.cc (test for excess errors)
FAIL: ext/new_allocator/check_delete.cc (test for excess errors)
FAIL: ext/new_allocator/check_new.cc (test for excess errors)
FAIL: ext/new_allocator/deallocate_global.cc (test for excess errors)
FAIL: ext/new_allocator/deallocate_local.cc (test for excess errors)
FAIL: ext/pool_allocator/check_delete.cc (test for excess errors)
FAIL: ext/pool_allocator/check_new.cc (test for excess errors)
FAIL: ext/throw_allocator/check_delete.cc (test for excess errors)
FAIL: ext/throw_allocator/check_new.cc (test for excess errors)
FAIL: ext/throw_allocator/deallocate_global.cc (test for excess errors)
FAIL: ext/throw_allocator/deallocate_local.cc (test for excess errors)

		=== libstdc++ Summary for unix ===

# of expected passes		6806
# of unexpected failures	34
# of expected failures		93
# of unsupported tests		355

Running target unix/-marm
FAIL: ext/array_allocator/check_delete.cc (test for excess errors)
FAIL: ext/array_allocator/check_new.cc (test for excess errors)
FAIL: ext/bitmap_allocator/check_delete.cc (test for excess errors)
FAIL: ext/bitmap_allocator/check_new.cc (test for excess errors)
FAIL: ext/debug_allocator/check_delete.cc (test for excess errors)
FAIL: ext/debug_allocator/check_new.cc (test for excess errors)
FAIL: ext/malloc_allocator/check_delete.cc (test for excess errors)
FAIL: ext/malloc_allocator/check_new.cc (test for excess errors)
FAIL: ext/malloc_allocator/deallocate_global.cc (test for excess errors)
FAIL: ext/malloc_allocator/deallocate_local.cc (test for excess errors)
FAIL: ext/mt_allocator/check_delete.cc (test for excess errors)
FAIL: ext/mt_allocator/check_new.cc (test for excess errors)
FAIL: ext/mt_allocator/deallocate_global-2.cc (test for excess errors)
FAIL: ext/mt_allocator/deallocate_global-4.cc (test for excess errors)
FAIL: ext/mt_allocator/deallocate_global_thread-1.cc (test for excess errors)
FAIL: ext/mt_allocator/deallocate_global_thread-3.cc (test for excess errors)
FAIL: ext/mt_allocator/deallocate_local-2.cc (test for excess errors)
FAIL: ext/mt_allocator/deallocate_local-4.cc (test for excess errors)
FAIL: ext/mt_allocator/deallocate_local-6.cc (test for excess errors)
FAIL: ext/mt_allocator/deallocate_local-8.cc (test for excess errors)
FAIL: ext/mt_allocator/deallocate_local_thread-1.cc (test for excess errors)
FAIL: ext/mt_allocator/deallocate_local_thread-3.cc (test for excess errors)
FAIL: ext/mt_allocator/deallocate_local_thread-5.cc (test for excess errors)
FAIL: ext/mt_allocator/deallocate_local_thread-7.cc (test for excess errors)
FAIL: ext/new_allocator/check_delete.cc (test for excess errors)
FAIL: ext/new_allocator/check_new.cc (test for excess errors)
FAIL: ext/new_allocator/deallocate_global.cc (test for excess errors)
FAIL: ext/new_allocator/deallocate_local.cc (test for excess errors)
FAIL: ext/pool_allocator/check_delete.cc (test for excess errors)
FAIL: ext/pool_allocator/check_new.cc (test for excess errors)
FAIL: ext/throw_allocator/check_delete.cc (test for excess errors)
FAIL: ext/throw_allocator/check_new.cc (test for excess errors)
FAIL: ext/throw_allocator/deallocate_global.cc (test for excess errors)
FAIL: ext/throw_allocator/deallocate_local.cc (test for excess errors)

		=== libstdc++ Summary for unix/-marm ===

# of expected passes		6806
# of unexpected failures	34
# of expected failures		93
# of unsupported tests		355

		=== libstdc++ Summary ===

# of expected passes		13612
# of unexpected failures	68
# of expected failures		186
# of unsupported tests		710
Target: arm-linux-gnueabi
gcc version 4.5.0 20100402 (experimental) [trunk revision 157942] (Ubuntu 4.5-20100402-0ubuntu1) 

		=== g++ tests ===


Running target unix
FAIL: g++.dg/abi/local1.C execution test
FAIL: g++.dg/abi/packed1.C (test for excess errors)
FAIL: g++.dg/opt/pr30965.C scan-tree-dump-times optimized "variable_..D. = v_..D." 2
XPASS: g++.dg/other/packed1.C execution test
FAIL: g++.dg/template/cond5.C (internal compiler error)
FAIL: g++.dg/template/cond5.C (test for excess errors)
FAIL: g++.dg/tree-ssa/new1.C scan-tree-dump-not forwprop1 "= .* \\+ -"
FAIL: 23:is 1:should be 2
FAIL: g++.dg/gcov/gcov-2.C gcov: 1 failures in line counts, 0 in branch percentages, 0 in return percentages
UNRESOLVED: attribute_plugin.c compilation, -I. -I/home/doko/gcc/4.5/gcc-4.5-4.5-20100402/src/gcc/testsuite -I/home/doko/gcc/4.5/gcc-4.5-4.5-20100402/src/gcc/testsuite/../../gcc -I/home/doko/gcc/4.5/gcc-4.5-4.5-20100402/build/gcc/testsuite/g++/../../../gcc  -I/home/doko/gcc/4.5/gcc-4.5-4.5-20100402/src/gcc/testsuite/../../include -I/home/doko/gcc/4.5/gcc-4.5-4.5-20100402/src/gcc/testsuite/../../libcpp/include    -DIN_GCC -fPIC -shared
UNRESOLVED: pragma_plugin.c compilation, -I. -I/home/doko/gcc/4.5/gcc-4.5-4.5-20100402/src/gcc/testsuite -I/home/doko/gcc/4.5/gcc-4.5-4.5-20100402/src/gcc/testsuite/../../gcc -I/home/doko/gcc/4.5/gcc-4.5-4.5-20100402/build/gcc/testsuite/g++/../../../gcc  -I/home/doko/gcc/4.5/gcc-4.5-4.5-20100402/src/gcc/testsuite/../../include -I/home/doko/gcc/4.5/gcc-4.5-4.5-20100402/src/gcc/testsuite/../../libcpp/include    -DIN_GCC -fPIC -shared
UNRESOLVED: selfassign.c compilation, -I. -I/home/doko/gcc/4.5/gcc-4.5-4.5-20100402/src/gcc/testsuite -I/home/doko/gcc/4.5/gcc-4.5-4.5-20100402/src/gcc/testsuite/../../gcc -I/home/doko/gcc/4.5/gcc-4.5-4.5-20100402/build/gcc/testsuite/g++/../../../gcc  -I/home/doko/gcc/4.5/gcc-4.5-4.5-20100402/src/gcc/testsuite/../../include -I/home/doko/gcc/4.5/gcc-4.5-4.5-20100402/src/gcc/testsuite/../../libcpp/include   -O -DIN_GCC -fPIC -shared
UNRESOLVED: dumb_plugin.c compilation, -I. -I/home/doko/gcc/4.5/gcc-4.5-4.5-20100402/src/gcc/testsuite -I/home/doko/gcc/4.5/gcc-4.5-4.5-20100402/src/gcc/testsuite/../../gcc -I/home/doko/gcc/4.5/gcc-4.5-4.5-20100402/build/gcc/testsuite/g++/../../../gcc  -I/home/doko/gcc/4.5/gcc-4.5-4.5-20100402/src/gcc/testsuite/../../include -I/home/doko/gcc/4.5/gcc-4.5-4.5-20100402/src/gcc/testsuite/../../libcpp/include    -DIN_GCC -fPIC -shared
UNRESOLVED: header_plugin.c compilation, -I. -I/home/doko/gcc/4.5/gcc-4.5-4.5-20100402/src/gcc/testsuite -I/home/doko/gcc/4.5/gcc-4.5-4.5-20100402/src/gcc/testsuite/../../gcc -I/home/doko/gcc/4.5/gcc-4.5-4.5-20100402/build/gcc/testsuite/g++/../../../gcc  -I/home/doko/gcc/4.5/gcc-4.5-4.5-20100402/src/gcc/testsuite/../../include -I/home/doko/gcc/4.5/gcc-4.5-4.5-20100402/src/gcc/testsuite/../../libcpp/include    -DIN_GCC -fPIC -shared

		=== g++ Summary for unix ===

# of expected passes		22034
# of unexpected failures	8
# of unexpected successes	1
# of expected failures		151
# of unresolved testcases	5
# of unsupported tests		172

Running target unix/-marm
FAIL: g++.dg/abi/local1.C execution test
FAIL: g++.dg/abi/packed1.C (test for excess errors)
FAIL: g++.dg/opt/pr30965.C scan-tree-dump-times optimized "variable_..D. = v_..D." 2
XPASS: g++.dg/other/packed1.C execution test
FAIL: g++.dg/template/cond5.C (internal compiler error)
FAIL: g++.dg/template/cond5.C (test for excess errors)
FAIL: g++.dg/tree-ssa/new1.C scan-tree-dump-not forwprop1 "= .* \\+ -"
FAIL: 23:is 1:should be 2
FAIL: g++.dg/gcov/gcov-2.C gcov: 1 failures in line counts, 0 in branch percentages, 0 in return percentages
UNRESOLVED: attribute_plugin.c compilation, -I. -I/home/doko/gcc/4.5/gcc-4.5-4.5-20100402/src/gcc/testsuite -I/home/doko/gcc/4.5/gcc-4.5-4.5-20100402/src/gcc/testsuite/../../gcc -I/home/doko/gcc/4.5/gcc-4.5-4.5-20100402/build/gcc/testsuite/g++/../../../gcc  -I/home/doko/gcc/4.5/gcc-4.5-4.5-20100402/src/gcc/testsuite/../../include -I/home/doko/gcc/4.5/gcc-4.5-4.5-20100402/src/gcc/testsuite/../../libcpp/include    -DIN_GCC -fPIC -shared
UNRESOLVED: pragma_plugin.c compilation, -I. -I/home/doko/gcc/4.5/gcc-4.5-4.5-20100402/src/gcc/testsuite -I/home/doko/gcc/4.5/gcc-4.5-4.5-20100402/src/gcc/testsuite/../../gcc -I/home/doko/gcc/4.5/gcc-4.5-4.5-20100402/build/gcc/testsuite/g++/../../../gcc  -I/home/doko/gcc/4.5/gcc-4.5-4.5-20100402/src/gcc/testsuite/../../include -I/home/doko/gcc/4.5/gcc-4.5-4.5-20100402/src/gcc/testsuite/../../libcpp/include    -DIN_GCC -fPIC -shared
UNRESOLVED: selfassign.c compilation, -I. -I/home/doko/gcc/4.5/gcc-4.5-4.5-20100402/src/gcc/testsuite -I/home/doko/gcc/4.5/gcc-4.5-4.5-20100402/src/gcc/testsuite/../../gcc -I/home/doko/gcc/4.5/gcc-4.5-4.5-20100402/build/gcc/testsuite/g++/../../../gcc  -I/home/doko/gcc/4.5/gcc-4.5-4.5-20100402/src/gcc/testsuite/../../include -I/home/doko/gcc/4.5/gcc-4.5-4.5-20100402/src/gcc/testsuite/../../libcpp/include   -O -DIN_GCC -fPIC -shared
UNRESOLVED: dumb_plugin.c compilation, -I. -I/home/doko/gcc/4.5/gcc-4.5-4.5-20100402/src/gcc/testsuite -I/home/doko/gcc/4.5/gcc-4.5-4.5-20100402/src/gcc/testsuite/../../gcc -I/home/doko/gcc/4.5/gcc-4.5-4.5-20100402/build/gcc/testsuite/g++/../../../gcc  -I/home/doko/gcc/4.5/gcc-4.5-4.5-20100402/src/gcc/testsuite/../../include -I/home/doko/gcc/4.5/gcc-4.5-4.5-20100402/src/gcc/testsuite/../../libcpp/include    -DIN_GCC -fPIC -shared
UNRESOLVED: header_plugin.c compilation, -I. -I/home/doko/gcc/4.5/gcc-4.5-4.5-20100402/src/gcc/testsuite -I/home/doko/gcc/4.5/gcc-4.5-4.5-20100402/src/gcc/testsuite/../../gcc -I/home/doko/gcc/4.5/gcc-4.5-4.5-20100402/build/gcc/testsuite/g++/../../../gcc  -I/home/doko/gcc/4.5/gcc-4.5-4.5-20100402/src/gcc/testsuite/../../include -I/home/doko/gcc/4.5/gcc-4.5-4.5-20100402/src/gcc/testsuite/../../libcpp/include    -DIN_GCC -fPIC -shared

		=== g++ Summary for unix/-marm ===

# of expected passes		22034
# of unexpected failures	8
# of unexpected successes	1
# of expected failures		151
# of unresolved testcases	5
# of unsupported tests		172

		=== g++ Summary ===

# of expected passes		44068
# of unexpected failures	16
# of unexpected successes	2
# of expected failures		302
# of unresolved testcases	10
# of unsupported tests		344
/home/doko/gcc/4.5/gcc-4.5-4.5-20100402/build/gcc/testsuite/g++/../../g++  version 4.5.0 20100402 (experimental) [trunk revision 157942] (Ubuntu 4.5-20100402-0ubuntu1) 

		=== gcc tests ===


Running target unix
WARNING: program timed out.
FAIL: gcc.c-torture/compile/limits-fnargs.c  -O2  (test for excess errors)
WARNING: program timed out.
FAIL: gcc.c-torture/compile/limits-fnargs.c  -O3 -fomit-frame-pointer  (test for excess errors)
WARNING: program timed out.
FAIL: gcc.c-torture/compile/limits-fnargs.c  -O3 -g  (test for excess errors)
WARNING: program timed out.
FAIL: gcc.c-torture/compile/limits-fnargs.c  -O2 -flto  (test for excess errors)
WARNING: program timed out.
FAIL: gcc.c-torture/compile/limits-fnargs.c  -O2 -fwhopr  (test for excess errors)
FAIL: gcc.c-torture/execute/builtins/abs-1.c execution,  -O2 -fwhopr 
FAIL: gcc.dg/c99-stdint-1.c (test for excess errors)
FAIL: gcc.dg/c99-stdint-7.c (test for excess errors)
FAIL: gcc.dg/pr34668-1.c (internal compiler error)
FAIL: gcc.dg/pr34668-1.c (test for excess errors)
WARNING: program timed out.
FAIL: gcc.dg/pr43058.c (test for excess errors)
FAIL: gcc.dg/sibcall-3.c execution test
FAIL: gcc.dg/sibcall-4.c execution test
FAIL: gcc.dg/uninit-13.c unconditional (test for warnings, line 8)
FAIL: gcc.dg/uninit-13.c (test for excess errors)
FAIL: gcc.dg/graphite/pr43012.c execution test
XPASS: gcc.dg/guality/example.c  -O0  execution test
XPASS: gcc.dg/guality/example.c  -Os  execution test
XPASS: gcc.dg/guality/guality.c  -O0  execution test
XPASS: gcc.dg/guality/guality.c  -O1  execution test
XPASS: gcc.dg/guality/guality.c  -O2  execution test
XPASS: gcc.dg/guality/guality.c  -O3 -fomit-frame-pointer  execution test
XPASS: gcc.dg/guality/guality.c  -O3 -g  execution test
XPASS: gcc.dg/guality/guality.c  -Os  execution test
XPASS: gcc.dg/guality/guality.c  -O2 -flto  execution test
XPASS: gcc.dg/guality/guality.c  -O2 -fwhopr  execution test
FAIL: gcc.dg/guality/pr36728-1.c  -O1  line 12 arg2 == 2
FAIL: gcc.dg/guality/pr36728-1.c  -O1  line 12 arg3 == 3
FAIL: gcc.dg/guality/pr36728-1.c  -O1  line 12 arg4 == 4
FAIL: gcc.dg/guality/pr36728-1.c  -O1  line 14 arg2 == 2
FAIL: gcc.dg/guality/pr36728-1.c  -O1  line 14 arg3 == 3
FAIL: gcc.dg/guality/pr36728-1.c  -O1  line 14 arg4 == 4
FAIL: gcc.dg/guality/pr36728-1.c  -O2  line 12 arg2 == 2
FAIL: gcc.dg/guality/pr36728-1.c  -O2  line 12 arg3 == 3
FAIL: gcc.dg/guality/pr36728-1.c  -O2  line 12 arg4 == 4
FAIL: gcc.dg/guality/pr36728-1.c  -O2  line 14 arg2 == 2
FAIL: gcc.dg/guality/pr36728-1.c  -O2  line 14 arg3 == 3
FAIL: gcc.dg/guality/pr36728-1.c  -O2  line 14 arg4 == 4
FAIL: gcc.dg/guality/pr36728-1.c  -O3 -fomit-frame-pointer  line 12 arg2 == 2
FAIL: gcc.dg/guality/pr36728-1.c  -O3 -fomit-frame-pointer  line 12 arg3 == 3
FAIL: gcc.dg/guality/pr36728-1.c  -O3 -fomit-frame-pointer  line 12 arg4 == 4
FAIL: gcc.dg/guality/pr36728-1.c  -O3 -fomit-frame-pointer  line 14 arg2 == 2
FAIL: gcc.dg/guality/pr36728-1.c  -O3 -fomit-frame-pointer  line 14 arg3 == 3
FAIL: gcc.dg/guality/pr36728-1.c  -O3 -fomit-frame-pointer  line 14 arg4 == 4
FAIL: gcc.dg/guality/pr36728-1.c  -O3 -g  line 12 arg2 == 2
FAIL: gcc.dg/guality/pr36728-1.c  -O3 -g  line 12 arg3 == 3
FAIL: gcc.dg/guality/pr36728-1.c  -O3 -g  line 12 arg4 == 4
FAIL: gcc.dg/guality/pr36728-1.c  -O3 -g  line 14 arg2 == 2
FAIL: gcc.dg/guality/pr36728-1.c  -O3 -g  line 14 arg3 == 3
FAIL: gcc.dg/guality/pr36728-1.c  -O3 -g  line 14 arg4 == 4
FAIL: gcc.dg/guality/pr36728-1.c  -Os  line 12 arg2 == 2
FAIL: gcc.dg/guality/pr36728-1.c  -Os  line 12 arg3 == 3
FAIL: gcc.dg/guality/pr36728-1.c  -Os  line 12 arg4 == 4
FAIL: gcc.dg/guality/pr36728-1.c  -Os  line 14 arg2 == 2
FAIL: gcc.dg/guality/pr36728-1.c  -Os  line 14 arg3 == 3
FAIL: gcc.dg/guality/pr36728-1.c  -Os  line 14 arg4 == 4
FAIL: gcc.dg/guality/pr36728-1.c  -O2 -flto  line 12 arg3 == 3
FAIL: gcc.dg/guality/pr36728-1.c  -O2 -flto  line 12 arg4 == 4
FAIL: gcc.dg/guality/pr36728-1.c  -O2 -flto  line 14 arg3 == 3
FAIL: gcc.dg/guality/pr36728-1.c  -O2 -flto  line 14 arg4 == 4
FAIL: gcc.dg/guality/pr36728-1.c  -O2 -fwhopr  line 12 arg3 == 3
FAIL: gcc.dg/guality/pr36728-1.c  -O2 -fwhopr  line 12 arg4 == 4
FAIL: gcc.dg/guality/pr36728-1.c  -O2 -fwhopr  line 14 arg3 == 3
FAIL: gcc.dg/guality/pr36728-1.c  -O2 -fwhopr  line 14 arg4 == 4
FAIL: gcc.dg/guality/pr36728-2.c  -O1  line 12 arg3 == 3
FAIL: gcc.dg/guality/pr36728-2.c  -O1  line 12 arg4 == 4
FAIL: gcc.dg/guality/pr36728-2.c  -O1  line 14 arg3 == 3
FAIL: gcc.dg/guality/pr36728-2.c  -O1  line 14 arg4 == 4
FAIL: gcc.dg/guality/pr36728-2.c  -O2  line 12 arg3 == 3
FAIL: gcc.dg/guality/pr36728-2.c  -O2  line 12 arg4 == 4
FAIL: gcc.dg/guality/pr36728-2.c  -O2  line 14 arg3 == 3
FAIL: gcc.dg/guality/pr36728-2.c  -O2  line 14 arg4 == 4
FAIL: gcc.dg/guality/pr36728-2.c  -O3 -fomit-frame-pointer  line 12 arg3 == 3
FAIL: gcc.dg/guality/pr36728-2.c  -O3 -fomit-frame-pointer  line 12 arg4 == 4
FAIL: gcc.dg/guality/pr36728-2.c  -O3 -fomit-frame-pointer  line 14 arg3 == 3
FAIL: gcc.dg/guality/pr36728-2.c  -O3 -fomit-frame-pointer  line 14 arg4 == 4
FAIL: gcc.dg/guality/pr36728-2.c  -O3 -g  line 12 arg3 == 3
FAIL: gcc.dg/guality/pr36728-2.c  -O3 -g  line 12 arg4 == 4
FAIL: gcc.dg/guality/pr36728-2.c  -O3 -g  line 14 arg3 == 3
FAIL: gcc.dg/guality/pr36728-2.c  -O3 -g  line 14 arg4 == 4
FAIL: gcc.dg/guality/pr36728-2.c  -Os  line 12 arg3 == 3
FAIL: gcc.dg/guality/pr36728-2.c  -Os  line 12 arg4 == 4
FAIL: gcc.dg/guality/pr36728-2.c  -Os  line 14 arg3 == 3
FAIL: gcc.dg/guality/pr36728-2.c  -Os  line 14 arg4 == 4
FAIL: gcc.dg/guality/pr36728-2.c  -O2 -flto  line 12 arg4 == 4
FAIL: gcc.dg/guality/pr36728-2.c  -O2 -flto  line 14 arg4 == 4
FAIL: gcc.dg/guality/pr36728-2.c  -O2 -fwhopr  line 12 arg4 == 4
FAIL: gcc.dg/guality/pr36728-2.c  -O2 -fwhopr  line 14 arg4 == 4
XPASS: gcc.dg/guality/pr41353-1.c  -O0  line 28 j == 28 + 37
FAIL: gcc.dg/guality/pr41353-1.c  -O1  line 28 i == 37
XPASS: gcc.dg/guality/pr41353-1.c  -O1  line 28 j == 28 + 37
FAIL: gcc.dg/guality/pr41353-1.c  -O1  line 28 i1 == 2 * 37
FAIL: gcc.dg/guality/pr41353-1.c  -O1  line 28 i2 == 3 * 37
FAIL: gcc.dg/guality/pr41353-1.c  -O2  line 28 i == 37
XPASS: gcc.dg/guality/pr41353-1.c  -O2  line 28 j == 28 + 37
FAIL: gcc.dg/guality/pr41353-1.c  -O2  line 28 i1 == 2 * 37
FAIL: gcc.dg/guality/pr41353-1.c  -O2  line 28 i2 == 3 * 37
FAIL: gcc.dg/guality/pr41353-1.c  -O3 -fomit-frame-pointer  line 28 i == 37
XPASS: gcc.dg/guality/pr41353-1.c  -O3 -fomit-frame-pointer  line 28 j == 28 + 37
FAIL: gcc.dg/guality/pr41353-1.c  -O3 -fomit-frame-pointer  line 28 i1 == 2 * 37
FAIL: gcc.dg/guality/pr41353-1.c  -O3 -fomit-frame-pointer  line 28 i2 == 3 * 37
FAIL: gcc.dg/guality/pr41353-1.c  -O3 -g  line 28 i == 37
XPASS: gcc.dg/guality/pr41353-1.c  -O3 -g  line 28 j == 28 + 37
FAIL: gcc.dg/guality/pr41353-1.c  -O3 -g  line 28 i1 == 2 * 37
FAIL: gcc.dg/guality/pr41353-1.c  -O3 -g  line 28 i2 == 3 * 37
FAIL: gcc.dg/guality/pr41353-1.c  -Os  line 28 i == 37
XPASS: gcc.dg/guality/pr41353-1.c  -Os  line 28 j == 28 + 37
FAIL: gcc.dg/guality/pr41353-1.c  -Os  line 28 i1 == 2 * 37
FAIL: gcc.dg/guality/pr41353-1.c  -Os  line 28 i2 == 3 * 37
FAIL: gcc.dg/guality/pr41353-1.c  -O2 -flto  line 28 i == 37
FAIL: gcc.dg/guality/pr41353-1.c  -O2 -flto  line 28 i1 == 2 * 37
FAIL: gcc.dg/guality/pr41353-1.c  -O2 -flto  line 28 i2 == 3 * 37
FAIL: gcc.dg/guality/pr41353-1.c  -O2 -fwhopr  line 28 i == 37
FAIL: gcc.dg/guality/pr41353-1.c  -O2 -fwhopr  line 28 i1 == 2 * 37
FAIL: gcc.dg/guality/pr41353-1.c  -O2 -fwhopr  line 28 i2 == 3 * 37
XPASS: gcc.dg/guality/pr41447-1.c  -O0  execution test
XPASS: gcc.dg/guality/pr41447-1.c  -O1  execution test
XPASS: gcc.dg/guality/pr41447-1.c  -O2  execution test
XPASS: gcc.dg/guality/pr41447-1.c  -O3 -fomit-frame-pointer  execution test
XPASS: gcc.dg/guality/pr41447-1.c  -O3 -g  execution test
XPASS: gcc.dg/guality/pr41447-1.c  -Os  execution test
XPASS: gcc.dg/guality/pr41447-1.c  -O2 -flto  execution test
XPASS: gcc.dg/guality/pr41447-1.c  -O2 -fwhopr  execution test
XPASS: gcc.dg/guality/pr41616-1.c  -O0  execution test
XPASS: gcc.dg/guality/pr41616-1.c  -O1  execution test
XPASS: gcc.dg/guality/pr41616-1.c  -O2  execution test
XPASS: gcc.dg/guality/pr41616-1.c  -Os  execution test
XPASS: gcc.dg/guality/pr41616-1.c  -O2 -flto  execution test
XPASS: gcc.dg/guality/pr41616-1.c  -O2 -fwhopr  execution test
FAIL: gcc.dg/guality/pr43051-1.c  -O1  line 39 c == &a[0]
FAIL: gcc.dg/guality/vla-1.c  -O0  line 17 sizeof (a) == 6
FAIL: gcc.dg/guality/vla-1.c  -O0  line 24 sizeof (a) == 17 * sizeof (short)
FAIL: gcc.dg/guality/vla-1.c  -O1  line 17 i == 5
FAIL: gcc.dg/guality/vla-1.c  -O1  line 17 sizeof (a) == 6
FAIL: gcc.dg/guality/vla-1.c  -O1  line 24 sizeof (a) == 17 * sizeof (short)
FAIL: gcc.dg/guality/vla-1.c  -O2  line 17 sizeof (a) == 6
FAIL: gcc.dg/guality/vla-1.c  -O2  line 24 sizeof (a) == 17 * sizeof (short)
FAIL: gcc.dg/guality/vla-1.c  -O3 -fomit-frame-pointer  line 17 sizeof (a) == 6
FAIL: gcc.dg/guality/vla-1.c  -O3 -fomit-frame-pointer  line 24 sizeof (a) == 17 * sizeof (short)
FAIL: gcc.dg/guality/vla-1.c  -O3 -g  line 17 sizeof (a) == 6
FAIL: gcc.dg/guality/vla-1.c  -O3 -g  line 24 sizeof (a) == 17 * sizeof (short)
FAIL: gcc.dg/guality/vla-1.c  -Os  line 17 i == 5
FAIL: gcc.dg/guality/vla-1.c  -Os  line 17 sizeof (a) == 6
FAIL: gcc.dg/guality/vla-1.c  -Os  line 24 sizeof (a) == 17 * sizeof (short)
FAIL: gcc.dg/guality/vla-1.c  -O2 -flto  line 17 sizeof (a) == 6
FAIL: gcc.dg/guality/vla-1.c  -O2 -flto  line 24 sizeof (a) == 17 * sizeof (short)
FAIL: gcc.dg/guality/vla-1.c  -O2 -fwhopr  line 17 sizeof (a) == 6
FAIL: gcc.dg/guality/vla-1.c  -O2 -fwhopr  line 24 sizeof (a) == 17 * sizeof (short)
FAIL: gcc.dg/ipa/ipa-sra-1.c (test for excess errors)
FAIL: gcc.dg/lto/20081112 c_lto_20081112_0.o-c_lto_20081112_1.o execute -O2 -fwhopr
UNRESOLVED: selfassign.c compilation, -I. -I/home/doko/gcc/4.5/gcc-4.5-4.5-20100402/src/gcc/testsuite -I/home/doko/gcc/4.5/gcc-4.5-4.5-20100402/src/gcc/testsuite/../../gcc -I/home/doko/gcc/4.5/gcc-4.5-4.5-20100402/build/gcc/testsuite/gcc/../../../gcc  -I/home/doko/gcc/4.5/gcc-4.5-4.5-20100402/src/gcc/testsuite/../../include -I/home/doko/gcc/4.5/gcc-4.5-4.5-20100402/src/gcc/testsuite/../../libcpp/include   -O -DIN_GCC -fPIC -shared
UNRESOLVED: ggcplug.c compilation, -I. -I/home/doko/gcc/4.5/gcc-4.5-4.5-20100402/src/gcc/testsuite -I/home/doko/gcc/4.5/gcc-4.5-4.5-20100402/src/gcc/testsuite/../../gcc -I/home/doko/gcc/4.5/gcc-4.5-4.5-20100402/build/gcc/testsuite/gcc/../../../gcc  -I/home/doko/gcc/4.5/gcc-4.5-4.5-20100402/src/gcc/testsuite/../../include -I/home/doko/gcc/4.5/gcc-4.5-4.5-20100402/src/gcc/testsuite/../../libcpp/include   -O -DIN_GCC -fPIC -shared
UNRESOLVED: one_time_plugin.c compilation, -I. -I/home/doko/gcc/4.5/gcc-4.5-4.5-20100402/src/gcc/testsuite -I/home/doko/gcc/4.5/gcc-4.5-4.5-20100402/src/gcc/testsuite/../../gcc -I/home/doko/gcc/4.5/gcc-4.5-4.5-20100402/build/gcc/testsuite/gcc/../../../gcc  -I/home/doko/gcc/4.5/gcc-4.5-4.5-20100402/src/gcc/testsuite/../../include -I/home/doko/gcc/4.5/gcc-4.5-4.5-20100402/src/gcc/testsuite/../../libcpp/include    -DIN_GCC -fPIC -shared
UNRESOLVED: start_unit_plugin.c compilation, -I. -I/home/doko/gcc/4.5/gcc-4.5-4.5-20100402/src/gcc/testsuite -I/home/doko/gcc/4.5/gcc-4.5-4.5-20100402/src/gcc/testsuite/../../gcc -I/home/doko/gcc/4.5/gcc-4.5-4.5-20100402/build/gcc/testsuite/gcc/../../../gcc  -I/home/doko/gcc/4.5/gcc-4.5-4.5-20100402/src/gcc/testsuite/../../include -I/home/doko/gcc/4.5/gcc-4.5-4.5-20100402/src/gcc/testsuite/../../libcpp/include    -DIN_GCC -fPIC -shared
UNRESOLVED: finish_unit_plugin.c compilation, -I. -I/home/doko/gcc/4.5/gcc-4.5-4.5-20100402/src/gcc/testsuite -I/home/doko/gcc/4.5/gcc-4.5-4.5-20100402/src/gcc/testsuite/../../gcc -I/home/doko/gcc/4.5/gcc-4.5-4.5-20100402/build/gcc/testsuite/gcc/../../../gcc  -I/home/doko/gcc/4.5/gcc-4.5-4.5-20100402/src/gcc/testsuite/../../include -I/home/doko/gcc/4.5/gcc-4.5-4.5-20100402/src/gcc/testsuite/../../libcpp/include    -DIN_GCC -fPIC -shared
FAIL: gcc.dg/tree-ssa/pr42585.c scan-tree-dump-times optimized "struct _fat_ptr _ans" 0
FAIL: gcc.dg/tree-ssa/pr42585.c scan-tree-dump-times optimized "struct _fat_ptr _T2" 0
FAIL: gcc.dg/vect/pr43430-1.c scan-tree-dump-times vect "vectorized 1 loops" 1
FAIL: gcc.dg/vect/vect-35.c scan-tree-dump-times vect "vectorized 2 loops" 1
FAIL: gcc.target/arm/g2.c scan-assembler mla[ \\t].*
ERROR: gcc.target/arm/neon-modes-1.c: Unrecognized option type: arm_neon for " dg-add-options 4 arm_neon "
UNRESOLVED: gcc.target/arm/neon-modes-1.c: Unrecognized option type: arm_neon for " dg-add-options 4 arm_neon "
FAIL: gcc.target/arm/scd42-2.c scan-assembler mov[ \\t].*272
FAIL: gcc.target/arm/sibcall-1.c scan-assembler \\tb\\tfunc2(\\\\(PLT\\\\))?\\n

		=== gcc Summary for unix ===

# of expected passes		69666
# of unexpected failures	127
# of unexpected successes	30
# of expected failures		243
# of unresolved testcases	6
# of unsupported tests		735

Running target unix/-marm
FAIL: gcc.c-torture/compile/limits-fnargs.c  -O2  (test for excess errors)
FAIL: gcc.c-torture/compile/limits-fnargs.c  -O3 -fomit-frame-pointer  (test for excess errors)
FAIL: gcc.c-torture/compile/limits-fnargs.c  -O3 -g  (test for excess errors)
FAIL: gcc.c-torture/compile/limits-fnargs.c  -O2 -flto  (test for excess errors)
FAIL: gcc.c-torture/compile/limits-fnargs.c  -O2 -fwhopr  (test for excess errors)
FAIL: gcc.c-torture/execute/builtins/abs-1.c execution,  -O2 -fwhopr 
FAIL: gcc.dg/c99-stdint-1.c (test for excess errors)
FAIL: gcc.dg/c99-stdint-7.c (test for excess errors)
FAIL: gcc.dg/pr34668-1.c (internal compiler error)
FAIL: gcc.dg/pr34668-1.c (test for excess errors)
WARNING: program timed out.
FAIL: gcc.dg/pr43058.c (test for excess errors)
FAIL: gcc.dg/uninit-13.c unconditional (test for warnings, line 8)
FAIL: gcc.dg/uninit-13.c (test for excess errors)
FAIL: gcc.dg/graphite/pr43012.c execution test
XPASS: gcc.dg/guality/example.c  -O0  execution test
XPASS: gcc.dg/guality/guality.c  -O0  execution test
FAIL: gcc.dg/guality/inline-params.c  -O1  execution test
FAIL: gcc.dg/guality/inline-params.c  -O2 -fwhopr  execution test
FAIL: gcc.dg/guality/pr36728-1.c  -O1  line 12 arg2 == 2
FAIL: gcc.dg/guality/pr36728-1.c  -O1  line 12 arg3 == 3
FAIL: gcc.dg/guality/pr36728-1.c  -O1  line 12 arg4 == 4
FAIL: gcc.dg/guality/pr36728-1.c  -O1  line 14 arg2 == 2
FAIL: gcc.dg/guality/pr36728-1.c  -O1  line 14 arg3 == 3
FAIL: gcc.dg/guality/pr36728-1.c  -O1  line 14 arg4 == 4
FAIL: gcc.dg/guality/pr36728-1.c  -O2  line 12 arg2 == 2
FAIL: gcc.dg/guality/pr36728-1.c  -O2  line 12 arg3 == 3
FAIL: gcc.dg/guality/pr36728-1.c  -O2  line 12 arg4 == 4
FAIL: gcc.dg/guality/pr36728-1.c  -O2  line 14 arg2 == 2
FAIL: gcc.dg/guality/pr36728-1.c  -O2  line 14 arg3 == 3
FAIL: gcc.dg/guality/pr36728-1.c  -O2  line 14 arg4 == 4
FAIL: gcc.dg/guality/pr36728-1.c  -O3 -fomit-frame-pointer  line 12 arg2 == 2
FAIL: gcc.dg/guality/pr36728-1.c  -O3 -fomit-frame-pointer  line 12 arg3 == 3
FAIL: gcc.dg/guality/pr36728-1.c  -O3 -fomit-frame-pointer  line 12 arg4 == 4
FAIL: gcc.dg/guality/pr36728-1.c  -O3 -fomit-frame-pointer  line 14 arg2 == 2
FAIL: gcc.dg/guality/pr36728-1.c  -O3 -fomit-frame-pointer  line 14 arg3 == 3
FAIL: gcc.dg/guality/pr36728-1.c  -O3 -fomit-frame-pointer  line 14 arg4 == 4
FAIL: gcc.dg/guality/pr36728-1.c  -O3 -g  line 12 arg2 == 2
FAIL: gcc.dg/guality/pr36728-1.c  -O3 -g  line 12 arg3 == 3
FAIL: gcc.dg/guality/pr36728-1.c  -O3 -g  line 12 arg4 == 4
FAIL: gcc.dg/guality/pr36728-1.c  -O3 -g  line 14 arg2 == 2
FAIL: gcc.dg/guality/pr36728-1.c  -O3 -g  line 14 arg3 == 3
FAIL: gcc.dg/guality/pr36728-1.c  -O3 -g  line 14 arg4 == 4
FAIL: gcc.dg/guality/pr36728-1.c  -Os  line 12 arg2 == 2
FAIL: gcc.dg/guality/pr36728-1.c  -Os  line 12 arg3 == 3
FAIL: gcc.dg/guality/pr36728-1.c  -Os  line 12 arg4 == 4
FAIL: gcc.dg/guality/pr36728-1.c  -Os  line 14 arg2 == 2
FAIL: gcc.dg/guality/pr36728-1.c  -Os  line 14 arg3 == 3
FAIL: gcc.dg/guality/pr36728-1.c  -Os  line 14 arg4 == 4
FAIL: gcc.dg/guality/pr36728-1.c  -O2 -flto  line 12 arg3 == 3
FAIL: gcc.dg/guality/pr36728-1.c  -O2 -flto  line 12 arg4 == 4
FAIL: gcc.dg/guality/pr36728-1.c  -O2 -flto  line 14 arg3 == 3
FAIL: gcc.dg/guality/pr36728-1.c  -O2 -flto  line 14 arg4 == 4
FAIL: gcc.dg/guality/pr36728-1.c  -O2 -fwhopr  line 12 arg3 == 3
FAIL: gcc.dg/guality/pr36728-1.c  -O2 -fwhopr  line 12 arg4 == 4
FAIL: gcc.dg/guality/pr36728-1.c  -O2 -fwhopr  line 14 arg3 == 3
FAIL: gcc.dg/guality/pr36728-1.c  -O2 -fwhopr  line 14 arg4 == 4
FAIL: gcc.dg/guality/pr36728-2.c  -O1  line 12 arg3 == 3
FAIL: gcc.dg/guality/pr36728-2.c  -O1  line 12 arg4 == 4
FAIL: gcc.dg/guality/pr36728-2.c  -O1  line 12 y == 2
FAIL: gcc.dg/guality/pr36728-2.c  -O1  line 14 arg3 == 3
FAIL: gcc.dg/guality/pr36728-2.c  -O1  line 14 arg4 == 4
FAIL: gcc.dg/guality/pr36728-2.c  -O1  line 14 y == 2
FAIL: gcc.dg/guality/pr36728-2.c  -O2  line 12 arg3 == 3
FAIL: gcc.dg/guality/pr36728-2.c  -O2  line 12 arg4 == 4
FAIL: gcc.dg/guality/pr36728-2.c  -O2  line 12 y == 2
FAIL: gcc.dg/guality/pr36728-2.c  -O2  line 14 arg3 == 3
FAIL: gcc.dg/guality/pr36728-2.c  -O2  line 14 arg4 == 4
FAIL: gcc.dg/guality/pr36728-2.c  -O2  line 14 y == 2
FAIL: gcc.dg/guality/pr36728-2.c  -O3 -fomit-frame-pointer  line 12 arg3 == 3
FAIL: gcc.dg/guality/pr36728-2.c  -O3 -fomit-frame-pointer  line 12 arg4 == 4
FAIL: gcc.dg/guality/pr36728-2.c  -O3 -fomit-frame-pointer  line 12 y == 2
FAIL: gcc.dg/guality/pr36728-2.c  -O3 -fomit-frame-pointer  line 14 arg3 == 3
FAIL: gcc.dg/guality/pr36728-2.c  -O3 -fomit-frame-pointer  line 14 arg4 == 4
FAIL: gcc.dg/guality/pr36728-2.c  -O3 -fomit-frame-pointer  line 14 y == 2
FAIL: gcc.dg/guality/pr36728-2.c  -O3 -g  line 12 arg3 == 3
FAIL: gcc.dg/guality/pr36728-2.c  -O3 -g  line 12 arg4 == 4
FAIL: gcc.dg/guality/pr36728-2.c  -O3 -g  line 12 y == 2
FAIL: gcc.dg/guality/pr36728-2.c  -O3 -g  line 14 arg3 == 3
FAIL: gcc.dg/guality/pr36728-2.c  -O3 -g  line 14 arg4 == 4
FAIL: gcc.dg/guality/pr36728-2.c  -O3 -g  line 14 y == 2
FAIL: gcc.dg/guality/pr36728-2.c  -Os  line 12 arg3 == 3
FAIL: gcc.dg/guality/pr36728-2.c  -Os  line 12 arg4 == 4
FAIL: gcc.dg/guality/pr36728-2.c  -Os  line 12 y == 2
FAIL: gcc.dg/guality/pr36728-2.c  -Os  line 14 arg3 == 3
FAIL: gcc.dg/guality/pr36728-2.c  -Os  line 14 arg4 == 4
FAIL: gcc.dg/guality/pr36728-2.c  -Os  line 14 y == 2
FAIL: gcc.dg/guality/pr36728-2.c  -O2 -flto  line 12 arg4 == 4
FAIL: gcc.dg/guality/pr36728-2.c  -O2 -flto  line 12 y == 2
FAIL: gcc.dg/guality/pr36728-2.c  -O2 -flto  line 14 arg4 == 4
FAIL: gcc.dg/guality/pr36728-2.c  -O2 -flto  line 14 y == 2
FAIL: gcc.dg/guality/pr36728-2.c  -O2 -fwhopr  line 12 arg4 == 4
FAIL: gcc.dg/guality/pr36728-2.c  -O2 -fwhopr  line 12 y == 2
FAIL: gcc.dg/guality/pr36728-2.c  -O2 -fwhopr  line 14 arg4 == 4
FAIL: gcc.dg/guality/pr36728-2.c  -O2 -fwhopr  line 14 y == 2
XPASS: gcc.dg/guality/pr41353-1.c  -O0  line 28 j == 28 + 37
XPASS: gcc.dg/guality/pr41353-1.c  -O1  line 28 j == 28 + 37
XPASS: gcc.dg/guality/pr41353-1.c  -O2  line 28 j == 28 + 37
XPASS: gcc.dg/guality/pr41353-1.c  -O3 -fomit-frame-pointer  line 28 j == 28 + 37
XPASS: gcc.dg/guality/pr41353-1.c  -O3 -g  line 28 j == 28 + 37
XPASS: gcc.dg/guality/pr41353-1.c  -Os  line 28 j == 28 + 37
FAIL: gcc.dg/guality/pr41353-1.c  -O2 -flto  line 28 i == 37
FAIL: gcc.dg/guality/pr41353-1.c  -O2 -flto  line 28 i1 == 2 * 37
FAIL: gcc.dg/guality/pr41353-1.c  -O2 -flto  line 28 i2 == 3 * 37
FAIL: gcc.dg/guality/pr41353-1.c  -O2 -fwhopr  line 28 i == 37
FAIL: gcc.dg/guality/pr41353-1.c  -O2 -fwhopr  line 28 i1 == 2 * 37
FAIL: gcc.dg/guality/pr41353-1.c  -O2 -fwhopr  line 28 i2 == 3 * 37
XPASS: gcc.dg/guality/pr41447-1.c  -O0  execution test
XPASS: gcc.dg/guality/pr41616-1.c  -O0  execution test
FAIL: gcc.dg/guality/pr43051-1.c  -O1  line 39 c == &a[0]
FAIL: gcc.dg/guality/pr43051-1.c  -O2  line 39 c == &a[0]
FAIL: gcc.dg/guality/pr43051-1.c  -O3 -fomit-frame-pointer  line 39 c == &a[0]
FAIL: gcc.dg/guality/pr43051-1.c  -O3 -g  line 39 c == &a[0]
FAIL: gcc.dg/guality/pr43051-1.c  -O2 -flto  line 39 c == &a[0]
FAIL: gcc.dg/guality/pr43051-1.c  -O2 -fwhopr  line 39 c == &a[0]
FAIL: gcc.dg/guality/pr43077-1.c  -O1  line 42 b == 2
FAIL: gcc.dg/guality/pr43077-1.c  -O1  line 42 c == 3
FAIL: gcc.dg/guality/pr43077-1.c  -O1  line 42 varb == 2
FAIL: gcc.dg/guality/pr43077-1.c  -O1  line 42 varc == 3
FAIL: gcc.dg/guality/pr43077-1.c  -O2  line 42 b == 2
FAIL: gcc.dg/guality/pr43077-1.c  -O2  line 42 c == 3
FAIL: gcc.dg/guality/pr43077-1.c  -O2  line 42 varb == 2
FAIL: gcc.dg/guality/pr43077-1.c  -O2  line 42 varc == 3
FAIL: gcc.dg/guality/pr43077-1.c  -O3 -fomit-frame-pointer  line 42 b == 2
FAIL: gcc.dg/guality/pr43077-1.c  -O3 -fomit-frame-pointer  line 42 c == 3
FAIL: gcc.dg/guality/pr43077-1.c  -O3 -fomit-frame-pointer  line 42 varb == 2
FAIL: gcc.dg/guality/pr43077-1.c  -O3 -fomit-frame-pointer  line 42 varc == 3
FAIL: gcc.dg/guality/pr43077-1.c  -O3 -g  line 42 b == 2
FAIL: gcc.dg/guality/pr43077-1.c  -O3 -g  line 42 c == 3
FAIL: gcc.dg/guality/pr43077-1.c  -O3 -g  line 42 varb == 2
FAIL: gcc.dg/guality/pr43077-1.c  -O3 -g  line 42 varc == 3
FAIL: gcc.dg/guality/pr43077-1.c  -Os  line 42 b == 2
FAIL: gcc.dg/guality/pr43077-1.c  -Os  line 42 c == 3
FAIL: gcc.dg/guality/pr43077-1.c  -Os  line 42 varb == 2
FAIL: gcc.dg/guality/pr43077-1.c  -Os  line 42 varc == 3
FAIL: gcc.dg/guality/pr43077-1.c  -O2 -flto  line 42 b == 2
FAIL: gcc.dg/guality/pr43077-1.c  -O2 -flto  line 42 c == 3
FAIL: gcc.dg/guality/pr43077-1.c  -O2 -flto  line 42 varb == 2
FAIL: gcc.dg/guality/pr43077-1.c  -O2 -flto  line 42 varc == 3
FAIL: gcc.dg/guality/pr43077-1.c  -O2 -fwhopr  line 42 b == 2
FAIL: gcc.dg/guality/pr43077-1.c  -O2 -fwhopr  line 42 c == 3
FAIL: gcc.dg/guality/pr43077-1.c  -O2 -fwhopr  line 42 varb == 2
FAIL: gcc.dg/guality/pr43077-1.c  -O2 -fwhopr  line 42 varc == 3
FAIL: gcc.dg/guality/pr43593.c  -O1  line 16 j == &i
FAIL: gcc.dg/guality/pr43593.c  -O2  line 16 j == &i
FAIL: gcc.dg/guality/pr43593.c  -O3 -fomit-frame-pointer  line 16 j == &i
FAIL: gcc.dg/guality/pr43593.c  -O3 -g  line 16 j == &i
FAIL: gcc.dg/guality/pr43593.c  -Os  line 16 j == &i
FAIL: gcc.dg/guality/pr43593.c  -O2 -flto  line 16 j == &i
FAIL: gcc.dg/guality/pr43593.c  -O2 -fwhopr  line 16 j == &i
FAIL: gcc.dg/guality/vla-1.c  -O0  line 17 sizeof (a) == 6
FAIL: gcc.dg/guality/vla-1.c  -O0  line 24 sizeof (a) == 17 * sizeof (short)
FAIL: gcc.dg/guality/vla-1.c  -O1  line 17 i == 5
FAIL: gcc.dg/guality/vla-1.c  -O1  line 17 sizeof (a) == 6
FAIL: gcc.dg/guality/vla-1.c  -O1  line 24 sizeof (a) == 17 * sizeof (short)
FAIL: gcc.dg/guality/vla-1.c  -O2  line 17 sizeof (a) == 6
FAIL: gcc.dg/guality/vla-1.c  -O2  line 24 sizeof (a) == 17 * sizeof (short)
FAIL: gcc.dg/guality/vla-1.c  -O3 -fomit-frame-pointer  line 17 sizeof (a) == 6
FAIL: gcc.dg/guality/vla-1.c  -O3 -fomit-frame-pointer  line 24 sizeof (a) == 17 * sizeof (short)
FAIL: gcc.dg/guality/vla-1.c  -O3 -g  line 17 sizeof (a) == 6
FAIL: gcc.dg/guality/vla-1.c  -O3 -g  line 24 sizeof (a) == 17 * sizeof (short)
FAIL: gcc.dg/guality/vla-1.c  -Os  line 17 i == 5
FAIL: gcc.dg/guality/vla-1.c  -Os  line 17 sizeof (a) == 6
FAIL: gcc.dg/guality/vla-1.c  -Os  line 24 sizeof (a) == 17 * sizeof (short)
FAIL: gcc.dg/guality/vla-1.c  -O2 -flto  line 17 sizeof (a) == 6
FAIL: gcc.dg/guality/vla-1.c  -O2 -flto  line 24 sizeof (a) == 17 * sizeof (short)
FAIL: gcc.dg/guality/vla-1.c  -O2 -fwhopr  line 17 sizeof (a) == 6
FAIL: gcc.dg/guality/vla-1.c  -O2 -fwhopr  line 24 sizeof (a) == 17 * sizeof (short)
FAIL: gcc.dg/ipa/ipa-sra-1.c (test for excess errors)
FAIL: gcc.dg/lto/20081112 c_lto_20081112_0.o-c_lto_20081112_1.o execute -O2 -fwhopr
UNRESOLVED: selfassign.c compilation, -I. -I/home/doko/gcc/4.5/gcc-4.5-4.5-20100402/src/gcc/testsuite -I/home/doko/gcc/4.5/gcc-4.5-4.5-20100402/src/gcc/testsuite/../../gcc -I/home/doko/gcc/4.5/gcc-4.5-4.5-20100402/build/gcc/testsuite/gcc/../../../gcc  -I/home/doko/gcc/4.5/gcc-4.5-4.5-20100402/src/gcc/testsuite/../../include -I/home/doko/gcc/4.5/gcc-4.5-4.5-20100402/src/gcc/testsuite/../../libcpp/include   -O -DIN_GCC -fPIC -shared
UNRESOLVED: ggcplug.c compilation, -I. -I/home/doko/gcc/4.5/gcc-4.5-4.5-20100402/src/gcc/testsuite -I/home/doko/gcc/4.5/gcc-4.5-4.5-20100402/src/gcc/testsuite/../../gcc -I/home/doko/gcc/4.5/gcc-4.5-4.5-20100402/build/gcc/testsuite/gcc/../../../gcc  -I/home/doko/gcc/4.5/gcc-4.5-4.5-20100402/src/gcc/testsuite/../../include -I/home/doko/gcc/4.5/gcc-4.5-4.5-20100402/src/gcc/testsuite/../../libcpp/include   -O -DIN_GCC -fPIC -shared
UNRESOLVED: one_time_plugin.c compilation, -I. -I/home/doko/gcc/4.5/gcc-4.5-4.5-20100402/src/gcc/testsuite -I/home/doko/gcc/4.5/gcc-4.5-4.5-20100402/src/gcc/testsuite/../../gcc -I/home/doko/gcc/4.5/gcc-4.5-4.5-20100402/build/gcc/testsuite/gcc/../../../gcc  -I/home/doko/gcc/4.5/gcc-4.5-4.5-20100402/src/gcc/testsuite/../../include -I/home/doko/gcc/4.5/gcc-4.5-4.5-20100402/src/gcc/testsuite/../../libcpp/include    -DIN_GCC -fPIC -shared
UNRESOLVED: start_unit_plugin.c compilation, -I. -I/home/doko/gcc/4.5/gcc-4.5-4.5-20100402/src/gcc/testsuite -I/home/doko/gcc/4.5/gcc-4.5-4.5-20100402/src/gcc/testsuite/../../gcc -I/home/doko/gcc/4.5/gcc-4.5-4.5-20100402/build/gcc/testsuite/gcc/../../../gcc  -I/home/doko/gcc/4.5/gcc-4.5-4.5-20100402/src/gcc/testsuite/../../include -I/home/doko/gcc/4.5/gcc-4.5-4.5-20100402/src/gcc/testsuite/../../libcpp/include    -DIN_GCC -fPIC -shared
UNRESOLVED: finish_unit_plugin.c compilation, -I. -I/home/doko/gcc/4.5/gcc-4.5-4.5-20100402/src/gcc/testsuite -I/home/doko/gcc/4.5/gcc-4.5-4.5-20100402/src/gcc/testsuite/../../gcc -I/home/doko/gcc/4.5/gcc-4.5-4.5-20100402/build/gcc/testsuite/gcc/../../../gcc  -I/home/doko/gcc/4.5/gcc-4.5-4.5-20100402/src/gcc/testsuite/../../include -I/home/doko/gcc/4.5/gcc-4.5-4.5-20100402/src/gcc/testsuite/../../libcpp/include    -DIN_GCC -fPIC -shared
FAIL: gcc.dg/tree-ssa/pr42585.c scan-tree-dump-times optimized "struct _fat_ptr _ans" 0
FAIL: gcc.dg/tree-ssa/pr42585.c scan-tree-dump-times optimized "struct _fat_ptr _T2" 0
FAIL: gcc.dg/vect/pr43430-1.c scan-tree-dump-times vect "vectorized 1 loops" 1
FAIL: gcc.dg/vect/vect-35.c scan-tree-dump-times vect "vectorized 2 loops" 1
ERROR: gcc.target/arm/neon-modes-1.c: Unrecognized option type: arm_neon for " dg-add-options 4 arm_neon "
UNRESOLVED: gcc.target/arm/neon-modes-1.c: Unrecognized option type: arm_neon for " dg-add-options 4 arm_neon "
FAIL: gcc.target/arm/thumb-bitfld1.c scan-assembler-times lsl 1

		=== gcc Summary for unix/-marm ===

# of expected passes		69616
# of unexpected failures	164
# of unexpected successes	10
# of expected failures		263
# of unresolved testcases	6
# of unsupported tests		740

		=== gcc Summary ===

# of expected passes		139282
# of unexpected failures	291
# of unexpected successes	40
# of expected failures		506
# of unresolved testcases	12
# of unsupported tests		1475
/home/doko/gcc/4.5/gcc-4.5-4.5-20100402/build/gcc/xgcc  version 4.5.0 20100402 (experimental) [trunk revision 157942] (Ubuntu 4.5-20100402-0ubuntu1) 

		=== gfortran tests ===


Running target unix
FAIL: gfortran.dg/vect/fast-math-pr38968.f90 scan-tree-dump vect "vectorized 1 loops"

		=== gfortran Summary for unix ===

# of expected passes		33140
# of unexpected failures	1
# of expected failures		40
# of unsupported tests		294

Running target unix/-marm
FAIL: gfortran.dg/vect/fast-math-pr38968.f90 scan-tree-dump vect "vectorized 1 loops"

		=== gfortran Summary for unix/-marm ===

# of expected passes		33140
# of unexpected failures	1
# of expected failures		40
# of unsupported tests		294

		=== gfortran Summary ===

# of expected passes		66280
# of unexpected failures	2
# of expected failures		80
# of unsupported tests		588
/home/doko/gcc/4.5/gcc-4.5-4.5-20100402/build/gcc/testsuite/gfortran/../../gfortran  version 4.5.0 20100402 (experimental) [trunk revision 157942] (Ubuntu 4.5-20100402-0ubuntu1) 

		=== obj-c++ tests ===


Running target unix
UNRESOLVED: obj-c++.dg/lookup-2.mm -fgnu-runtime compilation failed to produce executable
UNRESOLVED: obj-c++.dg/try-catch-2.mm -fgnu-runtime compilation failed to produce executable
UNRESOLVED: obj-c++.dg/try-catch-9.mm -fgnu-runtime compilation failed to produce executable

		=== obj-c++ Summary for unix ===

# of expected passes		438
# of expected failures		7
# of unresolved testcases	3
# of unsupported tests		13

Running target unix/-marm
UNRESOLVED: obj-c++.dg/lookup-2.mm -fgnu-runtime compilation failed to produce executable
UNRESOLVED: obj-c++.dg/try-catch-2.mm -fgnu-runtime compilation failed to produce executable
UNRESOLVED: obj-c++.dg/try-catch-9.mm -fgnu-runtime compilation failed to produce executable

		=== obj-c++ Summary for unix/-marm ===

# of expected passes		438
# of expected failures		7
# of unresolved testcases	3
# of unsupported tests		13

		=== obj-c++ Summary ===

# of expected passes		876
# of expected failures		14
# of unresolved testcases	6
# of unsupported tests		26
/home/doko/gcc/4.5/gcc-4.5-4.5-20100402/build/gcc/testsuite/obj-c++/../../g++  version 4.5.0 20100402 (experimental) [trunk revision 157942] (Ubuntu 4.5-20100402-0ubuntu1) 

		=== objc tests ===


Running target unix
FAIL: objc.dg/const-str-3.m -fgnu-runtime (test for excess errors)

		=== objc Summary for unix ===

# of expected passes		1867
# of unexpected failures	1
# of expected failures		15
# of unsupported tests		21

Running target unix/-marm
FAIL: objc.dg/const-str-3.m -fgnu-runtime (test for excess errors)

		=== objc Summary for unix/-marm ===

# of expected passes		1867
# of unexpected failures	1
# of expected failures		15
# of unsupported tests		21

		=== objc Summary ===

# of expected passes		3734
# of unexpected failures	2
# of expected failures		30
# of unsupported tests		42
/home/doko/gcc/4.5/gcc-4.5-4.5-20100402/build/gcc/xgcc  version 4.5.0 20100402 (experimental) [trunk revision 157942] (Ubuntu 4.5-20100402-0ubuntu1) 


Compiler version: 4.5.0 20100402 (experimental) [trunk revision 157942] (Ubuntu 4.5-20100402-0ubuntu1) 
Platform: arm-unknown-linux-gnueabi
configure flags: -v --with-pkgversion='Ubuntu 4.5-20100402-0ubuntu1' --with-bugurl=file:///usr/share/doc/gcc-4.5/README.Bugs --enable-languages=c,c++,fortran,objc,obj-c++ --prefix=/usr --enable-shared --enable-multiarch --enable-linker-build-id --with-system-zlib --libexecdir=/usr/lib --without-included-gettext --enable-threads=posix --with-gxx-include-dir=/usr/include/c++/4.5 --program-suffix=-4.5 --enable-nls --enable-clocale=gnu --enable-libstdcxx-debug --disable-libmudflap --enable-plugin --enable-objc-gc --disable-sjlj-exceptions --with-arch=armv7-a --with-float=softfp --with-fpu=vfpv3-d16 --with-mode=thumb --disable-werror --enable-checking=yes --build=arm-linux-gnueabi --host=arm-linux-gnueabi --target=arm-linux-gnueabi
BOOT_CFLAGS=-g -O2 -fno-stack-protector


Build Dependencies:
Desired=Unknown/Install/Remove/Purge/Hold
| Status=Not/Inst/Cfg-files/Unpacked/Failed-cfg/Half-inst/trig-aWait/Trig-pend
|/ Err?=(none)/Reinst-required (Status,Err: uppercase=bad)
||/ Name                                                 Version                                        Description
+++-====================================================-==============================================-==============================================
ii  binutils                                             2.20.1-3ubuntu4                                The GNU assembler, linker and binary utilities
ii  g++-4.3                                              4.3.4-5ubuntu1                                 The GNU C++ compiler
ii  g++-4.4                                              4.4.3-4ubuntu5                                 The GNU C++ compiler
ii  libc6                                                2.11.1-0ubuntu5                                Embedded GNU C Library: Shared libraries
ii  libcloog-ppl-dev                                     0.15.7-1                                       the Chunky Loop Generator (development files)
ii  libgmp3-dev                                          2:4.3.1+dfsg-3                                 Multiprecision arithmetic library developers t
ii  libmpc-dev                                           0.8.1-1                                        multiple precision complex floating-point libr
ii  libmpfr-dev                                          2.4.2-3ubuntu1                                 multiple precision floating-point computation 
ii  libppl0.10-dev                                       0.10.2-2build1                                 Parma Polyhedra Library (development)


rename-info-files:
  Allow transformations on info file names. Reference the
  transformed info file names in the texinfo files.

gcc-textdomain:
  Set gettext's domain and textdomain to the versioned package name.

gcc-driver-extra-langs:
  Add options and specs for languages that are not built from a source
  (but built from separate sources).

gcc-hash-style-both:
  Link using --hash-style=both (alpha, amd64, ia64, i386, powerpc, ppc64, s390, sparc)

libstdc++-pic:
  Build and install libstdc++_pic.a library.

libstdc++-doclink:
  adjust hrefs to point to the local documentation

libstdc++-man-3cxx:
  Install libstdc++ man pages with suffix .3cxx instead of .3

libjava-stacktrace:
  libgcj: Lookup source file name and line number in separated
  debug files found in /usr/lib/debug

libjava-subdir:
  - Set the libjava sublibdir to /usr/lib/gcj-4.5
  - Set the default libgcj database dir to /var/lib/gcj-4.5

libjava-jnipath:
  - Add /usr/lib/jni to java.library.path.
  - When running the i386 binaries on amd64, look in
  - /usr/lib32/gcj-x.y and /usr/lib32/jni instead.

libjava-sjlj:
  Don't try to use _Unwind_Backtrace on SJLJ targets.
  See bug #387875, #388505, GCC PR 29206.

libjava-disable-plugin:
  Don't build the gcjwebplugin, even when configured with --enable-plugin

alpha-no-ev4-directive:
  never emit .ev4 directive.

boehm-gc-getnprocs:
  boehm-gc/pthread_support.c (GC_get_nprocs): Use sysconf as fallback.

note-gnu-stack:
  Add .note.GNU-stack sections for gcc's crt files, libffi and boehm-gc
  Taken from FC.

m68k-allow-gnu99:
  patch to allow gnu99 mode on m68k

libgomp-omp_h-multilib:
  Fix up omp.h for multilibs.

sparc-force-cpu:
  On sparc default to ultrasparc (v9a) in 32bit mode

pr41848:
  Fix PR objc/41848 - workaround ObjC and -fsection-anchors.

libstdc++-nothumb-check:
  Don't run the libstdc++-v3 testsuite in thumb mode on armel

libjava-armel-unwind:
  On armel, apply kludge to fix unwinder infinitely looping 'til it runs out
  of memory (http://gcc.gnu.org/ml/java/2008-06/msg00010.html).

gcc-arm-implicit-it:
  Pass -mimplicit-it=thumb to as by default on ARM.

armel-hilo-union-class:
  ARM EABI (armel) gfortran.dg/vector_subscript_1.f90 for -Os -mthumb reload ICE

gcc-ice-hack:
  Retry the build on an ice, save the calling options and preprocessed
  source when the ice is reproducible.

gcc-ice-apport:
  Report an ICE to apport (if apport is available
  and the environment variable GCC_NOAPPORT is not set)

libjava-disable-static:
  Disable building the static libjava.

libjava-fixed-symlinks:
  Remove unneed '..' elements from symlinks in JAVA_HOME

libstdc++-arm-wno-abi:
  Temporary work around:
  On arm-linux-gnueabi run the libstdc++v3 testsuite with -Wno-abi

gold-and-ld:
  Enable both gold and ld in a single toolchain.
  New option -fuse-ld=ld.bfd, -fuse-ld=gold.

pr42509:

libstdc++-no-testsuite:
  Don't run the libstdc++ testsuite

ada-mips:
  Improve support for mips.

gcc-multiarch:
  Add multiarch support to GCC.
  
  Convert the multilib option to a target triplet,
  add multiarch include directories and libraries path:
  	/usr/local/include/<arch>-linux-gnu
  	/usr/include/<arch>-linux-gnu
  	/usr/lib/<arch>-linux-gnu
  to the system paths.

mips-triarch:
  Build a tri-arch compiler on mips-linux-gnu.
  http://gcc.gnu.org/ml/gcc-patches/2009-03/msg01047.html


Index Nav: [Date Index] [Subject Index] [Author Index] [Thread Index]
Message Nav: [Date Prev] [Date Next] [Thread Prev] [Thread Next]