This is the mail archive of the gcc-testresults@gcc.gnu.org mailing list for the GCC project.


Index Nav: [Date Index] [Subject Index] [Author Index] [Thread Index]
Message Nav: [Date Prev] [Date Next] [Thread Prev] [Thread Next]
Other format: [Raw text]

Results for 4.4.4 20100331 (prerelease) [gcc-4_4-branch revision 157844] (GCC) testsuite on hppa64-hp-hpux11.11


LAST_UPDATED: Wed Mar 31 00:22:08 UTC 2010 (revision 157844)

Native configuration is hppa64-hp-hpux11.11

		=== g++ tests ===


Running target unix

		=== g++ Summary ===

# of expected passes		18642
# of expected failures		159
# of unsupported tests		208
/mnt/gnu/gcc/objdir/gcc/testsuite/g++/../../g++  version 4.4.4 20100331 (prerelease) [gcc-4_4-branch revision 157844] (GCC) 

		=== gcc tests ===


Running target unix
FAIL: gcc.dg/debug/dwarf2/inline2.c scan-assembler-times \\(DIE \\(.*?\\) DW_TAG_inlined_subroutine 6
FAIL: gcc.dg/debug/dwarf2/inline2.c scan-assembler-times \\(DIE \\(.*?\\) DW_TAG_lexical_block 6
XPASS: gcc.dg/funcorder.c scan-assembler-not link_error,%r

		=== gcc Summary ===

# of expected passes		49242
# of unexpected failures	2
# of unexpected successes	1
# of expected failures		117
# of unsupported tests		627
/mnt/gnu/gcc/objdir/gcc/xgcc  version 4.4.4 20100331 (prerelease) [gcc-4_4-branch revision 157844] (GCC) 

		=== gfortran tests ===


Running target unix

		=== gfortran Summary ===

# of expected passes		29153
# of expected failures		10
# of unsupported tests		269
/mnt/gnu/gcc/objdir/gcc/testsuite/gfortran/../../gfortran  version 4.4.4 20100331 (prerelease) [gcc-4_4-branch revision 157844] (GCC) 

		=== obj-c++ tests ===


Running target unix
XPASS: obj-c++.dg/comp-types-10.mm (test for excess errors)
WARNING: obj-c++.dg/lookup-2.mm compilation failed to produce executable
WARNING: obj-c++.dg/try-catch-2.mm compilation failed to produce executable
WARNING: obj-c++.dg/try-catch-9.mm compilation failed to produce executable

		=== obj-c++ Summary ===

# of expected passes		425
# of unexpected successes	1
# of expected failures		20
# of unsupported tests		13
/mnt/gnu/gcc/objdir/gcc/testsuite/obj-c++/../../g++  version 4.4.4 20100331 (prerelease) [gcc-4_4-branch revision 157844] (GCC) 

		=== objc tests ===


Running target unix

		=== objc Summary ===

# of expected passes		1864
# of expected failures		15
# of unsupported tests		25
/mnt/gnu/gcc/objdir/gcc/xgcc  version 4.4.4 20100331 (prerelease) [gcc-4_4-branch revision 157844] (GCC) 

		=== libgomp tests ===


Running target unix

		=== libgomp Summary ===

# of expected passes		2424
# of unsupported tests		9
		=== libstdc++ tests ===


Running target unix

		=== libstdc++ Summary ===

# of expected passes		5490
# of expected failures		72
# of unsupported tests		528

Compiler version: 4.4.4 20100331 (prerelease) [gcc-4_4-branch revision 157844] (GCC) 
Platform: hppa64-hp-hpux11.11
configure flags: --with-gnu-as --with-as=/opt/gnu64/bin/as --with-ld=/usr/ccs/bin/ld --enable-shared --with-local-prefix=/opt/gnu64 --prefix=/opt/gnu64/gcc/gcc-4.4.3 --build=hppa64-hp-hpux11.11 --enable-threads=posix --disable-nls --with-gmp=/opt/gnu64/gcc/gcc-4.4.3 -enable-languages=c,c++,objc,obj-c++,fortran


Index Nav: [Date Index] [Subject Index] [Author Index] [Thread Index]
Message Nav: [Date Prev] [Date Next] [Thread Prev] [Thread Next]