This is the mail archive of the gcc-testresults@gcc.gnu.org mailing list for the GCC project.


Index Nav: [Date Index] [Subject Index] [Author Index] [Thread Index]
Message Nav: [Date Prev] [Date Next] [Thread Prev] [Thread Next]
Other format: [Raw text]

Results for 4.5.0 20100403 (experimental) [trunk revision 157953p8v] (GCC) testsuite on x86_64-apple-darwin10


LAST_UPDATED: Updated Sat Apr  3 13:21:16 CEST 2010 to revision 157953.
Reapplied revision 157822 with patch in http://gcc.gnu.org/bugzilla/attachment.cgi?id=20299&action=view
(see pr43553c#22).

Native configuration is x86_64-apple-darwin10

		=== g++ tests ===


Running target unix/-m32
FAIL: g++.dg/abi/mangle40.C scan-assembler weak[^\\n]*_Z1fIDv4_fEvT_
FAIL: g++.dg/abi/mangle40.C scan-assembler weak[^\\n]*_ZN1AIDv4_fE1tE
WARNING: g++.dg/ext/label13.C compilation failed to produce executable
FAIL: g++.dg/tree-prof/partition1.C compilation,  -g  -fprofile-use
UNRESOLVED: g++.dg/tree-prof/partition1.C execution,    -g  -fprofile-use
FAIL: g++.dg/tree-prof/partition1.C compilation,  -O3 -g  -fprofile-use
UNRESOLVED: g++.dg/tree-prof/partition1.C execution,    -O3 -g  -fprofile-use

		=== g++ Summary for unix/-m32 ===

# of expected passes		21705
# of unexpected failures	4
# of expected failures		150
# of unresolved testcases	2
# of unsupported tests		180

Running target unix/-m64
FAIL: g++.dg/abi/mangle40.C scan-assembler weak[^\\n]*_Z1fIDv4_fEvT_
FAIL: g++.dg/abi/mangle40.C scan-assembler weak[^\\n]*_ZN1AIDv4_fE1tE
WARNING: g++.dg/ext/label13.C compilation failed to produce executable
FAIL: g++.dg/tree-prof/partition1.C compilation,  -g  -fprofile-use
UNRESOLVED: g++.dg/tree-prof/partition1.C execution,    -g  -fprofile-use
FAIL: g++.dg/tree-prof/partition1.C compilation,  -O3 -g  -fprofile-use
UNRESOLVED: g++.dg/tree-prof/partition1.C execution,    -O3 -g  -fprofile-use

		=== g++ Summary for unix/-m64 ===

# of expected passes		21394
# of unexpected failures	4
# of expected failures		150
# of unresolved testcases	2
# of unsupported tests		326

		=== g++ Summary ===

# of expected passes		43099
# of unexpected failures	8
# of expected failures		300
# of unresolved testcases	4
# of unsupported tests		506
/opt/gcc/build_w/gcc/testsuite/g++/../../g++  version 4.5.0 20100403 (experimental) [trunk revision 157953p8v] (GCC) 

		=== gcc tests ===


Running target unix/-m32
FAIL: gcc.dg/debug/dwarf2/aranges-fnsec-1.c scan-assembler DW_AT_ranges
FAIL: gcc.dg/framework-1.c (test for excess errors)
FAIL: gcc.dg/pr34668-1.c (internal compiler error)
FAIL: gcc.dg/pr34668-1.c (test for excess errors)

		=== gcc Summary for unix/-m32 ===

# of expected passes		59188
# of unexpected failures	4
# of expected failures		178
# of unsupported tests		1182

Running target unix/-m64
FAIL: gcc.dg/debug/dwarf2/aranges-fnsec-1.c scan-assembler DW_AT_ranges
FAIL: gcc.dg/framework-1.c (test for excess errors)
FAIL: gcc.dg/pr34668-1.c (internal compiler error)
FAIL: gcc.dg/pr34668-1.c (test for excess errors)

		=== gcc Summary for unix/-m64 ===

# of expected passes		58828
# of unexpected failures	4
# of expected failures		179
# of unsupported tests		1450

		=== gcc Summary ===

# of expected passes		118016
# of unexpected failures	8
# of expected failures		357
# of unsupported tests		2632
/opt/gcc/build_w/gcc/xgcc  version 4.5.0 20100403 (experimental) [trunk revision 157953p8v] (GCC) 

		=== gfortran tests ===


Running target unix/-m32

		=== gfortran Summary for unix/-m32 ===

# of expected passes		33802
# of expected failures		32
# of unsupported tests		141

Running target unix/-m64

		=== gfortran Summary for unix/-m64 ===

# of expected passes		33945
# of expected failures		32
# of unsupported tests		75

		=== gfortran Summary ===

# of expected passes		67747
# of expected failures		64
# of unsupported tests		216
/opt/gcc/build_w/gcc/testsuite/gfortran/../../gfortran  version 4.5.0 20100403 (experimental) [trunk revision 157953p8v] (GCC) 

		=== obj-c++ tests ===


Running target unix/-m32
FAIL: obj-c++.dg/comp-types-10.mm -fgnu-runtime (internal compiler error)
WARNING: obj-c++.dg/lookup-2.mm -fgnu-runtime compilation failed to produce executable
FAIL: obj-c++.dg/objc-gc-3.mm -fgnu-runtime (test for excess errors)
FAIL: obj-c++.dg/stubify-2.mm -fgnu-runtime (test for excess errors)
ERROR: obj-c++.dg/stubify-2.mm: error executing dg-final: couldn't open "stubify-2.mm.147r.jump": no such file or directory
UNRESOLVED: obj-c++.dg/stubify-2.mm: error executing dg-final: couldn't open "stubify-2.mm.147r.jump": no such file or directory
WARNING: obj-c++.dg/try-catch-2.mm -fgnu-runtime compilation failed to produce executable
WARNING: obj-c++.dg/try-catch-9.mm -fgnu-runtime compilation failed to produce executable
FAIL: obj-c++.dg/cxx-ivars-3.mm -fnext-runtime execution test
FAIL: obj-c++.dg/stubify-2.mm -fnext-runtime (test for excess errors)
ERROR: obj-c++.dg/stubify-2.mm: error executing dg-final: couldn't open "stubify-2.mm.147r.jump": no such file or directory
UNRESOLVED: obj-c++.dg/stubify-2.mm: error executing dg-final: couldn't open "stubify-2.mm.147r.jump": no such file or directory

		=== obj-c++ Summary for unix/-m32 ===

# of expected passes		907
# of unexpected failures	5
# of expected failures		9
# of unresolved testcases	2
# of unsupported tests		11

Running target unix/-m64
FAIL: obj-c++.dg/comp-types-10.mm -fgnu-runtime (internal compiler error)
WARNING: obj-c++.dg/lookup-2.mm -fgnu-runtime compilation failed to produce executable
FAIL: obj-c++.dg/objc-gc-3.mm -fgnu-runtime (test for excess errors)
FAIL: obj-c++.dg/stubify-2.mm -fgnu-runtime (test for excess errors)
ERROR: obj-c++.dg/stubify-2.mm: error executing dg-final: couldn't open "stubify-2.mm.147r.jump": no such file or directory
UNRESOLVED: obj-c++.dg/stubify-2.mm: error executing dg-final: couldn't open "stubify-2.mm.147r.jump": no such file or directory
FAIL: obj-c++.dg/try-catch-2.mm -fgnu-runtime (test for excess errors)
WARNING: obj-c++.dg/try-catch-2.mm -fgnu-runtime compilation failed to produce executable
FAIL: obj-c++.dg/try-catch-9.mm -fgnu-runtime (internal compiler error)
WARNING: obj-c++.dg/try-catch-9.mm -fgnu-runtime compilation failed to produce executable
FAIL: obj-c++.dg/stubify-2.mm -fnext-runtime (test for excess errors)
ERROR: obj-c++.dg/stubify-2.mm: error executing dg-final: couldn't open "stubify-2.mm.147r.jump": no such file or directory
UNRESOLVED: obj-c++.dg/stubify-2.mm: error executing dg-final: couldn't open "stubify-2.mm.147r.jump": no such file or directory
WARNING: obj-c++.dg/try-catch-2.mm -fnext-runtime compilation failed to produce executable
WARNING: obj-c++.dg/try-catch-9.mm -fnext-runtime compilation failed to produce executable

		=== obj-c++ Summary for unix/-m64 ===

# of expected passes		865
# of unexpected failures	6
# of expected failures		48
# of unresolved testcases	2
# of unsupported tests		11

		=== obj-c++ Summary ===

# of expected passes		1772
# of unexpected failures	11
# of expected failures		57
# of unresolved testcases	4
# of unsupported tests		22
/opt/gcc/build_w/gcc/testsuite/obj-c++/../../g++  version 4.5.0 20100403 (experimental) [trunk revision 157953p8v] (GCC) 

		=== objc tests ===


Running target unix/-m32
FAIL: objc/execute/exceptions/catchall-1.m execution,  -O3 -fomit-frame-pointer -fnext-runtime
FAIL: objc/execute/exceptions/catchall-1.m execution,  -O3 -g -fnext-runtime
FAIL: objc/execute/exceptions/local-variables-1.m execution,  -O3 -fomit-frame-pointer -fnext-runtime
FAIL: objc/execute/exceptions/local-variables-1.m execution,  -O3 -g -fnext-runtime
FAIL: objc.dg/headers.m -fnext-runtime (test for excess errors)
FAIL: objc.dg/no-extra-load.m -fnext-runtime (test for excess errors)
ERROR: objc.dg/no-extra-load.m: error executing dg-final: couldn't open "no-extra-load.s": no such file or directory
UNRESOLVED: objc.dg/no-extra-load.m: error executing dg-final: couldn't open "no-extra-load.s": no such file or directory
FAIL: objc.dg/stret-2.m scan-assembler objc_msgSend_stret
FAIL: objc.dg/stret-2.m scan-assembler-not objc_msgSend[^_S]
FAIL: objc.dg/stret-2.m scan-assembler-not objc_msgSendSuper[^_]
FAIL: objc.dg/stubify-1.m -fnext-runtime (test for excess errors)
ERROR: objc.dg/stubify-1.m: error executing dg-final: couldn't open "stubify-1.s": no such file or directory
UNRESOLVED: objc.dg/stubify-1.m: error executing dg-final: couldn't open "stubify-1.s": no such file or directory
FAIL: objc.dg/stubify-2.m -fnext-runtime (test for excess errors)
FAIL: objc.dg/stubify-2.m -fnext-runtime scan-rtl-dump-not jump "symbol_ref.*"objc_msgSend"": dump file does not exist
FAIL: objc.dg/symtab-1.m scan-assembler L_OBJC_SYMBOLS.*:\\n\\t.long\\t0\\n\\t.long\\t0\\n\\t.short\\t2\\n\\t.short\\t0\\n\\t.long\\tL_OBJC_CLASS_Derived.*\\n\\t.long\\tL_OBJC_CLASS_Base.*\\n

		=== objc Summary for unix/-m32 ===

# of expected passes		3697
# of unexpected failures	13
# of expected failures		7
# of unresolved testcases	2
# of unsupported tests		24

Running target unix/-m64
FAIL: objc.dg/headers.m -fnext-runtime (test for excess errors)
FAIL: objc.dg/next-runtime-1.m scan-assembler L_OBJC_MODULES:\\n[ \\t]*.long\\t6\\n
FAIL: objc.dg/no-extra-load.m -fnext-runtime (test for excess errors)
ERROR: objc.dg/no-extra-load.m: error executing dg-final: couldn't open "no-extra-load.s": no such file or directory
UNRESOLVED: objc.dg/no-extra-load.m: error executing dg-final: couldn't open "no-extra-load.s": no such file or directory
FAIL: objc.dg/stret-2.m scan-assembler objc_msgSend_stret
FAIL: objc.dg/stret-2.m scan-assembler-not objc_msgSend[^_S]
FAIL: objc.dg/stret-2.m scan-assembler-not objc_msgSendSuper[^_]
FAIL: objc.dg/stubify-1.m -fnext-runtime (test for excess errors)
ERROR: objc.dg/stubify-1.m: error executing dg-final: couldn't open "stubify-1.s": no such file or directory
UNRESOLVED: objc.dg/stubify-1.m: error executing dg-final: couldn't open "stubify-1.s": no such file or directory
FAIL: objc.dg/stubify-2.m -fnext-runtime (test for excess errors)
FAIL: objc.dg/stubify-2.m -fnext-runtime scan-rtl-dump-not jump "symbol_ref.*"objc_msgSend"": dump file does not exist
FAIL: objc.dg/symtab-1.m scan-assembler L_OBJC_SYMBOLS.*:\\n\\t.long\\t0\\n\\t.long\\t0\\n\\t.short\\t2\\n\\t.short\\t0\\n\\t.long\\tL_OBJC_CLASS_Derived.*\\n\\t.long\\tL_OBJC_CLASS_Base.*\\n

		=== objc Summary for unix/-m64 ===

# of expected passes		2426
# of unexpected failures	10
# of expected failures		40
# of unresolved testcases	2
# of unsupported tests		25

		=== objc Summary ===

# of expected passes		6123
# of unexpected failures	23
# of expected failures		47
# of unresolved testcases	4
# of unsupported tests		49
/opt/gcc/build_w/gcc/xgcc  version 4.5.0 20100403 (experimental) [trunk revision 157953p8v] (GCC) 

		=== libffi tests ===


Running target unix/-m32

		=== libffi Summary for unix/-m32 ===

# of expected passes		1624
# of expected failures		10
# of unsupported tests		15

Running target unix/-m64

		=== libffi Summary for unix/-m64 ===

# of expected passes		1624
# of expected failures		10
# of unsupported tests		15

		=== libffi Summary ===

# of expected passes		3248
# of expected failures		20
# of unsupported tests		30
		=== libgomp tests ===


Running target unix/-m32

		=== libgomp Summary for unix/-m32 ===

# of expected passes		2502
# of unsupported tests		2

Running target unix/-m64

		=== libgomp Summary for unix/-m64 ===

# of expected passes		2502
# of unsupported tests		2

		=== libgomp Summary ===

# of expected passes		5004
# of unsupported tests		4
		=== libjava tests ===


Running target unix/-m32

		=== libjava Summary for unix/-m32 ===

# of expected passes		2574

Running target unix/-m64
FAIL: PR16923 run

		=== libjava Summary for unix/-m64 ===

# of expected passes		2573
# of unexpected failures	1
# of untested testcases		1

		=== libjava Summary ===

# of expected passes		5147
# of unexpected failures	1
# of untested testcases		1
		=== libstdc++ tests ===


Running target unix/-m32

		=== libstdc++ Summary for unix/-m32 ===

# of expected passes		6448
# of expected failures		89
# of unsupported tests		554

Running target unix/-m64

		=== libstdc++ Summary for unix/-m64 ===

# of expected passes		6446
# of expected failures		89
# of unsupported tests		555

		=== libstdc++ Summary ===

# of expected passes		12894
# of expected failures		178
# of unsupported tests		1109

Compiler version: 4.5.0 20100403 (experimental) [trunk revision 157953p8v] (GCC) 
Platform: x86_64-apple-darwin10
configure flags: --prefix=/opt/gcc/gcc4.5w --mandir=/opt/gcc/gcc4.5w/share/man --infodir=/opt/gcc/gcc4.5w/share/info --build=x86_64-apple-darwin10 --host=x86_64-apple-darwin10 --target=x86_64-apple-darwin10 --enable-languages=c,c++,fortran,objc,obj-c++,java --with-gmp=/opt/sw64 --with-libiconv-prefix=/opt/sw64 --with-system-zlib --x-includes=/usr/X11R6/include --x-libraries=/usr/X11R6/lib --with-cloog=/opt/sw64 --with-ppl=/opt/sw64 --with-mpc=/opt/sw64


Index Nav: [Date Index] [Subject Index] [Author Index] [Thread Index]
Message Nav: [Date Prev] [Date Next] [Thread Prev] [Thread Next]