This is the mail archive of the gcc-testresults@gcc.gnu.org mailing list for the GCC project.


Index Nav: [Date Index] [Subject Index] [Author Index] [Thread Index]
Message Nav: [Date Prev] [Date Next] [Thread Prev] [Thread Next]
Other format: [Raw text]

Results for 4.5.0 20100324 (experimental) (GCC) testsuite on armv7l-unknown-linux-gnueabi


Native configuration is armv7l-unknown-linux-gnueabi

		=== libgomp tests ===


Running target unix
FAIL: libgomp.c/appendix-a/a.15.1.c execution test
FAIL: libgomp.c/appendix-a/a.16.1.c execution test
FAIL: libgomp.c/appendix-a/a.18.1.c execution test
FAIL: libgomp.c/appendix-a/a.21.1.c execution test
FAIL: libgomp.c/appendix-a/a.26.1.c execution test
FAIL: libgomp.c/appendix-a/a.29.1.c execution test
FAIL: libgomp.c/appendix-a/a.36.1.c execution test
FAIL: libgomp.c/appendix-a/a.39.1.c execution test
FAIL: libgomp.c/appendix-a/a.4.1.c execution test
FAIL: libgomp.c/atomic-3.c execution test
FAIL: libgomp.c/atomic-4.c execution test
FAIL: libgomp.c/atomic-5.c execution test
FAIL: libgomp.c/autopar-1.c execution test
FAIL: libgomp.c/collapse-1.c execution test
FAIL: libgomp.c/collapse-2.c execution test
FAIL: libgomp.c/collapse-3.c execution test
FAIL: libgomp.c/copyin-1.c execution test
FAIL: libgomp.c/copyin-2.c execution test
FAIL: libgomp.c/copyin-3.c execution test
FAIL: libgomp.c/critical-2.c execution test
FAIL: libgomp.c/debug-1.c execution test
FAIL: libgomp.c/icv-2.c execution test
FAIL: libgomp.c/lib-1.c execution test
FAIL: libgomp.c/loop-10.c execution test
FAIL: libgomp.c/loop-11.c execution test
FAIL: libgomp.c/loop-12.c execution test
FAIL: libgomp.c/loop-4.c execution test
FAIL: libgomp.c/loop-5.c execution test
FAIL: libgomp.c/loop-6.c execution test
FAIL: libgomp.c/loop-8.c execution test
FAIL: libgomp.c/loop-9.c execution test
FAIL: libgomp.c/nested-1.c execution test
FAIL: libgomp.c/nested-2.c execution test
FAIL: libgomp.c/nested-3.c execution test
FAIL: libgomp.c/nestedfn-4.c execution test
FAIL: libgomp.c/nestedfn-6.c execution test
FAIL: libgomp.c/nqueens-1.c execution test
FAIL: libgomp.c/omp-loop01.c execution test
FAIL: libgomp.c/omp-loop02.c execution test
FAIL: libgomp.c/omp-loop03.c execution test
FAIL: libgomp.c/omp-parallel-if.c execution test
FAIL: libgomp.c/omp-single-1.c execution test
FAIL: libgomp.c/omp-single-2.c execution test
FAIL: libgomp.c/omp-single-3.c execution test
FAIL: libgomp.c/omp_hello.c execution test
FAIL: libgomp.c/omp_matvec.c execution test
FAIL: libgomp.c/omp_orphan.c execution test
FAIL: libgomp.c/omp_reduction.c execution test
FAIL: libgomp.c/omp_workshare1.c execution test
FAIL: libgomp.c/omp_workshare2.c execution test
FAIL: libgomp.c/omp_workshare4.c execution test
FAIL: libgomp.c/ordered-3.c execution test
FAIL: libgomp.c/parallel-1.c execution test
FAIL: libgomp.c/pr24455.c execution test
FAIL: libgomp.c/pr26943-1.c execution test
FAIL: libgomp.c/pr26943-2.c execution test
FAIL: libgomp.c/pr26943-3.c execution test
FAIL: libgomp.c/pr26943-4.c execution test
FAIL: libgomp.c/pr29947-1.c execution test
FAIL: libgomp.c/pr29947-2.c execution test
FAIL: libgomp.c/pr30494.c execution test
FAIL: libgomp.c/pr32362-1.c execution test
FAIL: libgomp.c/pr32362-2.c execution test
FAIL: libgomp.c/pr32362-3.c execution test
FAIL: libgomp.c/pr32468.c execution test
FAIL: libgomp.c/pr33880.c execution test
FAIL: libgomp.c/pr34513.c execution test
FAIL: libgomp.c/pr35130.c execution test
FAIL: libgomp.c/pr35196.c execution test
FAIL: libgomp.c/pr35549.c execution test
FAIL: libgomp.c/pr35625.c execution test
FAIL: libgomp.c/pr36802-1.c execution test
FAIL: libgomp.c/pr36802-2.c execution test
FAIL: libgomp.c/pr36802-3.c execution test
FAIL: libgomp.c/pr38650.c execution test
FAIL: libgomp.c/pr39591-1.c execution test
FAIL: libgomp.c/pr39591-2.c execution test
FAIL: libgomp.c/pr39591-3.c execution test
FAIL: libgomp.c/pr42029.c execution test
FAIL: libgomp.c/pr42942.c execution test
FAIL: libgomp.c/reduction-1.c execution test
FAIL: libgomp.c/reduction-2.c execution test
FAIL: libgomp.c/reduction-3.c execution test
FAIL: libgomp.c/reduction-4.c execution test
FAIL: libgomp.c/reduction-5.c execution test
FAIL: libgomp.c/shared-1.c execution test
FAIL: libgomp.c/shared-2.c execution test
FAIL: libgomp.c/shared-3.c execution test
FAIL: libgomp.c/sort-1.c execution test
FAIL: libgomp.c/task-1.c execution test
FAIL: libgomp.c/task-2.c execution test
FAIL: libgomp.c/task-3.c execution test
FAIL: libgomp.c/task-4.c execution test
FAIL: libgomp.c/vla-1.c execution test
FAIL: libgomp.c++/collapse-1.C  -O0  execution test
FAIL: libgomp.c++/collapse-1.C  -O1  execution test
FAIL: libgomp.c++/collapse-1.C  -O2  execution test
FAIL: libgomp.c++/collapse-1.C  -O3 -fomit-frame-pointer  execution test
FAIL: libgomp.c++/collapse-1.C  -O3 -fomit-frame-pointer -funroll-loops
execution test
FAIL: libgomp.c++/collapse-1.C  -O3 -fomit-frame-pointer
-funroll-all-loops -finline-functions  execution test
FAIL: libgomp.c++/collapse-1.C  -O3 -g  execution test
FAIL: libgomp.c++/collapse-1.C  -Os  execution test
FAIL: libgomp.c++/collapse-2.C  -O0  execution test
FAIL: libgomp.c++/collapse-2.C  -O1  execution test
FAIL: libgomp.c++/collapse-2.C  -O2  execution test
FAIL: libgomp.c++/collapse-2.C  -O3 -fomit-frame-pointer  execution test
FAIL: libgomp.c++/collapse-2.C  -O3 -fomit-frame-pointer -funroll-loops
execution test
FAIL: libgomp.c++/collapse-2.C  -O3 -fomit-frame-pointer
-funroll-all-loops -finline-functions  execution test
FAIL: libgomp.c++/collapse-2.C  -O3 -g  execution test
FAIL: libgomp.c++/collapse-2.C  -Os  execution test
FAIL: libgomp.c++/copyin-1.C  -O0  execution test
FAIL: libgomp.c++/copyin-1.C  -O1  execution test
FAIL: libgomp.c++/copyin-1.C  -O2  execution test
FAIL: libgomp.c++/copyin-1.C  -O3 -fomit-frame-pointer  execution test
FAIL: libgomp.c++/copyin-1.C  -O3 -fomit-frame-pointer -funroll-loops
execution test
FAIL: libgomp.c++/copyin-1.C  -O3 -fomit-frame-pointer
-funroll-all-loops -finline-functions  execution test
FAIL: libgomp.c++/copyin-1.C  -O3 -g  execution test
FAIL: libgomp.c++/copyin-1.C  -Os  execution test
FAIL: libgomp.c++/copyin-2.C  -O0  execution test
FAIL: libgomp.c++/copyin-2.C  -O1  execution test
FAIL: libgomp.c++/copyin-2.C  -O2  execution test
FAIL: libgomp.c++/copyin-2.C  -O3 -fomit-frame-pointer  execution test
FAIL: libgomp.c++/copyin-2.C  -O3 -fomit-frame-pointer -funroll-loops
execution test
FAIL: libgomp.c++/copyin-2.C  -O3 -fomit-frame-pointer
-funroll-all-loops -finline-functions  execution test
FAIL: libgomp.c++/copyin-2.C  -O3 -g  execution test
FAIL: libgomp.c++/copyin-2.C  -Os  execution test
FAIL: libgomp.c++/ctor-1.C  -O0  execution test
FAIL: libgomp.c++/ctor-1.C  -O1  execution test
FAIL: libgomp.c++/ctor-1.C  -O2  execution test
FAIL: libgomp.c++/ctor-1.C  -O3 -fomit-frame-pointer  execution test
FAIL: libgomp.c++/ctor-1.C  -O3 -fomit-frame-pointer -funroll-loops
execution test
FAIL: libgomp.c++/ctor-1.C  -O3 -fomit-frame-pointer -funroll-all-loops
-finline-functions  execution test
FAIL: libgomp.c++/ctor-1.C  -O3 -g  execution test
FAIL: libgomp.c++/ctor-1.C  -Os  execution test
FAIL: libgomp.c++/ctor-10.C  -O0  execution test
FAIL: libgomp.c++/ctor-10.C  -O1  execution test
FAIL: libgomp.c++/ctor-10.C  -O2  execution test
FAIL: libgomp.c++/ctor-10.C  -O3 -fomit-frame-pointer  execution test
FAIL: libgomp.c++/ctor-10.C  -O3 -fomit-frame-pointer -funroll-loops
execution test
FAIL: libgomp.c++/ctor-10.C  -O3 -fomit-frame-pointer -funroll-all-loops
-finline-functions  execution test
FAIL: libgomp.c++/ctor-10.C  -O3 -g  execution test
FAIL: libgomp.c++/ctor-10.C  -Os  execution test
FAIL: libgomp.c++/ctor-11.C  -O0  execution test
FAIL: libgomp.c++/ctor-11.C  -O1  execution test
FAIL: libgomp.c++/ctor-11.C  -O2  execution test
FAIL: libgomp.c++/ctor-11.C  -O3 -fomit-frame-pointer  execution test
FAIL: libgomp.c++/ctor-11.C  -O3 -fomit-frame-pointer -funroll-loops
execution test
FAIL: libgomp.c++/ctor-11.C  -O3 -fomit-frame-pointer -funroll-all-loops
-finline-functions  execution test
FAIL: libgomp.c++/ctor-11.C  -O3 -g  execution test
FAIL: libgomp.c++/ctor-11.C  -Os  execution test
FAIL: libgomp.c++/ctor-12.C  -O0  execution test
FAIL: libgomp.c++/ctor-12.C  -O1  execution test
FAIL: libgomp.c++/ctor-12.C  -O2  execution test
FAIL: libgomp.c++/ctor-12.C  -O3 -fomit-frame-pointer  execution test
FAIL: libgomp.c++/ctor-12.C  -O3 -fomit-frame-pointer -funroll-loops
execution test
FAIL: libgomp.c++/ctor-12.C  -O3 -fomit-frame-pointer -funroll-all-loops
-finline-functions  execution test
FAIL: libgomp.c++/ctor-12.C  -O3 -g  execution test
FAIL: libgomp.c++/ctor-12.C  -Os  execution test
FAIL: libgomp.c++/ctor-2.C  -O0  execution test
FAIL: libgomp.c++/ctor-2.C  -O1  execution test
FAIL: libgomp.c++/ctor-2.C  -O2  execution test
FAIL: libgomp.c++/ctor-2.C  -O3 -fomit-frame-pointer  execution test
FAIL: libgomp.c++/ctor-2.C  -O3 -fomit-frame-pointer -funroll-loops
execution test
FAIL: libgomp.c++/ctor-2.C  -O3 -fomit-frame-pointer -funroll-all-loops
-finline-functions  execution test
FAIL: libgomp.c++/ctor-2.C  -O3 -g  execution test
FAIL: libgomp.c++/ctor-2.C  -Os  execution test
FAIL: libgomp.c++/ctor-3.C  -O0  execution test
FAIL: libgomp.c++/ctor-3.C  -O1  execution test
FAIL: libgomp.c++/ctor-3.C  -O2  execution test
FAIL: libgomp.c++/ctor-3.C  -O3 -fomit-frame-pointer  execution test
FAIL: libgomp.c++/ctor-3.C  -O3 -fomit-frame-pointer -funroll-loops
execution test
FAIL: libgomp.c++/ctor-3.C  -O3 -fomit-frame-pointer -funroll-all-loops
-finline-functions  execution test
FAIL: libgomp.c++/ctor-3.C  -O3 -g  execution test
FAIL: libgomp.c++/ctor-3.C  -Os  execution test
FAIL: libgomp.c++/ctor-4.C  -O0  execution test
FAIL: libgomp.c++/ctor-4.C  -O1  execution test
FAIL: libgomp.c++/ctor-4.C  -O2  execution test
FAIL: libgomp.c++/ctor-4.C  -O3 -fomit-frame-pointer  execution test
FAIL: libgomp.c++/ctor-4.C  -O3 -fomit-frame-pointer -funroll-loops
execution test
FAIL: libgomp.c++/ctor-4.C  -O3 -fomit-frame-pointer -funroll-all-loops
-finline-functions  execution test
FAIL: libgomp.c++/ctor-4.C  -O3 -g  execution test
FAIL: libgomp.c++/ctor-4.C  -Os  execution test
FAIL: libgomp.c++/ctor-5.C  -O0  execution test
FAIL: libgomp.c++/ctor-5.C  -O1  execution test
FAIL: libgomp.c++/ctor-5.C  -O2  execution test
FAIL: libgomp.c++/ctor-5.C  -O3 -fomit-frame-pointer  execution test
FAIL: libgomp.c++/ctor-5.C  -O3 -fomit-frame-pointer -funroll-loops
execution test
FAIL: libgomp.c++/ctor-5.C  -O3 -fomit-frame-pointer -funroll-all-loops
-finline-functions  execution test
FAIL: libgomp.c++/ctor-5.C  -O3 -g  execution test
FAIL: libgomp.c++/ctor-5.C  -Os  execution test
FAIL: libgomp.c++/ctor-6.C  -O0  execution test
FAIL: libgomp.c++/ctor-6.C  -O1  execution test
FAIL: libgomp.c++/ctor-6.C  -O2  execution test
FAIL: libgomp.c++/ctor-6.C  -O3 -fomit-frame-pointer  execution test
FAIL: libgomp.c++/ctor-6.C  -O3 -fomit-frame-pointer -funroll-loops
execution test
FAIL: libgomp.c++/ctor-6.C  -O3 -fomit-frame-pointer -funroll-all-loops
-finline-functions  execution test
FAIL: libgomp.c++/ctor-6.C  -O3 -g  execution test
FAIL: libgomp.c++/ctor-6.C  -Os  execution test
FAIL: libgomp.c++/ctor-7.C  -O0  execution test
FAIL: libgomp.c++/ctor-7.C  -O1  execution test
FAIL: libgomp.c++/ctor-7.C  -O2  execution test
FAIL: libgomp.c++/ctor-7.C  -O3 -fomit-frame-pointer  execution test
FAIL: libgomp.c++/ctor-7.C  -O3 -fomit-frame-pointer -funroll-loops
execution test
FAIL: libgomp.c++/ctor-7.C  -O3 -fomit-frame-pointer -funroll-all-loops
-finline-functions  execution test
FAIL: libgomp.c++/ctor-7.C  -O3 -g  execution test
FAIL: libgomp.c++/ctor-7.C  -Os  execution test
FAIL: libgomp.c++/ctor-8.C  -O0  execution test
FAIL: libgomp.c++/ctor-8.C  -O1  execution test
FAIL: libgomp.c++/ctor-8.C  -O2  execution test
FAIL: libgomp.c++/ctor-8.C  -O3 -fomit-frame-pointer  execution test
FAIL: libgomp.c++/ctor-8.C  -O3 -fomit-frame-pointer -funroll-loops
execution test
FAIL: libgomp.c++/ctor-8.C  -O3 -fomit-frame-pointer -funroll-all-loops
-finline-functions  execution test
FAIL: libgomp.c++/ctor-8.C  -O3 -g  execution test
FAIL: libgomp.c++/ctor-8.C  -Os  execution test
FAIL: libgomp.c++/ctor-9.C  -O0  execution test
FAIL: libgomp.c++/ctor-9.C  -O1  execution test
FAIL: libgomp.c++/ctor-9.C  -O2  execution test
FAIL: libgomp.c++/ctor-9.C  -O3 -fomit-frame-pointer  execution test
FAIL: libgomp.c++/ctor-9.C  -O3 -fomit-frame-pointer -funroll-loops
execution test
FAIL: libgomp.c++/ctor-9.C  -O3 -fomit-frame-pointer -funroll-all-loops
-finline-functions  execution test
FAIL: libgomp.c++/ctor-9.C  -O3 -g  execution test
FAIL: libgomp.c++/ctor-9.C  -Os  execution test
FAIL: libgomp.c++/for-1.C  -O0  execution test
FAIL: libgomp.c++/for-1.C  -O1  execution test
FAIL: libgomp.c++/for-1.C  -O2  execution test
FAIL: libgomp.c++/for-1.C  -O3 -fomit-frame-pointer  execution test
FAIL: libgomp.c++/for-1.C  -O3 -fomit-frame-pointer -funroll-loops
execution test
FAIL: libgomp.c++/for-1.C  -O3 -fomit-frame-pointer -funroll-all-loops
-finline-functions  execution test
FAIL: libgomp.c++/for-1.C  -O3 -g  execution test
FAIL: libgomp.c++/for-1.C  -Os  execution test
FAIL: libgomp.c++/for-2.C  -O0  execution test
FAIL: libgomp.c++/for-2.C  -O1  execution test
FAIL: libgomp.c++/for-2.C  -O2  execution test
FAIL: libgomp.c++/for-2.C  -O3 -fomit-frame-pointer  execution test
FAIL: libgomp.c++/for-2.C  -O3 -fomit-frame-pointer -funroll-loops
execution test
FAIL: libgomp.c++/for-2.C  -O3 -fomit-frame-pointer -funroll-all-loops
-finline-functions  execution test
FAIL: libgomp.c++/for-2.C  -O3 -g  execution test
FAIL: libgomp.c++/for-2.C  -Os  execution test
FAIL: libgomp.c++/for-3.C  -O0  execution test
FAIL: libgomp.c++/for-3.C  -O1  execution test
FAIL: libgomp.c++/for-3.C  -O2  execution test
FAIL: libgomp.c++/for-3.C  -O3 -fomit-frame-pointer  execution test
FAIL: libgomp.c++/for-3.C  -O3 -fomit-frame-pointer -funroll-loops
execution test
FAIL: libgomp.c++/for-3.C  -O3 -fomit-frame-pointer -funroll-all-loops
-finline-functions  execution test
FAIL: libgomp.c++/for-3.C  -O3 -g  execution test
FAIL: libgomp.c++/for-3.C  -Os  execution test
FAIL: libgomp.c++/for-4.C  -O0  execution test
FAIL: libgomp.c++/for-4.C  -O1  execution test
FAIL: libgomp.c++/for-4.C  -O2  execution test
FAIL: libgomp.c++/for-4.C  -O3 -fomit-frame-pointer  execution test
FAIL: libgomp.c++/for-4.C  -O3 -fomit-frame-pointer -funroll-loops
execution test
FAIL: libgomp.c++/for-4.C  -O3 -fomit-frame-pointer -funroll-all-loops
-finline-functions  execution test
FAIL: libgomp.c++/for-4.C  -O3 -g  execution test
FAIL: libgomp.c++/for-4.C  -Os  execution test
FAIL: libgomp.c++/for-5.C  -O0  execution test
FAIL: libgomp.c++/for-5.C  -O1  execution test
FAIL: libgomp.c++/for-5.C  -O2  execution test
FAIL: libgomp.c++/for-5.C  -O3 -fomit-frame-pointer  execution test
FAIL: libgomp.c++/for-5.C  -O3 -fomit-frame-pointer -funroll-loops
execution test
FAIL: libgomp.c++/for-5.C  -O3 -fomit-frame-pointer -funroll-all-loops
-finline-functions  execution test
FAIL: libgomp.c++/for-5.C  -O3 -g  execution test
FAIL: libgomp.c++/for-5.C  -Os  execution test
FAIL: libgomp.c++/for-6.C  -O0  execution test
FAIL: libgomp.c++/for-6.C  -O1  execution test
FAIL: libgomp.c++/for-6.C  -O2  execution test
FAIL: libgomp.c++/for-6.C  -O3 -fomit-frame-pointer  execution test
FAIL: libgomp.c++/for-6.C  -O3 -fomit-frame-pointer -funroll-loops
execution test
FAIL: libgomp.c++/for-6.C  -O3 -fomit-frame-pointer -funroll-all-loops
-finline-functions  execution test
FAIL: libgomp.c++/for-6.C  -O3 -g  execution test
FAIL: libgomp.c++/for-6.C  -Os  execution test
FAIL: libgomp.c++/for-7.C  -O0  execution test
FAIL: libgomp.c++/for-7.C  -O1  execution test
FAIL: libgomp.c++/for-7.C  -O2  execution test
FAIL: libgomp.c++/for-7.C  -O3 -fomit-frame-pointer  execution test
FAIL: libgomp.c++/for-7.C  -O3 -fomit-frame-pointer -funroll-loops
execution test
FAIL: libgomp.c++/for-7.C  -O3 -fomit-frame-pointer -funroll-all-loops
-finline-functions  execution test
FAIL: libgomp.c++/for-7.C  -O3 -g  execution test
FAIL: libgomp.c++/for-7.C  -Os  execution test
FAIL: libgomp.c++/for-8.C  -O0  execution test
FAIL: libgomp.c++/for-8.C  -O1  execution test
FAIL: libgomp.c++/for-8.C  -O2  execution test
FAIL: libgomp.c++/for-8.C  -O3 -fomit-frame-pointer  execution test
FAIL: libgomp.c++/for-8.C  -O3 -fomit-frame-pointer -funroll-loops
execution test
FAIL: libgomp.c++/for-8.C  -O3 -fomit-frame-pointer -funroll-all-loops
-finline-functions  execution test
FAIL: libgomp.c++/for-8.C  -O3 -g  execution test
FAIL: libgomp.c++/for-8.C  -Os  execution test
FAIL: libgomp.c++/loop-1.C  -O  execution test
FAIL: libgomp.c++/loop-11.C  -O  execution test
FAIL: libgomp.c++/loop-12.C  -O0  execution test
FAIL: libgomp.c++/loop-12.C  -O1  execution test
FAIL: libgomp.c++/loop-12.C  -O2  execution test
FAIL: libgomp.c++/loop-12.C  -O3 -fomit-frame-pointer  execution test
FAIL: libgomp.c++/loop-12.C  -O3 -fomit-frame-pointer -funroll-loops
execution test
FAIL: libgomp.c++/loop-12.C  -O3 -fomit-frame-pointer -funroll-all-loops
-finline-functions  execution test
FAIL: libgomp.c++/loop-12.C  -O3 -g  execution test
FAIL: libgomp.c++/loop-12.C  -Os  execution test
FAIL: libgomp.c++/loop-2.C  -O  execution test
FAIL: libgomp.c++/loop-3.C  -O  execution test
FAIL: libgomp.c++/loop-8.C  -O  execution test
FAIL: libgomp.c++/loop-9.C  -O0  execution test
FAIL: libgomp.c++/loop-9.C  -O1  execution test
FAIL: libgomp.c++/loop-9.C  -O2  execution test
FAIL: libgomp.c++/loop-9.C  -O3 -fomit-frame-pointer  execution test
FAIL: libgomp.c++/loop-9.C  -O3 -fomit-frame-pointer -funroll-loops
execution test
FAIL: libgomp.c++/loop-9.C  -O3 -fomit-frame-pointer -funroll-all-loops
-finline-functions  execution test
FAIL: libgomp.c++/loop-9.C  -O3 -g  execution test
FAIL: libgomp.c++/loop-9.C  -Os  execution test
FAIL: libgomp.c++/master-1.C  -O0  execution test
FAIL: libgomp.c++/master-1.C  -O1  execution test
FAIL: libgomp.c++/master-1.C  -O2  execution test
FAIL: libgomp.c++/master-1.C  -O3 -fomit-frame-pointer  execution test
FAIL: libgomp.c++/master-1.C  -O3 -fomit-frame-pointer -funroll-loops
execution test
FAIL: libgomp.c++/master-1.C  -O3 -fomit-frame-pointer
-funroll-all-loops -finline-functions  execution test
FAIL: libgomp.c++/master-1.C  -O3 -g  execution test
FAIL: libgomp.c++/master-1.C  -Os  execution test
FAIL: libgomp.c++/parallel-1.C  -O  execution test
FAIL: libgomp.c++/pr24455.C  -O0  execution test
FAIL: libgomp.c++/pr24455.C  -O1  execution test
FAIL: libgomp.c++/pr24455.C  -O2  execution test
FAIL: libgomp.c++/pr24455.C  -O3 -fomit-frame-pointer  execution test
FAIL: libgomp.c++/pr24455.C  -O3 -fomit-frame-pointer -funroll-loops
execution test
FAIL: libgomp.c++/pr24455.C  -O3 -fomit-frame-pointer -funroll-all-loops
-finline-functions  execution test
FAIL: libgomp.c++/pr24455.C  -O3 -g  execution test
FAIL: libgomp.c++/pr24455.C  -Os  execution test
FAIL: libgomp.c++/pr26691.C  -O  execution test
FAIL: libgomp.c++/pr27337.C  -O0  execution test
FAIL: libgomp.c++/pr27337.C  -O1  execution test
FAIL: libgomp.c++/pr27337.C  -O2  execution test
FAIL: libgomp.c++/pr27337.C  -O3 -fomit-frame-pointer  execution test
FAIL: libgomp.c++/pr27337.C  -O3 -fomit-frame-pointer -funroll-loops
execution test
FAIL: libgomp.c++/pr27337.C  -O3 -fomit-frame-pointer -funroll-all-loops
-finline-functions  execution test
FAIL: libgomp.c++/pr27337.C  -O3 -g  execution test
FAIL: libgomp.c++/pr27337.C  -Os  execution test
FAIL: libgomp.c++/pr30703.C  -O0  execution test
FAIL: libgomp.c++/pr30703.C  -O1  execution test
FAIL: libgomp.c++/pr30703.C  -O2  execution test
FAIL: libgomp.c++/pr30703.C  -O3 -fomit-frame-pointer  execution test
FAIL: libgomp.c++/pr30703.C  -O3 -fomit-frame-pointer -funroll-loops
execution test
FAIL: libgomp.c++/pr30703.C  -O3 -fomit-frame-pointer -funroll-all-loops
-finline-functions  execution test
FAIL: libgomp.c++/pr30703.C  -O3 -g  execution test
FAIL: libgomp.c++/pr30703.C  -Os  execution test
FAIL: libgomp.c++/pr34513.C  -O0  execution test
FAIL: libgomp.c++/pr34513.C  -O1  execution test
FAIL: libgomp.c++/pr34513.C  -O2  execution test
FAIL: libgomp.c++/pr34513.C  -O3 -fomit-frame-pointer  execution test
FAIL: libgomp.c++/pr34513.C  -O3 -fomit-frame-pointer -funroll-loops
execution test
FAIL: libgomp.c++/pr34513.C  -O3 -fomit-frame-pointer -funroll-all-loops
-finline-functions  execution test
FAIL: libgomp.c++/pr34513.C  -O3 -g  execution test
FAIL: libgomp.c++/pr34513.C  -Os  execution test
FAIL: libgomp.c++/pr35185.C  -O0  execution test
FAIL: libgomp.c++/pr35185.C  -O1  execution test
FAIL: libgomp.c++/pr35185.C  -O2  execution test
FAIL: libgomp.c++/pr35185.C  -O3 -fomit-frame-pointer  execution test
FAIL: libgomp.c++/pr35185.C  -O3 -fomit-frame-pointer -funroll-loops
execution test
FAIL: libgomp.c++/pr35185.C  -O3 -fomit-frame-pointer -funroll-all-loops
-finline-functions  execution test
FAIL: libgomp.c++/pr35185.C  -O3 -g  execution test
FAIL: libgomp.c++/pr35185.C  -Os  execution test
FAIL: libgomp.c++/pr38650.C  -O0  execution test
FAIL: libgomp.c++/pr38650.C  -O1  execution test
FAIL: libgomp.c++/pr38650.C  -O2  execution test
FAIL: libgomp.c++/pr38650.C  -O3 -fomit-frame-pointer  execution test
FAIL: libgomp.c++/pr38650.C  -O3 -fomit-frame-pointer -funroll-loops
execution test
FAIL: libgomp.c++/pr38650.C  -O3 -fomit-frame-pointer -funroll-all-loops
-finline-functions  execution test
FAIL: libgomp.c++/pr38650.C  -O3 -g  execution test
FAIL: libgomp.c++/pr38650.C  -Os  execution test
FAIL: libgomp.c++/pr39573.C  -O0  execution test
FAIL: libgomp.c++/pr39573.C  -O1  execution test
FAIL: libgomp.c++/pr39573.C  -O2  execution test
FAIL: libgomp.c++/pr39573.C  -O3 -fomit-frame-pointer  execution test
FAIL: libgomp.c++/pr39573.C  -O3 -fomit-frame-pointer -funroll-loops
execution test
FAIL: libgomp.c++/pr39573.C  -O3 -fomit-frame-pointer -funroll-all-loops
-finline-functions  execution test
FAIL: libgomp.c++/pr39573.C  -O3 -g  execution test
FAIL: libgomp.c++/pr39573.C  -Os  execution test
FAIL: libgomp.c++/reduction-1.C  -O  execution test
FAIL: libgomp.c++/reduction-2.C  -O  execution test
FAIL: libgomp.c++/reduction-3.C  -O  execution test
FAIL: libgomp.c++/sections-1.C  -O  execution test
FAIL: libgomp.c++/shared-1.C  -O  execution test
FAIL: libgomp.c++/shared-2.C  -O  execution test
FAIL: libgomp.c++/single-1.C  -O  execution test
FAIL: libgomp.c++/single-2.C  -O  execution test
FAIL: libgomp.c++/single-3.C  -O  execution test
FAIL: libgomp.c++/task-1.C  -O  execution test
FAIL: libgomp.c++/task-2.C  -O0  execution test
FAIL: libgomp.c++/task-2.C  -O1  execution test
FAIL: libgomp.c++/task-2.C  -O2  execution test
FAIL: libgomp.c++/task-2.C  -O3 -fomit-frame-pointer  execution test
FAIL: libgomp.c++/task-2.C  -O3 -fomit-frame-pointer -funroll-loops
execution test
FAIL: libgomp.c++/task-2.C  -O3 -fomit-frame-pointer -funroll-all-loops
-finline-functions  execution test
FAIL: libgomp.c++/task-2.C  -O3 -g  execution test
FAIL: libgomp.c++/task-2.C  -Os  execution test
FAIL: libgomp.c++/task-3.C  -O0  execution test
FAIL: libgomp.c++/task-3.C  -O1  execution test
FAIL: libgomp.c++/task-3.C  -O2  execution test
FAIL: libgomp.c++/task-3.C  -O3 -fomit-frame-pointer  execution test
FAIL: libgomp.c++/task-3.C  -O3 -fomit-frame-pointer -funroll-loops
execution test
FAIL: libgomp.c++/task-3.C  -O3 -fomit-frame-pointer -funroll-all-loops
-finline-functions  execution test
FAIL: libgomp.c++/task-3.C  -O3 -g  execution test
FAIL: libgomp.c++/task-3.C  -Os  execution test
FAIL: libgomp.c++/task-4.C  -O  execution test
FAIL: libgomp.c++/task-5.C  -O0  execution test
FAIL: libgomp.c++/task-5.C  -O1  execution test
FAIL: libgomp.c++/task-5.C  -O2  execution test
FAIL: libgomp.c++/task-5.C  -O3 -fomit-frame-pointer  execution test
FAIL: libgomp.c++/task-5.C  -O3 -fomit-frame-pointer -funroll-loops
execution test
FAIL: libgomp.c++/task-5.C  -O3 -fomit-frame-pointer -funroll-all-loops
-finline-functions  execution test
FAIL: libgomp.c++/task-5.C  -O3 -g  execution test
FAIL: libgomp.c++/task-5.C  -Os  execution test
FAIL: libgomp.c++/task-6.C  -O  execution test
FAIL: libgomp.graphite/force-parallel-1.c execution test
FAIL: libgomp.graphite/force-parallel-2.c execution test
FAIL: libgomp.graphite/force-parallel-3.c execution test
FAIL: libgomp.graphite/force-parallel-4.c execution test
FAIL: libgomp.graphite/force-parallel-5.c execution test
FAIL: libgomp.graphite/force-parallel-9.c execution test

		=== libgomp Summary ===

# of expected passes		628
# of unexpected failures	415
# of unsupported tests		7
		=== libmudflap tests ===


Running target unix
FAIL: libmudflap.c/fail31-frag.c (-O3) crash test
FAIL: libmudflap.c/fail31-frag.c (-O3) output pattern test
FAIL: libmudflap.c/pass45-frag.c (-O3) execution test
FAIL: libmudflap.c/pass45-frag.c (-O3) output pattern test
FAIL: libmudflap.c/pass45-frag.c (-O3) execution test
FAIL: libmudflap.c/pass45-frag.c (-O3) output pattern test
FAIL: libmudflap.c++/pass41-frag.cxx execution test
FAIL: libmudflap.c++/pass41-frag.cxx (-static) execution test
FAIL: libmudflap.c++/pass41-frag.cxx ( -O) execution test
FAIL: libmudflap.c++/pass41-frag.cxx (-O2) execution test
FAIL: libmudflap.c++/pass41-frag.cxx (-O3) execution test
WARNING: program timed out.
FAIL: libmudflap.cth/pass40-frag.c execution test
FAIL: libmudflap.cth/pass40-frag.c output pattern test
WARNING: program timed out.
FAIL: libmudflap.cth/pass40-frag.c (-static -DSTATIC) execution test
FAIL: libmudflap.cth/pass40-frag.c (-static -DSTATIC) output pattern
test
WARNING: program timed out.
FAIL: libmudflap.cth/pass40-frag.c (-O2) execution test
FAIL: libmudflap.cth/pass40-frag.c (-O2) output pattern test
WARNING: program timed out.
FAIL: libmudflap.cth/pass40-frag.c (-O3) execution test
FAIL: libmudflap.cth/pass40-frag.c (-O3) output pattern test

		=== libmudflap Summary ===

# of expected passes		1875
# of unexpected failures	19
		=== libstdc++ tests ===


Running target unix
FAIL: 30_threads/call_once/39909.cc execution test
FAIL: ext/pb_ds/regression/tree_data_map_rand.cc (test for excess
errors)
UNRESOLVED: ext/pb_ds/regression/tree_data_map_rand.cc compilation
failed to produce executable
FAIL: ext/pb_ds/regression/tree_no_data_map_rand.cc (test for excess
errors)
UNRESOLVED: ext/pb_ds/regression/tree_no_data_map_rand.cc compilation
failed to produce executable
WARNING: program timed out.
WARNING: program timed out.

		=== libstdc++ Summary ===

# of expected passes		6825
# of unexpected failures	3
# of expected failures		93
# of unresolved testcases	2
# of unsupported tests		355

		=== libstdc++ Summary ===

		=== g++ tests ===


Running target unix
FAIL: g++.dg/abi/local1.C execution test
FAIL: g++.dg/abi/packed1.C (test for excess errors)
FAIL: g++.dg/opt/pr30965.C scan-tree-dump-times optimized "variable_..D.
= v_..D." 2
FAIL: g++.dg/template/cond5.C (internal compiler error)
FAIL: g++.dg/template/cond5.C (test for excess errors)
FAIL: g++.dg/tree-ssa/new1.C scan-tree-dump-not forwprop1 "= .* \\+ -"
FAIL: 23:is 1:should be 2
FAIL: g++.dg/gcov/gcov-2.C gcov: 1 failures in line counts, 0 in branch
percentages, 0 in return percentages

		=== g++ Summary ===

# of expected passes		22075
# of unexpected failures	8
# of expected failures		151
# of unsupported tests		172
/home/rearnsha/gnu/gcc/trunkd16/gcc/testsuite/g++/../../g++  version
4.5.0 20100324 (experimental) (GCC) 

		=== gcc tests ===


Running target unix
WARNING: program timed out.
FAIL: gcc.c-torture/compile/limits-fnargs.c  -O2  (test for excess
errors)
WARNING: program timed out.
FAIL: gcc.c-torture/compile/limits-fnargs.c  -O3 -fomit-frame-pointer
(test for excess errors)
WARNING: program timed out.
FAIL: gcc.c-torture/compile/limits-fnargs.c  -O3 -g  (test for excess
errors)
WARNING: program timed out.
FAIL: gcc.c-torture/compile/limits-fnargs.c  -O2 -flto  (test for excess
errors)
WARNING: program timed out.
FAIL: gcc.c-torture/compile/limits-fnargs.c  -O2 -fwhopr  (test for
excess errors)
WARNING: program timed out.
FAIL: gcc.c-torture/compile/limits-fndefn.c  -O3 -g  (test for excess
errors)
FAIL: gcc.c-torture/execute/builtins/abs-1.c execution,  -O2 -fwhopr 
WARNING: program timed out.
FAIL: gcc.dg/20020425-1.c (test for excess errors)
FAIL: gcc.dg/c99-stdint-1.c (test for excess errors)
FAIL: gcc.dg/c99-stdint-7.c (test for excess errors)
FAIL: gcc.dg/pr34668-1.c (internal compiler error)
FAIL: gcc.dg/pr34668-1.c (test for excess errors)
WARNING: program timed out.
FAIL: gcc.dg/pr43058.c (test for excess errors)
FAIL: gcc.dg/sibcall-3.c execution test
FAIL: gcc.dg/sibcall-4.c execution test
FAIL: gcc.dg/uninit-13.c unconditional (test for warnings, line 8)
FAIL: gcc.dg/uninit-13.c (test for excess errors)
WARNING: program timed out.
FAIL: gcc.dg/graphite/block-3.c (test for excess errors)
UNRESOLVED: gcc.dg/graphite/block-3.c compilation failed to produce
executable
FAIL: gcc.dg/graphite/block-3.c scan-tree-dump-times graphite "will be
loop blocked" 1
WARNING: program timed out.
FAIL: gcc.dg/graphite/block-4.c (test for excess errors)
UNRESOLVED: gcc.dg/graphite/block-4.c compilation failed to produce
executable
WARNING: program timed out.
FAIL: gcc.dg/graphite/block-7.c (test for excess errors)
UNRESOLVED: gcc.dg/graphite/block-7.c compilation failed to produce
executable
XPASS: gcc.dg/guality/example.c  -O0  execution test
WARNING: program timed out.
WARNING: program timed out.
WARNING: program timed out.
XPASS: gcc.dg/guality/guality.c  -O1  execution test
XPASS: gcc.dg/guality/guality.c  -O2  execution test
XPASS: gcc.dg/guality/guality.c  -O3 -fomit-frame-pointer  execution
test
XPASS: gcc.dg/guality/guality.c  -O3 -g  execution test
XPASS: gcc.dg/guality/guality.c  -Os  execution test
XPASS: gcc.dg/guality/guality.c  -O2 -flto  execution test
XPASS: gcc.dg/guality/guality.c  -O2 -fwhopr  execution test
XPASS: gcc.dg/guality/inline-params.c  -O0  execution test
XPASS: gcc.dg/guality/inline-params.c  -O1  execution test
XPASS: gcc.dg/guality/inline-params.c  -O2  execution test
WARNING: program timed out.
XPASS: gcc.dg/guality/inline-params.c  -O3 -g  execution test
XPASS: gcc.dg/guality/inline-params.c  -Os  execution test
FAIL: gcc.dg/guality/pr36728-1.c  -O1  line 12 arg3 == 3
FAIL: gcc.dg/guality/pr36728-1.c  -O1  line 12 arg4 == 4
FAIL: gcc.dg/guality/pr36728-1.c  -O1  line 14 arg3 == 3
FAIL: gcc.dg/guality/pr36728-1.c  -O1  line 14 arg4 == 4
FAIL: gcc.dg/guality/pr36728-1.c  -O2  line 12 arg3 == 3
FAIL: gcc.dg/guality/pr36728-1.c  -O2  line 12 arg4 == 4
FAIL: gcc.dg/guality/pr36728-1.c  -O2  line 14 arg3 == 3
FAIL: gcc.dg/guality/pr36728-1.c  -O2  line 14 arg4 == 4
FAIL: gcc.dg/guality/pr36728-1.c  -O3 -fomit-frame-pointer  line 12 arg4
== 4
FAIL: gcc.dg/guality/pr36728-1.c  -O3 -fomit-frame-pointer  line 14 arg3
== 3
FAIL: gcc.dg/guality/pr36728-1.c  -O3 -fomit-frame-pointer  line 14 arg4
== 4
FAIL: gcc.dg/guality/pr36728-1.c  -O3 -g  line 12 arg3 == 3
FAIL: gcc.dg/guality/pr36728-1.c  -O3 -g  line 12 arg4 == 4
FAIL: gcc.dg/guality/pr36728-1.c  -O3 -g  line 14 arg3 == 3
FAIL: gcc.dg/guality/pr36728-1.c  -Os  line 12 arg3 == 3
FAIL: gcc.dg/guality/pr36728-1.c  -Os  line 12 arg4 == 4
FAIL: gcc.dg/guality/pr36728-1.c  -Os  line 14 arg3 == 3
FAIL: gcc.dg/guality/pr36728-1.c  -Os  line 14 arg4 == 4
FAIL: gcc.dg/guality/pr36728-1.c  -O2 -flto  line 12 arg3 == 3
FAIL: gcc.dg/guality/pr36728-1.c  -O2 -flto  line 12 arg4 == 4
FAIL: gcc.dg/guality/pr36728-1.c  -O2 -flto  line 14 arg3 == 3
FAIL: gcc.dg/guality/pr36728-1.c  -O2 -flto  line 14 arg4 == 4
FAIL: gcc.dg/guality/pr36728-1.c  -O2 -fwhopr  line 12 arg3 == 3
FAIL: gcc.dg/guality/pr36728-1.c  -O2 -fwhopr  line 12 arg4 == 4
FAIL: gcc.dg/guality/pr36728-1.c  -O2 -fwhopr  line 14 arg3 == 3
FAIL: gcc.dg/guality/pr36728-1.c  -O2 -fwhopr  line 14 arg4 == 4
FAIL: gcc.dg/guality/pr36728-2.c  -O1  line 12 arg4 == 4
FAIL: gcc.dg/guality/pr36728-2.c  -O2  line 12 arg4 == 4
FAIL: gcc.dg/guality/pr36728-2.c  -O2  line 14 arg4 == 4
FAIL: gcc.dg/guality/pr36728-2.c  -O3 -fomit-frame-pointer  line 12 arg4
== 4
FAIL: gcc.dg/guality/pr36728-2.c  -O3 -fomit-frame-pointer  line 14 arg4
== 4
FAIL: gcc.dg/guality/pr36728-2.c  -O3 -g  line 12 arg4 == 4
FAIL: gcc.dg/guality/pr36728-2.c  -O3 -g  line 14 arg4 == 4
FAIL: gcc.dg/guality/pr36728-2.c  -Os  line 12 arg4 == 4
FAIL: gcc.dg/guality/pr36728-2.c  -Os  line 14 arg4 == 4
FAIL: gcc.dg/guality/pr36728-2.c  -O2 -flto  line 12 arg4 == 4
FAIL: gcc.dg/guality/pr36728-2.c  -O2 -fwhopr  line 12 arg4 == 4
FAIL: gcc.dg/guality/pr36728-2.c  -O2 -fwhopr  line 14 arg4 == 4
XPASS: gcc.dg/guality/pr41353-1.c  -O0  line 28 j == 28 + 37
FAIL: gcc.dg/guality/pr41353-1.c  -O1  line 28 i == 37
XPASS: gcc.dg/guality/pr41353-1.c  -O1  line 28 j == 28 + 37
FAIL: gcc.dg/guality/pr41353-1.c  -O1  line 28 i1 == 2 * 37
FAIL: gcc.dg/guality/pr41353-1.c  -O1  line 28 i2 == 3 * 37
FAIL: gcc.dg/guality/pr41353-1.c  -O2  line 28 i == 37
XPASS: gcc.dg/guality/pr41353-1.c  -O2  line 28 j == 28 + 37
FAIL: gcc.dg/guality/pr41353-1.c  -O2  line 28 i1 == 2 * 37
FAIL: gcc.dg/guality/pr41353-1.c  -O2  line 28 i2 == 3 * 37
FAIL: gcc.dg/guality/pr41353-1.c  -O3 -fomit-frame-pointer  line 28 i ==
37
XPASS: gcc.dg/guality/pr41353-1.c  -O3 -fomit-frame-pointer  line 28 j
== 28 + 37
FAIL: gcc.dg/guality/pr41353-1.c  -O3 -fomit-frame-pointer  line 28 i1
== 2 * 37
FAIL: gcc.dg/guality/pr41353-1.c  -O3 -fomit-frame-pointer  line 28 i2
== 3 * 37
FAIL: gcc.dg/guality/pr41353-1.c  -O3 -g  line 28 i == 37
XPASS: gcc.dg/guality/pr41353-1.c  -O3 -g  line 28 j == 28 + 37
FAIL: gcc.dg/guality/pr41353-1.c  -O3 -g  line 28 i1 == 2 * 37
FAIL: gcc.dg/guality/pr41353-1.c  -O3 -g  line 28 i2 == 3 * 37
FAIL: gcc.dg/guality/pr41353-1.c  -Os  line 28 i == 37
XPASS: gcc.dg/guality/pr41353-1.c  -Os  line 28 j == 28 + 37
FAIL: gcc.dg/guality/pr41353-1.c  -Os  line 28 i1 == 2 * 37
FAIL: gcc.dg/guality/pr41353-1.c  -Os  line 28 i2 == 3 * 37
FAIL: gcc.dg/guality/pr41353-1.c  -O2 -flto  line 28 i == 37
FAIL: gcc.dg/guality/pr41353-1.c  -O2 -flto  line 28 i1 == 2 * 37
FAIL: gcc.dg/guality/pr41353-1.c  -O2 -flto  line 28 i2 == 3 * 37
FAIL: gcc.dg/guality/pr41353-1.c  -O2 -fwhopr  line 28 i == 37
FAIL: gcc.dg/guality/pr41353-1.c  -O2 -fwhopr  line 28 i1 == 2 * 37
FAIL: gcc.dg/guality/pr41353-1.c  -O2 -fwhopr  line 28 i2 == 3 * 37
XPASS: gcc.dg/guality/pr41447-1.c  -O0  execution test
XPASS: gcc.dg/guality/pr41447-1.c  -O1  execution test
XPASS: gcc.dg/guality/pr41447-1.c  -O2  execution test
XPASS: gcc.dg/guality/pr41447-1.c  -O3 -fomit-frame-pointer  execution
test
XPASS: gcc.dg/guality/pr41447-1.c  -O3 -g  execution test
XPASS: gcc.dg/guality/pr41447-1.c  -Os  execution test
XPASS: gcc.dg/guality/pr41447-1.c  -O2 -flto  execution test
WARNING: program timed out.
WARNING: program timed out.
XPASS: gcc.dg/guality/pr41616-1.c  -O1  execution test
XPASS: gcc.dg/guality/pr41616-1.c  -O2  execution test
XPASS: gcc.dg/guality/pr41616-1.c  -Os  execution test
XPASS: gcc.dg/guality/pr41616-1.c  -O2 -flto  execution test
XPASS: gcc.dg/guality/pr41616-1.c  -O2 -fwhopr  execution test
FAIL: gcc.dg/guality/pr43051-1.c  -O1  line 39 c == &a[0]
FAIL: gcc.dg/guality/pr43077-1.c  -O1  line 42 varb == 2
FAIL: gcc.dg/guality/pr43077-1.c  -O3 -fomit-frame-pointer  line 19 varb
== 3
FAIL: gcc.dg/guality/vla-1.c  -O0  line 17 sizeof (a) == 6
FAIL: gcc.dg/guality/vla-1.c  -O0  line 24 sizeof (a) == 17 * sizeof
(short)
FAIL: gcc.dg/guality/vla-1.c  -O1  line 17 i == 5
FAIL: gcc.dg/guality/vla-1.c  -O1  line 17 sizeof (a) == 6
FAIL: gcc.dg/guality/vla-1.c  -O1  line 24 sizeof (a) == 17 * sizeof
(short)
FAIL: gcc.dg/guality/vla-1.c  -O2  line 17 i == 5
FAIL: gcc.dg/guality/vla-1.c  -O2  line 24 sizeof (a) == 17 * sizeof
(short)
FAIL: gcc.dg/guality/vla-1.c  -O3 -fomit-frame-pointer  line 17 sizeof
(a) == 6
FAIL: gcc.dg/guality/vla-1.c  -O3 -fomit-frame-pointer  line 24 sizeof
(a) == 17 * sizeof (short)
FAIL: gcc.dg/guality/vla-1.c  -O3 -g  line 17 i == 5
FAIL: gcc.dg/guality/vla-1.c  -O3 -g  line 17 sizeof (a) == 6
FAIL: gcc.dg/guality/vla-1.c  -O3 -g  line 24 sizeof (a) == 17 * sizeof
(short)
FAIL: gcc.dg/guality/vla-1.c  -Os  line 17 i == 5
FAIL: gcc.dg/guality/vla-1.c  -Os  line 17 sizeof (a) == 6
FAIL: gcc.dg/guality/vla-1.c  -Os  line 24 sizeof (a) == 17 * sizeof
(short)
FAIL: gcc.dg/guality/vla-1.c  -O2 -flto  line 17 sizeof (a) == 6
FAIL: gcc.dg/guality/vla-1.c  -O2 -fwhopr  line 17 sizeof (a) == 6
FAIL: gcc.dg/guality/vla-1.c  -O2 -fwhopr  line 24 sizeof (a) == 17 *
sizeof (short)
FAIL: gcc.dg/lto/20081112 c_lto_20081112_0.o-c_lto_20081112_1.o execute
-O2 -fwhopr
FAIL: gcc.dg/tree-ssa/pr42585.c scan-tree-dump-times optimized "struct
_fat_ptr _ans" 0
FAIL: gcc.dg/tree-ssa/pr42585.c scan-tree-dump-times optimized "struct
_fat_ptr _T2" 0
FAIL: gcc.dg/vect/vect-35.c scan-tree-dump-times vect "vectorized 2
loops" 1
FAIL: gcc.target/arm/g2.c scan-assembler mla[ \\t].*
ERROR: gcc.target/arm/neon-modes-1.c: Unrecognized option type: arm_neon
for " dg-add-options 4 arm_neon "
UNRESOLVED: gcc.target/arm/neon-modes-1.c: Unrecognized option type:
arm_neon for " dg-add-options 4 arm_neon "
FAIL: gcc.target/arm/scd42-2.c scan-assembler mov[ \\t].*272
FAIL: gcc.target/arm/sibcall-1.c scan-assembler \\tb\\tfunc2(\\\\(PLT\\\
\))?\\n

		=== gcc Summary ===

# of expected passes		69492
# of unexpected failures	108
# of unexpected successes	31
# of expected failures		245
# of unresolved testcases	4
# of unsupported tests		754
/home/rearnsha/gnu/gcc/trunkd16/gcc/xgcc  version 4.5.0 20100324
(experimental) (GCC) 


Compiler version: 4.5.0 20100324 (experimental) (GCC) 
Platform: armv7l-unknown-linux-gnueabi
configure flags: --with-cpu=cortex-a9 --with-fpu=vfpv3-d16
--with-float=softfp --with-mode=thumb --enable-languages=c,c++,lto





Index Nav: [Date Index] [Subject Index] [Author Index] [Thread Index]
Message Nav: [Date Prev] [Date Next] [Thread Prev] [Thread Next]