This is the mail archive of the gcc-testresults@gcc.gnu.org mailing list for the GCC project.


Index Nav: [Date Index] [Subject Index] [Author Index] [Thread Index]
Message Nav: [Date Prev] [Date Next] [Thread Prev] [Thread Next]
Other format: [Raw text]

Results for 4.5.0 20100402 (experimental) [trunk revision 157943] (GCC) testsuite on ia64-unknown-linux-gnu


LAST_UPDATED: Fri Apr  2 15:56:07 UTC 2010 (revision 157943)

		=== acats tests ===
FAIL:	cb1010c
FAIL:	cb1010d

		=== acats Summary ===
# of expected passes		2319
# of unexpected failures	2
Native configuration is ia64-unknown-linux-gnu

		=== gcc tests ===


Running target unix
FAIL: gcc.dg/builtin-apply4.c execution test
FAIL: gcc.dg/pr34668-1.c (internal compiler error)
FAIL: gcc.dg/pr34668-1.c (test for excess errors)
FAIL: gcc.dg/pr43058.c (test for excess errors)
XPASS: gcc.dg/guality/example.c  -O0  execution test
WARNING: program timed out.
XPASS: gcc.dg/guality/guality.c  -O0  execution test
WARNING: program timed out.
FAIL: gcc.dg/guality/inline-params.c  -O0  execution test
FAIL: gcc.dg/guality/inline-params.c  -O1  execution test
FAIL: gcc.dg/guality/pr36728-1.c  -O3 -fomit-frame-pointer  line 12 arg7 == 30
FAIL: gcc.dg/guality/pr36728-1.c  -O3 -fomit-frame-pointer  line 14 arg7 == 30
FAIL: gcc.dg/guality/pr36728-1.c  -O3 -g  line 12 arg7 == 30
FAIL: gcc.dg/guality/pr36728-1.c  -O3 -g  line 14 arg7 == 30
XPASS: gcc.dg/guality/pr41353-1.c  -O0  line 28 j == 28 + 37
FAIL: gcc.dg/guality/pr41353-1.c  -O3 -fomit-frame-pointer  line 39 i == 12
FAIL: gcc.dg/guality/pr41353-1.c  -O3 -g  line 39 i == 12
XPASS: gcc.dg/guality/pr41447-1.c  -O0  execution test
XPASS: gcc.dg/guality/pr41447-1.c  -O2  execution test
XPASS: gcc.dg/guality/pr41447-1.c  -O3 -fomit-frame-pointer  execution test
XPASS: gcc.dg/guality/pr41447-1.c  -O3 -g  execution test
WARNING: program timed out.
XPASS: gcc.dg/guality/pr41616-1.c  -O0  execution test
FAIL: gcc.dg/guality/pr43051-1.c  -O1  line 34 c == &a[0]
FAIL: gcc.dg/guality/pr43051-1.c  -O1  line 39 c == &a[0]
FAIL: gcc.dg/guality/pr43077-1.c  -O1  line 42 b == 2
FAIL: gcc.dg/guality/pr43077-1.c  -O2  line 42 b == 2
FAIL: gcc.dg/guality/pr43077-1.c  -O3 -fomit-frame-pointer  line 42 varb == 2
FAIL: gcc.dg/guality/pr43077-1.c  -O3 -g  line 42 varb == 2
FAIL: gcc.dg/guality/pr43077-1.c  -Os  line 42 b == 2
FAIL: gcc.dg/guality/pr43177.c  -O3 -fomit-frame-pointer  line 15 x == 7
FAIL: gcc.dg/guality/pr43177.c  -O3 -fomit-frame-pointer  line 24 x == 7
FAIL: gcc.dg/guality/pr43177.c  -O3 -g  line 15 x == 7
FAIL: gcc.dg/guality/pr43177.c  -O3 -g  line 24 x == 7
FAIL: gcc.dg/guality/pr43329-1.c  -O0  (test for excess errors)
UNRESOLVED: gcc.dg/guality/pr43329-1.c  -O0  compilation failed to produce executable
FAIL: gcc.dg/guality/pr43329-1.c  -O1  (test for excess errors)
UNRESOLVED: gcc.dg/guality/pr43329-1.c  -O1  compilation failed to produce executable
FAIL: gcc.dg/guality/pr43329-1.c  -O2  (test for excess errors)
UNRESOLVED: gcc.dg/guality/pr43329-1.c  -O2  compilation failed to produce executable
FAIL: gcc.dg/guality/pr43329-1.c  -O3 -fomit-frame-pointer  (test for excess errors)
UNRESOLVED: gcc.dg/guality/pr43329-1.c  -O3 -fomit-frame-pointer  compilation failed to produce executable
FAIL: gcc.dg/guality/pr43329-1.c  -O3 -g  (test for excess errors)
UNRESOLVED: gcc.dg/guality/pr43329-1.c  -O3 -g  compilation failed to produce executable
FAIL: gcc.dg/guality/pr43329-1.c  -Os  (test for excess errors)
UNRESOLVED: gcc.dg/guality/pr43329-1.c  -Os  compilation failed to produce executable
FAIL: gcc.dg/guality/vla-1.c  -O0  line 17 sizeof (a) == 6
FAIL: gcc.dg/guality/vla-1.c  -O0  line 24 sizeof (a) == 17 * sizeof (short)
FAIL: gcc.dg/guality/vla-1.c  -O1  line 24 sizeof (a) == 17 * sizeof (short)
FAIL: gcc.dg/guality/vla-1.c  -O2  line 24 i == 5
FAIL: gcc.dg/guality/vla-1.c  -O2  line 24 sizeof (a) == 17 * sizeof (short)
FAIL: gcc.dg/guality/vla-1.c  -O3 -fomit-frame-pointer  line 24 i == 5
FAIL: gcc.dg/guality/vla-1.c  -O3 -g  line 24 i == 5
FAIL: gcc.dg/guality/vla-1.c  -Os  line 24 i == 5
FAIL: gcc.dg/guality/vla-1.c  -Os  line 24 sizeof (a) == 17 * sizeof (short)
XPASS: gcc.dg/tree-ssa/loop-1.c scan-assembler-times foo 5

		=== gcc Summary ===

# of expected passes		54340
# of unexpected failures	38
# of unexpected successes	9
# of expected failures		247
# of unresolved testcases	6
# of unsupported tests		779
/home/guerby/build/gcc/xgcc  version 4.5.0 20100402 (experimental) [trunk revision 157943] (GCC) 

		=== gnat tests ===


Running target unix

		=== gnat Summary ===

# of expected passes		757
# of expected failures		7
# of unsupported tests		1
		=== libgomp tests ===


Running target unix

		=== libgomp Summary ===

# of expected passes		264
		=== libmudflap tests ===


Running target unix
FAIL: libmudflap.c/fail31-frag.c (-O3) crash test
FAIL: libmudflap.c/fail31-frag.c (-O3) output pattern test
FAIL: libmudflap.c/pass45-frag.c (-O3) execution test
FAIL: libmudflap.c/pass45-frag.c (-O3) output pattern test
FAIL: libmudflap.c/pass45-frag.c (-O3) execution test
FAIL: libmudflap.c/pass45-frag.c (-O3) output pattern test

		=== libmudflap Summary ===

# of expected passes		1734
# of unexpected failures	6
# of unsupported tests		2

Compiler version: 4.5.0 20100402 (experimental) [trunk revision 157943] (GCC) 
Platform: ia64-unknown-linux-gnu
configure flags: --prefix=/n/60/guerby/install-trunk --enable-languages=c,ada --enable-__cxa_atexit --disable-nls --enable-threads=posix --with-mpfr=/opt/cfarm/mpfr-2.4.1 --with-gmp=/opt/cfarm/gmp-4.2.4 --with-mpc=/opt/cfarm/mpc-0.8


Index Nav: [Date Index] [Subject Index] [Author Index] [Thread Index]
Message Nav: [Date Prev] [Date Next] [Thread Prev] [Thread Next]