This is the mail archive of the gcc-testresults@gcc.gnu.org mailing list for the GCC project.


Index Nav: [Date Index] [Subject Index] [Author Index] [Thread Index]
Message Nav: [Date Prev] [Date Next] [Thread Prev] [Thread Next]
Other format: [Raw text]

Results for 4.4.3 (Debian 4.4.3-7) testsuite on x86_64-pc-linux-gnu


LAST_UPDATED: Obtained from SVN: tags/gcc_4_4_3_release revision 156151

Target: x86_64-linux-gnu
gcc version 4.4.3 (Debian 4.4.3-7) 
Native configuration is x86_64-pc-linux-gnu

		=== g++ tests ===


Running target unix
UNRESOLVED: attribute_plugin.c compilation, -I. -I/scratch/packages/gcc/4.4/gcc-4.4-4.4.3/src/gcc/testsuite -I/scratch/packages/gcc/4.4/gcc-4.4-4.4.3/src/gcc/testsuite/../../gcc -I/scratch/packages/gcc/4.4/gcc-4.4-4.4.3/build/gcc/testsuite/g++/../../../gcc  -I/scratch/packages/gcc/4.4/gcc-4.4-4.4.3/src/gcc/testsuite/../../include -I/scratch/packages/gcc/4.4/gcc-4.4-4.4.3/src/gcc/testsuite/../../libcpp/include    -DIN_GCC -fPIC -shared
UNRESOLVED: selfassign.c compilation, -I. -I/scratch/packages/gcc/4.4/gcc-4.4-4.4.3/src/gcc/testsuite -I/scratch/packages/gcc/4.4/gcc-4.4-4.4.3/src/gcc/testsuite/../../gcc -I/scratch/packages/gcc/4.4/gcc-4.4-4.4.3/build/gcc/testsuite/g++/../../../gcc  -I/scratch/packages/gcc/4.4/gcc-4.4-4.4.3/src/gcc/testsuite/../../include -I/scratch/packages/gcc/4.4/gcc-4.4-4.4.3/src/gcc/testsuite/../../libcpp/include   -O -DIN_GCC -fPIC -shared
UNRESOLVED: dumb_plugin.c compilation, -I. -I/scratch/packages/gcc/4.4/gcc-4.4-4.4.3/src/gcc/testsuite -I/scratch/packages/gcc/4.4/gcc-4.4-4.4.3/src/gcc/testsuite/../../gcc -I/scratch/packages/gcc/4.4/gcc-4.4-4.4.3/build/gcc/testsuite/g++/../../../gcc  -I/scratch/packages/gcc/4.4/gcc-4.4-4.4.3/src/gcc/testsuite/../../include -I/scratch/packages/gcc/4.4/gcc-4.4-4.4.3/src/gcc/testsuite/../../libcpp/include    -DIN_GCC -fPIC -shared
UNRESOLVED: header_plugin.c compilation, -I. -I/scratch/packages/gcc/4.4/gcc-4.4-4.4.3/src/gcc/testsuite -I/scratch/packages/gcc/4.4/gcc-4.4-4.4.3/src/gcc/testsuite/../../gcc -I/scratch/packages/gcc/4.4/gcc-4.4-4.4.3/build/gcc/testsuite/g++/../../../gcc  -I/scratch/packages/gcc/4.4/gcc-4.4-4.4.3/src/gcc/testsuite/../../include -I/scratch/packages/gcc/4.4/gcc-4.4-4.4.3/src/gcc/testsuite/../../libcpp/include    -DIN_GCC -fPIC -shared

		=== g++ Summary for unix ===

# of expected passes		19934
# of expected failures		157
# of unresolved testcases	4
# of unsupported tests		253

Running target unix/-fstack-protector
UNRESOLVED: attribute_plugin.c compilation, -I. -I/scratch/packages/gcc/4.4/gcc-4.4-4.4.3/src/gcc/testsuite -I/scratch/packages/gcc/4.4/gcc-4.4-4.4.3/src/gcc/testsuite/../../gcc -I/scratch/packages/gcc/4.4/gcc-4.4-4.4.3/build/gcc/testsuite/g++/../../../gcc  -I/scratch/packages/gcc/4.4/gcc-4.4-4.4.3/src/gcc/testsuite/../../include -I/scratch/packages/gcc/4.4/gcc-4.4-4.4.3/src/gcc/testsuite/../../libcpp/include    -DIN_GCC -fPIC -shared
UNRESOLVED: selfassign.c compilation, -I. -I/scratch/packages/gcc/4.4/gcc-4.4-4.4.3/src/gcc/testsuite -I/scratch/packages/gcc/4.4/gcc-4.4-4.4.3/src/gcc/testsuite/../../gcc -I/scratch/packages/gcc/4.4/gcc-4.4-4.4.3/build/gcc/testsuite/g++/../../../gcc  -I/scratch/packages/gcc/4.4/gcc-4.4-4.4.3/src/gcc/testsuite/../../include -I/scratch/packages/gcc/4.4/gcc-4.4-4.4.3/src/gcc/testsuite/../../libcpp/include   -O -DIN_GCC -fPIC -shared
UNRESOLVED: dumb_plugin.c compilation, -I. -I/scratch/packages/gcc/4.4/gcc-4.4-4.4.3/src/gcc/testsuite -I/scratch/packages/gcc/4.4/gcc-4.4-4.4.3/src/gcc/testsuite/../../gcc -I/scratch/packages/gcc/4.4/gcc-4.4-4.4.3/build/gcc/testsuite/g++/../../../gcc  -I/scratch/packages/gcc/4.4/gcc-4.4-4.4.3/src/gcc/testsuite/../../include -I/scratch/packages/gcc/4.4/gcc-4.4-4.4.3/src/gcc/testsuite/../../libcpp/include    -DIN_GCC -fPIC -shared
UNRESOLVED: header_plugin.c compilation, -I. -I/scratch/packages/gcc/4.4/gcc-4.4-4.4.3/src/gcc/testsuite -I/scratch/packages/gcc/4.4/gcc-4.4-4.4.3/src/gcc/testsuite/../../gcc -I/scratch/packages/gcc/4.4/gcc-4.4-4.4.3/build/gcc/testsuite/g++/../../../gcc  -I/scratch/packages/gcc/4.4/gcc-4.4-4.4.3/src/gcc/testsuite/../../include -I/scratch/packages/gcc/4.4/gcc-4.4-4.4.3/src/gcc/testsuite/../../libcpp/include    -DIN_GCC -fPIC -shared

		=== g++ Summary for unix/-fstack-protector ===

# of expected passes		19934
# of expected failures		157
# of unresolved testcases	4
# of unsupported tests		253

Running target unix/-m32
UNRESOLVED: attribute_plugin.c compilation, -I. -I/scratch/packages/gcc/4.4/gcc-4.4-4.4.3/src/gcc/testsuite -I/scratch/packages/gcc/4.4/gcc-4.4-4.4.3/src/gcc/testsuite/../../gcc -I/scratch/packages/gcc/4.4/gcc-4.4-4.4.3/build/gcc/testsuite/g++/../../../gcc  -I/scratch/packages/gcc/4.4/gcc-4.4-4.4.3/src/gcc/testsuite/../../include -I/scratch/packages/gcc/4.4/gcc-4.4-4.4.3/src/gcc/testsuite/../../libcpp/include    -DIN_GCC -fPIC -shared
UNRESOLVED: selfassign.c compilation, -I. -I/scratch/packages/gcc/4.4/gcc-4.4-4.4.3/src/gcc/testsuite -I/scratch/packages/gcc/4.4/gcc-4.4-4.4.3/src/gcc/testsuite/../../gcc -I/scratch/packages/gcc/4.4/gcc-4.4-4.4.3/build/gcc/testsuite/g++/../../../gcc  -I/scratch/packages/gcc/4.4/gcc-4.4-4.4.3/src/gcc/testsuite/../../include -I/scratch/packages/gcc/4.4/gcc-4.4-4.4.3/src/gcc/testsuite/../../libcpp/include   -O -DIN_GCC -fPIC -shared
UNRESOLVED: dumb_plugin.c compilation, -I. -I/scratch/packages/gcc/4.4/gcc-4.4-4.4.3/src/gcc/testsuite -I/scratch/packages/gcc/4.4/gcc-4.4-4.4.3/src/gcc/testsuite/../../gcc -I/scratch/packages/gcc/4.4/gcc-4.4-4.4.3/build/gcc/testsuite/g++/../../../gcc  -I/scratch/packages/gcc/4.4/gcc-4.4-4.4.3/src/gcc/testsuite/../../include -I/scratch/packages/gcc/4.4/gcc-4.4-4.4.3/src/gcc/testsuite/../../libcpp/include    -DIN_GCC -fPIC -shared
UNRESOLVED: header_plugin.c compilation, -I. -I/scratch/packages/gcc/4.4/gcc-4.4-4.4.3/src/gcc/testsuite -I/scratch/packages/gcc/4.4/gcc-4.4-4.4.3/src/gcc/testsuite/../../gcc -I/scratch/packages/gcc/4.4/gcc-4.4-4.4.3/build/gcc/testsuite/g++/../../../gcc  -I/scratch/packages/gcc/4.4/gcc-4.4-4.4.3/src/gcc/testsuite/../../include -I/scratch/packages/gcc/4.4/gcc-4.4-4.4.3/src/gcc/testsuite/../../libcpp/include    -DIN_GCC -fPIC -shared

		=== g++ Summary for unix/-m32 ===

# of expected passes		20253
# of expected failures		157
# of unresolved testcases	4
# of unsupported tests		101

		=== g++ Summary ===

# of expected passes		60121
# of expected failures		471
# of unresolved testcases	12
# of unsupported tests		607
/scratch/packages/gcc/4.4/gcc-4.4-4.4.3/build/gcc/testsuite/g++/../../g++  version 4.4.3 (Debian 4.4.3-7) 

		=== gcc tests ===


Running target unix
UNRESOLVED: selfassign.c compilation, -I. -I/scratch/packages/gcc/4.4/gcc-4.4-4.4.3/src/gcc/testsuite -I/scratch/packages/gcc/4.4/gcc-4.4-4.4.3/src/gcc/testsuite/../../gcc -I/scratch/packages/gcc/4.4/gcc-4.4-4.4.3/build/gcc/testsuite/gcc/../../../gcc  -I/scratch/packages/gcc/4.4/gcc-4.4-4.4.3/src/gcc/testsuite/../../include -I/scratch/packages/gcc/4.4/gcc-4.4-4.4.3/src/gcc/testsuite/../../libcpp/include   -O -DIN_GCC -fPIC -shared
UNRESOLVED: ggcplug.c compilation, -I. -I/scratch/packages/gcc/4.4/gcc-4.4-4.4.3/src/gcc/testsuite -I/scratch/packages/gcc/4.4/gcc-4.4-4.4.3/src/gcc/testsuite/../../gcc -I/scratch/packages/gcc/4.4/gcc-4.4-4.4.3/build/gcc/testsuite/gcc/../../../gcc  -I/scratch/packages/gcc/4.4/gcc-4.4-4.4.3/src/gcc/testsuite/../../include -I/scratch/packages/gcc/4.4/gcc-4.4-4.4.3/src/gcc/testsuite/../../libcpp/include   -O -DIN_GCC -fPIC -shared
UNRESOLVED: start_unit_plugin.c compilation, -I. -I/scratch/packages/gcc/4.4/gcc-4.4-4.4.3/src/gcc/testsuite -I/scratch/packages/gcc/4.4/gcc-4.4-4.4.3/src/gcc/testsuite/../../gcc -I/scratch/packages/gcc/4.4/gcc-4.4-4.4.3/build/gcc/testsuite/gcc/../../../gcc  -I/scratch/packages/gcc/4.4/gcc-4.4-4.4.3/src/gcc/testsuite/../../include -I/scratch/packages/gcc/4.4/gcc-4.4-4.4.3/src/gcc/testsuite/../../libcpp/include    -DIN_GCC -fPIC -shared
FAIL: gcc.dg/tree-prof/bb-reorg.c compilation,  -fprofile-use -D_PROFILE_USE
UNRESOLVED: gcc.dg/tree-prof/bb-reorg.c execution,    -fprofile-use -D_PROFILE_USE
FAIL: gcc.dg/tree-prof/pr34999.c compilation,  -fprofile-use -D_PROFILE_USE
UNRESOLVED: gcc.dg/tree-prof/pr34999.c execution,    -fprofile-use -D_PROFILE_USE

		=== gcc Summary for unix ===

# of expected passes		57808
# of unexpected failures	2
# of expected failures		192
# of unresolved testcases	5
# of unsupported tests		728

Running target unix/-fstack-protector
WARNING: program timed out.
FAIL: gcc.c-torture/compile/limits-blockid.c  -O0  (test for excess errors)
UNRESOLVED: selfassign.c compilation, -I. -I/scratch/packages/gcc/4.4/gcc-4.4-4.4.3/src/gcc/testsuite -I/scratch/packages/gcc/4.4/gcc-4.4-4.4.3/src/gcc/testsuite/../../gcc -I/scratch/packages/gcc/4.4/gcc-4.4-4.4.3/build/gcc/testsuite/gcc/../../../gcc  -I/scratch/packages/gcc/4.4/gcc-4.4-4.4.3/src/gcc/testsuite/../../include -I/scratch/packages/gcc/4.4/gcc-4.4-4.4.3/src/gcc/testsuite/../../libcpp/include   -O -DIN_GCC -fPIC -shared
UNRESOLVED: ggcplug.c compilation, -I. -I/scratch/packages/gcc/4.4/gcc-4.4-4.4.3/src/gcc/testsuite -I/scratch/packages/gcc/4.4/gcc-4.4-4.4.3/src/gcc/testsuite/../../gcc -I/scratch/packages/gcc/4.4/gcc-4.4-4.4.3/build/gcc/testsuite/gcc/../../../gcc  -I/scratch/packages/gcc/4.4/gcc-4.4-4.4.3/src/gcc/testsuite/../../include -I/scratch/packages/gcc/4.4/gcc-4.4-4.4.3/src/gcc/testsuite/../../libcpp/include   -O -DIN_GCC -fPIC -shared
UNRESOLVED: start_unit_plugin.c compilation, -I. -I/scratch/packages/gcc/4.4/gcc-4.4-4.4.3/src/gcc/testsuite -I/scratch/packages/gcc/4.4/gcc-4.4-4.4.3/src/gcc/testsuite/../../gcc -I/scratch/packages/gcc/4.4/gcc-4.4-4.4.3/build/gcc/testsuite/gcc/../../../gcc  -I/scratch/packages/gcc/4.4/gcc-4.4-4.4.3/src/gcc/testsuite/../../include -I/scratch/packages/gcc/4.4/gcc-4.4-4.4.3/src/gcc/testsuite/../../libcpp/include    -DIN_GCC -fPIC -shared
FAIL: gcc.dg/tree-prof/bb-reorg.c compilation,  -fprofile-use -D_PROFILE_USE
UNRESOLVED: gcc.dg/tree-prof/bb-reorg.c execution,    -fprofile-use -D_PROFILE_USE
FAIL: gcc.dg/tree-prof/pr34999.c compilation,  -fprofile-use -D_PROFILE_USE
UNRESOLVED: gcc.dg/tree-prof/pr34999.c execution,    -fprofile-use -D_PROFILE_USE

		=== gcc Summary for unix/-fstack-protector ===

# of expected passes		57807
# of unexpected failures	3
# of expected failures		192
# of unresolved testcases	5
# of unsupported tests		728

Running target unix/-m32
UNRESOLVED: selfassign.c compilation, -I. -I/scratch/packages/gcc/4.4/gcc-4.4-4.4.3/src/gcc/testsuite -I/scratch/packages/gcc/4.4/gcc-4.4-4.4.3/src/gcc/testsuite/../../gcc -I/scratch/packages/gcc/4.4/gcc-4.4-4.4.3/build/gcc/testsuite/gcc/../../../gcc  -I/scratch/packages/gcc/4.4/gcc-4.4-4.4.3/src/gcc/testsuite/../../include -I/scratch/packages/gcc/4.4/gcc-4.4-4.4.3/src/gcc/testsuite/../../libcpp/include   -O -DIN_GCC -fPIC -shared
UNRESOLVED: ggcplug.c compilation, -I. -I/scratch/packages/gcc/4.4/gcc-4.4-4.4.3/src/gcc/testsuite -I/scratch/packages/gcc/4.4/gcc-4.4-4.4.3/src/gcc/testsuite/../../gcc -I/scratch/packages/gcc/4.4/gcc-4.4-4.4.3/build/gcc/testsuite/gcc/../../../gcc  -I/scratch/packages/gcc/4.4/gcc-4.4-4.4.3/src/gcc/testsuite/../../include -I/scratch/packages/gcc/4.4/gcc-4.4-4.4.3/src/gcc/testsuite/../../libcpp/include   -O -DIN_GCC -fPIC -shared
UNRESOLVED: start_unit_plugin.c compilation, -I. -I/scratch/packages/gcc/4.4/gcc-4.4-4.4.3/src/gcc/testsuite -I/scratch/packages/gcc/4.4/gcc-4.4-4.4.3/src/gcc/testsuite/../../gcc -I/scratch/packages/gcc/4.4/gcc-4.4-4.4.3/build/gcc/testsuite/gcc/../../../gcc  -I/scratch/packages/gcc/4.4/gcc-4.4-4.4.3/src/gcc/testsuite/../../include -I/scratch/packages/gcc/4.4/gcc-4.4-4.4.3/src/gcc/testsuite/../../libcpp/include    -DIN_GCC -fPIC -shared

		=== gcc Summary for unix/-m32 ===

# of expected passes		58165
# of expected failures		193
# of unresolved testcases	3
# of unsupported tests		440

		=== gcc Summary ===

# of expected passes		173780
# of unexpected failures	5
# of expected failures		577
# of unresolved testcases	13
# of unsupported tests		1896
/scratch/packages/gcc/4.4/gcc-4.4-4.4.3/build/gcc/xgcc  version 4.4.3 (Debian 4.4.3-7) 

		=== gfortran tests ===


Running target unix

		=== gfortran Summary for unix ===

# of expected passes		30302
# of expected failures		14
# of unsupported tests		44

Running target unix/-fstack-protector

		=== gfortran Summary for unix/-fstack-protector ===

# of expected passes		30302
# of expected failures		14
# of unsupported tests		44

Running target unix/-m32

		=== gfortran Summary for unix/-m32 ===

# of expected passes		30173
# of expected failures		14
# of unsupported tests		105

		=== gfortran Summary ===

# of expected passes		90777
# of expected failures		42
# of unsupported tests		193
/scratch/packages/gcc/4.4/gcc-4.4-4.4.3/build/gcc/testsuite/gfortran/../../gfortran  version 4.4.3 (Debian 4.4.3-7) 

		=== obj-c++ tests ===


Running target unix
XPASS: obj-c++.dg/comp-types-10.mm (test for excess errors)
UNRESOLVED: obj-c++.dg/lookup-2.mm compilation failed to produce executable
UNRESOLVED: obj-c++.dg/try-catch-2.mm compilation failed to produce executable
UNRESOLVED: obj-c++.dg/try-catch-9.mm compilation failed to produce executable

		=== obj-c++ Summary for unix ===

# of expected passes		425
# of unexpected successes	1
# of expected failures		20
# of unresolved testcases	3
# of unsupported tests		13

Running target unix/-fstack-protector
XPASS: obj-c++.dg/comp-types-10.mm (test for excess errors)
UNRESOLVED: obj-c++.dg/lookup-2.mm compilation failed to produce executable
UNRESOLVED: obj-c++.dg/try-catch-2.mm compilation failed to produce executable
UNRESOLVED: obj-c++.dg/try-catch-9.mm compilation failed to produce executable

		=== obj-c++ Summary for unix/-fstack-protector ===

# of expected passes		425
# of unexpected successes	1
# of expected failures		20
# of unresolved testcases	3
# of unsupported tests		13

Running target unix/-m32
XPASS: obj-c++.dg/comp-types-10.mm (test for excess errors)
UNRESOLVED: obj-c++.dg/lookup-2.mm compilation failed to produce executable
UNRESOLVED: obj-c++.dg/try-catch-2.mm compilation failed to produce executable
UNRESOLVED: obj-c++.dg/try-catch-9.mm compilation failed to produce executable

		=== obj-c++ Summary for unix/-m32 ===

# of expected passes		436
# of unexpected successes	1
# of expected failures		9
# of unresolved testcases	3
# of unsupported tests		13

		=== obj-c++ Summary ===

# of expected passes		1286
# of unexpected successes	3
# of expected failures		49
# of unresolved testcases	9
# of unsupported tests		39
/scratch/packages/gcc/4.4/gcc-4.4-4.4.3/build/gcc/testsuite/obj-c++/../../g++  version 4.4.3 (Debian 4.4.3-7) 

		=== objc tests ===


Running target unix

		=== objc Summary for unix ===

# of expected passes		1866
# of expected failures		15
# of unsupported tests		24

Running target unix/-fstack-protector

		=== objc Summary for unix/-fstack-protector ===

# of expected passes		1866
# of expected failures		15
# of unsupported tests		24

Running target unix/-m32

		=== objc Summary for unix/-m32 ===

# of expected passes		1874
# of expected failures		7
# of unsupported tests		24

		=== objc Summary ===

# of expected passes		5606
# of expected failures		37
# of unsupported tests		72
/scratch/packages/gcc/4.4/gcc-4.4-4.4.3/build/gcc/xgcc  version 4.4.3 (Debian 4.4.3-7) 

		=== libgomp tests ===


Running target unix

		=== libgomp Summary for unix ===

# of expected passes		2442

Running target unix/-fstack-protector

		=== libgomp Summary for unix/-fstack-protector ===

# of expected passes		2442

Running target unix/-m32

		=== libgomp Summary for unix/-m32 ===

# of expected passes		2442

		=== libgomp Summary ===

# of expected passes		7326
		=== libmudflap tests ===


Running target unix
FAIL: libmudflap.c++/pass41-frag.cxx execution test
FAIL: libmudflap.c++/pass41-frag.cxx (-static) execution test
FAIL: libmudflap.c++/pass41-frag.cxx ( -O) execution test
FAIL: libmudflap.c++/pass41-frag.cxx (-O2) execution test
FAIL: libmudflap.c++/pass41-frag.cxx (-O3) execution test

		=== libmudflap Summary for unix ===

# of expected passes		1889
# of unexpected failures	5

Running target unix/-fstack-protector
FAIL: libmudflap.c++/pass41-frag.cxx execution test
FAIL: libmudflap.c++/pass41-frag.cxx (-static) execution test
FAIL: libmudflap.c++/pass41-frag.cxx ( -O) execution test
FAIL: libmudflap.c++/pass41-frag.cxx (-O2) execution test
FAIL: libmudflap.c++/pass41-frag.cxx (-O3) execution test

		=== libmudflap Summary for unix/-fstack-protector ===

# of expected passes		1889
# of unexpected failures	5

Running target unix/-m32
FAIL: libmudflap.c++/pass41-frag.cxx execution test
FAIL: libmudflap.c++/pass41-frag.cxx (-static) execution test
FAIL: libmudflap.c++/pass41-frag.cxx ( -O) execution test
FAIL: libmudflap.c++/pass41-frag.cxx (-O2) execution test
FAIL: libmudflap.c++/pass41-frag.cxx (-O3) execution test

		=== libmudflap Summary for unix/-m32 ===

# of expected passes		1889
# of unexpected failures	5

		=== libmudflap Summary ===

# of expected passes		5667
# of unexpected failures	15
		=== libstdc++ tests ===


Running target unix

		=== libstdc++ Summary for unix ===

# of expected passes		5883
# of expected failures		80
# of unsupported tests		331

Running target unix/-fstack-protector

		=== libstdc++ Summary for unix/-fstack-protector ===

# of expected passes		5883
# of expected failures		80
# of unsupported tests		331

Running target unix/-m32

		=== libstdc++ Summary for unix/-m32 ===

# of expected passes		5883
# of expected failures		80
# of unsupported tests		331

		=== libstdc++ Summary ===

# of expected passes		17649
# of expected failures		240
# of unsupported tests		993

Compiler version: 4.4.3 (Debian 4.4.3-7) 
Platform: x86_64-pc-linux-gnu
configure flags: -v --with-pkgversion='Debian 4.4.3-7' --with-bugurl=file:///usr/share/doc/gcc-4.4/README.Bugs --enable-languages=c,c++,fortran,objc,obj-c++ --prefix=/usr --enable-shared --enable-multiarch --enable-linker-build-id --with-system-zlib --libexecdir=/usr/lib --without-included-gettext --enable-threads=posix --with-gxx-include-dir=/usr/include/c++/4.4 --program-suffix=-4.4 --enable-nls --enable-clocale=gnu --enable-libstdcxx-debug --enable-plugin --enable-objc-gc --with-arch-32=i486 --with-tune=generic --enable-checking=release --build=x86_64-linux-gnu --host=x86_64-linux-gnu --target=x86_64-linux-gnu
BOOT_CFLAGS=


Build Dependencies:
Desired=Unknown/Install/Remove/Purge/Hold
| Status=Not/Inst/Cfg-files/Unpacked/Failed-cfg/Half-inst/trig-aWait/Trig-pend
|/ Err?=(none)/Reinst-required (Status,Err: uppercase=bad)
||/ Name                            Version                    Description
+++-===============================-==========================-==============================================
ii  binutils                        2.20.1-4                   The GNU assembler, linker and binary utilities
ii  g++-4.4                         4.4.3-5                    The GNU C++ compiler
ii  g++-4.4-multilib                4.4.3-5                    The GNU C++ compiler (multilib files)
ii  g++-multilib                    4:4.4.3-1                  The GNU C++ compiler (multilib files)
ii  libc6                           2.10.2-6                   Embedded GNU C Library: Shared libraries
ii  libcloog-ppl-dev                0.15.8-1                   the Chunky Loop Generator (development files)
ii  libgmp3-dev                     2:4.3.2+dfsg-1             Multiprecision arithmetic library developers t
ii  libmpc-dev                      0.8.1-1                    multiple precision complex floating-point libr
ii  libmpfr-dev                     2.4.2-3                    multiple precision floating-point computation 
ii  libppl0.10-dev                  0.10.2-6                   Parma Polyhedra Library (development)


svn-updates:
  updates from the 4.4 branch upto 20100401 (r157925).

gcc-plugins-branch:
  Backport of plugins to the 4.4 branch

gcc-textdomain:
  Set gettext's domain and textdomain to the versioned package name.

gcc-driver-extra-langs:
  Add options and specs for languages that are not built from a source
  (but built from separate sources).

gcc-hash-style-both:
  Link using --hash-style=both (alpha, amd64, ia64, i386, powerpc, ppc64, s390, sparc)

gcc-build-id:

libstdc++-pic:
  Build and install libstdc++_pic.a library.

libstdc++-doclink:
  adjust hrefs to point to the local documentation

libstdc++-man-3cxx:
  Install libstdc++ man pages with suffix .3cxx instead of .3

libjava-stacktrace:
  libgcj: Lookup source file name and line number in separated
  debug files found in /usr/lib/debug

libjava-subdir:
  - Set the libjava sublibdir to /usr/lib/gcj-4.4
  - Set the default libgcj database dir to /var/lib/gcj-4.4

libjava-jnipath:
  - Add /usr/lib/jni to java.library.path.
  - When running the i386 binaries on amd64, look in
  - /usr/lib32/gcj-x.y and /usr/lib32/jni instead.

libjava-sjlj:
  Don't try to use _Unwind_Backtrace on SJLJ targets.
  See bug #387875, #388505, GCC PR 29206.

libjava-atomic-builtins-eabi:
  libjava: Use atomic builtins For Linux ARM/EABI.

libjava-disable-plugin:
  Don't build the gcjwebplugin, even when configured with --enable-plugin

alpha-no-ev4-directive:
  never emit .ev4 directive.

boehm-gc-getnprocs:
  boehm-gc/pthread_support.c (GC_get_nprocs): Use sysconf as fallback.

note-gnu-stack:
  Add .note.GNU-stack sections for gcc's crt files, libffi and boehm-gc
  Taken from FC.

m68k-allow-gnu99:
  patch to allow gnu99 mode on m68k

pr25509:
  Backport of PR c/25509, new option -Wno-unused-result

pr38333:

pr39429:
  Proposed patch for PR target/39429, an ARM wrong-code error.

rev146451:
  Fix a typo in the arm back-end.

lp432222:
  Proposed patch to fix wrong-code on powerpc (Alan Modra)

gcc-cloog-dl:
  Link against -ldl instead of -lcloog -lppl. Exit with an error when using
  the Graphite loop transformation infrastructure without having the
  libcloog-ppl0 package installed. Packages using these optimizations
  should build-depend on libcloog-ppl0.

gcc-unwind-debug-hook:
  Install a hook _Unwind_DebugHook, called during unwinding. Intended as
  a hook for a debugger to intercept exceptions. CFA is the CFA of the
  target frame.  HANDLER is the PC to which control will be transferred.

libgomp-omp_h-multilib:
  Fix up omp.h for multilibs.

sparc-force-cpu:
  On sparc default to v9a (ultrasparc) in 32bit mode

gcc-stack_chk_fail-check:
  Fix __stack_chk_fail check for cross builds configured --with-headers

pr40521-revert-workaround:
  Revert the dwarf2cfi_asm workaround, obsoleted by PR debug/40521.

pr41848:
  Fix PR objc/41848 - workaround ObjC and -fsection-anchors.

gcc-arm-thumb2-sched:
  [arm] enable scheduling for Thumb-2, fix PR target/42031.

arm-boehm-gc-locks:
  Fix boehm-gc build on ARM --with-mode=thumb

gcj-use-atomic-builtins:
  gcj: add option -fuse-atomic-builtins

sh4_atomic_update:

sh4-scheduling:

libstdc++-arm-ldbl-compat:
  On ARM provide the long double versions of "C" math functions in libstdc++

libstdc++-arm-wno-abi:
  Temporary work around:
  On arm-linux-gnueabi run the libstdc++v3 testsuite with -Wno-abi

pr42748:
  Fix PR c++/42748, do not warn about changes to mangling of va_list
  in system headers.

gcc-arm-r148072:

pr43323:
  Fix PR middle-end/43323 wrong-code for bitfields

gold-and-ld:
  Enable both gold and ld in a single toolchain.
  New option -fuse-ld=ld.bfd, -fuse-ld=gold.

pr42321:
  PR target/42321, backport from the trunk

pr39491:
  Proposed patch for PR libstdc++/39491.

deb-protoize:
  build protoize/unprotoize binaries

pr40133:
  Do link tests to check for the atomic builtins

pr40134:
  Backport of PR target/40134 from the trunk

gcc-ice-hack:
  Retry the build on an ice, save the calling options and preprocessed
  source when the ice is reproducible.

gcc-ice-apport:
  Report an ICE to apport (if apport is available
  and the environment variable GCC_NOAPPORT is not set)

libjava-disable-static:
  Disable building the static libjava.

libjava-fixed-symlinks:
  Remove unneed '..' elements from symlinks in JAVA_HOME

ada-arm-eabi:
  Add preliminary Ada support for ARM/EABI to gcc-4.4 (sjlj only).

ada-mips:
  Improve support for mips.

arm-unbreak-eabi-armv4t:
  Fix armv4t build on ARM

gcc-multiarch:
  Add multiarch support to GCC.
  
  Convert the multilib option to a target triplet,
  add multiarch include directories and libraries path:
  	/usr/local/include/<arch>-linux-gnu
  	/usr/include/<arch>-linux-gnu
  	/usr/lib/<arch>-linux-gnu
  to the system paths.

libjava-nobiarch-check:
  For biarch builds, disable the testsuite for the non-default architecture
  for runtime libraries, which are not built by default (libjava).

config-ml:
  disable some biarch libraries for biarch builds

gcc-multilib64dir:
  Use lib instead of lib64 as multilibdir on amd64 and ppc64.

Counting all warnings,
there are 0 warnings in stage3 of this bootstrap.

Number of warnings per file:

Number of warning types:


Index Nav: [Date Index] [Subject Index] [Author Index] [Thread Index]
Message Nav: [Date Prev] [Date Next] [Thread Prev] [Thread Next]