This is the mail archive of the gcc-testresults@gcc.gnu.org mailing list for the GCC project.


Index Nav: [Date Index] [Subject Index] [Author Index] [Thread Index]
Message Nav: [Date Prev] [Date Next] [Thread Prev] [Thread Next]
Other format: [Raw text]

Results for 4.5.0 20100401 (experimental) [trunk revision 157916] (GCC) testsuite on powerpc-ibm-aix5.3.0.0


LAST_UPDATED: Thu Apr  1 17:11:45 UTC 2010 (revision 157916)

Native configuration is powerpc-ibm-aix5.3.0.0

		=== g++ tests ===


Running target unix
FAIL: tmpdir-g++.dg-struct-layout-1/t026 cp_compat_x_tst.o-cp_compat_y_tst.o execute 
FAIL: tmpdir-g++.dg-struct-layout-1/t027 cp_compat_x_tst.o-cp_compat_y_tst.o execute 
FAIL: tmpdir-g++.dg-struct-layout-1/t029 cp_compat_x_tst.o-cp_compat_y_tst.o execute 
FAIL: tmpdir-g++.dg-struct-layout-1/t030 cp_compat_x_tst.o-cp_compat_y_tst.o execute 
FAIL: g++.dg/abi/local1.C execution test
FAIL: g++.dg/cpp/ucn-1.C (test for excess errors)
FAIL: g++.dg/ext/alignof2.C execution test
FAIL: g++.dg/ext/visibility/anon1.C scan-assembler-not globl.*_ZN.*1fEv
FAIL: g++.dg/ext/visibility/anon2.C scan-assembler-not globl.*_Z1fv
FAIL: g++.dg/other/anon5.C undefined (test for warnings, line )
FAIL: g++.dg/other/anon5.C (test for excess errors)
FAIL: g++.dg/other/pr42685.C (test for excess errors)
FAIL: g++.dg/other/unused1.C scan-assembler (string|ascii?)z?[\\t ]"printer("|\\\\\\\\0)
FAIL: g++.dg/warn/pr31246.C (test for excess errors)
FAIL: c-c++-common/raw-string-1.c execution test
FAIL: g++.dg/tree-prof/partition1.C compilation,  -g  -fprofile-use
UNRESOLVED: g++.dg/tree-prof/partition1.C execution,    -g  -fprofile-use
FAIL: g++.dg/tree-prof/partition1.C compilation,  -O3 -g  -fprofile-use
UNRESOLVED: g++.dg/tree-prof/partition1.C execution,    -O3 -g  -fprofile-use
FAIL: g++.old-deja/g++.mike/pmf1.C (test for excess errors)
WARNING: g++.old-deja/g++.mike/pmf1.C compilation failed to produce executable
XPASS: g++.old-deja/g++.other/init19.C execution test

		=== g++ Summary ===

# of expected passes		19856
# of unexpected failures	18
# of unexpected successes	1
# of expected failures		153
# of unresolved testcases	2
# of unsupported tests		284
/tmp/20100401/gcc/testsuite/g++/../../g++  version 4.5.0 20100401 (experimental) [trunk revision 157916] (GCC) 

		=== gcc tests ===


Running target unix
XPASS: gcc.c-torture/execute/eeprof-1.c execution,  -O0 
XPASS: gcc.c-torture/execute/eeprof-1.c execution,  -O1 
XPASS: gcc.c-torture/execute/eeprof-1.c execution,  -O2 
XPASS: gcc.c-torture/execute/eeprof-1.c execution,  -O3 -fomit-frame-pointer 
XPASS: gcc.c-torture/execute/eeprof-1.c execution,  -O3 -g 
XPASS: gcc.c-torture/execute/eeprof-1.c execution,  -Os 
FAIL: gcc.dg/alias-7.c execution test
FAIL: gcc.dg/asm-names.c scan-assembler-not ____frob14
FAIL: gcc.dg/pr34668-1.c (internal compiler error)
FAIL: gcc.dg/pr34668-1.c (test for excess errors)
FAIL: gcc.dg/pr41241.c (test for excess errors)
FAIL: gcc.dg/pr41345.c (test for excess errors)
FAIL: gcc.dg/pr42629.c (test for excess errors)
FAIL: gcc.dg/pr42630.c (test for excess errors)
FAIL: gcc.dg/pr42631.c (test for excess errors)
FAIL: gcc.dg/pr42719.c (test for excess errors)
FAIL: gcc.dg/pr42728.c (test for excess errors)
FAIL: gcc.dg/pr42889.c (test for excess errors)
FAIL: gcc.dg/pr42916.c (test for excess errors)
FAIL: gcc.dg/pr42917.c (test for excess errors)
FAIL: gcc.dg/pr43084.c (test for excess errors)
FAIL: gcc.dg/pthread-init-1.c (test for excess errors)
FAIL: gcc.dg/pthread-init-2.c (test for excess errors)
FAIL: gcc.dg/sms-2.c scan-rtl-dump-times sms "SMS succeeded" 1
FAIL: gcc.dg/sms-3.c scan-rtl-dump-times sms "SMS succeeded" 1
FAIL: gcc.dg/sms-4.c scan-rtl-dump-times sms "SMS succeeded" 1
FAIL: gcc.dg/sms-6.c scan-rtl-dump-times sms "SMS succeeded" 3
FAIL: gcc.dg/sms-7.c scan-rtl-dump-times sms "SMS succeeded" 3
FAIL: gcc.dg/sms-8.c scan-rtl-dump-times sms "SMS succeeded" 1
FAIL: gcc.dg/ucnid-13.c  (test for warnings, line 6)
FAIL: gcc.dg/ucnid-13.c  (test for warnings, line 9)
FAIL: gcc.dg/ucnid-13.c  (test for warnings, line 11)
FAIL: gcc.dg/ucnid-13.c  (test for errors, line 13)
FAIL: gcc.dg/ucnid-13.c (test for excess errors)
XPASS: gcc.dg/ucnid-5.c (test for excess errors)
FAIL: gcc.dg/ucnid-7.c  (test for errors, line 6)
FAIL: gcc.dg/ucnid-7.c  (test for errors, line 7)
FAIL: gcc.dg/ucnid-7.c (test for excess errors)
FAIL: gcc.dg/ucnid-8.c  (test for errors, line 6)
FAIL: gcc.dg/ucnid-8.c  (test for errors, line 7)
FAIL: gcc.dg/ucnid-8.c  (test for warnings, line 9)
FAIL: gcc.dg/ucnid-8.c  (test for errors, line 11)
FAIL: gcc.dg/ucnid-8.c UCN diag (test for warnings, line 13)
FAIL: gcc.dg/ucnid-8.c (test for excess errors)
FAIL: c-c++-common/raw-string-1.c  -Wc++-compat  execution test
FAIL: gcc.dg/graphite/block-mvt.c (test for excess errors)
WARNING: gcc.dg/graphite/block-mvt.c compilation failed to produce executable
FAIL: gcc.dg/graphite/pr43012.c execution test
FAIL: gcc.dg/tree-ssa/pr42585.c scan-tree-dump-times optimized "struct _fat_ptr _ans" 0
FAIL: gcc.dg/tree-ssa/pr42585.c scan-tree-dump-times optimized "struct _fat_ptr _T2" 0
FAIL: gcc.dg/tree-ssa/vrp47.c scan-tree-dump-times vrp1 "[xy][^ ]* !=" 0
FAIL: gcc.dg/tree-ssa/vrp47.c scan-tree-dump-times dom1 "x[^ ]* & y" 1
FAIL: gcc.dg/vect/costmodel/ppc/costmodel-vect-31d.c scan-tree-dump-times vect "vectorization not profitable" 1
FAIL: gcc.dg/vect/costmodel/ppc/costmodel-vect-68d.c scan-tree-dump-times vect "vectorization not profitable" 1
FAIL: gcc.dg/vect/costmodel/ppc/costmodel-vect-76a.c scan-tree-dump-times vect "vectorized 1 loops" 1
FAIL: gcc.dg/vect/costmodel/ppc/costmodel-vect-76b.c scan-tree-dump-times vect "vectorization not profitable" 1
FAIL: gcc.dg/vect/pr35821-altivec.c scan-tree-dump-times vect "vectorized 1 loops" 1
FAIL: gcc.dg/vect/pr43430-1.c (test for excess errors)
FAIL: gcc.dg/vect/pr43430-1.c scan-tree-dump-times vect "vectorized 1 loops" 1: dump file does not exist
FAIL: gcc.dg/vect/vect-44.c scan-tree-dump-times vect "Alignment of access forced using peeling" 1
FAIL: gcc.dg/vect/vect-50.c scan-tree-dump-times vect "Alignment of access forced using peeling" 1
FAIL: gcc.dg/vect/vect-82_64.c (test for excess errors)
FAIL: gcc.dg/vect/vect-82_64.c scan-tree-dump-times vect "vectorized 1 loops" 1: dump file does not exist
FAIL: gcc.dg/vect/vect-83_64.c (test for excess errors)
FAIL: gcc.dg/vect/vect-83_64.c scan-tree-dump-times vect "vectorized 1 loops" 1: dump file does not exist
FAIL: gcc.target/powerpc/popcount-2.c scan-assembler popcntw

		=== gcc Summary ===

# of expected passes		53171
# of unexpected failures	58
# of unexpected successes	7
# of expected failures		170
# of unsupported tests		859
/tmp/20100401/gcc/xgcc  version 4.5.0 20100401 (experimental) [trunk revision 157916] (GCC) 

		=== gfortran tests ===


Running target unix
FAIL: gfortran.dg/default_format_1.f90  -O0  execution test
FAIL: gfortran.dg/default_format_1.f90  -O1  execution test
FAIL: gfortran.dg/default_format_1.f90  -O2  execution test
FAIL: gfortran.dg/default_format_1.f90  -O3 -fomit-frame-pointer  execution test
FAIL: gfortran.dg/default_format_1.f90  -O3 -fomit-frame-pointer -funroll-loops  execution test
FAIL: gfortran.dg/default_format_1.f90  -O3 -fomit-frame-pointer -funroll-all-loops -finline-functions  execution test
FAIL: gfortran.dg/default_format_1.f90  -O3 -g  execution test
FAIL: gfortran.dg/default_format_1.f90  -Os  execution test
FAIL: gfortran.dg/default_format_denormal_1.f90  -O0  execution test
FAIL: gfortran.dg/default_format_denormal_1.f90  -O1  execution test
FAIL: gfortran.dg/default_format_denormal_1.f90  -O2  execution test
FAIL: gfortran.dg/default_format_denormal_1.f90  -O3 -fomit-frame-pointer  execution test
FAIL: gfortran.dg/default_format_denormal_1.f90  -O3 -fomit-frame-pointer -funroll-loops  execution test
FAIL: gfortran.dg/default_format_denormal_1.f90  -O3 -fomit-frame-pointer -funroll-all-loops -finline-functions  execution test
FAIL: gfortran.dg/default_format_denormal_1.f90  -O3 -g  execution test
FAIL: gfortran.dg/default_format_denormal_1.f90  -Os  execution test
FAIL: gfortran.dg/nint_2.f90  -O0  execution test
FAIL: gfortran.dg/pr19155.f  -O0  execution test
FAIL: gfortran.dg/pr19155.f  -O1  execution test
FAIL: gfortran.dg/pr19155.f  -O2  execution test
FAIL: gfortran.dg/pr19155.f  -O3 -fomit-frame-pointer  execution test
FAIL: gfortran.dg/pr19155.f  -O3 -fomit-frame-pointer -funroll-loops  execution test
FAIL: gfortran.dg/pr19155.f  -O3 -fomit-frame-pointer -funroll-all-loops -finline-functions  execution test
FAIL: gfortran.dg/pr19155.f  -O3 -g  execution test
FAIL: gfortran.dg/pr19155.f  -Os  execution test
FAIL: gfortran.fortran-torture/execute/intrinsic_nearest.f90 execution,  -O0 
FAIL: gfortran.fortran-torture/execute/intrinsic_nearest.f90 execution,  -O1 
FAIL: gfortran.fortran-torture/execute/intrinsic_nearest.f90 execution,  -O2 
FAIL: gfortran.fortran-torture/execute/intrinsic_nearest.f90 execution,  -O2 -fomit-frame-pointer -finline-functions 
FAIL: gfortran.fortran-torture/execute/intrinsic_nearest.f90 execution,  -O2 -fomit-frame-pointer -finline-functions -funroll-loops 
FAIL: gfortran.fortran-torture/execute/intrinsic_nearest.f90 execution,  -O2 -fbounds-check 
FAIL: gfortran.fortran-torture/execute/intrinsic_nearest.f90 execution,  -O3 -g 
FAIL: gfortran.fortran-torture/execute/intrinsic_nearest.f90 execution,  -Os 

		=== gfortran Summary ===

# of expected passes		32856
# of unexpected failures	33
# of expected failures		32
# of unsupported tests		318
/tmp/20100401/gcc/testsuite/gfortran/../../gfortran  version 4.5.0 20100401 (experimental) [trunk revision 157916] (GCC) 

		=== objc tests ===


Running target unix

		=== objc Summary ===

# of expected passes		1822
# of expected failures		25
# of unsupported tests		25
/tmp/20100401/gcc/xgcc  version 4.5.0 20100401 (experimental) [trunk revision 157916] (GCC) 

		=== libgomp tests ===


Running target unix
FAIL: libgomp.fortran/recursion1.f90  -O0  execution test
FAIL: libgomp.fortran/recursion1.f90  -O1  execution test
FAIL: libgomp.fortran/recursion1.f90  -O2  execution test
FAIL: libgomp.fortran/recursion1.f90  -O3 -fomit-frame-pointer  execution test
FAIL: libgomp.fortran/recursion1.f90  -O3 -fomit-frame-pointer -funroll-loops  execution test
FAIL: libgomp.fortran/recursion1.f90  -O3 -fomit-frame-pointer -funroll-all-loops -finline-functions  execution test
FAIL: libgomp.fortran/recursion1.f90  -O3 -g  execution test
FAIL: libgomp.fortran/recursion1.f90  -Os  execution test

		=== libgomp Summary ===

# of expected passes		2494
# of unexpected failures	8
# of unsupported tests		2
		=== libstdc++ tests ===


Running target unix
FAIL: 21_strings/basic_string/inserters_extractors/wchar_t/28277.cc execution test
FAIL: 22_locale/ctype/is/char/3.cc execution test
FAIL: 23_containers/vector/profile/vector.cc execution test
FAIL: 26_numerics/headers/cmath/c99_classification_macros_c.cc (test for excess errors)
FAIL: 27_io/basic_ostream/inserters_character/wchar_t/28277-3.cc execution test
FAIL: 27_io/basic_ostream/inserters_character/wchar_t/28277-4.cc execution test
FAIL: 27_io/ios_base/storage/11584.cc execution test
FAIL: 27_io/objects/char/6.cc execution test
FAIL: 27_io/objects/wchar_t/6.cc execution test
FAIL: ext/mt_allocator/check_new.cc execution test
FAIL: ext/pool_allocator/check_new.cc execution test
FAIL: ext/profile/all.cc (test for excess errors)
FAIL: ext/vstring/inserters_extractors/wchar_t/28277.cc execution test

		=== libstdc++ Summary ===

# of expected passes		6391
# of unexpected failures	13
# of expected failures		83
# of unsupported tests		363

		=== libstdc++ Summary ===


Compiler version: 4.5.0 20100401 (experimental) [trunk revision 157916] (GCC) 
Platform: powerpc-ibm-aix5.3.0.0
configure flags: --prefix=/farm/dje/install/powerpc-ibm-aix5.3.0.0-20100401 --disable-werror --enable-languages=c,c++,fortran,objc --with-gmp=/usr/gnu --with-mpfr=/usr/gnu --with-mpc=/usr/gnu --with-ppl=/usr/gnu --with-cloog=/usr/gnu


Index Nav: [Date Index] [Subject Index] [Author Index] [Thread Index]
Message Nav: [Date Prev] [Date Next] [Thread Prev] [Thread Next]