This is the mail archive of the gcc-testresults@gcc.gnu.org mailing list for the GCC project.


Index Nav: [Date Index] [Subject Index] [Author Index] [Thread Index]
Message Nav: [Date Prev] [Date Next] [Thread Prev] [Thread Next]
Other format: [Raw text]

Results for 4.5.0 20100331 (experimental) [trunk revision 157866] (GCC) testsuite on sparc-unknown-rtems4.10


LAST_UPDATED: Wed Mar 31 13:21:32 UTC 2010 (revision 157866)

Target is sparc-unknown-rtems4.10
Host   is x86_64-unknown-linux-gnu

		=== gcc tests ===


Running target rtems-sparc-sis
FAIL: gcc.c-torture/compile/limits-exprparen.c  -O0  (test for excess errors)
FAIL: gcc.c-torture/compile/limits-exprparen.c  -O1  (test for excess errors)
FAIL: gcc.c-torture/compile/limits-exprparen.c  -O2  (test for excess errors)
FAIL: gcc.c-torture/compile/limits-exprparen.c  -O3 -fomit-frame-pointer  (test for excess errors)
FAIL: gcc.c-torture/compile/limits-exprparen.c  -O3 -g  (test for excess errors)
FAIL: gcc.c-torture/compile/limits-exprparen.c  -Os  (test for excess errors)
FAIL: gcc.c-torture/compile/limits-exprparen.c  -O2 -flto  (test for excess errors)
FAIL: gcc.c-torture/compile/limits-exprparen.c  -O2 -fwhopr  (test for excess errors)
FAIL: gcc.c-torture/execute/built-in-setjmp.c execution,  -O0 
FAIL: gcc.c-torture/execute/built-in-setjmp.c execution,  -O1 
FAIL: gcc.c-torture/execute/built-in-setjmp.c execution,  -O2 
FAIL: gcc.c-torture/execute/built-in-setjmp.c execution,  -O3 -fomit-frame-pointer 
FAIL: gcc.c-torture/execute/built-in-setjmp.c execution,  -O3 -fomit-frame-pointer -funroll-loops 
FAIL: gcc.c-torture/execute/built-in-setjmp.c execution,  -O3 -fomit-frame-pointer -funroll-all-loops -finline-functions 
FAIL: gcc.c-torture/execute/built-in-setjmp.c execution,  -O3 -g 
FAIL: gcc.c-torture/execute/built-in-setjmp.c execution,  -Os 
FAIL: gcc.c-torture/execute/built-in-setjmp.c execution,  -O2 -flto 
FAIL: gcc.c-torture/execute/built-in-setjmp.c execution,  -O2 -fwhopr 
FAIL: gcc.c-torture/execute/ieee/compare-fp-4.c execution,  -O0 
FAIL: gcc.c-torture/execute/ieee/fp-cmp-1.c execution,  -O0 
FAIL: gcc.c-torture/execute/ieee/fp-cmp-1.c execution,  -O1 
FAIL: gcc.c-torture/execute/ieee/fp-cmp-1.c execution,  -O2 
FAIL: gcc.c-torture/execute/ieee/fp-cmp-1.c execution,  -O3 -fomit-frame-pointer 
FAIL: gcc.c-torture/execute/ieee/fp-cmp-1.c execution,  -O3 -fomit-frame-pointer -funroll-loops 
FAIL: gcc.c-torture/execute/ieee/fp-cmp-1.c execution,  -O3 -fomit-frame-pointer -funroll-all-loops -finline-functions 
FAIL: gcc.c-torture/execute/ieee/fp-cmp-1.c execution,  -O3 -g 
FAIL: gcc.c-torture/execute/ieee/fp-cmp-1.c execution,  -Os 
FAIL: gcc.c-torture/execute/ieee/fp-cmp-1.c execution,  -O2 -flto 
FAIL: gcc.c-torture/execute/ieee/fp-cmp-1.c execution,  -O2 -fwhopr 
FAIL: gcc.c-torture/execute/ieee/fp-cmp-2.c execution,  -O0 
FAIL: gcc.c-torture/execute/ieee/fp-cmp-2.c execution,  -O1 
FAIL: gcc.c-torture/execute/ieee/fp-cmp-2.c execution,  -O2 
FAIL: gcc.c-torture/execute/ieee/fp-cmp-2.c execution,  -O3 -fomit-frame-pointer 
FAIL: gcc.c-torture/execute/ieee/fp-cmp-2.c execution,  -O3 -fomit-frame-pointer -funroll-loops 
FAIL: gcc.c-torture/execute/ieee/fp-cmp-2.c execution,  -O3 -fomit-frame-pointer -funroll-all-loops -finline-functions 
FAIL: gcc.c-torture/execute/ieee/fp-cmp-2.c execution,  -O3 -g 
FAIL: gcc.c-torture/execute/ieee/fp-cmp-2.c execution,  -Os 
FAIL: gcc.c-torture/execute/ieee/fp-cmp-2.c execution,  -O2 -flto 
FAIL: gcc.c-torture/execute/ieee/fp-cmp-2.c execution,  -O2 -fwhopr 
FAIL: gcc.c-torture/execute/ieee/fp-cmp-3.c execution,  -O0 
FAIL: gcc.c-torture/execute/ieee/fp-cmp-3.c execution,  -O1 
FAIL: gcc.c-torture/execute/ieee/fp-cmp-3.c execution,  -O2 
FAIL: gcc.c-torture/execute/ieee/fp-cmp-3.c execution,  -O3 -fomit-frame-pointer 
FAIL: gcc.c-torture/execute/ieee/fp-cmp-3.c execution,  -O3 -fomit-frame-pointer -funroll-loops 
FAIL: gcc.c-torture/execute/ieee/fp-cmp-3.c execution,  -O3 -fomit-frame-pointer -funroll-all-loops -finline-functions 
FAIL: gcc.c-torture/execute/ieee/fp-cmp-3.c execution,  -O3 -g 
FAIL: gcc.c-torture/execute/ieee/fp-cmp-3.c execution,  -Os 
FAIL: gcc.c-torture/execute/ieee/fp-cmp-3.c execution,  -O2 -flto 
FAIL: gcc.c-torture/execute/ieee/fp-cmp-3.c execution,  -O2 -fwhopr 
FAIL: gcc.c-torture/execute/ieee/fp-cmp-6.c execution,  -O0 
FAIL: gcc.dg/cpp/_Pragma6.c (test for excess errors)
FAIL: gcc.dg/20010912-1.c execution test
FAIL: gcc.dg/20021018-1.c execution test
FAIL: gcc.dg/20050321-2.c (test for excess errors)
FAIL: gcc.dg/980523-1.c execution test
FAIL: gcc.dg/c99-stdint-5.c (test for excess errors)
FAIL: gcc.dg/c99-stdint-6.c (test for excess errors)
FAIL: gcc.dg/initpri1.c execution test
FAIL: gcc.dg/pr27758.c execution test
FAIL: gcc.dg/pr28796-2.c execution test
FAIL: gcc.dg/pr34668-1.c (internal compiler error)
FAIL: gcc.dg/pr34668-1.c (test for excess errors)
FAIL: gcc.dg/pr42427.c (test for excess errors)
FAIL: gcc.dg/lto/20090210 c_lto_20090210_0.o-c_lto_20090210_1.o link
UNRESOLVED: gcc.dg/lto/20090210 c_lto_20090210_0.o-c_lto_20090210_1.o execute -O0 -fwhopr
FAIL: gcc.dg/lto/20090210 c_lto_20090210_0.o-c_lto_20090210_1.o link
UNRESOLVED: gcc.dg/lto/20090210 c_lto_20090210_0.o-c_lto_20090210_1.o execute -O2 -fwhopr
FAIL: gcc.dg/lto/20090210 c_lto_20090210_0.o-c_lto_20090210_1.o link
UNRESOLVED: gcc.dg/lto/20090210 c_lto_20090210_0.o-c_lto_20090210_1.o execute -O0 -flto
FAIL: gcc.dg/lto/20090210 c_lto_20090210_0.o-c_lto_20090210_1.o link
UNRESOLVED: gcc.dg/lto/20090210 c_lto_20090210_0.o-c_lto_20090210_1.o execute -O2 -flto
FAIL: gcc.dg/lto/20090313 c_lto_20090313_0.o-c_lto_20090313_0.o link
UNRESOLVED: gcc.dg/lto/20090313 c_lto_20090313_0.o-c_lto_20090313_0.o execute -mcpu=v9
FAIL: gcc.dg/lto/20091216-1 c_lto_20091216-1_0.o-c_lto_20091216-1_0.o link
UNRESOLVED: gcc.dg/lto/20091216-1 c_lto_20091216-1_0.o-c_lto_20091216-1_0.o execute -O0 -fwhopr
FAIL: gcc.dg/lto/20091216-1 c_lto_20091216-1_0.o-c_lto_20091216-1_0.o link
UNRESOLVED: gcc.dg/lto/20091216-1 c_lto_20091216-1_0.o-c_lto_20091216-1_0.o execute -O2 -fwhopr
FAIL: gcc.dg/lto/20091216-1 c_lto_20091216-1_0.o-c_lto_20091216-1_0.o link
UNRESOLVED: gcc.dg/lto/20091216-1 c_lto_20091216-1_0.o-c_lto_20091216-1_0.o execute -O0 -flto
FAIL: gcc.dg/lto/20091216-1 c_lto_20091216-1_0.o-c_lto_20091216-1_0.o link
UNRESOLVED: gcc.dg/lto/20091216-1 c_lto_20091216-1_0.o-c_lto_20091216-1_0.o execute -O2 -flto
FAIL: gcc.dg/special/gcsec-1.c execution test
FAIL: gcc.dg/torture/builtin-math-7.c  -O0  execution test
FAIL: gcc.dg/torture/builtin-math-7.c  -O1  execution test
FAIL: gcc.dg/torture/builtin-math-7.c  -O2  execution test
FAIL: gcc.dg/torture/builtin-math-7.c  -O3 -fomit-frame-pointer  execution test
FAIL: gcc.dg/torture/builtin-math-7.c  -O3 -fomit-frame-pointer -funroll-loops  execution test
FAIL: gcc.dg/torture/builtin-math-7.c  -O3 -fomit-frame-pointer -funroll-all-loops -finline-functions  execution test
FAIL: gcc.dg/torture/builtin-math-7.c  -O3 -g  execution test
FAIL: gcc.dg/torture/builtin-math-7.c  -Os  execution test
FAIL: gcc.dg/torture/builtin-math-7.c  -O2 -flto  execution test
FAIL: gcc.dg/torture/builtin-math-7.c  -O2 -fwhopr  execution test
FAIL: gcc.dg/vect/pr18400.c execution test
FAIL: gcc.dg/vect/pr18536.c execution test
FAIL: gcc.dg/vect/pr20122.c execution test
FAIL: gcc.dg/vect/pr30784.c execution test
FAIL: gcc.dg/vect/pr36493.c execution test
FAIL: gcc.dg/vect/pr37539.c execution test
FAIL: gcc.dg/vect/pr40074.c execution test
FAIL: gcc.dg/vect/pr40254.c execution test
FAIL: gcc.dg/vect/pr43430-1.c execution test
FAIL: gcc.dg/vect/pr43430-1.c scan-tree-dump-times vect "vectorized 1 loops" 1
FAIL: gcc.dg/vect/vect-100.c execution test
FAIL: gcc.dg/vect/vect-103.c execution test
FAIL: gcc.dg/vect/vect-104.c execution test
FAIL: gcc.dg/vect/vect-105.c execution test
FAIL: gcc.dg/vect/vect-106.c execution test
FAIL: gcc.dg/vect/vect-109.c execution test
FAIL: gcc.dg/vect/vect-112.c execution test
FAIL: gcc.dg/vect/vect-115.c execution test
FAIL: gcc.dg/vect/vect-116.c execution test
FAIL: gcc.dg/vect/vect-117.c execution test
FAIL: gcc.dg/vect/vect-12.c execution test
FAIL: gcc.dg/vect/vect-13.c execution test
FAIL: gcc.dg/vect/vect-14.c execution test
FAIL: gcc.dg/vect/vect-15.c execution test
FAIL: gcc.dg/vect/vect-17.c execution test
FAIL: gcc.dg/vect/vect-18.c execution test
FAIL: gcc.dg/vect/vect-19.c execution test
FAIL: gcc.dg/vect/vect-2.c execution test
FAIL: gcc.dg/vect/vect-20.c execution test
FAIL: gcc.dg/vect/vect-21.c execution test
FAIL: gcc.dg/vect/vect-23.c execution test
FAIL: gcc.dg/vect/vect-24.c execution test
FAIL: gcc.dg/vect/vect-25.c execution test
FAIL: gcc.dg/vect/vect-26.c execution test
FAIL: gcc.dg/vect/vect-27.c execution test
FAIL: gcc.dg/vect/vect-28.c execution test
FAIL: gcc.dg/vect/vect-29.c execution test
FAIL: gcc.dg/vect/vect-31.c execution test
FAIL: gcc.dg/vect/vect-32.c execution test
FAIL: gcc.dg/vect/vect-34.c execution test
FAIL: gcc.dg/vect/vect-35.c execution test
FAIL: gcc.dg/vect/vect-36.c execution test
FAIL: gcc.dg/vect/vect-62.c execution test
FAIL: gcc.dg/vect/vect-63.c execution test
FAIL: gcc.dg/vect/vect-64.c execution test
FAIL: gcc.dg/vect/vect-65.c execution test
FAIL: gcc.dg/vect/vect-66.c execution test
FAIL: gcc.dg/vect/vect-67.c execution test
FAIL: gcc.dg/vect/vect-68.c execution test
FAIL: gcc.dg/vect/vect-7.c execution test
FAIL: gcc.dg/vect/vect-70.c execution test
FAIL: gcc.dg/vect/vect-71.c execution test
FAIL: gcc.dg/vect/vect-72.c execution test
FAIL: gcc.dg/vect/vect-73.c execution test
FAIL: gcc.dg/vect/vect-75.c execution test
FAIL: gcc.dg/vect/vect-76.c execution test
FAIL: gcc.dg/vect/vect-77-alignchecks.c execution test
FAIL: gcc.dg/vect/vect-77-global.c execution test
FAIL: gcc.dg/vect/vect-77.c execution test
FAIL: gcc.dg/vect/vect-78-alignchecks.c execution test
FAIL: gcc.dg/vect/vect-78-global.c execution test
FAIL: gcc.dg/vect/vect-78.c execution test
FAIL: gcc.dg/vect/vect-85.c execution test
FAIL: gcc.dg/vect/vect-86.c execution test
FAIL: gcc.dg/vect/vect-87.c execution test
FAIL: gcc.dg/vect/vect-88.c execution test
FAIL: gcc.dg/vect/vect-89.c execution test
FAIL: gcc.dg/vect/vect-9.c execution test
FAIL: gcc.dg/vect/vect-96.c execution test
FAIL: gcc.dg/vect/vect-97.c execution test
FAIL: gcc.dg/vect/vect-98.c execution test
FAIL: gcc.dg/vect/vect-99.c execution test
FAIL: gcc.dg/vect/vect-align-1.c execution test
FAIL: gcc.dg/vect/vect-align-2.c execution test
FAIL: gcc.dg/vect/vect-complex-4.c execution test
FAIL: gcc.dg/vect/vect-complex-5.c execution test
FAIL: gcc.dg/vect/vect-double-reduc-3.c execution test
FAIL: gcc.dg/vect/vect-double-reduc-7.c execution test
FAIL: gcc.dg/vect/vect-iv-1.c execution test
FAIL: gcc.dg/vect/vect-iv-10.c execution test
FAIL: gcc.dg/vect/vect-iv-11.c execution test
FAIL: gcc.dg/vect/vect-iv-2.c execution test
FAIL: gcc.dg/vect/vect-iv-3.c execution test
FAIL: gcc.dg/vect/vect-iv-4.c execution test
FAIL: gcc.dg/vect/vect-iv-5.c execution test
FAIL: gcc.dg/vect/vect-iv-7.c execution test
FAIL: gcc.dg/vect/vect-iv-8.c execution test
FAIL: gcc.dg/vect/vect-iv-8a.c execution test
FAIL: gcc.dg/vect/vect-iv-9.c execution test
FAIL: gcc.dg/vect/vect-multitypes-1.c execution test
FAIL: gcc.dg/vect/vect-multitypes-10.c execution test
FAIL: gcc.dg/vect/vect-multitypes-11.c execution test
FAIL: gcc.dg/vect/vect-multitypes-12.c execution test
FAIL: gcc.dg/vect/vect-multitypes-13.c execution test
FAIL: gcc.dg/vect/vect-multitypes-14.c execution test
FAIL: gcc.dg/vect/vect-multitypes-15.c execution test
FAIL: gcc.dg/vect/vect-multitypes-2.c execution test
FAIL: gcc.dg/vect/vect-multitypes-3.c execution test
FAIL: gcc.dg/vect/vect-multitypes-4.c execution test
FAIL: gcc.dg/vect/vect-multitypes-5.c execution test
FAIL: gcc.dg/vect/vect-multitypes-6.c execution test
FAIL: gcc.dg/vect/vect-multitypes-7.c execution test
FAIL: gcc.dg/vect/vect-multitypes-8.c execution test
FAIL: gcc.dg/vect/vect-multitypes-9.c execution test
FAIL: gcc.dg/vect/vect-outer-4f.c execution test
FAIL: gcc.dg/vect/vect-outer-4g.c execution test
FAIL: gcc.dg/vect/vect-outer-4i.c execution test
FAIL: gcc.dg/vect/vect-outer-4k.c execution test
FAIL: gcc.dg/vect/vect-outer-4l.c execution test
FAIL: gcc.dg/vect/vect-outer-4m.c execution test
FAIL: gcc.dg/vect/vect-reduc-1.c execution test
FAIL: gcc.dg/vect/vect-reduc-1char.c execution test
FAIL: gcc.dg/vect/vect-reduc-1short.c execution test
FAIL: gcc.dg/vect/vect-reduc-2.c execution test
FAIL: gcc.dg/vect/vect-reduc-2char.c execution test
FAIL: gcc.dg/vect/vect-reduc-2short.c execution test
FAIL: gcc.dg/vect/vect-reduc-3.c execution test
FAIL: gcc.dg/vect/vect-reduc-7.c execution test
FAIL: gcc.dg/vect/vect-reduc-8.c execution test
FAIL: gcc.dg/vect/vect-reduc-9.c execution test
FAIL: gcc.dg/vect/vect-reduc-dot-s16a.c execution test
FAIL: gcc.dg/vect/vect-reduc-dot-s16b.c execution test
FAIL: gcc.dg/vect/vect-reduc-dot-s8a.c execution test
FAIL: gcc.dg/vect/vect-reduc-dot-s8b.c execution test
FAIL: gcc.dg/vect/vect-reduc-dot-s8c.c execution test
FAIL: gcc.dg/vect/vect-reduc-dot-u16a.c execution test
FAIL: gcc.dg/vect/vect-reduc-dot-u16b.c execution test
FAIL: gcc.dg/vect/vect-reduc-dot-u8a.c execution test
FAIL: gcc.dg/vect/vect-reduc-dot-u8b.c execution test
FAIL: gcc.dg/vect/vect-reduc-pattern-1a.c execution test
FAIL: gcc.dg/vect/vect-reduc-pattern-1b.c execution test
FAIL: gcc.dg/vect/vect-reduc-pattern-1c.c execution test
FAIL: gcc.dg/vect/vect-reduc-pattern-2a.c execution test
FAIL: gcc.dg/vect/vect-reduc-pattern-2b.c execution test
FAIL: gcc.dg/vect/vect-reduc-pattern-2c.c execution test
FAIL: gcc.dg/vect/vect-strided-a-mult.c execution test
FAIL: gcc.dg/vect/vect-strided-a-u16-i2.c execution test
FAIL: gcc.dg/vect/vect-strided-a-u16-i4.c execution test
FAIL: gcc.dg/vect/vect-strided-a-u16-mult.c execution test
FAIL: gcc.dg/vect/vect-strided-a-u32-mult.c execution test
FAIL: gcc.dg/vect/vect-strided-a-u8-i2-gap.c execution test
FAIL: gcc.dg/vect/vect-strided-a-u8-i8-gap2.c execution test
FAIL: gcc.dg/vect/vect-strided-a-u8-i8-gap7.c execution test
FAIL: gcc.dg/vect/vect-strided-mult-char-ls.c execution test
FAIL: gcc.dg/vect/vect-strided-mult.c execution test
FAIL: gcc.dg/vect/vect-strided-same-dr.c execution test
FAIL: gcc.dg/vect/vect-strided-store-a-u8-i2.c execution test
FAIL: gcc.dg/vect/vect-strided-store-u16-i4.c execution test
FAIL: gcc.dg/vect/vect-strided-store-u32-i2.c execution test
FAIL: gcc.dg/vect/vect-strided-u16-i2.c execution test
FAIL: gcc.dg/vect/vect-strided-u16-i4.c execution test
FAIL: gcc.dg/vect/vect-strided-u32-i4.c execution test
FAIL: gcc.dg/vect/vect-strided-u32-i8.c execution test
FAIL: gcc.dg/vect/vect-strided-u32-mult.c execution test
FAIL: gcc.dg/vect/vect-strided-u8-i2-gap.c execution test
FAIL: gcc.dg/vect/vect-strided-u8-i2.c execution test
FAIL: gcc.dg/vect/vect-strided-u8-i8-gap2.c execution test
FAIL: gcc.dg/vect/vect-strided-u8-i8-gap4.c execution test
FAIL: gcc.dg/vect/vect-strided-u8-i8-gap7.c execution test
FAIL: gcc.dg/vect/vect-strided-u8-i8.c execution test
FAIL: gcc.dg/vect/vect-vfa-01.c execution test
FAIL: gcc.dg/vect/vect-vfa-02.c execution test
FAIL: gcc.dg/vect/vect-vfa-03.c execution test
FAIL: gcc.dg/vect/vect-vfa-04.c execution test
FAIL: gcc.dg/vect/vect-vfa-slp.c execution test
FAIL: gcc.dg/vect/vect-widen-mult-s16.c execution test
FAIL: gcc.dg/vect/vect-widen-mult-s8.c execution test
FAIL: gcc.dg/vect/vect-widen-mult-sum.c execution test
FAIL: gcc.dg/vect/vect-widen-mult-u16.c execution test
FAIL: gcc.dg/vect/vect-widen-mult-u8.c execution test
FAIL: gcc.dg/vect/slp-1.c execution test
FAIL: gcc.dg/vect/slp-10.c execution test
FAIL: gcc.dg/vect/slp-11.c execution test
FAIL: gcc.dg/vect/slp-12a.c execution test
FAIL: gcc.dg/vect/slp-13.c execution test
FAIL: gcc.dg/vect/slp-14.c execution test
FAIL: gcc.dg/vect/slp-15.c execution test
FAIL: gcc.dg/vect/slp-16.c execution test
FAIL: gcc.dg/vect/slp-17.c execution test
FAIL: gcc.dg/vect/slp-19.c execution test
FAIL: gcc.dg/vect/slp-2.c execution test
FAIL: gcc.dg/vect/slp-20.c execution test
FAIL: gcc.dg/vect/slp-21.c execution test
FAIL: gcc.dg/vect/slp-22.c execution test
FAIL: gcc.dg/vect/slp-23.c execution test
FAIL: gcc.dg/vect/slp-24.c execution test
FAIL: gcc.dg/vect/slp-25.c execution test
FAIL: gcc.dg/vect/slp-26.c execution test
FAIL: gcc.dg/vect/slp-28.c execution test
FAIL: gcc.dg/vect/slp-3.c execution test
FAIL: gcc.dg/vect/slp-33.c execution test
FAIL: gcc.dg/vect/slp-34.c execution test
FAIL: gcc.dg/vect/slp-35.c execution test
FAIL: gcc.dg/vect/slp-37.c execution test
FAIL: gcc.dg/vect/slp-4.c execution test
FAIL: gcc.dg/vect/slp-5.c execution test
FAIL: gcc.dg/vect/slp-6.c execution test
FAIL: gcc.dg/vect/slp-7.c execution test
FAIL: gcc.dg/vect/slp-8.c execution test
FAIL: gcc.dg/vect/slp-9.c execution test
FAIL: gcc.dg/vect/slp-multitypes-1.c execution test
FAIL: gcc.dg/vect/slp-multitypes-10.c execution test
FAIL: gcc.dg/vect/slp-multitypes-11.c execution test
FAIL: gcc.dg/vect/slp-multitypes-12.c execution test
FAIL: gcc.dg/vect/slp-multitypes-2.c execution test
FAIL: gcc.dg/vect/slp-multitypes-3.c execution test
FAIL: gcc.dg/vect/slp-multitypes-4.c execution test
FAIL: gcc.dg/vect/slp-multitypes-5.c execution test
FAIL: gcc.dg/vect/slp-multitypes-6.c execution test
FAIL: gcc.dg/vect/slp-multitypes-7.c execution test
FAIL: gcc.dg/vect/slp-multitypes-8.c execution test
FAIL: gcc.dg/vect/slp-multitypes-9.c execution test
FAIL: gcc.dg/vect/slp-perm-1.c execution test
FAIL: gcc.dg/vect/slp-perm-2.c execution test
FAIL: gcc.dg/vect/slp-perm-3.c execution test
FAIL: gcc.dg/vect/slp-perm-4.c execution test
FAIL: gcc.dg/vect/slp-perm-5.c execution test
FAIL: gcc.dg/vect/slp-perm-6.c execution test
FAIL: gcc.dg/vect/slp-perm-7.c execution test
FAIL: gcc.dg/vect/slp-perm-8.c execution test
FAIL: gcc.dg/vect/slp-perm-9.c execution test
FAIL: gcc.dg/vect/slp-widen-mult-s16.c execution test
FAIL: gcc.dg/vect/slp-widen-mult-u8.c execution test
FAIL: gcc.dg/vect/bb-slp-1.c execution test
FAIL: gcc.dg/vect/bb-slp-10.c execution test
FAIL: gcc.dg/vect/bb-slp-11.c execution test
FAIL: gcc.dg/vect/bb-slp-13.c execution test
FAIL: gcc.dg/vect/bb-slp-14.c execution test
FAIL: gcc.dg/vect/bb-slp-15.c execution test
FAIL: gcc.dg/vect/bb-slp-16.c execution test
FAIL: gcc.dg/vect/bb-slp-17.c execution test
FAIL: gcc.dg/vect/bb-slp-18.c execution test
FAIL: gcc.dg/vect/bb-slp-19.c execution test
FAIL: gcc.dg/vect/bb-slp-2.c execution test
FAIL: gcc.dg/vect/bb-slp-20.c execution test
FAIL: gcc.dg/vect/bb-slp-21.c execution test
FAIL: gcc.dg/vect/bb-slp-22.c execution test
FAIL: gcc.dg/vect/bb-slp-3.c execution test
FAIL: gcc.dg/vect/bb-slp-4.c execution test
FAIL: gcc.dg/vect/bb-slp-5.c execution test
FAIL: gcc.dg/vect/bb-slp-6.c execution test
FAIL: gcc.dg/vect/bb-slp-7.c execution test
FAIL: gcc.dg/vect/bb-slp-8.c execution test
FAIL: gcc.dg/vect/bb-slp-9.c execution test
FAIL: gcc.dg/vect/no-vfa-pr29145.c execution test
FAIL: gcc.dg/vect/no-vfa-vect-101.c execution test
FAIL: gcc.dg/vect/no-vfa-vect-102.c execution test
FAIL: gcc.dg/vect/no-vfa-vect-102a.c execution test
FAIL: gcc.dg/vect/no-vfa-vect-37.c execution test
FAIL: gcc.dg/vect/no-vfa-vect-depend-1.c execution test
FAIL: gcc.dg/vect/no-vfa-vect-dv-2.c execution test
FAIL: gcc.dg/vect/wrapv-vect-7.c execution test
FAIL: gcc.dg/vect/wrapv-vect-reduc-2char.c execution test
FAIL: gcc.dg/vect/wrapv-vect-reduc-2short.c execution test
FAIL: gcc.dg/vect/wrapv-vect-reduc-dot-s8b.c execution test
FAIL: gcc.dg/vect/wrapv-vect-reduc-pattern-2c.c execution test
FAIL: gcc.dg/vect/no-section-anchors-vect-31.c execution test
FAIL: gcc.dg/vect/no-section-anchors-vect-34.c execution test
FAIL: gcc.dg/vect/no-section-anchors-vect-36.c execution test
FAIL: gcc.dg/vect/no-section-anchors-vect-64.c execution test
FAIL: gcc.dg/vect/no-section-anchors-vect-65.c execution test
FAIL: gcc.dg/vect/no-section-anchors-vect-66.c execution test
FAIL: gcc.dg/vect/no-section-anchors-vect-68.c execution test
FAIL: gcc.dg/vect/no-section-anchors-vect-69.c execution test
FAIL: gcc.dg/vect/no-section-anchors-vect-outer-4h.c execution test
FAIL: gcc.dg/vect/no-scevccp-vect-iv-1.c execution test
FAIL: gcc.dg/vect/no-scevccp-vect-iv-2.c execution test
FAIL: gcc.dg/vect/no-scevccp-outer-10.c execution test
FAIL: gcc.dg/vect/no-scevccp-outer-10a.c execution test
FAIL: gcc.dg/vect/no-scevccp-outer-10b.c execution test
FAIL: gcc.dg/vect/no-scevccp-outer-11.c execution test
FAIL: gcc.dg/vect/no-scevccp-outer-12.c execution test
FAIL: gcc.dg/vect/no-scevccp-outer-13.c execution test
FAIL: gcc.dg/vect/no-scevccp-outer-14.c execution test
FAIL: gcc.dg/vect/no-scevccp-outer-15.c execution test
FAIL: gcc.dg/vect/no-scevccp-outer-16.c execution test
FAIL: gcc.dg/vect/no-scevccp-outer-17.c execution test
FAIL: gcc.dg/vect/no-scevccp-outer-18.c execution test
FAIL: gcc.dg/vect/no-scevccp-outer-19.c execution test
FAIL: gcc.dg/vect/no-scevccp-outer-20.c execution test
FAIL: gcc.dg/vect/no-scevccp-outer-21.c execution test
FAIL: gcc.dg/vect/no-scevccp-outer-22.c execution test
FAIL: gcc.dg/vect/no-scevccp-outer-3.c execution test
FAIL: gcc.dg/vect/no-scevccp-outer-4.c execution test
FAIL: gcc.dg/vect/no-scevccp-outer-5.c execution test
FAIL: gcc.dg/vect/no-scevccp-outer-6-global.c execution test
FAIL: gcc.dg/vect/no-scevccp-outer-6.c execution test
FAIL: gcc.dg/vect/no-scevccp-outer-7.c execution test
FAIL: gcc.dg/vect/no-scevccp-outer-8.c execution test
FAIL: gcc.dg/vect/no-scevccp-outer-9.c execution test
FAIL: gcc.dg/vect/no-scevccp-outer-9a.c execution test
FAIL: gcc.dg/vect/no-scevccp-outer-9b.c execution test
FAIL: gcc.dg/vect/no-scevccp-noreassoc-outer-1.c execution test
FAIL: gcc.dg/vect/no-scevccp-noreassoc-outer-2.c execution test
FAIL: gcc.dg/vect/no-scevccp-noreassoc-outer-3.c execution test
FAIL: gcc.dg/vect/no-scevccp-noreassoc-outer-4.c execution test
FAIL: gcc.dg/vect/no-scevccp-noreassoc-outer-5.c execution test
FAIL: gcc.dg/vect/no-scevccp-slp-30.c execution test
FAIL: gcc.dg/vect/no-scevccp-slp-31.c execution test
FAIL: gcc.dg/vect/no-tree-dom-vect-bug.c execution test
FAIL: gcc.dg/vect/no-tree-pre-slp-29.c execution test
FAIL: gcc.dg/vect/O3-vect-pr34223.c execution test
FAIL: gcc.dg/vect/no-tree-reassoc-bb-slp-12.c execution test
FAIL: gcc.target/sparc/20001013-1.c execution test
FAIL: gcc.target/sparc/20001101-1.c execution test
FAIL: gcc.target/sparc/pdist-3.c execution test
FAIL: gcc.target/sparc/sparc-ret.c scan-assembler return[ \\t]*%i7\\\\+8\\n[^\\n]*ld[ \\t]*\\\\[%sp\\\\+96\\\\]
FAIL: gcc.target/sparc/sparc-ret.c scan-assembler return[ \\t]*%i7\\\\+8\\n[^\\n]*nop

		=== gcc Summary ===

# of expected passes		62882
# of unexpected failures	391
# of expected failures		189
# of unresolved testcases	9
# of unsupported tests		954
/users/joel/test-gcc/b-gcc1-sparc/gcc/xgcc  version 4.5.0 20100331 (experimental) [trunk revision 157866] (GCC) 

Host   is x86_64-unknown-linux-gnu

		=== g++ tests ===


Running target rtems-sparc-sis
FAIL: g++.dg/cpp/_Pragma1.C (test for excess errors)
FAIL: g++.dg/eh/gcsec1.C execution test
FAIL: g++.dg/eh/simd-2.C (test for excess errors)
WARNING: g++.dg/eh/simd-2.C compilation failed to produce executable
FAIL: g++.dg/init/array15.C execution test
FAIL: g++.dg/init/array16.C execution test
FAIL: g++.dg/lto/20090303 cp_lto_20090303_0.o-cp_lto_20090303_0.o execute -fwhopr
FAIL: g++.dg/special/conpr-2.C execution test
FAIL: g++.dg/special/conpr-4.C execution test
FAIL: g++.dg/special/initp1.C execution test
FAIL: g++.dg/special/initpri1.C execution test
FAIL: g++.dg/torture/pr37922.C  -O0  (test for excess errors)
WARNING: g++.dg/torture/pr37922.C  -O0  compilation failed to produce executable
FAIL: g++.dg/torture/pr37922.C  -O1  (test for excess errors)
WARNING: g++.dg/torture/pr37922.C  -O1  compilation failed to produce executable
FAIL: g++.dg/torture/pr37922.C  -O2  (test for excess errors)
WARNING: g++.dg/torture/pr37922.C  -O2  compilation failed to produce executable
FAIL: g++.dg/torture/pr37922.C  -O3 -fomit-frame-pointer  (test for excess errors)
WARNING: g++.dg/torture/pr37922.C  -O3 -fomit-frame-pointer  compilation failed to produce executable
FAIL: g++.dg/torture/pr37922.C  -O3 -fomit-frame-pointer -funroll-loops  (test for excess errors)
WARNING: g++.dg/torture/pr37922.C  -O3 -fomit-frame-pointer -funroll-loops  compilation failed to produce executable
FAIL: g++.dg/torture/pr37922.C  -O3 -fomit-frame-pointer -funroll-all-loops -finline-functions  (test for excess errors)
WARNING: g++.dg/torture/pr37922.C  -O3 -fomit-frame-pointer -funroll-all-loops -finline-functions  compilation failed to produce executable
FAIL: g++.dg/torture/pr37922.C  -O3 -g  (test for excess errors)
WARNING: g++.dg/torture/pr37922.C  -O3 -g  compilation failed to produce executable
FAIL: g++.dg/torture/pr37922.C  -Os  (test for excess errors)
WARNING: g++.dg/torture/pr37922.C  -Os  compilation failed to produce executable
FAIL: g++.dg/torture/pr37922.C  -O2 -flto  (test for excess errors)
WARNING: g++.dg/torture/pr37922.C  -O2 -flto  compilation failed to produce executable
FAIL: g++.dg/torture/pr37922.C  -O2 -fwhopr  (test for excess errors)
WARNING: g++.dg/torture/pr37922.C  -O2 -fwhopr  compilation failed to produce executable
FAIL: g++.old-deja/g++.other/comdat5.C (test for excess errors)
XPASS: g++.old-deja/g++.other/init19.C execution test

		=== g++ Summary ===

# of expected passes		21250
# of unexpected failures	21
# of unexpected successes	1
# of expected failures		151
# of unsupported tests		226
/users/joel/test-gcc/b-gcc1-sparc/gcc/testsuite/g++/../../g++  version 4.5.0 20100331 (experimental) [trunk revision 157866] (GCC) 


Compiler version: 4.5.0 20100331 (experimental) [trunk revision 157866] (GCC) 
Platform: sparc-unknown-rtems4.10
configure flags: --enable-threads=rtems --with-gnu-as --enable-multilib --enable-newlib-mb --enable-newlib-iconv --with-gnu-ld --with-newlib --verbose --with-system-zlib --disable-nls --enable-version-specific-runtime-libs --enable-languages=c,c++ --target=sparc-rtems4.10 --prefix=/users/joel/test-gcc/install-svn


Index Nav: [Date Index] [Subject Index] [Author Index] [Thread Index]
Message Nav: [Date Prev] [Date Next] [Thread Prev] [Thread Next]